000
CDUS41 KPHI 110632
CLIILG


CLIMATE REPORT
NATIONAL WEATHER SERVICE MOUNT HOLLY NJ
131 AM EST SUN DEC 11 2016


...................................

...THE WILMINGTON DE CLIMATE SUMMARY FOR DECEMBER 10 2016...

CLIMATE NORMAL PERIOD 1981 TO 2010
CLIMATE RECORD PERIOD 1894 TO 2016


WEATHER ITEM   OBSERVED TIME   RECORD YEAR NORMAL DEPARTURE LAST
                VALUE   (LST)  VALUE       VALUE  FROM      YEAR
                                                  NORMAL
..................................................................
TEMPERATURE (F)
 YESTERDAY
  MAXIMUM         39    131 PM  72    1966  46     -7       61
  MINIMUM         23   1150 PM   8    1910  30     -7       42
  AVERAGE         31                        38     -7       52

PRECIPITATION (IN)
  YESTERDAY        0.00          1.38 1969   0.12  -0.12     0.00
  MONTH TO DATE    0.81                      1.24  -0.43     1.26
  SINCE DEC 1      0.81                      1.24  -0.43     1.26
  SINCE JAN 1     39.00                     40.84  -1.84    44.79

SNOWFALL (IN)
  YESTERDAY        0.0           2.9  2013   0.1   -0.1      0.0
  MONTH TO DATE    T                         0.9   -0.9      0.0
  SINCE DEC 1      T                         0.9   -0.9      0.0
  SINCE JUL 1      T                         1.3   -1.3      0.0
  SNOW DEPTH       0

DEGREE DAYS
 HEATING
  YESTERDAY       34                        27      7       13
  MONTH TO DATE  235                       254    -19      196
  SINCE DEC 1    235                       254    -19      196
  SINCE JUL 1    959                      1152   -193      900

 COOLING
  YESTERDAY        0                         0      0        0
  MONTH TO DATE    0                         0      0        0
  SINCE DEC 1      0                         0      0        0
  SINCE JAN 1   1489                      1145    344     1388
..................................................................


WIND (MPH)
  HIGHEST WIND SPEED    21   HIGHEST WIND DIRECTION     W (290)
  HIGHEST GUST SPEED    25   HIGHEST GUST DIRECTION    NW (300)
  AVERAGE WIND SPEED     9.6


SKY COVER
  POSSIBLE SUNSHINE  MM
  AVERAGE SKY COVER 0.1


WEATHER CONDITIONS
 THE FOLLOWING WEATHER WAS RECORDED YESTERDAY.
  NO SIGNIFICANT WEATHER WAS OBSERVED.


RELATIVE HUMIDITY (PERCENT)
 HIGHEST    68           200 AM
 LOWEST     37           200 PM
 AVERAGE    53

..........................................................


THE WILMINGTON DE CLIMATE NORMALS FOR TODAY
                         NORMAL    RECORD    YEAR
 MAXIMUM TEMPERATURE (F)   46        70      1899
 MINIMUM TEMPERATURE (F)   30        10      1968
                                             1917


SUNRISE AND SUNSET
DECEMBER 11 2016......SUNRISE   713 AM EST   SUNSET   438 PM EST
DECEMBER 12 2016......SUNRISE   714 AM EST   SUNSET   438 PM EST


-  INDICATES NEGATIVE NUMBERS.
R  INDICATES RECORD WAS SET OR TIED.
MM INDICATES DATA IS MISSING.
T  INDICATES TRACE AMOUNT.




$$
