000
CDUS41 KPHI 210630
CLIILG


CLIMATE REPORT
NATIONAL WEATHER SERVICE MOUNT HOLLY NJ
230 AM EDT MON APR 21 2014


...................................

...THE WILMINGTON DE CLIMATE SUMMARY FOR APRIL 20 2014...

CLIMATE NORMAL PERIOD 1981 TO 2010
CLIMATE RECORD PERIOD 1894 TO 2014


WEATHER ITEM   OBSERVED TIME   RECORD YEAR NORMAL DEPARTURE LAST
                VALUE   (LST)  VALUE       VALUE  FROM      YEAR
                                                  NORMAL
..................................................................
TEMPERATURE (F)
 YESTERDAY
  MAXIMUM         60    356 PM  90    1985  65     -5       60
  MINIMUM         41   1159 PM  27    1926  44     -3       44
  AVERAGE         51                        55     -4       52

PRECIPITATION (IN)
  YESTERDAY        0.00          1.43 1940   0.11  -0.11     0.12
  MONTH TO DATE    1.75                      2.38  -0.63     2.18
  SINCE MAR 1      5.57                      6.30  -0.73     4.72
  SINCE JAN 1     14.15                     11.99   2.16    10.73

SNOWFALL (IN)
  YESTERDAY        0.0           0.1  1983   0.0    0.0      0.0
  MONTH TO DATE    0.0                       0.3   -0.3      0.0
  SINCE MAR 1      7.7                       2.2    5.5      1.3
  SINCE JUL 1     56.1                      20.2   35.9      5.5
  SNOW DEPTH       0

DEGREE DAYS
 HEATING
  YESTERDAY       14                        11      3       13
  MONTH TO DATE  255                       273    -18      221
  SINCE MAR 1   1075                       956    119      980
  SINCE JUL 1   4930                      4579    351     4376

 COOLING
  YESTERDAY        0                         0      0        0
  MONTH TO DATE    7                         0      7       17
  SINCE MAR 1      7                         1      6       17
  SINCE JAN 1      7                         1      6       17
..................................................................


WIND (MPH)
  HIGHEST WIND SPEED    20   HIGHEST WIND DIRECTION     E (80)
  HIGHEST GUST SPEED    25   HIGHEST GUST DIRECTION     E (80)
  AVERAGE WIND SPEED    10.6


SKY COVER
  POSSIBLE SUNSHINE  MM
  AVERAGE SKY COVER 0.0


WEATHER CONDITIONS
 THE FOLLOWING WEATHER WAS RECORDED YESTERDAY.
  NO SIGNIFICANT WEATHER WAS OBSERVED.


RELATIVE HUMIDITY (PERCENT)
 HIGHEST    77          1200 AM
 LOWEST     32           400 PM
 AVERAGE    55

..........................................................


THE WILMINGTON DE CLIMATE NORMALS FOR TODAY
                         NORMAL    RECORD    YEAR
 MAXIMUM TEMPERATURE (F)   66        92      1985
 MINIMUM TEMPERATURE (F)   45        28      1925


SUNRISE AND SUNSET
APRIL 21 2014.........SUNRISE   616 AM EDT   SUNSET   746 PM EDT
APRIL 22 2014.........SUNRISE   615 AM EDT   SUNSET   747 PM EDT


-  INDICATES NEGATIVE NUMBERS.
R  INDICATES RECORD WAS SET OR TIED.
MM INDICATES DATA IS MISSING.
T  INDICATES TRACE AMOUNT.




$$
