000
CDUS41 KPHI 310639
CLIILG


CLIMATE REPORT
NATIONAL WEATHER SERVICE MOUNT HOLLY NJ
239 AM EDT FRI JUL 31 2015


...................................

...THE WILMINGTON DE CLIMATE SUMMARY FOR JULY 30 2015...

CLIMATE NORMAL PERIOD 1981 TO 2010
CLIMATE RECORD PERIOD 1894 TO 2015


WEATHER ITEM   OBSERVED TIME   RECORD YEAR NORMAL DEPARTURE LAST
                VALUE   (LST)  VALUE       VALUE  FROM      YEAR
                                                  NORMAL
..................................................................
TEMPERATURE (F)
 YESTERDAY
  MAXIMUM         90    111 PM  97    1954  86      4       79
  MINIMUM         74    323 PM  55    1956  68      6       57
  AVERAGE         82                        77      5       68

PRECIPITATION (IN)
  YESTERDAY        0.45          2.53 1971   0.14   0.31     0.00
  MONTH TO DATE    2.32                      4.43  -2.11     5.94
  SINCE JUN 1     14.84                      8.31   6.53    10.97
  SINCE JAN 1     33.52                     25.37   8.15    33.30

SNOWFALL (IN)
  YESTERDAY        0.0           0.0  1894   0.0    0.0      0.0
  MONTH TO DATE    0.0                       0.0    0.0      0.0
  SINCE JUN 1      0.0                       0.0    0.0      0.0
  SINCE JUL 1      0.0                       0.0    0.0      0.0
  SNOW DEPTH       0

DEGREE DAYS
 HEATING
  YESTERDAY        0                         0      0        0
  MONTH TO DATE    0                         0      0        0
  SINCE JUN 1     18                        15      3        2
  SINCE JUL 1      0                         0      0        0

 COOLING
  YESTERDAY       17                        12      5        3
  MONTH TO DATE  360                       356      4      344
  SINCE JUN 1    628                       587     41      584
  SINCE JAN 1    796                       666    130      651
..................................................................


WIND (MPH)
  HIGHEST WIND SPEED    26   HIGHEST WIND DIRECTION     W (290)
  HIGHEST GUST SPEED    31   HIGHEST GUST DIRECTION     W (290)
  AVERAGE WIND SPEED     7.9


SKY COVER
  POSSIBLE SUNSHINE  MM
  AVERAGE SKY COVER 0.4


WEATHER CONDITIONS
 THE FOLLOWING WEATHER WAS RECORDED YESTERDAY.
  THUNDERSTORM
  HEAVY RAIN
  RAIN
  LIGHT RAIN
  FOG


RELATIVE HUMIDITY (PERCENT)
 HIGHEST    94           600 AM
 LOWEST     63           200 PM
 AVERAGE    79

..........................................................


THE WILMINGTON DE CLIMATE NORMALS FOR TODAY
                         NORMAL    RECORD    YEAR
 MAXIMUM TEMPERATURE (F)   86       102      1954
                                             1940
 MINIMUM TEMPERATURE (F)   68        55      1928


SUNRISE AND SUNSET
JULY 31 2015..........SUNRISE   600 AM EDT   SUNSET   817 PM EDT
AUGUST  1 2015........SUNRISE   601 AM EDT   SUNSET   816 PM EDT


-  INDICATES NEGATIVE NUMBERS.
R  INDICATES RECORD WAS SET OR TIED.
MM INDICATES DATA IS MISSING.
T  INDICATES TRACE AMOUNT.




$$
