000
CDUS41 KPHI 300627
CLIILG


CLIMATE REPORT
NATIONAL WEATHER SERVICE MOUNT HOLLY NJ
227 AM EDT SUN APR 30 2017


...................................

...THE WILMINGTON DE CLIMATE SUMMARY FOR APRIL 29 2017...

CLIMATE NORMAL PERIOD 1981 TO 2010
CLIMATE RECORD PERIOD 1894 TO 2017


WEATHER ITEM   OBSERVED TIME   RECORD YEAR NORMAL DEPARTURE LAST
                VALUE   (LST)  VALUE       VALUE  FROM      YEAR
                                                  NORMAL
..................................................................
TEMPERATURE (F)
 YESTERDAY
  MAXIMUM         87    312 PM  91    1974  68     19       52
  MINIMUM         65    350 AM  31    1922  47     18       45
  AVERAGE         76                        58     18       49

PRECIPITATION (IN)
  YESTERDAY        T             2.25 1923   0.11  -0.11     0.03
  MONTH TO DATE    2.32                      3.39  -1.07     1.84
  SINCE MAR 1      7.30                      7.31  -0.01     3.64
  SINCE JAN 1     11.32                     13.00  -1.68    10.37

SNOWFALL (IN)
  YESTERDAY        0.0           T    1909   0.0    0.0      0.0
  MONTH TO DATE    0.0                       0.3   -0.3       T
  SINCE MAR 1      3.4                       2.2    1.2      2.7
  SINCE JUL 1      9.0                      20.2  -11.2     25.4
  SNOW DEPTH       0

DEGREE DAYS
 HEATING
  YESTERDAY        0                         8     -8       16
  MONTH TO DATE  210                       355   -145      368
  SINCE MAR 1    927                      1038   -111      870
  SINCE JUL 1   3929                      4661   -732     3878

 COOLING
  YESTERDAY       11                         1     10        0
  MONTH TO DATE   30                         9     21       12
  SINCE MAR 1     30                        10     20       14
  SINCE JAN 1     30                        10     20       14
..................................................................


WIND (MPH)
  HIGHEST WIND SPEED    18   HIGHEST WIND DIRECTION     W (250)
  HIGHEST GUST SPEED    24   HIGHEST GUST DIRECTION    SW (240)
  AVERAGE WIND SPEED     6.6


SKY COVER
  POSSIBLE SUNSHINE  MM
  AVERAGE SKY COVER 0.1


WEATHER CONDITIONS
 THE FOLLOWING WEATHER WAS RECORDED YESTERDAY.
  THUNDERSTORM
  LIGHT RAIN
  FOG


RELATIVE HUMIDITY (PERCENT)
 HIGHEST    97           700 AM
 LOWEST     46           300 PM
 AVERAGE    72

..........................................................


THE WILMINGTON DE CLIMATE NORMALS FOR TODAY
                         NORMAL    RECORD    YEAR
 MAXIMUM TEMPERATURE (F)   68        86      1942
 MINIMUM TEMPERATURE (F)   47        33      1931


SUNRISE AND SUNSET
APRIL 30 2017.........SUNRISE   604 AM EDT   SUNSET   756 PM EDT
MAY  1 2017...........SUNRISE   603 AM EDT   SUNSET   757 PM EDT


-  INDICATES NEGATIVE NUMBERS.
R  INDICATES RECORD WAS SET OR TIED.
MM INDICATES DATA IS MISSING.
T  INDICATES TRACE AMOUNT.




$$
