000
CDUS41 KPHI 060636
CLIILG


CLIMATE REPORT
NATIONAL WEATHER SERVICE MOUNT HOLLY NJ
131 AM EST FRI MAR 6 2015


...................................

...THE WILMINGTON DE CLIMATE SUMMARY FOR MARCH 5 2015...

CLIMATE NORMAL PERIOD 1981 TO 2010
CLIMATE RECORD PERIOD 1894 TO 2015


WEATHER ITEM   OBSERVED TIME   RECORD YEAR NORMAL DEPARTURE LAST
                VALUE   (LST)  VALUE       VALUE  FROM      YEAR
                                                  NORMAL
..................................................................
TEMPERATURE (F)
 YESTERDAY
  MAXIMUM         39   1233 AM  79    1976  49    -10       44
  MINIMUM         18   1159 PM   7    1978  30    -12       16
  AVERAGE         29                        40    -11       30

PRECIPITATION (IN)
  YESTERDAY        0.80          2.30 1906   0.10   0.70     0.00
  MONTH TO DATE    2.33                      0.52   1.81     0.35
  SINCE MAR 1      2.33                      0.52   1.81     0.35
  SINCE JAN 1      8.94                      6.21   2.73     8.93

SNOWFALL (IN)
  YESTERDAY        7.0 R         3.7  1981   0.1    6.9      0.0
  MONTH TO DATE    7.3                       0.6    6.7      4.5
  SINCE MAR 1      7.3                       0.6    6.7      4.5
  SINCE JUL 1     22.1                      18.6    3.5     52.9
  SNOW DEPTH       T

DEGREE DAYS
 HEATING
  YESTERDAY       36                        26     10       35
  MONTH TO DATE  171                       131     40      191
  SINCE MAR 1    171                       131     40      191
  SINCE JUL 1   4010                      3754    256     4046

 COOLING
  YESTERDAY        0                         0      0        0
  MONTH TO DATE    0                         0      0        0
  SINCE MAR 1      0                         0      0        0
  SINCE JAN 1      0                         0      0        0
..................................................................


WIND (MPH)
  HIGHEST WIND SPEED    22   HIGHEST WIND DIRECTION     N (20)
  HIGHEST GUST SPEED    27   HIGHEST GUST DIRECTION     N (350)
  AVERAGE WIND SPEED    11.4


SKY COVER
  POSSIBLE SUNSHINE  MM
  AVERAGE SKY COVER 1.0


WEATHER CONDITIONS
 THE FOLLOWING WEATHER WAS RECORDED YESTERDAY.
  LIGHT RAIN
  HEAVY SNOW
  SNOW
  LIGHT SNOW
  SLEET
  FOG
  FOG W/VISIBILITY <= 1/4 MILE


RELATIVE HUMIDITY (PERCENT)
 HIGHEST   100           100 AM
 LOWEST     62          1100 PM
 AVERAGE    81

..........................................................


THE WILMINGTON DE CLIMATE NORMALS FOR TODAY
                         NORMAL    RECORD    YEAR
 MAXIMUM TEMPERATURE (F)   49        71      1935
 MINIMUM TEMPERATURE (F)   31        11      1926
                                             1920


SUNRISE AND SUNSET
MARCH  6 2015.........SUNRISE   628 AM EST   SUNSET   600 PM EST
MARCH  7 2015.........SUNRISE   627 AM EST   SUNSET   601 PM EST


-  INDICATES NEGATIVE NUMBERS.
R  INDICATES RECORD WAS SET OR TIED.
MM INDICATES DATA IS MISSING.
T  INDICATES TRACE AMOUNT.




$$
