920
CDUS41 KPHI 290550
CLIILG


CLIMATE REPORT
NATIONAL WEATHER SERVICE MOUNT HOLLY NJ
149 AM EDT SAT JUL 29 2017


...................................

...THE WILMINGTON DE CLIMATE SUMMARY FOR JULY 28 2017...

CLIMATE NORMAL PERIOD 1981 TO 2010
CLIMATE RECORD PERIOD 1894 TO 2017


WEATHER ITEM   OBSERVED TIME   RECORD YEAR NORMAL DEPARTURE LAST
                VALUE   (LST)  VALUE       VALUE  FROM      YEAR
                                                  NORMAL
..................................................................
TEMPERATURE (F)
 YESTERDAY
  MAXIMUM         83   1237 PM 101    1894  86     -3       91
  MINIMUM         71    319 AM  53    1962  68      3       73
  AVERAGE         77                        77      0       82

PRECIPITATION (IN)
  YESTERDAY        0.13          2.34 1914   0.14  -0.01     1.02
  MONTH TO DATE    6.43                      4.15   2.28     4.82
  SINCE JUN 1     10.42                      8.03   2.39     8.51
  SINCE JAN 1     27.60                     25.09   2.51    26.18

SNOWFALL (IN)
  YESTERDAY        0.0           0.0  1894   0.0    0.0      0.0
  MONTH TO DATE    0.0                       0.0    0.0      0.0
  SINCE JUN 1      0.0                       0.0    0.0      0.0
  SINCE JUL 1      0.0                       0.0    0.0      0.0
  SNOW DEPTH       0

DEGREE DAYS
 HEATING
  YESTERDAY        0                         0      0        0
  MONTH TO DATE    0                         0      0        0
  SINCE JUN 1     10                        15     -5        5
  SINCE JUL 1      0                         0      0        0

 COOLING
  YESTERDAY       12                        12      0       17
  MONTH TO DATE  397                       332     65      406
  SINCE JUN 1    658                       563     95      634
  SINCE JAN 1    749                       642    107      726
..................................................................


WIND (MPH)
  HIGHEST WIND SPEED    17   HIGHEST WIND DIRECTION    NE (50)
  HIGHEST GUST SPEED    20   HIGHEST GUST DIRECTION    NE (50)
  AVERAGE WIND SPEED     7.1


SKY COVER
  POSSIBLE SUNSHINE  MM
  AVERAGE SKY COVER 0.4


WEATHER CONDITIONS
 THE FOLLOWING WEATHER WAS RECORDED YESTERDAY.
  LIGHT RAIN
  FOG
  HAZE


RELATIVE HUMIDITY (PERCENT)
 HIGHEST   100           200 AM
 LOWEST     69          1200 PM
 AVERAGE    85

..........................................................


THE WILMINGTON DE CLIMATE NORMALS FOR TODAY
                         NORMAL    RECORD    YEAR
 MAXIMUM TEMPERATURE (F)   86        99      1896
                                             1894
 MINIMUM TEMPERATURE (F)   68        57      1920


SUNRISE AND SUNSET
JULY 29 2017..........SUNRISE   559 AM EDT   SUNSET   818 PM EDT
JULY 30 2017..........SUNRISE   600 AM EDT   SUNSET   817 PM EDT


-  INDICATES NEGATIVE NUMBERS.
R  INDICATES RECORD WAS SET OR TIED.
MM INDICATES DATA IS MISSING.
T  INDICATES TRACE AMOUNT.




$$
