000
CDUS42 KILM 300842
CLIILM


CLIMATE REPORT
NATIONAL WEATHER SERVICE WILMINGTON NC
442 AM EDT TUE SEP 30 2014


...................................

...THE WILMINGTON NC CLIMATE SUMMARY FOR SEPTEMBER 29 2014...

CLIMATE NORMAL PERIOD 1981 TO 2010
CLIMATE RECORD PERIOD 1871 TO 2014


WEATHER ITEM   OBSERVED TIME   RECORD YEAR NORMAL DEPARTURE LAST
                VALUE   (LST)  VALUE       VALUE  FROM      YEAR
                                                  NORMAL
..................................................................
TEMPERATURE (F)
 YESTERDAY
  MAXIMUM         77   1151 AM  91    1941  80     -3       79
  MINIMUM         65   1006 PM  46    1942  61      4       57
  AVERAGE         71                        71      0       68

PRECIPITATION (IN)
  YESTERDAY        0.15          9.52 1938   0.24  -0.09     0.00
  MONTH TO DATE    6.00                      7.63  -1.63     0.98
  SINCE SEP 1      6.00                      7.63  -1.63     0.98
  SINCE JAN 1     48.51                     46.60   1.91    43.47

DEGREE DAYS
 HEATING
  YESTERDAY        0                         1     -1        0
  MONTH TO DATE    2                         2      0        0
  SINCE SEP 1      2                         2      0        0
  SINCE JUL 1      2                         2      0        0

 COOLING
  YESTERDAY        6                         6      0        3
  MONTH TO DATE  302                       289     13      274
  SINCE SEP 1    302                       289     13      274
  SINCE JAN 1   2059                      1912    147     1764
..................................................................


WIND (MPH)
  HIGHEST WIND SPEED    10   HIGHEST WIND DIRECTION     N (360)
  HIGHEST GUST SPEED    13   HIGHEST GUST DIRECTION     N (350)
  AVERAGE WIND SPEED     4.7


SKY COVER
  POSSIBLE SUNSHINE  MM
  AVERAGE SKY COVER 0.7


WEATHER CONDITIONS
 THE FOLLOWING WEATHER WAS RECORDED YESTERDAY.
  RAIN
  LIGHT RAIN
  FOG


RELATIVE HUMIDITY (PERCENT)
 HIGHEST    97           500 PM
 LOWEST     69          1000 AM
 AVERAGE    83

..........................................................


THE WILMINGTON NC CLIMATE NORMALS FOR TODAY
                         NORMAL    RECORD    YEAR
 MAXIMUM TEMPERATURE (F)   80        91      1986
 MINIMUM TEMPERATURE (F)   61        44      1888


SUNRISE AND SUNSET
SEPTEMBER 30 2014.....SUNRISE   705 AM EDT   SUNSET   657 PM EDT
OCTOBER  1 2014.......SUNRISE   706 AM EDT   SUNSET   656 PM EDT


-  INDICATES NEGATIVE NUMBERS.
R  INDICATES RECORD WAS SET OR TIED.
MM INDICATES DATA IS MISSING.
T  INDICATES TRACE AMOUNT.




$$
