000
CDUS42 KILM 282043
CLIILM


CLIMATE REPORT
NATIONAL WEATHER SERVICE WILMINGTON NC
441 PM EDT FRI APR 28 2017


...................................

...THE WILMINGTON NC CLIMATE SUMMARY FOR APRIL 28 2017...
VALID TODAY AS OF 0400 PM LOCAL TIME.

CLIMATE NORMAL PERIOD 1981 TO 2010
CLIMATE RECORD PERIOD 1871 TO 2017


WEATHER ITEM   OBSERVED TIME   RECORD YEAR NORMAL DEPARTURE LAST
                VALUE   (LST)  VALUE       VALUE  FROM      YEAR
                                                  NORMAL
..................................................................
TEMPERATURE (F)
 TODAY
  MAXIMUM         85   1258 PM  90    1981  77      8       84
  MINIMUM         74    117 AM  40    1993  55     19       69
                                      1898
  AVERAGE         80                        66     14       77

PRECIPITATION (IN)
  TODAY            0.00          1.47 1999   0.09  -0.09     0.02
  MONTH TO DATE    7.05                      2.63   4.42     1.91
  SINCE MAR 1      9.76                      6.84   2.92     4.74
  SINCE JAN 1     15.31                     14.22   1.09    16.81

SNOWFALL (IN)
  TODAY            0.0          MM      MM   0.0    0.0      0.0
  MONTH TO DATE    0.0                       0.0    0.0      0.0
  SINCE MAR 1      1.1                       0.2    0.9      0.0
  SINCE JUL 1      1.1                       1.7   -0.6       T
  SNOW DEPTH       0

DEGREE DAYS
 HEATING
  TODAY            0                         2     -2        0
  MONTH TO DATE   44                       127    -83      126
  SINCE MAR 1    417                       450    -33      299
  SINCE JUL 1   1932                      2379   -447     1786

 COOLING
  TODAY           15                         3     12       12
  MONTH TO DATE  114                        59     55       63
  SINCE MAR 1    138                        75     63      135
  SINCE JAN 1    144                        80     64      138
..................................................................


WIND (MPH)
  HIGHEST WIND SPEED    21   HIGHEST WIND DIRECTION    SW (210)
  HIGHEST GUST SPEED    24   HIGHEST GUST DIRECTION     S (200)
  AVERAGE WIND SPEED    12.4


SKY COVER
  POSSIBLE SUNSHINE  MM
  AVERAGE SKY COVER 0.9


WEATHER CONDITIONS
 THE FOLLOWING WEATHER WAS RECORDED TODAY.
  NO SIGNIFICANT WEATHER WAS OBSERVED.


RELATIVE HUMIDITY (PERCENT)
 HIGHEST    94           700 AM
 LOWEST     70           300 PM
 AVERAGE    82

..........................................................


THE WILMINGTON NC CLIMATE NORMALS FOR TOMORROW
                         NORMAL    RECORD    YEAR
 MAXIMUM TEMPERATURE (F)   77        92      1975
 MINIMUM TEMPERATURE (F)   55        40      1993


SUNRISE AND SUNSET
APRIL 28 2017.........SUNRISE   625 AM EDT   SUNSET   754 PM EDT
APRIL 29 2017.........SUNRISE   624 AM EDT   SUNSET   755 PM EDT


-  INDICATES NEGATIVE NUMBERS.
R  INDICATES RECORD WAS SET OR TIED.
MM INDICATES DATA IS MISSING.
T  INDICATES TRACE AMOUNT.




$$
