000
CDUS42 KILM 230842
CLIILM


CLIMATE REPORT
NATIONAL WEATHER SERVICE WILMINGTON NC
442 AM EDT THU MAR 23 2017


...................................

...THE WILMINGTON NC CLIMATE SUMMARY FOR MARCH 22 2017...

CLIMATE NORMAL PERIOD 1981 TO 2010
CLIMATE RECORD PERIOD 1871 TO 2017


WEATHER ITEM   OBSERVED TIME   RECORD YEAR NORMAL DEPARTURE LAST
                VALUE   (LST)  VALUE       VALUE  FROM      YEAR
                                                  NORMAL
..................................................................
TEMPERATURE (F)
 YESTERDAY
  MAXIMUM         67   1258 AM  87    1907  68     -1       66
                                      1894
  MINIMUM         40   1146 PM  27    1956  45     -5       36
                                      1876
  AVERAGE         54                        57     -3       51

PRECIPITATION (IN)
  YESTERDAY        0.02          1.61 1931   0.13  -0.11     0.00
  MONTH TO DATE    1.98                      3.05  -1.07     1.95
  SINCE MAR 1      1.98                      3.05  -1.07     1.95
  SINCE JAN 1      7.53                     10.43  -2.90    14.02

SNOWFALL (IN)
  YESTERDAY       MM             2.0  1883   0.0   MM        0.0
  MONTH TO DATE    1.1                       0.1    1.0      0.0
  SINCE MAR 1      1.1                       0.1    1.0      0.0
  SINCE JUL 1      1.1                       1.6   -0.5       T
  SNOW DEPTH       0

DEGREE DAYS
 HEATING
  YESTERDAY       11                         9      2       14
  MONTH TO DATE  326                       252     74      156
  SINCE MAR 1    326                       252     74      156
  SINCE JUL 1   1841                      2181   -340     1643

 COOLING
  YESTERDAY        0                         1     -1        0
  MONTH TO DATE   11                         7      4       54
  SINCE MAR 1     11                         7      4       54
  SINCE JAN 1     17                        12      5       57
..................................................................


WIND (MPH)
  HIGHEST WIND SPEED    29   HIGHEST WIND DIRECTION     N (340)
  HIGHEST GUST SPEED    39   HIGHEST GUST DIRECTION     N (350)
  AVERAGE WIND SPEED    11.1


SKY COVER
  POSSIBLE SUNSHINE  MM
  AVERAGE SKY COVER 0.7


WEATHER CONDITIONS
 THE FOLLOWING WEATHER WAS RECORDED YESTERDAY.
  LIGHT RAIN
  FOG


RELATIVE HUMIDITY (PERCENT)
 HIGHEST   100           400 AM
 LOWEST     52          1100 AM
 AVERAGE    76

..........................................................


THE WILMINGTON NC CLIMATE NORMALS FOR TODAY
                         NORMAL    RECORD    YEAR
 MAXIMUM TEMPERATURE (F)   68        94      1907
 MINIMUM TEMPERATURE (F)   46        24      1888


SUNRISE AND SUNSET
MARCH 23 2017.........SUNRISE   711 AM EDT   SUNSET   726 PM EDT
MARCH 24 2017.........SUNRISE   710 AM EDT   SUNSET   727 PM EDT


-  INDICATES NEGATIVE NUMBERS.
R  INDICATES RECORD WAS SET OR TIED.
MM INDICATES DATA IS MISSING.
T  INDICATES TRACE AMOUNT.




$$
