000
CDUS42 KILM 220842
CLIILM


CLIMATE REPORT
NATIONAL WEATHER SERVICE WILMINGTON NC
441 AM EDT FRI AUG 22 2014


...................................

...THE WILMINGTON NC CLIMATE SUMMARY FOR AUGUST 21 2014...

CLIMATE NORMAL PERIOD 1981 TO 2010
CLIMATE RECORD PERIOD 1871 TO 2014


WEATHER ITEM   OBSERVED TIME   RECORD YEAR NORMAL DEPARTURE LAST
                VALUE   (LST)  VALUE       VALUE  FROM      YEAR
                                                  NORMAL
..................................................................
TEMPERATURE (F)
 YESTERDAY
  MAXIMUM         94   1145 AM 100    2007  88      6       88
                                      1983
                                      1968
  MINIMUM         74    329 AM  60    1953  71      3       72
                                      1918
  AVERAGE         84                        79      5       80

PRECIPITATION (IN)
  YESTERDAY        T             1.98 1926   0.24  -0.24     0.00
  MONTH TO DATE    6.62                      5.02   1.60     8.00
  SINCE JUN 1     21.10                     17.68   3.42    25.10
  SINCE JAN 1     40.34                     36.58   3.76    41.81

DEGREE DAYS
 HEATING
  YESTERDAY        0                         0      0        0
  MONTH TO DATE    0                         0      0        0
  SINCE JUN 1      0                         2     -2        0
  SINCE JUL 1      0                         0      0        0

 COOLING
  YESTERDAY       19                        14      5       15
  MONTH TO DATE  310                       319     -9      291
  SINCE JUN 1   1218                      1205     13     1138
  SINCE JAN 1   1625                      1486    139     1364
..................................................................


WIND (MPH)
  HIGHEST WIND SPEED    22   HIGHEST WIND DIRECTION    SW (220)
  HIGHEST GUST SPEED    29   HIGHEST GUST DIRECTION    SW (220)
  AVERAGE WIND SPEED     4.1


SKY COVER
  POSSIBLE SUNSHINE  MM
  AVERAGE SKY COVER 0.2


WEATHER CONDITIONS
 THE FOLLOWING WEATHER WAS RECORDED YESTERDAY.
  THUNDERSTORM
  LIGHT RAIN
  FOG
  FOG W/VISIBILITY <= 1/4 MILE
  HAZE


RELATIVE HUMIDITY (PERCENT)
 HIGHEST   100           100 AM
 LOWEST     52          1200 PM
 AVERAGE    76

..........................................................


THE WILMINGTON NC CLIMATE NORMALS FOR TODAY
                         NORMAL    RECORD    YEAR
 MAXIMUM TEMPERATURE (F)   88       100      1983
 MINIMUM TEMPERATURE (F)   71        60      1886


SUNRISE AND SUNSET
AUGUST 22 2014........SUNRISE   638 AM EDT   SUNSET   751 PM EDT
AUGUST 23 2014........SUNRISE   639 AM EDT   SUNSET   749 PM EDT


-  INDICATES NEGATIVE NUMBERS.
R  INDICATES RECORD WAS SET OR TIED.
MM INDICATES DATA IS MISSING.
T  INDICATES TRACE AMOUNT.




$$
