000
CDUS42 KILM 302149
CLIILM


CLIMATE REPORT
NATIONAL WEATHER SERVICE WILMINGTON NC
449 PM EST FRI JAN 30 2015


...................................

...THE WILMINGTON NC CLIMATE SUMMARY FOR JANUARY 30 2015...
VALID TODAY AS OF 0400 PM LOCAL TIME.

CLIMATE NORMAL PERIOD 1981 TO 2010
CLIMATE RECORD PERIOD 1871 TO 2015


WEATHER ITEM   OBSERVED TIME   RECORD YEAR NORMAL DEPARTURE LAST
                VALUE   (LST)  VALUE       VALUE  FROM      YEAR
                                                  NORMAL
..................................................................
TEMPERATURE (F)
 TODAY
  MAXIMUM         54    115 PM  79    2002  58     -4       34
  MINIMUM         47    909 AM  11    1934  36     11       24
  AVERAGE         51                        47      4       29

PRECIPITATION (IN)
  TODAY            0.07          1.54 1994   0.13  -0.06     0.03
  MONTH TO DATE    4.98                      3.63   1.35     2.75
  SINCE DEC 1      9.97                      7.25   2.72     4.48
  SINCE JAN 1      4.98                      3.63   1.35     2.75

SNOWFALL (IN)
  TODAY            0.0           6.5  1936   0.0    0.0      0.0
  MONTH TO DATE    0.0                       0.4   -0.4      1.0
  SINCE DEC 1      0.0                       1.2   -1.2      1.0
  SINCE JUL 1      0.0                       1.2   -1.2      1.0
  SNOW DEPTH       0

DEGREE DAYS
 HEATING
  TODAY           14                        18     -4       36
  MONTH TO DATE  562                       567     -5      653
  SINCE DEC 1   1025                      1082    -57     1051
  SINCE JUL 1   1478                      1451     27     1453

 COOLING
  TODAY            0                         0      0        0
  MONTH TO DATE    6                         0      6        3
  SINCE DEC 1      6                         5      1       25
  SINCE JAN 1      6                         0      6        3
..................................................................


WIND (MPH)
  HIGHEST WIND SPEED    26   HIGHEST WIND DIRECTION    NW (320)
  HIGHEST GUST SPEED    33   HIGHEST GUST DIRECTION    NW (330)
  AVERAGE WIND SPEED    14.5


SKY COVER
  POSSIBLE SUNSHINE  MM
  AVERAGE SKY COVER 0.6


WEATHER CONDITIONS
 THE FOLLOWING WEATHER WAS RECORDED TODAY.
  LIGHT RAIN


RELATIVE HUMIDITY (PERCENT)
 HIGHEST    86           100 AM
 LOWEST     32           400 PM
 AVERAGE    59

..........................................................


THE WILMINGTON NC CLIMATE NORMALS FOR TOMORROW
                         NORMAL    RECORD    YEAR
 MAXIMUM TEMPERATURE (F)   58        82      1975
 MINIMUM TEMPERATURE (F)   36        17      1966
                                             1934


SUNRISE AND SUNSET
JANUARY 30 2015.......SUNRISE   711 AM EST   SUNSET   540 PM EST
JANUARY 31 2015.......SUNRISE   710 AM EST   SUNSET   541 PM EST


-  INDICATES NEGATIVE NUMBERS.
R  INDICATES RECORD WAS SET OR TIED.
MM INDICATES DATA IS MISSING.
T  INDICATES TRACE AMOUNT.




$$
