000
CDUS42 KILM 250949
CLIILM


CLIMATE REPORT
NATIONAL WEATHER SERVICE WILMINGTON NC
446 AM EST SUN FEB 25 2018


...................................

...THE WILMINGTON NORTH CAROLINA CLIMATE SUMMARY FOR FEBRUARY 24 2018...

CLIMATE NORMAL PERIOD 1981 TO 2010
CLIMATE RECORD PERIOD 1871 TO 2018


WEATHER ITEM   OBSERVED TIME   RECORD YEAR NORMAL DEPARTURE LAST
                VALUE   (LST)  VALUE       VALUE  FROM      YEAR
                                                  NORMAL
..................................................................
TEMPERATURE (F)
 YESTERDAY
  MAXIMUM         79    229 PM  81    1982  62     17       76
  MINIMUM         59    156 AM  18    1901  39     20       52
  AVERAGE         69                        50     19       64

PRECIPITATION (IN)
  YESTERDAY        T             1.90 1994   0.14  -0.14     0.00
  MONTH TO DATE    1.70                      3.10  -1.40     1.32
  SINCE DEC 1     12.38                     10.48   1.90    10.90
  SINCE JAN 1      8.52                      6.86   1.66     5.54

SNOWFALL (IN)
  YESTERDAY        0.0           1.3  1968   0.0    0.0      0.0
  MONTH TO DATE    0.0                       0.3   -0.3      0.0
  SINCE DEC 1      3.8                       1.5    2.3       T
  SINCE JUL 1      3.8                       1.5    2.3       T
  SNOW DEPTH       0

DEGREE DAYS
 HEATING
  YESTERDAY        0                        15    -15        1
  MONTH TO DATE  212                       397   -185      239
  SINCE DEC 1   1436                      1503    -67     1126
  SINCE JUL 1   1774                      1872    -98     1485

 COOLING
  YESTERDAY        4                         0      4        0
  MONTH TO DATE   30                         0     30        5
  SINCE DEC 1     31                         7     24        8
  SINCE JAN 1     31                         2     29        5
..................................................................


WIND (MPH)
  RESULTANT WIND SPEED   8   RESULTANT WIND DIRECTION  SW (210)
  HIGHEST WIND SPEED    21   HIGHEST WIND DIRECTION    SW (210)
  HIGHEST GUST SPEED    26   HIGHEST GUST DIRECTION    SW (210)
  AVERAGE WIND SPEED     9.0


SKY COVER
  POSSIBLE SUNSHINE  MM
  AVERAGE SKY COVER 0.4


WEATHER CONDITIONS
 THE FOLLOWING WEATHER WAS RECORDED YESTERDAY.
  LIGHT RAIN


RELATIVE HUMIDITY (PERCENT)
 HIGHEST   100           200 AM
 LOWEST     54           200 PM
 AVERAGE    77

..........................................................


THE WILMINGTON NORTH CAROLINA CLIMATE NORMALS FOR TODAY
                         NORMAL    RECORD    YEAR
 MAXIMUM TEMPERATURE (F)   62        81      1930
 MINIMUM TEMPERATURE (F)   39        18      1967


SUNRISE AND SUNSET
FEBRUARY 25 2018......SUNRISE   645 AM EST   SUNSET   604 PM EST
FEBRUARY 26 2018......SUNRISE   644 AM EST   SUNSET   605 PM EST


-  INDICATES NEGATIVE NUMBERS.
R  INDICATES RECORD WAS SET OR TIED.
MM INDICATES DATA IS MISSING.
T  INDICATES TRACE AMOUNT.




$$
