142
CDUS42 KILM 242045
CLIILM


CLIMATE REPORT
NATIONAL WEATHER SERVICE WILMINGTON NC
440 PM EDT SAT SEP 24 2016


...................................

...THE WILMINGTON NC CLIMATE SUMMARY FOR SEPTEMBER 24 2016...
VALID TODAY AS OF 0400 PM LOCAL TIME.

CLIMATE NORMAL PERIOD 1981 TO 2010
CLIMATE RECORD PERIOD 1871 TO 2016


WEATHER ITEM   OBSERVED TIME   RECORD YEAR NORMAL DEPARTURE LAST
                VALUE   (LST)  VALUE       VALUE  FROM      YEAR
                                                  NORMAL
..................................................................
TEMPERATURE (F)
 TODAY
  MAXIMUM         88    248 PM  93    1931  82      6       79
  MINIMUM         69    522 AM  44    1981  63      6       67
  AVERAGE         79                        72      7       73

PRECIPITATION (IN)
  TODAY            0.00          3.43 1947   0.26  -0.26     0.60
  MONTH TO DATE   14.34                      6.40   7.94     2.49
  SINCE SEP 1     14.34                      6.40   7.94     2.49
  SINCE JAN 1     55.88                     45.37  10.51    42.43

DEGREE DAYS
 HEATING
  TODAY            0                         0      0        0
  MONTH TO DATE    0                         0      0        0
  SINCE SEP 1      0                         0      0        0
  SINCE JUL 1      0                         0      0        0

 COOLING
  TODAY           14                         8      6        8
  MONTH TO DATE  315                       255     60      288
  SINCE SEP 1    315                       255     60      288
  SINCE JAN 1   2185                      1878    307     2073
..................................................................


WIND (MPH)
  HIGHEST WIND SPEED    10   HIGHEST WIND DIRECTION     N (350)
  HIGHEST GUST SPEED    13   HIGHEST GUST DIRECTION    NE (40)
  AVERAGE WIND SPEED     4.1


SKY COVER
  POSSIBLE SUNSHINE  MM
  AVERAGE SKY COVER 0.4


WEATHER CONDITIONS
 THE FOLLOWING WEATHER WAS RECORDED TODAY.
  FOG
  FOG W/VISIBILITY <= 1/4 MILE


RELATIVE HUMIDITY (PERCENT)
 HIGHEST   100           500 AM
 LOWEST     50           200 PM
 AVERAGE    75

..........................................................


THE WILMINGTON NC CLIMATE NORMALS FOR TOMORROW
                         NORMAL    RECORD    YEAR
 MAXIMUM TEMPERATURE (F)   82        93      2010
                                             1986
 MINIMUM TEMPERATURE (F)   63        42      1887


SUNRISE AND SUNSET
SEPTEMBER 24 2016.....SUNRISE   701 AM EDT   SUNSET   705 PM EDT
SEPTEMBER 25 2016.....SUNRISE   702 AM EDT   SUNSET   703 PM EDT


-  INDICATES NEGATIVE NUMBERS.
R  INDICATES RECORD WAS SET OR TIED.
MM INDICATES DATA IS MISSING.
T  INDICATES TRACE AMOUNT.




$$
