000
CDUS42 KILM 220841
CLIILM


CLIMATE REPORT
NATIONAL WEATHER SERVICE WILMINGTON NC
440 AM EDT FRI MAY 22 2015


...................................

...THE WILMINGTON NC CLIMATE SUMMARY FOR MAY 21 2015...

CLIMATE NORMAL PERIOD 1981 TO 2010
CLIMATE RECORD PERIOD 1871 TO 2015


WEATHER ITEM   OBSERVED TIME   RECORD YEAR NORMAL DEPARTURE LAST
                VALUE   (LST)  VALUE       VALUE  FROM      YEAR
                                                  NORMAL
..................................................................
TEMPERATURE (F)
 YESTERDAY
  MAXIMUM         87    134 PM  94    1962  82      5       86
                                      1933
  MINIMUM         64   1159 PM  44    2002  62      2       63
  AVERAGE         76                        72      4       75

PRECIPITATION (IN)
  YESTERDAY        0.73          4.34 1963   0.16   0.57     0.00
  MONTH TO DATE    5.66                      2.84   2.82     2.05
  SINCE MAR 1     11.25                      9.87   1.38    13.34
  SINCE JAN 1     20.57                     17.25   3.32    18.80

DEGREE DAYS
 HEATING
  YESTERDAY        0                         0      0        0
  MONTH TO DATE   10                        25    -15        0
  SINCE MAR 1    414                       478    -64      498
  SINCE JUL 1   2597                      2407    190     2432

 COOLING
  YESTERDAY       11                         7      4       10
  MONTH TO DATE  133                       110     23      180
  SINCE MAR 1    216                       193     23      290
  SINCE JAN 1    222                       198     24      295
..................................................................


WIND (MPH)
  HIGHEST WIND SPEED    25   HIGHEST WIND DIRECTION     W (250)
  HIGHEST GUST SPEED    32   HIGHEST GUST DIRECTION     W (250)
  AVERAGE WIND SPEED     7.9


SKY COVER
  POSSIBLE SUNSHINE  MM
  AVERAGE SKY COVER 0.4


WEATHER CONDITIONS
 THE FOLLOWING WEATHER WAS RECORDED YESTERDAY.
  THUNDERSTORM
  HEAVY RAIN
  LIGHT RAIN
  FOG
  FOG W/VISIBILITY <= 1/4 MILE


RELATIVE HUMIDITY (PERCENT)
 HIGHEST    93          1200 AM
 LOWEST     65          1100 AM
 AVERAGE    79

..........................................................


THE WILMINGTON NC CLIMATE NORMALS FOR TODAY
                         NORMAL    RECORD    YEAR
 MAXIMUM TEMPERATURE (F)   82        95      1975
 MINIMUM TEMPERATURE (F)   62        49      1981


SUNRISE AND SUNSET
MAY 22 2015...........SUNRISE   605 AM EDT   SUNSET   812 PM EDT
MAY 23 2015...........SUNRISE   605 AM EDT   SUNSET   812 PM EDT


-  INDICATES NEGATIVE NUMBERS.
R  INDICATES RECORD WAS SET OR TIED.
MM INDICATES DATA IS MISSING.
T  INDICATES TRACE AMOUNT.




$$
