000
CDUS42 KILM 050954
CLIILM


CLIMATE REPORT
NATIONAL WEATHER SERVICE WILMINGTON NC
453 AM EST THU MAR 5 2015


...................................

...THE WILMINGTON NC CLIMATE SUMMARY FOR MARCH 4 2015...

CLIMATE NORMAL PERIOD 1981 TO 2010
CLIMATE RECORD PERIOD 1871 TO 2015


WEATHER ITEM   OBSERVED TIME   RECORD YEAR NORMAL DEPARTURE LAST
                VALUE   (LST)  VALUE       VALUE  FROM      YEAR
                                                  NORMAL
..................................................................
TEMPERATURE (F)
 YESTERDAY
  MAXIMUM         77    239 PM  84    1976  63     14       34
  MINIMUM         45   1215 AM   9    1980  41      4       25
  AVERAGE         61                        52      9       30

PRECIPITATION (IN)
  YESTERDAY        0.00          1.36 2012   0.14  -0.14     0.00
  MONTH TO DATE    0.20                      0.55  -0.35      T
  SINCE MAR 1      0.20                      0.55  -0.35      T
  SINCE JAN 1      9.52                      7.93   1.59     5.46

SNOWFALL (IN)
  YESTERDAY        0.0           0.1  1931   0.0    0.0      0.0
  MONTH TO DATE    0.0                       0.0    0.0      0.0
  SINCE MAR 1      0.0                       0.0    0.0      0.0
  SINCE JUL 1      0.3                       1.5   -1.2      1.0
  SNOW DEPTH       0

DEGREE DAYS
 HEATING
  YESTERDAY        4                        13     -9       35
  MONTH TO DATE   55                        54      1       74
  SINCE MAR 1     55                        54      1       74
  SINCE JUL 1   2238                      1983    255     2008

 COOLING
  YESTERDAY        0                         0      0        0
  MONTH TO DATE    0                         0      0        0
  SINCE MAR 1      0                         0      0        0
  SINCE JAN 1      6                         5      1        5
..................................................................


WIND (MPH)
  HIGHEST WIND SPEED    28   HIGHEST WIND DIRECTION    SW (220)
  HIGHEST GUST SPEED    40   HIGHEST GUST DIRECTION    SW (220)
  AVERAGE WIND SPEED    14.2


SKY COVER
  POSSIBLE SUNSHINE  MM
  AVERAGE SKY COVER 0.5


WEATHER CONDITIONS
 THE FOLLOWING WEATHER WAS RECORDED YESTERDAY.
  FOG
  FOG W/VISIBILITY <= 1/4 MILE


RELATIVE HUMIDITY (PERCENT)
 HIGHEST   100          1200 AM
 LOWEST     64           300 PM
 AVERAGE    82

..........................................................


THE WILMINGTON NC CLIMATE NORMALS FOR TODAY
                         NORMAL    RECORD    YEAR
 MAXIMUM TEMPERATURE (F)   64        84      1961
                                             1955
 MINIMUM TEMPERATURE (F)   41        20      1873


SUNRISE AND SUNSET
MARCH  5 2015.........SUNRISE   636 AM EST   SUNSET   611 PM EST
MARCH  6 2015.........SUNRISE   634 AM EST   SUNSET   612 PM EST


-  INDICATES NEGATIVE NUMBERS.
R  INDICATES RECORD WAS SET OR TIED.
MM INDICATES DATA IS MISSING.
T  INDICATES TRACE AMOUNT.




$$
