000
CDUS42 KILM 172052
CLIILM


CLIMATE REPORT
NATIONAL WEATHER SERVICE WILMINGTON NC
452 PM EDT THU APR 17 2014


...................................

...THE WILMINGTON NC CLIMATE SUMMARY FOR APRIL 17 2014...
VALID TODAY AS OF 0400 PM LOCAL TIME.

CLIMATE NORMAL PERIOD 1981 TO 2010
CLIMATE RECORD PERIOD 1871 TO 2014


WEATHER ITEM   OBSERVED TIME   RECORD YEAR NORMAL DEPARTURE LAST
                VALUE   (LST)  VALUE       VALUE  FROM      YEAR
                                                  NORMAL
..................................................................
TEMPERATURE (F)
 TODAY
  MAXIMUM         70    251 PM  89    2006  75     -5       79
  MINIMUM         38   1210 AM  34    2009  52    -14       54
  AVERAGE         54                        63     -9       67

PRECIPITATION (IN)
  TODAY            0.00          1.82 1946   0.09  -0.09     0.00
  MONTH TO DATE    0.67                      1.60  -0.93     2.88
  SINCE MAR 1      7.06                      5.81   1.25     5.32
  SINCE JAN 1     12.52                     13.19  -0.67    12.59

SNOWFALL (IN)
  TODAY            0.0          MM      MM   0.0    0.0      0.0
  MONTH TO DATE    0.0                       0.0    0.0      0.0
  SINCE MAR 1      0.0                       0.2   -0.2      0.0
  SINCE JUL 1      1.0                       1.7   -0.7       T
  SNOW DEPTH       0

DEGREE DAYS
 HEATING
  TODAY           11                         4      7        0
  MONTH TO DATE   49                        93    -44       84
  SINCE MAR 1    462                       416     46      554
  SINCE JUL 1   2396                      2345     51     2361

 COOLING
  TODAY            0                         2     -2        2
  MONTH TO DATE   58                        28     30       32
  SINCE MAR 1     60                        44     16       34
  SINCE JAN 1     65                        49     16       46
..................................................................


WIND (MPH)
  HIGHEST WIND SPEED    17   HIGHEST WIND DIRECTION    NE (30)
  HIGHEST GUST SPEED    23   HIGHEST GUST DIRECTION     N (20)
  AVERAGE WIND SPEED    11.4


SKY COVER
  POSSIBLE SUNSHINE  MM
  AVERAGE SKY COVER 0.0


WEATHER CONDITIONS
 THE FOLLOWING WEATHER WAS RECORDED TODAY.
  NO SIGNIFICANT WEATHER WAS OBSERVED.


RELATIVE HUMIDITY (PERCENT)
 HIGHEST    76           400 AM
 LOWEST     40           200 PM
 AVERAGE    58

..........................................................


THE WILMINGTON NC CLIMATE NORMALS FOR TOMORROW
                         NORMAL    RECORD    YEAR
 MAXIMUM TEMPERATURE (F)   75        93      1976
 MINIMUM TEMPERATURE (F)   52        32      1875


SUNRISE AND SUNSET
APRIL 17 2014.........SUNRISE   638 AM EDT   SUNSET   745 PM EDT
APRIL 18 2014.........SUNRISE   637 AM EDT   SUNSET   746 PM EDT


-  INDICATES NEGATIVE NUMBERS.
R  INDICATES RECORD WAS SET OR TIED.
MM INDICATES DATA IS MISSING.
T  INDICATES TRACE AMOUNT.




$$
