000
CDUS42 KILM 282143
CLIILM


CLIMATE REPORT
NATIONAL WEATHER SERVICE WILMINGTON NC
443 PM EST SUN DEC 28 2014


...................................

...THE WILMINGTON NC CLIMATE SUMMARY FOR DECEMBER 28 2014...
VALID TODAY AS OF 0400 PM LOCAL TIME.

CLIMATE NORMAL PERIOD 1981 TO 2010
CLIMATE RECORD PERIOD 1871 TO 2014


WEATHER ITEM   OBSERVED TIME   RECORD YEAR NORMAL DEPARTURE LAST
                VALUE   (LST)  VALUE       VALUE  FROM      YEAR
                                                  NORMAL
..................................................................
TEMPERATURE (F)
 TODAY
  MAXIMUM         74    321 PM  76    2008  57     17       64
                                      1971
                                      1916
  MINIMUM         46   1236 AM  13    1925  36     10       30
  AVERAGE         60                        46     14       47

PRECIPITATION (IN)
  TODAY            T             3.49 1980   0.11  -0.11     0.00
  MONTH TO DATE    4.72                      3.29   1.43     1.51
  SINCE DEC 1      4.72                      3.29   1.43     1.51
  SINCE JAN 1     59.50                     57.28   2.22    50.92

SNOWFALL (IN)
  TODAY            0.0           T    1918   0.0    0.0      0.0
  MONTH TO DATE    0.0                       0.7   -0.7      0.0
  SINCE DEC 1      0.0                       0.7   -0.7      0.0
  SINCE JUL 1      0.0                       0.7   -0.7       T
  SNOW DEPTH       0

DEGREE DAYS
 HEATING
  TODAY            5                        19    -14       18
  MONTH TO DATE  408                       456    -48      364
  SINCE DEC 1    408                       456    -48      364
  SINCE JUL 1    861                       825     36      766

 COOLING
  TODAY            0                         0      0        0
  MONTH TO DATE    0                         0      0       22
  SINCE DEC 1      0                         0      0       22
  SINCE JAN 1   2190                      2037    153     1914
..................................................................


WIND (MPH)
  HIGHEST WIND SPEED    24   HIGHEST WIND DIRECTION    SW (230)
  HIGHEST GUST SPEED    32   HIGHEST GUST DIRECTION    SW (230)
  AVERAGE WIND SPEED     6.6


SKY COVER
  POSSIBLE SUNSHINE  MM
  AVERAGE SKY COVER 0.1


WEATHER CONDITIONS
 THE FOLLOWING WEATHER WAS RECORDED TODAY.
  LIGHT RAIN
  FOG


RELATIVE HUMIDITY (PERCENT)
 HIGHEST    93          1200 AM
 LOWEST     57          1200 PM
 AVERAGE    75

..........................................................


THE WILMINGTON NC CLIMATE NORMALS FOR TOMORROW
                         NORMAL    RECORD    YEAR
 MAXIMUM TEMPERATURE (F)   57        80      1984
 MINIMUM TEMPERATURE (F)   36        12      1917


SUNRISE AND SUNSET
DECEMBER 28 2014......SUNRISE   717 AM EST   SUNSET   510 PM EST
DECEMBER 29 2014......SUNRISE   717 AM EST   SUNSET   511 PM EST


-  INDICATES NEGATIVE NUMBERS.
R  INDICATES RECORD WAS SET OR TIED.
MM INDICATES DATA IS MISSING.
T  INDICATES TRACE AMOUNT.




$$
