000
CDUS42 KILM 110941
CLIILM


CLIMATE REPORT
NATIONAL WEATHER SERVICE WILMINGTON NC
440 AM EST MON DEC 11 2017


...................................

...THE WILMINGTON NC CLIMATE SUMMARY FOR DECEMBER 10 2017...

CLIMATE NORMAL PERIOD 1981 TO 2010
CLIMATE RECORD PERIOD 1871 TO 2017


WEATHER ITEM   OBSERVED TIME   RECORD YEAR NORMAL DEPARTURE LAST
                VALUE   (LST)  VALUE       VALUE  FROM      YEAR
                                                  NORMAL
..................................................................
TEMPERATURE (F)
 YESTERDAY
  MAXIMUM         48    321 PM  78    2007  61    -13       45
                                      1966
  MINIMUM         32    840 PM  15    1876  39     -7       25
  AVERAGE         40                        50    -10       35

PRECIPITATION (IN)
  YESTERDAY        0.00          1.82 1992   0.12  -0.12     0.00
  MONTH TO DATE    2.22                      1.16   1.06     2.49
  SINCE DEC 1      2.22                      1.16   1.06     2.49
  SINCE JAN 1     61.00                     55.15   5.85    68.77

SNOWFALL (IN)
  YESTERDAY        0.0          MM      MM   0.0    0.0      0.0
  MONTH TO DATE    0.0                       0.1   -0.1      0.0
  SINCE DEC 1      0.0                       0.1   -0.1      0.0
  SINCE JUL 1      0.0                       0.1   -0.1      0.0
  SNOW DEPTH       0

DEGREE DAYS
 HEATING
  YESTERDAY       25                        15     10       30
  MONTH TO DATE  135                       142     -7      151
  SINCE DEC 1    135                       142     -7      151
  SINCE JUL 1    473                       511    -38      510

 COOLING
  YESTERDAY        0                         0      0        0
  MONTH TO DATE    0                         0      0        0
  SINCE DEC 1      0                         0      0        0
  SINCE JAN 1   2355                      2037    318     2394
..................................................................


WIND (MPH)
  HIGHEST WIND SPEED    21   HIGHEST WIND DIRECTION    NW (320)
  HIGHEST GUST SPEED    26   HIGHEST GUST DIRECTION    NW (320)
  AVERAGE WIND SPEED     8.1


SKY COVER
  POSSIBLE SUNSHINE  MM
  AVERAGE SKY COVER 0.1


WEATHER CONDITIONS
 THE FOLLOWING WEATHER WAS RECORDED YESTERDAY.
  NO SIGNIFICANT WEATHER WAS OBSERVED.


RELATIVE HUMIDITY (PERCENT)
 HIGHEST    92           100 AM
 LOWEST     42           200 PM
 AVERAGE    67

..........................................................


THE WILMINGTON NC CLIMATE NORMALS FOR TODAY
                         NORMAL    RECORD    YEAR
 MAXIMUM TEMPERATURE (F)   60        79      2007
 MINIMUM TEMPERATURE (F)   39        19      1917
                                             1880


SUNRISE AND SUNSET
DECEMBER 11 2017......SUNRISE   708 AM EST   SUNSET   502 PM EST
DECEMBER 12 2017......SUNRISE   708 AM EST   SUNSET   503 PM EST


-  INDICATES NEGATIVE NUMBERS.
R  INDICATES RECORD WAS SET OR TIED.
MM INDICATES DATA IS MISSING.
T  INDICATES TRACE AMOUNT.




$$
