000
CDUS42 KILM 022045
CLIILM


CLIMATE REPORT
NATIONAL WEATHER SERVICE WILMINGTON NC
445 PM EDT TUE SEP 2 2014


...................................

...THE WILMINGTON NC CLIMATE SUMMARY FOR SEPTEMBER 2 2014...
VALID TODAY AS OF 0400 PM LOCAL TIME.

CLIMATE NORMAL PERIOD 1981 TO 2010
CLIMATE RECORD PERIOD 1871 TO 2014


WEATHER ITEM   OBSERVED TIME   RECORD YEAR NORMAL DEPARTURE LAST
                VALUE   (LST)  VALUE       VALUE  FROM      YEAR
                                                  NORMAL
..................................................................
TEMPERATURE (F)
 TODAY
  MAXIMUM         92   1158 AM  96    1912  86      6       91
  MINIMUM         76    509 AM  56    1887  69      7       78
  AVERAGE         84                        78      6       85

PRECIPITATION (IN)
  TODAY            0.00          1.83 1877   0.28  -0.28     0.05
  MONTH TO DATE    T                         0.56  -0.56     0.05
  SINCE SEP 1      T                         0.56  -0.56     0.05
  SINCE JAN 1     42.51                     39.53   2.98    42.54

DEGREE DAYS
 HEATING
  TODAY            0                         0      0        0
  MONTH TO DATE    0                         0      0        0
  SINCE SEP 1      0                         0      0        0
  SINCE JUL 1      0                         0      0        0

 COOLING
  TODAY           19                        13      6       20
  MONTH TO DATE   36                        26     10       38
  SINCE SEP 1     36                        26     10       38
  SINCE JAN 1   1793                      1649    144     1528
..................................................................


WIND (MPH)
  HIGHEST WIND SPEED    17   HIGHEST WIND DIRECTION     S (180)
  HIGHEST GUST SPEED    22   HIGHEST GUST DIRECTION     S (180)
  AVERAGE WIND SPEED     6.3


SKY COVER
  POSSIBLE SUNSHINE  MM
  AVERAGE SKY COVER 0.1


WEATHER CONDITIONS
 THE FOLLOWING WEATHER WAS RECORDED TODAY.
  NO SIGNIFICANT WEATHER WAS OBSERVED.


RELATIVE HUMIDITY (PERCENT)
 HIGHEST    97           700 AM
 LOWEST     56          1200 PM
 AVERAGE    77

..........................................................


THE WILMINGTON NC CLIMATE NORMALS FOR TOMORROW
                         NORMAL    RECORD    YEAR
 MAXIMUM TEMPERATURE (F)   86        97      2010
                                             1926
 MINIMUM TEMPERATURE (F)   69        55      1909


SUNRISE AND SUNSET
SEPTEMBER  2 2014.....SUNRISE   646 AM EDT   SUNSET   736 PM EDT
SEPTEMBER  3 2014.....SUNRISE   646 AM EDT   SUNSET   735 PM EDT


-  INDICATES NEGATIVE NUMBERS.
R  INDICATES RECORD WAS SET OR TIED.
MM INDICATES DATA IS MISSING.
T  INDICATES TRACE AMOUNT.




$$
