000
CDUS43 KILX 272127
CLIILX


CLIMATE REPORT
NATIONAL WEATHER SERVICE LINCOLN IL
427 PM CDT MON JUL 27 2015


...................................

...THE LINCOLN IL CLIMATE SUMMARY FOR JULY 27 2015...
VALID TODAY AS OF 0400 PM LOCAL TIME.

CLIMATE NORMAL PERIOD 1981 TO 2010
CLIMATE RECORD PERIOD 1905 TO 2015


WEATHER ITEM   OBSERVED TIME   RECORD YEAR NORMAL DEPARTURE LAST
                VALUE   (LST)  VALUE       VALUE  FROM      YEAR
                                                  NORMAL
..................................................................
TEMPERATURE (F)
 TODAY
  MAXIMUM         87        MM 107    1930  85      2       84
  MINIMUM         66        MM  48    1962  64      2       64
  AVERAGE         77                        74      3       74

PRECIPITATION (IN)
  TODAY            0.00          1.60 1923   0.14  -0.14      T
  MONTH TO DATE    5.93                      4.49   1.44     4.78
  SINCE JUN 1     15.60                      8.81   6.79    11.20
  SINCE JAN 1     29.99                     22.93   7.06    22.52

SNOWFALL (IN)
  TODAY           MM             0.0    MM   0.0   MM        0.0
  MONTH TO DATE    0.0                       0.0    0.0      0.0
  SINCE JUN 1      0.0                       0.0    0.0      0.0
  SINCE JUL 1      0.0                       0.0    0.0      0.0
  SNOW DEPTH      MM

DEGREE DAYS
 HEATING
  TODAY            0                         0      0        0
  MONTH TO DATE    6                         0      6        8
  SINCE JUN 1     14                        17     -3       15
  SINCE JUL 1      6                         0      6        8

 COOLING
  TODAY           12                         9      3        9
  MONTH TO DATE  207                       275    -68      122
  SINCE JUN 1    433                       507    -74      359
  SINCE JAN 1    544                       598    -54      488
..................................................................







THE LINCOLN IL CLIMATE NORMALS FOR TOMORROW
                         NORMAL    RECORD    YEAR
 MAXIMUM TEMPERATURE (F)   85       106      1930
 MINIMUM TEMPERATURE (F)   64        48      2013


SUNRISE AND SUNSET
JULY 27 2015..........SUNRISE   551 AM CDT   SUNSET   817 PM CDT
JULY 28 2015..........SUNRISE   551 AM CDT   SUNSET   816 PM CDT


-  INDICATES NEGATIVE NUMBERS.
R  INDICATES RECORD WAS SET OR TIED.
MM INDICATES DATA IS MISSING.
T  INDICATES TRACE AMOUNT.




$$
