000
CDUS43 KILX 222151
CLIILX


CLIMATE REPORT
NATIONAL WEATHER SERVICE LINCOLN IL
449 PM CDT SAT JUL 22 2017


...................................

...THE LINCOLN IL CLIMATE SUMMARY FOR JULY 22 2017...
VALID TODAY AS OF 0400 PM LOCAL TIME.

CLIMATE NORMAL PERIOD 1981 TO 2010
CLIMATE RECORD PERIOD 1905 TO 2017


WEATHER ITEM   OBSERVED TIME   RECORD YEAR NORMAL DEPARTURE LAST
                VALUE   (LST)  VALUE       VALUE  FROM      YEAR
                                                  NORMAL
..................................................................
TEMPERATURE (F)
 TODAY
  MAXIMUM         89        MM 103    1934  85      4       86
  MINIMUM         69        MM  47    1915  64      5       70
  AVERAGE         79                        75      4       78

PRECIPITATION (IN)
  TODAY            0.42          4.64 1990   0.17   0.25     0.39
  MONTH TO DATE    4.39                      3.71   0.68     5.38
  SINCE JUN 1      5.37                      8.03  -2.66     7.74
  SINCE JAN 1     21.50                     22.15  -0.65    19.69

SNOWFALL (IN)
  TODAY            0.0           0.0    MM   0.0    0.0      0.0
  MONTH TO DATE    T                         0.0    0.0      0.0
  SINCE JUN 1      T                         0.0    0.0      0.0
  SINCE JUL 1      T                         0.0    0.0      0.0
  SNOW DEPTH       0

DEGREE DAYS
 HEATING
  TODAY            0                         0      0        0
  MONTH TO DATE    0                         0      0        9
  SINCE JUN 1      7                        17    -10       11
  SINCE JUL 1      0                         0      0        9

 COOLING
  TODAY           14                        10      4       13
  MONTH TO DATE  261                       227     34      211
  SINCE JUN 1    533                       459     74      493
  SINCE JAN 1    623                       550     73      580
..................................................................







THE LINCOLN IL CLIMATE NORMALS FOR TOMORROW
                         NORMAL    RECORD    YEAR
 MAXIMUM TEMPERATURE (F)   85       104      1934
 MINIMUM TEMPERATURE (F)   64        47      1925


SUNRISE AND SUNSET
JULY 22 2017..........SUNRISE   547 AM CDT   SUNSET   821 PM CDT
JULY 23 2017..........SUNRISE   547 AM CDT   SUNSET   820 PM CDT


-  INDICATES NEGATIVE NUMBERS.
R  INDICATES RECORD WAS SET OR TIED.
MM INDICATES DATA IS MISSING.
T  INDICATES TRACE AMOUNT.




$$
