000
CDUS43 KILX 190632
CLIILX


CLIMATE REPORT
NATIONAL WEATHER SERVICE LINCOLN IL
132 AM CDT FRI SEP 19 2014


...................................

...THE LINCOLN IL CLIMATE SUMMARY FOR SEPTEMBER 18 2014...

CLIMATE NORMAL PERIOD 1981 TO 2010
CLIMATE RECORD PERIOD 1905 TO 2014


WEATHER ITEM   OBSERVED TIME   RECORD YEAR NORMAL DEPARTURE LAST
                VALUE   (LST)  VALUE       VALUE  FROM      YEAR
                                                  NORMAL
..................................................................
TEMPERATURE (F)
 YESTERDAY
  MAXIMUM         75        MM  97    1906  78     -3       85
  MINIMUM         46        MM  29    1916  53     -7       61
  AVERAGE         61                        65     -4       73

PRECIPITATION (IN)
  YESTERDAY        0.00          1.56 1982   0.10  -0.10      T
  MONTH TO DATE    7.04                      1.98   5.06     0.41
  SINCE SEP 1      7.04                      1.98   5.06     0.41
  SINCE JAN 1     35.69                     29.40   6.29    29.55

SNOWFALL (IN)
  YESTERDAY        0.0           0.0    MM   0.0    0.0      0.0
  MONTH TO DATE    0.0                       0.0    0.0      0.0
  SINCE SEP 1      0.0                       0.0    0.0      0.0
  SINCE JUL 1      0.0                       0.0    0.0       T
  SNOW DEPTH       0

DEGREE DAYS
 HEATING
  YESTERDAY        4                         3      1        0
  MONTH TO DATE   88                        27     61       27
  SINCE SEP 1     88                        27     61       27
  SINCE JUL 1     98                        36     62       49

 COOLING
  YESTERDAY        0                         3     -3        8
  MONTH TO DATE   59                        89    -30      113
  SINCE SEP 1     59                        89    -30      113
  SINCE JAN 1    813                       978   -165      884
..................................................................


WIND (MPH)
  HIGHEST WIND SPEED    MM   HIGHEST WIND DIRECTION    MM
  HIGHEST GUST SPEED    MM   HIGHEST GUST DIRECTION    MM
  AVERAGE WIND SPEED    MM


SKY COVER
  POSSIBLE SUNSHINE  MM


WEATHER CONDITIONS
 THE FOLLOWING WEATHER WAS RECORDED YESTERDAY.
  FOG


..........................................................


THE LINCOLN IL CLIMATE NORMALS FOR TODAY
                         NORMAL    RECORD    YEAR
 MAXIMUM TEMPERATURE (F)   77        97      1925
 MINIMUM TEMPERATURE (F)   52        33      1916


SUNRISE AND SUNSET
SEPTEMBER 19 2014.....SUNRISE   642 AM CDT   SUNSET   659 PM CDT
SEPTEMBER 20 2014.....SUNRISE   643 AM CDT   SUNSET   658 PM CDT


-  INDICATES NEGATIVE NUMBERS.
R  INDICATES RECORD WAS SET OR TIED.
MM INDICATES DATA IS MISSING.
T  INDICATES TRACE AMOUNT.




$$
