000
CDUS43 KIND 260532
CLIIND


CLIMATE REPORT
NATIONAL WEATHER SERVICE INDIANAPOLIS IN
1232 AM EST WED NOV 26 2014


...................................

...THE INDIANAPOLIS IN CLIMATE SUMMARY FOR NOVEMBER 25 2014...

CLIMATE NORMAL PERIOD 1981 TO 2010
CLIMATE RECORD PERIOD 1871 TO 2014


WEATHER ITEM   OBSERVED TIME   RECORD YEAR NORMAL DEPARTURE LAST
                VALUE   (LST)  VALUE       VALUE  FROM      YEAR
                                                  NORMAL
..................................................................
TEMPERATURE (F)
 YESTERDAY
  MAXIMUM         36    104 AM  69    1908  47    -11       33
  MINIMUM         26   1159 PM  -2    1950  31     -5       19
  AVERAGE         31                        39     -8       26

PRECIPITATION (IN)
  YESTERDAY        0.00          2.19 1895   0.12  -0.12     0.00
  MONTH TO DATE    2.78                      3.10  -0.32     3.23
  SINCE SEP 1      8.48                      9.34  -0.86    11.55
  SINCE JAN 1     39.00                     38.67   0.33    41.48

SNOWFALL (IN)
  YESTERDAY        0.0           2.9  1930   0.1   -0.1      0.0
  MONTH TO DATE    2.5                       0.5    2.0      0.1
  SINCE SEP 1      2.6                       0.9    1.7      0.1
  SINCE JUL 1      2.6                       0.9    1.7      0.1
  SNOW DEPTH       0

DEGREE DAYS
 HEATING
  YESTERDAY       34                        26      8       39
  MONTH TO DATE  721                       505    216      589
  SINCE SEP 1   1129                       902    227      961
  SINCE JUL 1   1135                       906    229      969

 COOLING
  YESTERDAY        0                         0      0        0
  MONTH TO DATE    0                         0      0        0
  SINCE SEP 1    103                       144    -41      201
  SINCE JAN 1    900                      1065   -165     1160
..................................................................


WIND (MPH)
  HIGHEST WIND SPEED    25   HIGHEST WIND DIRECTION     W (260)
  HIGHEST GUST SPEED    30   HIGHEST GUST DIRECTION    SW (240)
  AVERAGE WIND SPEED    11.8


SKY COVER
  AVERAGE SKY COVER 1.0


WEATHER CONDITIONS
 THE FOLLOWING WEATHER WAS RECORDED YESTERDAY.
  NO SIGNIFICANT WEATHER WAS OBSERVED.


RELATIVE HUMIDITY (PERCENT)
 HIGHEST    81          1000 PM
 LOWEST     69           300 AM
 AVERAGE    75

..........................................................


THE INDIANAPOLIS IN CLIMATE NORMALS FOR TODAY
                         NORMAL    RECORD    YEAR
 MAXIMUM TEMPERATURE (F)   47        70      1984
 MINIMUM TEMPERATURE (F)   31         3      1898


SUNRISE AND SUNSET
NOVEMBER 26 2014......SUNRISE   742 AM EST   SUNSET   523 PM EST
NOVEMBER 27 2014......SUNRISE   743 AM EST   SUNSET   522 PM EST


-  INDICATES NEGATIVE NUMBERS.
R  INDICATES RECORD WAS SET OR TIED.
MM INDICATES DATA IS MISSING.
T  INDICATES TRACE AMOUNT.




$$
