000
CDUS43 KIND 270532
CLIIND


CLIMATE REPORT
NATIONAL WEATHER SERVICE INDIANAPOLIS IN
132 AM EDT WED MAY 27 2015


...................................

...THE INDIANAPOLIS IN CLIMATE SUMMARY FOR MAY 26 2015...

CLIMATE NORMAL PERIOD 1981 TO 2010
CLIMATE RECORD PERIOD 1871 TO 2015


WEATHER ITEM   OBSERVED TIME   RECORD YEAR NORMAL DEPARTURE LAST
                VALUE   (LST)  VALUE       VALUE  FROM      YEAR
                                                  NORMAL
..................................................................
TEMPERATURE (F)
 YESTERDAY
  MAXIMUM         80   1147 AM  94    1911  76      4       84
  MINIMUM         64    130 AM  35    1961  56      8       60
  AVERAGE         72                        66      6       72

PRECIPITATION (IN)
  YESTERDAY        0.07          2.33 1879   0.16  -0.09     0.00
  MONTH TO DATE    1.02                      4.27  -3.25     4.85
  SINCE MAR 1      8.55                     11.64  -3.09    12.62
  SINCE JAN 1     11.70                     16.62  -4.92    17.41

SNOWFALL (IN)
  YESTERDAY        0.0           0.0    MM   0.0    0.0      0.0
  MONTH TO DATE    0.0                       0.0    0.0       T
  SINCE MAR 1      5.9                       2.8    3.1      3.4
  SINCE JUL 1     25.6                      25.9   -0.3     55.7
  SNOW DEPTH       0

DEGREE DAYS
 HEATING
  YESTERDAY        0                         3     -3        0
  MONTH TO DATE   75                       130    -55      153
  SINCE MAR 1   1178                      1209    -31     1409
  SINCE JUL 1   5904                      5352    552     6206

 COOLING
  YESTERDAY        7                         3      4        7
  MONTH TO DATE  107                        49     58       54
  SINCE MAR 1    113                        64     49       58
  SINCE JAN 1    113                        64     49       58
..................................................................


WIND (MPH)
  HIGHEST WIND SPEED    29   HIGHEST WIND DIRECTION    SW (230)
  HIGHEST GUST SPEED    36   HIGHEST GUST DIRECTION     S (200)
  AVERAGE WIND SPEED    13.8


SKY COVER
  AVERAGE SKY COVER 0.8


WEATHER CONDITIONS
 THE FOLLOWING WEATHER WAS RECORDED YESTERDAY.
  LIGHT RAIN
  FOG
  HAZE


RELATIVE HUMIDITY (PERCENT)
 HIGHEST    93           100 AM
 LOWEST     53           800 PM
 AVERAGE    73

..........................................................


THE INDIANAPOLIS IN CLIMATE NORMALS FOR TODAY
                         NORMAL    RECORD    YEAR
 MAXIMUM TEMPERATURE (F)   76        94      1911
 MINIMUM TEMPERATURE (F)   56        31      1961


SUNRISE AND SUNSET
MAY 27 2015...........SUNRISE   622 AM EDT   SUNSET   903 PM EDT
MAY 28 2015...........SUNRISE   621 AM EDT   SUNSET   904 PM EDT


-  INDICATES NEGATIVE NUMBERS.
R  INDICATES RECORD WAS SET OR TIED.
MM INDICATES DATA IS MISSING.
T  INDICATES TRACE AMOUNT.




$$
