000
CDUS43 KIND 240532
CLIIND


CLIMATE REPORT
NATIONAL WEATHER SERVICE INDIANAPOLIS IN
1231 AM EST FRI FEB 24 2017


...................................

...THE INDIANAPOLIS IN CLIMATE SUMMARY FOR FEBRUARY 23 2017...

CLIMATE NORMAL PERIOD 1981 TO 2010
CLIMATE RECORD PERIOD 1871 TO 2017


WEATHER ITEM   OBSERVED TIME   RECORD YEAR NORMAL DEPARTURE LAST
                VALUE   (LST)  VALUE       VALUE  FROM      YEAR
                                                  NORMAL
..................................................................
TEMPERATURE (F)
 YESTERDAY
  MAXIMUM         70    308 PM  71    2000  43     27       53
  MINIMUM         51    757 AM  -1    1889  26     25       29
  AVERAGE         61                        34     27       41

PRECIPITATION (IN)
  YESTERDAY        0.00          1.10 1909   0.09  -0.09      T
  MONTH TO DATE    0.41                      1.88  -1.47     0.46
  SINCE DEC 1      6.28                      7.71  -1.43     7.51
  SINCE JAN 1      4.76                      4.54   0.22     1.92

SNOWFALL (IN)
  YESTERDAY        0.0           7.3  1914   0.2   -0.2      0.0
  MONTH TO DATE    2.1                       5.6   -3.5      3.6
  SINCE DEC 1      8.7                      21.1  -12.4     10.0
  SINCE JUL 1      8.7                      22.2  -13.5     11.3
  SNOW DEPTH       0

DEGREE DAYS
 HEATING
  YESTERDAY        4                        31    -27       24
  MONTH TO DATE  502                       775   -273      723
  SINCE DEC 1   2494                      2954   -460     2520
  SINCE JUL 1   3187                      3996   -809     3307

 COOLING
  YESTERDAY        0                         0      0        0
  MONTH TO DATE    0                         0      0        0
  SINCE DEC 1      0                         0      0        0
  SINCE JAN 1      0                         0      0        0
..................................................................


WIND (MPH)
  HIGHEST WIND SPEED    15   HIGHEST WIND DIRECTION    SE (150)
  HIGHEST GUST SPEED    20   HIGHEST GUST DIRECTION     S (160)
  AVERAGE WIND SPEED     9.1


SKY COVER
  AVERAGE SKY COVER 0.7


WEATHER CONDITIONS
 THE FOLLOWING WEATHER WAS RECORDED YESTERDAY.
  FOG


RELATIVE HUMIDITY (PERCENT)
 HIGHEST   100           800 AM
 LOWEST     59           300 PM
 AVERAGE    80

..........................................................


THE INDIANAPOLIS IN CLIMATE NORMALS FOR TODAY
                         NORMAL    RECORD    YEAR
 MAXIMUM TEMPERATURE (F)   43        71      2000
 MINIMUM TEMPERATURE (F)   26        -6      2015


SUNRISE AND SUNSET
FEBRUARY 24 2017......SUNRISE   725 AM EST   SUNSET   632 PM EST
FEBRUARY 25 2017......SUNRISE   724 AM EST   SUNSET   633 PM EST


-  INDICATES NEGATIVE NUMBERS.
R  INDICATES RECORD WAS SET OR TIED.
MM INDICATES DATA IS MISSING.
T  INDICATES TRACE AMOUNT.




$$
