000
CDUS43 KIND 300536
CLIIND


CLIMATE REPORT
NATIONAL WEATHER SERVICE INDIANAPOLIS IN
1236 AM EST FRI JAN 30 2015


...................................

...THE INDIANAPOLIS IN CLIMATE SUMMARY FOR JANUARY 29 2015...

CLIMATE NORMAL PERIOD 1981 TO 2010
CLIMATE RECORD PERIOD 1871 TO 2015


WEATHER ITEM   OBSERVED TIME   RECORD YEAR NORMAL DEPARTURE LAST
                VALUE   (LST)  VALUE       VALUE  FROM      YEAR
                                                  NORMAL
..................................................................
TEMPERATURE (F)
 YESTERDAY
  MAXIMUM         45    945 AM  66    2002  36      9       24
  MINIMUM         30    810 PM -13    1873  21      9        2
  AVERAGE         38                        28     10       13

PRECIPITATION (IN)
  YESTERDAY        T             1.50 1969   0.08  -0.08     0.00
  MONTH TO DATE    1.67                      2.50  -0.83     2.33
  SINCE DEC 1      4.22                      5.67  -1.45     6.77
  SINCE JAN 1      1.67                      2.50  -0.83     2.33

SNOWFALL (IN)
  YESTERDAY       MM             4.1  2000   0.3   MM        0.0
  MONTH TO DATE    2.4                       8.0   -5.6     26.7
  SINCE DEC 1      2.5                      14.9  -12.4     35.5
  SINCE JUL 1      5.2                      16.0  -10.8     35.6
  SNOW DEPTH       0

DEGREE DAYS
 HEATING
  YESTERDAY       27                        37    -10       52
  MONTH TO DATE 1146                      1073     73     1313
  SINCE DEC 1   2120                      2107     13     2392
  SINCE JUL 1   3399                      3149    250     3536

 COOLING
  YESTERDAY        0                         0      0        0
  MONTH TO DATE    0                         0      0        0
  SINCE DEC 1      0                         0      0        0
  SINCE JAN 1      0                         0      0        0
..................................................................


WIND (MPH)
  HIGHEST WIND SPEED    30   HIGHEST WIND DIRECTION     W (260)
  HIGHEST GUST SPEED    37   HIGHEST GUST DIRECTION     W (250)
  AVERAGE WIND SPEED    15.5


SKY COVER
  AVERAGE SKY COVER 0.9


WEATHER CONDITIONS
 THE FOLLOWING WEATHER WAS RECORDED YESTERDAY.
  LIGHT RAIN
  LT FREEZING RAIN
  LIGHT SNOW
  FOG
  HAZE


RELATIVE HUMIDITY (PERCENT)
 HIGHEST   100           300 PM
 LOWEST     54           100 AM
 AVERAGE    77

..........................................................


THE INDIANAPOLIS IN CLIMATE NORMALS FOR TODAY
                         NORMAL    RECORD    YEAR
 MAXIMUM TEMPERATURE (F)   36        65      2013
 MINIMUM TEMPERATURE (F)   21       -11      1966


SUNRISE AND SUNSET
JANUARY 30 2015.......SUNRISE   755 AM EST   SUNSET   602 PM EST
JANUARY 31 2015.......SUNRISE   754 AM EST   SUNSET   603 PM EST


-  INDICATES NEGATIVE NUMBERS.
R  INDICATES RECORD WAS SET OR TIED.
MM INDICATES DATA IS MISSING.
T  INDICATES TRACE AMOUNT.




$$
