000
CDUS43 KIND 300550
CLIIND


CLIMATE REPORT
NATIONAL WEATHER SERVICE INDIANAPOLIS IN
149 AM EDT SAT APR 30 2016


...................................

...THE INDIANAPOLIS IN CLIMATE SUMMARY FOR APRIL 29 2016...

CLIMATE NORMAL PERIOD 1981 TO 2010
CLIMATE RECORD PERIOD 1871 TO 2016


WEATHER ITEM   OBSERVED TIME   RECORD YEAR NORMAL DEPARTURE LAST
                VALUE   (LST)  VALUE       VALUE  FROM      YEAR
                                                  NORMAL
..................................................................
TEMPERATURE (F)
 YESTERDAY
  MAXIMUM         64    524 PM  86    1942  68     -4       67
                                      1899
  MINIMUM         49    623 AM  31    1977  47      2       41
                                      1976
  AVERAGE         57                        58     -1       54

PRECIPITATION (IN)
  YESTERDAY        0.00          1.71 1970   0.14  -0.14     0.00
  MONTH TO DATE    4.93                      3.67   1.26     4.00
  SINCE MAR 1      9.13                      7.23   1.90     7.53
  SINCE JAN 1     12.84                     12.21   0.63    10.68

SNOWFALL (IN)
  YESTERDAY        0.0           T    1925   0.0    0.0      0.0
  MONTH TO DATE    T                         0.2   -0.2       T
  SINCE MAR 1      1.2                       2.8   -1.6      5.9
  SINCE JUL 1     13.3                      25.9  -12.6     25.6
  SNOW DEPTH       0

DEGREE DAYS
 HEATING
  YESTERDAY        8                         8      0       11
  MONTH TO DATE  342                       362    -20      301
  SINCE MAR 1    824                      1069   -245     1091
  SINCE JUL 1   4277                      5212   -935     5817

 COOLING
  YESTERDAY        0                         1     -1        0
  MONTH TO DATE   18                        12      6        6
  SINCE MAR 1     18                        14      4        6
  SINCE JAN 1     18                        14      4        6
..................................................................


WIND (MPH)
  HIGHEST WIND SPEED    17   HIGHEST WIND DIRECTION     E (70)
  HIGHEST GUST SPEED    23   HIGHEST GUST DIRECTION     E (70)
  AVERAGE WIND SPEED     7.8


SKY COVER
  AVERAGE SKY COVER 0.7


WEATHER CONDITIONS
 THE FOLLOWING WEATHER WAS RECORDED YESTERDAY.
  FOG
  HAZE


RELATIVE HUMIDITY (PERCENT)
 HIGHEST    93           500 AM
 LOWEST     52           300 PM
 AVERAGE    73

..........................................................


THE INDIANAPOLIS IN CLIMATE NORMALS FOR TODAY
                         NORMAL    RECORD    YEAR
 MAXIMUM TEMPERATURE (F)   68        90      1942
 MINIMUM TEMPERATURE (F)   48        31      1963
                                             1948


SUNRISE AND SUNSET
APRIL 30 2016.........SUNRISE   646 AM EDT   SUNSET   839 PM EDT
MAY  1 2016...........SUNRISE   645 AM EDT   SUNSET   840 PM EDT


-  INDICATES NEGATIVE NUMBERS.
R  INDICATES RECORD WAS SET OR TIED.
MM INDICATES DATA IS MISSING.
T  INDICATES TRACE AMOUNT.




$$
