000
CDUS43 KIND 200531
CLIIND


CLIMATE REPORT
NATIONAL WEATHER SERVICE INDIANAPOLIS IN
131 AM EDT WED AUG 20 2014


...................................

...THE INDIANAPOLIS IN CLIMATE SUMMARY FOR AUGUST 19 2014...

CLIMATE NORMAL PERIOD 1981 TO 2010
CLIMATE RECORD PERIOD 1871 TO 2014


WEATHER ITEM   OBSERVED TIME   RECORD YEAR NORMAL DEPARTURE LAST
                VALUE   (LST)  VALUE       VALUE  FROM      YEAR
                                                  NORMAL
..................................................................
TEMPERATURE (F)
 YESTERDAY
  MAXIMUM         86    245 PM 100    1936  84      2       86
  MINIMUM         65    954 PM  50    1896  64      1       61
  AVERAGE         76                        74      2       74

PRECIPITATION (IN)
  YESTERDAY        0.50          1.65 1906   0.10   0.40     0.00
                                      1891
  MONTH TO DATE    0.89                      1.92  -1.03     0.85
  SINCE JUN 1     11.03                     10.72   0.31     7.80
  SINCE JAN 1     28.46                     28.12   0.34    29.63

SNOWFALL (IN)
  YESTERDAY        0.0           0.0    MM   0.0    0.0      0.0
  MONTH TO DATE    0.0                       0.0    0.0      0.0
  SINCE JUN 1      0.0                       0.0    0.0      0.0
  SINCE JUL 1      0.0                       0.0    0.0      0.0
  SNOW DEPTH       0

DEGREE DAYS
 HEATING
  YESTERDAY        0                         0      0        0
  MONTH TO DATE    2                         0      2        5
  SINCE JUN 1      8                        17     -9       17
  SINCE JUL 1      6                         1      5        8

 COOLING
  YESTERDAY       11                         9      2        9
  MONTH TO DATE  129                       187    -58      149
  SINCE JUN 1    539                       736   -197      660
  SINCE JAN 1    643                       820   -177      789
..................................................................


WIND (MPH)
  HIGHEST WIND SPEED    44   HIGHEST WIND DIRECTION    NW (320)
  HIGHEST GUST SPEED    55   HIGHEST GUST DIRECTION     N (350)
  AVERAGE WIND SPEED     9.1


SKY COVER
  AVERAGE SKY COVER 0.4


WEATHER CONDITIONS
 THE FOLLOWING WEATHER WAS RECORDED YESTERDAY.
  THUNDERSTORM
  HEAVY RAIN
  LIGHT RAIN
  FOG
  HAZE


RELATIVE HUMIDITY (PERCENT)
 HIGHEST   100           400 AM
 LOWEST     55           100 PM
 AVERAGE    78

..........................................................


THE INDIANAPOLIS IN CLIMATE NORMALS FOR TODAY
                         NORMAL    RECORD    YEAR
 MAXIMUM TEMPERATURE (F)   84        99      1983
 MINIMUM TEMPERATURE (F)   64        50      1897


SUNRISE AND SUNSET
AUGUST 20 2014........SUNRISE   702 AM EDT   SUNSET   834 PM EDT
AUGUST 21 2014........SUNRISE   703 AM EDT   SUNSET   833 PM EDT


-  INDICATES NEGATIVE NUMBERS.
R  INDICATES RECORD WAS SET OR TIED.
MM INDICATES DATA IS MISSING.
T  INDICATES TRACE AMOUNT.




$$
