359
CDUS43 KIND 260534
CLIIND


CLIMATE REPORT
NATIONAL WEATHER SERVICE INDIANAPOLIS IN
133 AM EDT MON SEP 26 2016


...................................

...THE INDIANAPOLIS IN CLIMATE SUMMARY FOR SEPTEMBER 25 2016...

CLIMATE NORMAL PERIOD 1981 TO 2010
CLIMATE RECORD PERIOD 1871 TO 2016


WEATHER ITEM   OBSERVED TIME   RECORD YEAR NORMAL DEPARTURE LAST
                VALUE   (LST)  VALUE       VALUE  FROM      YEAR
                                                  NORMAL
..................................................................
TEMPERATURE (F)
 YESTERDAY
  MAXIMUM         86    219 PM  92    1891  74     12       84
  MINIMUM         64    742 AM  35    1950  52     12       58
  AVERAGE         75                        63     12       71

PRECIPITATION (IN)
  YESTERDAY        0.01          2.17 2011   0.11  -0.10     0.00
  MONTH TO DATE    3.02                      2.59   0.43     1.43
  SINCE SEP 1      3.02                      2.59   0.43     1.43
  SINCE JAN 1     38.04                     31.92   6.12    37.61

SNOWFALL (IN)
  YESTERDAY        0.0           0.0    MM   0.0    0.0      0.0
  MONTH TO DATE    0.0                       0.0    0.0      0.0
  SINCE SEP 1      0.0                       0.0    0.0      0.0
  SINCE JUL 1      0.0                       0.0    0.0      0.0
  SNOW DEPTH       0

DEGREE DAYS
 HEATING
  YESTERDAY        0                         4     -4        0
  MONTH TO DATE    0                        43    -43       17
  SINCE SEP 1      0                        43    -43       17
  SINCE JUL 1      2                        47    -45       19

 COOLING
  YESTERDAY       10                         2      8        6
  MONTH TO DATE  213                       119     94      172
  SINCE SEP 1    213                       119     94      172
  SINCE JAN 1   1393                      1040    353     1127
..................................................................


WIND (MPH)
  HIGHEST WIND SPEED    18   HIGHEST WIND DIRECTION     W (270)
  HIGHEST GUST SPEED    23   HIGHEST GUST DIRECTION     W (270)
  AVERAGE WIND SPEED     7.1


SKY COVER
  AVERAGE SKY COVER 0.2


WEATHER CONDITIONS
 THE FOLLOWING WEATHER WAS RECORDED YESTERDAY.
  THUNDERSTORM
  LIGHT RAIN
  HAZE


RELATIVE HUMIDITY (PERCENT)
 HIGHEST    84           600 AM
 LOWEST     55           200 PM
 AVERAGE    70

..........................................................


THE INDIANAPOLIS IN CLIMATE NORMALS FOR TODAY
                         NORMAL    RECORD    YEAR
 MAXIMUM TEMPERATURE (F)   73        91      1891
 MINIMUM TEMPERATURE (F)   52        37      2001
                                             1928


SUNRISE AND SUNSET
SEPTEMBER 26 2016.....SUNRISE   737 AM EDT   SUNSET   735 PM EDT
SEPTEMBER 27 2016.....SUNRISE   738 AM EDT   SUNSET   733 PM EDT


-  INDICATES NEGATIVE NUMBERS.
R  INDICATES RECORD WAS SET OR TIED.
MM INDICATES DATA IS MISSING.
T  INDICATES TRACE AMOUNT.




$$
