000
CDUS43 KIND 190535
CLIIND


CLIMATE REPORT
NATIONAL WEATHER SERVICE INDIANAPOLIS IN
1235 AM EST FRI DEC 19 2014


...................................

...THE INDIANAPOLIS IN CLIMATE SUMMARY FOR DECEMBER 18 2014...

CLIMATE NORMAL PERIOD 1981 TO 2010
CLIMATE RECORD PERIOD 1871 TO 2014


WEATHER ITEM   OBSERVED TIME   RECORD YEAR NORMAL DEPARTURE LAST
                VALUE   (LST)  VALUE       VALUE  FROM      YEAR
                                                  NORMAL
..................................................................
TEMPERATURE (F)
 YESTERDAY
  MAXIMUM         27    856 PM  65    1877  38    -11       36
  MINIMUM         22   1159 PM -10    1884  24     -2       15
  AVERAGE         25                        31     -6       26

PRECIPITATION (IN)
  YESTERDAY        T             2.05 1924   0.09  -0.09     0.00
  MONTH TO DATE    1.61                      1.82  -0.21     1.01
  SINCE DEC 1      1.61                      1.82  -0.21     1.01
  SINCE JAN 1     40.63                     41.09  -0.46    42.49

SNOWFALL (IN)
  YESTERDAY        T             4.6  1948   0.3   -0.3      0.0
  MONTH TO DATE    0.1                       3.4   -3.3      8.8
  SINCE DEC 1      0.1                       3.4   -3.3      8.8
  SINCE JUL 1      2.8                       4.5   -1.7      8.9
  SNOW DEPTH       0

DEGREE DAYS
 HEATING
  YESTERDAY       40                        34      6       39
  MONTH TO DATE  550                       570    -20      659
  SINCE DEC 1    550                       570    -20      659
  SINCE JUL 1   1829                      1612    217     1803

 COOLING
  YESTERDAY        0                         0      0        0
  MONTH TO DATE    0                         0      0        0
  SINCE DEC 1      0                         0      0        0
  SINCE JAN 1    900                      1066   -166     1160
..................................................................


WIND (MPH)
  HIGHEST WIND SPEED     9   HIGHEST WIND DIRECTION     N (20)
  HIGHEST GUST SPEED    10   HIGHEST GUST DIRECTION     N (10)
  AVERAGE WIND SPEED     3.4


SKY COVER
  AVERAGE SKY COVER 0.9


WEATHER CONDITIONS
 THE FOLLOWING WEATHER WAS RECORDED YESTERDAY.
  LIGHT SNOW
  FOG
  HAZE


RELATIVE HUMIDITY (PERCENT)
 HIGHEST    81          1000 AM
 LOWEST     74           100 AM
 AVERAGE    78

..........................................................


THE INDIANAPOLIS IN CLIMATE NORMALS FOR TODAY
                         NORMAL    RECORD    YEAR
 MAXIMUM TEMPERATURE (F)   38        67      1877
 MINIMUM TEMPERATURE (F)   23       -12      1884


SUNRISE AND SUNSET
DECEMBER 19 2014......SUNRISE   801 AM EST   SUNSET   523 PM EST
DECEMBER 20 2014......SUNRISE   802 AM EST   SUNSET   523 PM EST


-  INDICATES NEGATIVE NUMBERS.
R  INDICATES RECORD WAS SET OR TIED.
MM INDICATES DATA IS MISSING.
T  INDICATES TRACE AMOUNT.




$$
