000
CDUS43 KIND 170541
CLIIND


CLIMATE REPORT
NATIONAL WEATHER SERVICE INDIANAPOLIS IN
1241 AM EST SUN DEC 17 2017


...................................

...THE INDIANAPOLIS IN CLIMATE SUMMARY FOR DECEMBER 16 2017...

CLIMATE NORMAL PERIOD 1981 TO 2010
CLIMATE RECORD PERIOD 1871 TO 2017


WEATHER ITEM   OBSERVED TIME   RECORD YEAR NORMAL DEPARTURE LAST
                VALUE   (LST)  VALUE       VALUE  FROM      YEAR
                                                  NORMAL
..................................................................
TEMPERATURE (F)
 YESTERDAY
  MAXIMUM         51    343 PM  65    1984  38     13       29
                                      1948
                                      1889
  MINIMUM         30    810 AM -15    1951  24      6       12
  AVERAGE         41                        31     10       21

PRECIPITATION (IN)
  YESTERDAY        0.00          0.81 1937   0.10  -0.10     0.02
  MONTH TO DATE    0.20                      1.63  -1.43     0.78
  SINCE DEC 1      0.20                      1.63  -1.43     0.78
  SINCE JAN 1     46.53                     40.90   5.63    45.20

SNOWFALL (IN)
  YESTERDAY        0.0           4.8  1996   0.2   -0.2      0.0
  MONTH TO DATE    0.4                       2.9   -2.5      3.9
  SINCE DEC 1      0.4                       2.9   -2.5      3.9
  SINCE JUL 1      0.4                       4.0   -3.6      3.9
  SNOW DEPTH       0

DEGREE DAYS
 HEATING
  YESTERDAY       24                        34    -10       44
  MONTH TO DATE  481                       502    -21      586
  SINCE DEC 1    481                       502    -21      586
  SINCE JUL 1   1385                      1544   -159     1279

 COOLING
  YESTERDAY        0                         0      0        0
  MONTH TO DATE    0                         0      0        0
  SINCE DEC 1      0                         0      0        0
  SINCE JAN 1   1164                      1066     98     1443
..................................................................


WIND (MPH)
  HIGHEST WIND SPEED    23   HIGHEST WIND DIRECTION    SW (230)
  HIGHEST GUST SPEED    27   HIGHEST GUST DIRECTION    SW (240)
  AVERAGE WIND SPEED    12.2


SKY COVER
  AVERAGE SKY COVER 0.3


WEATHER CONDITIONS
 THE FOLLOWING WEATHER WAS RECORDED YESTERDAY.
  NO SIGNIFICANT WEATHER WAS OBSERVED.


RELATIVE HUMIDITY (PERCENT)
 HIGHEST    78           600 AM
 LOWEST     42           100 PM
 AVERAGE    60

..........................................................


THE INDIANAPOLIS IN CLIMATE NORMALS FOR TODAY
                         NORMAL    RECORD    YEAR
 MAXIMUM TEMPERATURE (F)   38        64      1984
                                             1924
 MINIMUM TEMPERATURE (F)   24       -10      1989


SUNRISE AND SUNSET
DECEMBER 17 2017......SUNRISE   800 AM EST   SUNSET   522 PM EST
DECEMBER 18 2017......SUNRISE   801 AM EST   SUNSET   523 PM EST


-  INDICATES NEGATIVE NUMBERS.
R  INDICATES RECORD WAS SET OR TIED.
MM INDICATES DATA IS MISSING.
T  INDICATES TRACE AMOUNT.




$$
