000
CDUS43 KDLH 022220
CLIINL


CLIMATE REPORT
NATIONAL WEATHER SERVICE DULUTH MN
519 PM CDT THU JUL 2 2015


...................................

...THE INTERNATIONAL FALLS MN CLIMATE SUMMARY FOR JULY 2 2015...
VALID TODAY AS OF 0500 PM LOCAL TIME.

CLIMATE NORMAL PERIOD 1981 TO 2010
CLIMATE RECORD PERIOD 1895 TO 2015


WEATHER ITEM   OBSERVED TIME   RECORD YEAR NORMAL DEPARTURE LAST
                VALUE   (LST)  VALUE       VALUE  FROM      YEAR
                                                  NORMAL
..................................................................
TEMPERATURE (F)
 TODAY
  MAXIMUM         77    106 PM  96    1921  77      0       71
  MINIMUM         51    318 AM  35    1972  52     -1       44
  AVERAGE         64                        64      0       58

PRECIPITATION (IN)
  TODAY            0.00                      0.15  -0.15     0.00
  MONTH TO DATE    0.00                      0.30  -0.30     0.02
  SINCE JUN 1      3.20                      4.22  -1.02    10.26
  SINCE JAN 1     11.37                     10.75   0.62    19.08

SNOWFALL (IN)
  TODAY            0.0                       0.0    0.0      0.0
  MONTH TO DATE    0.0                       0.0    0.0      0.0
  SINCE JUL 1      0.0                       0.0    0.0      0.0
  SNOW DEPTH       0

DEGREE DAYS
 HEATING
  TODAY            1                         3     -2        7
  MONTH TO DATE    5                         6     -1       16
  SINCE JUN 1    154                       170    -16      145
  SINCE JUL 1      5                         6     -1       16

 COOLING
  TODAY            0                         2     -2        0
  MONTH TO DATE    0                         4     -4        0
  SINCE JUN 1      4                        42    -38       29
  SINCE JAN 1      4                        51    -47       52
..................................................................


WIND (MPH)
  HIGHEST WIND SPEED    14   HIGHEST WIND DIRECTION    SW (240)
  HIGHEST GUST SPEED    21   HIGHEST GUST DIRECTION    SW (240)


SKY COVER
  AVERAGE SKY COVER 0.1


WEATHER CONDITIONS
 THE FOLLOWING WEATHER WAS RECORDED TODAY.
  FOG


RELATIVE HUMIDITY (PERCENT)
 HIGHEST   100           200 AM
 LOWEST     46           200 PM
 AVERAGE    73

..........................................................


THE INTERNATIONAL FALLS MN CLIMATE NORMALS FOR TOMORROW
                         NORMAL    RECORD    YEAR
 MAXIMUM TEMPERATURE (F)   77        90      1990
 MINIMUM TEMPERATURE (F)   52        37      1915


SUNRISE AND SUNSET
JULY  2 2015..........SUNRISE   516 AM CDT   SUNSET   919 PM CDT
JULY  3 2015..........SUNRISE   517 AM CDT   SUNSET   918 PM CDT


-  INDICATES NEGATIVE NUMBERS.
R  INDICATES RECORD WAS SET OR TIED.
MM INDICATES DATA IS MISSING.
T  INDICATES TRACE AMOUNT.




$$
