000
CDUS43 KDLH 242246
CLIINL


CLIMATE REPORT
NATIONAL WEATHER SERVICE DULUTH MN
536 PM CDT THU APR 24 2014


...................................

...THE INTERNATIONAL FALLS MN CLIMATE SUMMARY FOR APRIL 24 2014...
VALID TODAY AS OF 0500 PM LOCAL TIME.

CLIMATE NORMAL PERIOD 1981 TO 2010
CLIMATE RECORD PERIOD 1895 TO 2014


WEATHER ITEM   OBSERVED TIME   RECORD YEAR NORMAL DEPARTURE LAST
                VALUE   (LST)  VALUE       VALUE  FROM      YEAR
                                                  NORMAL
..................................................................
TEMPERATURE (F)
 TODAY
  MAXIMUM         39   1124 AM  85    1990  56    -17       41
  MINIMUM         35    359 PM  10    1909  31      4       17
  AVERAGE         37                        44     -7       29

PRECIPITATION (IN)
  TODAY            0.19                      0.06   0.13     0.00
  MONTH TO DATE    0.79                      1.14  -0.35     1.47
  SINCE MAR 1      2.25                      2.09   0.16     2.62
  SINCE JAN 1      4.00                      3.28   0.72     6.28

SNOWFALL (IN)
  TODAY            0.0                       0.2   -0.2      0.0
  MONTH TO DATE    3.8                       5.7   -1.9     13.6
  SINCE JUL 1     97.8                      70.1   27.7     98.6
  SNOW DEPTH       0

DEGREE DAYS
 HEATING
  TODAY           28                        22      6       36
  MONTH TO DATE  754                       651    103      897
  SINCE MAR 1   2360                      1934    426     2409
  SINCE JUL 1  10791                      9517   1274     9966

 COOLING
  TODAY            0                         0      0        0
  MONTH TO DATE    0                         0      0        0
  SINCE MAR 1      0                         0      0        0
  SINCE JAN 1      0                         0      0        0
..................................................................


WIND (MPH)
  HIGHEST WIND SPEED    18   HIGHEST WIND DIRECTION     E (110)
  HIGHEST GUST SPEED    25   HIGHEST GUST DIRECTION    SE (120)


SKY COVER
  AVERAGE SKY COVER 0.9


WEATHER CONDITIONS
 THE FOLLOWING WEATHER WAS RECORDED TODAY.
  LIGHT RAIN
  FOG


RELATIVE HUMIDITY (PERCENT)
 HIGHEST    92           400 AM
 LOWEST     85           100 AM
 AVERAGE    89

..........................................................


THE INTERNATIONAL FALLS MN CLIMATE NORMALS FOR TOMORROW
                         NORMAL    RECORD    YEAR
 MAXIMUM TEMPERATURE (F)   57        82      1990
 MINIMUM TEMPERATURE (F)   31        13      1909


SUNRISE AND SUNSET
APRIL 24 2014.........SUNRISE   606 AM CDT   SUNSET   818 PM CDT
APRIL 25 2014.........SUNRISE   604 AM CDT   SUNSET   820 PM CDT


-  INDICATES NEGATIVE NUMBERS.
R  INDICATES RECORD WAS SET OR TIED.
MM INDICATES DATA IS MISSING.
T  INDICATES TRACE AMOUNT.




$$
