000
CDUS45 KFGZ 040827
CLIINW

CLIMATE REPORT
NATIONAL WEATHER SERVICE FLAGSTAFF, AZ
125 AM MST TUE AUG 4 2015


...................................

...THE WINSLOW AZ AIRPORT CLIMATE SUMMARY FOR AUGUST 3 2015...

CLIMATE NORMAL PERIOD 1981 TO 2010
CLIMATE RECORD PERIOD 1915 TO 2015


WEATHER ITEM   OBSERVED TIME   RECORD YEAR NORMAL DEPARTURE LAST
                VALUE   (LST)  VALUE       VALUE  FROM      YEAR
                                                  NORMAL
..................................................................
TEMPERATURE (F)
 YESTERDAY
  MAXIMUM         95    509 PM 103    1977  93      2       81
  MINIMUM         56    534 AM  47    1921  63     -7       64
  AVERAGE         76                        78     -2       73

PRECIPITATION (IN)
  YESTERDAY        0.00          0.44 1970   0.04  -0.04     0.43
  MONTH TO DATE    0.02                      0.12  -0.10     0.89
  SINCE SEP 1      8.51                      5.93   2.58     6.20
  SINCE JAN 1      5.66                      3.45   2.21     2.39

DEGREE DAYS
 HEATING
  YESTERDAY        0                         0      0        0
  MONTH TO DATE    0                         0      0        0
  SINCE JUL 1      0                         0      0        0

 COOLING
  YESTERDAY       11                        13     -2        8
  MONTH TO DATE   38                        39     -1       35
  SINCE JAN 1    758                       756      2      854
..................................................................


WIND (MPH)
  HIGHEST WIND SPEED    18   HIGHEST WIND DIRECTION     W (290)
  HIGHEST GUST SPEED    23   HIGHEST GUST DIRECTION     W (290)
  AVERAGE WIND SPEED     6.8


SKY COVER
  POSSIBLE SUNSHINE  MM
  AVERAGE SKY COVER 0.1


WEATHER CONDITIONS
 THE FOLLOWING WEATHER WAS RECORDED YESTERDAY.
  NO SIGNIFICANT WEATHER WAS OBSERVED.


RELATIVE HUMIDITY (PERCENT)
 HIGHEST    87           600 AM
 LOWEST     16           400 PM
 AVERAGE    52

..........................................................


THE WINSLOW AZ AIRPORT CLIMATE NORMALS FOR TODAY
                         NORMAL    RECORD    YEAR
 MAXIMUM TEMPERATURE (F)   92       103      1995
 MINIMUM TEMPERATURE (F)   63        52      1956


SUNRISE AND SUNSET
AUGUST  4 2015........SUNRISE   534 AM MST   SUNSET   723 PM MST
AUGUST  5 2015........SUNRISE   535 AM MST   SUNSET   722 PM MST


-  INDICATES NEGATIVE NUMBERS.
R  INDICATES RECORD WAS SET OR TIED.
MM INDICATES DATA IS MISSING.
T  INDICATES TRACE AMOUNT.




$$
