000
CDUS45 KFGZ 210104
CLIINW
CLIMATE REPORT
NATIONAL WEATHER SERVICE FLAGSTAFF, AZ
603 PM MST WED SEP 20 2017


...................................

...THE WINSLOW AZ AIRPORT CLIMATE SUMMARY FOR SEPTEMBER 20 2017...
VALID TODAY AS OF 0500 PM LOCAL TIME.

CLIMATE NORMAL PERIOD 1981 TO 2010
CLIMATE RECORD PERIOD 1915 TO 2017


WEATHER ITEM   OBSERVED TIME   RECORD YEAR NORMAL DEPARTURE LAST
                VALUE   (LST)  VALUE       VALUE  FROM      YEAR
                                                  NORMAL
..................................................................
TEMPERATURE (F)
 TODAY
  MAXIMUM         87    244 PM  93    2014  84      3       77
                                      1928
                                      1920
  MINIMUM         51    624 AM  31    1978  51      0       59
  AVERAGE         69                        67      2       68

PRECIPITATION (IN)
  TODAY            0.00          1.93 1933   0.03  -0.03     0.02
  MONTH TO DATE    0.21                      0.63  -0.42     0.22
  SINCE SEP 1      0.21                      0.63  -0.42     0.22
  SINCE JAN 1      4.24                      5.16  -0.92     3.84

DEGREE DAYS
 HEATING
  TODAY            0                         1     -1        0
  MONTH TO DATE    0                         7     -7        2
  SINCE JUL 1      0                         7     -7        2

 COOLING
  TODAY            4                         3      1        3
  MONTH TO DATE  178                       122     56      109
  SINCE JAN 1   1428                      1180    248     1255
..................................................................


WIND (MPH)
  HIGHEST WIND SPEED    28   HIGHEST WIND DIRECTION    SW (210)
  HIGHEST GUST SPEED    34   HIGHEST GUST DIRECTION    SW (210)
  AVERAGE WIND SPEED    11.1


SKY COVER
  POSSIBLE SUNSHINE  MM
  AVERAGE SKY COVER 0.0


WEATHER CONDITIONS
 THE FOLLOWING WEATHER WAS RECORDED TODAY.
  NO SIGNIFICANT WEATHER WAS OBSERVED.


RELATIVE HUMIDITY (PERCENT)
 HIGHEST    46           300 AM
 LOWEST     11          1200 PM
 AVERAGE    29

..........................................................


THE WINSLOW AZ AIRPORT CLIMATE NORMALS FOR TOMORROW
                         NORMAL    RECORD    YEAR
 MAXIMUM TEMPERATURE (F)   84        94      1944
 MINIMUM TEMPERATURE (F)   50        33      1978


SUNRISE AND SUNSET
SEPTEMBER 20 2017.....SUNRISE   610 AM MST   SUNSET   622 PM MST
SEPTEMBER 21 2017.....SUNRISE   610 AM MST   SUNSET   621 PM MST


-  INDICATES NEGATIVE NUMBERS.
R  INDICATES RECORD WAS SET OR TIED.
MM INDICATES DATA IS MISSING.
T  INDICATES TRACE AMOUNT.




$$
