000
CDUS45 KFGZ 210847
CLIINW
CLIMATE REPORT
NATIONAL WEATHER SERVICE FLAGSTAFF, AZ
146 AM MST SUN DEC 21 2014


...................................

...THE WINSLOW AZ AIRPORT CLIMATE SUMMARY FOR DECEMBER 20 2014...

CLIMATE NORMAL PERIOD 1981 TO 2010
CLIMATE RECORD PERIOD 1915 TO 2014


WEATHER ITEM   OBSERVED TIME   RECORD YEAR NORMAL DEPARTURE LAST
                VALUE   (LST)  VALUE       VALUE  FROM      YEAR
                                                  NORMAL
..................................................................
TEMPERATURE (F)
 YESTERDAY
  MAXIMUM         39    341 PM  70    1921  47     -8       43
  MINIMUM         28    933 AM  -3    1945  20      8       31
  AVERAGE         34                        34      0       37

PRECIPITATION (IN)
  YESTERDAY        0.00          0.18 1986   0.01  -0.01      T
  MONTH TO DATE    1.03                      0.36   0.67     0.05
  SINCE SEP 1      2.76                      2.28   0.48     3.81
  SINCE JAN 1      6.94                      6.81   0.13     9.51

DEGREE DAYS
 HEATING
  YESTERDAY       31                        31      0       28
  MONTH TO DATE  488                       595   -107      646
  SINCE JUL 1   1240                      1531   -291     1618

 COOLING
  YESTERDAY        0                         0      0        0
  MONTH TO DATE    0                         0      0        0
  SINCE JAN 1   1327                      1208    119     1380
..................................................................


WIND (MPH)
  HIGHEST WIND SPEED    15   HIGHEST WIND DIRECTION     E (110)
  HIGHEST GUST SPEED    18   HIGHEST GUST DIRECTION     E (110)
  AVERAGE WIND SPEED     5.0


SKY COVER
  POSSIBLE SUNSHINE  MM
  AVERAGE SKY COVER 0.7


WEATHER CONDITIONS
 THE FOLLOWING WEATHER WAS RECORDED YESTERDAY.
  FOG
  FOG W/VISIBILITY <= 1/4 MILE


RELATIVE HUMIDITY (PERCENT)
 HIGHEST   100           200 AM
 LOWEST     85           300 PM
 AVERAGE    93

..........................................................


THE WINSLOW AZ AIRPORT CLIMATE NORMALS FOR TODAY
                         NORMAL    RECORD    YEAR
 MAXIMUM TEMPERATURE (F)   47        67      1969
 MINIMUM TEMPERATURE (F)   20        -5      1967


SUNRISE AND SUNSET
DECEMBER 21 2014......SUNRISE   727 AM MST   SUNSET   515 PM MST
DECEMBER 22 2014......SUNRISE   728 AM MST   SUNSET   516 PM MST


-  INDICATES NEGATIVE NUMBERS.
R  INDICATES RECORD WAS SET OR TIED.
MM INDICATES DATA IS MISSING.
T  INDICATES TRACE AMOUNT.




$$
