000
CDUS45 KFGZ 311013
CLIINW
CLIMATE REPORT
NATIONAL WEATHER SERVICE FLAGSTAFF, AZ
312 AM MST MON AUG 31 2015


...................................

...THE WINSLOW AZ AIRPORT CLIMATE SUMMARY FOR AUGUST 30 2015...

CLIMATE NORMAL PERIOD 1981 TO 2010
CLIMATE RECORD PERIOD 1915 TO 2015


WEATHER ITEM   OBSERVED TIME   RECORD YEAR NORMAL DEPARTURE LAST
                VALUE   (LST)  VALUE       VALUE  FROM      YEAR
                                                  NORMAL
..................................................................
TEMPERATURE (F)
 YESTERDAY
  MAXIMUM         92   1210 PM 100    2011  90      2       94
  MINIMUM         63    532 AM  46    1942  58      5       54
  AVERAGE         78                        74      4       74

PRECIPITATION (IN)
  YESTERDAY        0.46          0.63 1923   0.04   0.42     0.00
  MONTH TO DATE    3.07                      1.16   1.91     2.68
  SINCE SEP 1     11.56                      6.97   4.59     7.99
  SINCE JAN 1      8.71                      4.49   4.22     4.18

DEGREE DAYS
 HEATING
  YESTERDAY        0                         0      0        0
  MONTH TO DATE    0                         0      0        0
  SINCE JUL 1      0                         0      0        0

 COOLING
  YESTERDAY       13                         9      4        9
  MONTH TO DATE  381                       332     49      284
  SINCE JAN 1   1101                      1049     52     1103
..................................................................


WIND (MPH)
  HIGHEST WIND SPEED    24   HIGHEST WIND DIRECTION    NW (320)
  HIGHEST GUST SPEED    29   HIGHEST GUST DIRECTION    NW (310)
  AVERAGE WIND SPEED     6.2


SKY COVER
  POSSIBLE SUNSHINE  MM
  AVERAGE SKY COVER 0.3


WEATHER CONDITIONS
 THE FOLLOWING WEATHER WAS RECORDED YESTERDAY.
  THUNDERSTORM
  HEAVY RAIN
  RAIN
  LIGHT RAIN


RELATIVE HUMIDITY (PERCENT)
 HIGHEST    81           700 PM
 LOWEST     28          1200 PM
 AVERAGE    55

..........................................................


THE WINSLOW AZ AIRPORT CLIMATE NORMALS FOR TODAY
                         NORMAL    RECORD    YEAR
 MAXIMUM TEMPERATURE (F)   90        99      1949
                                             1919
 MINIMUM TEMPERATURE (F)   58        49      2000


SUNRISE AND SUNSET
AUGUST 31 2015........SUNRISE   555 AM MST   SUNSET   651 PM MST
SEPTEMBER  1 2015.....SUNRISE   555 AM MST   SUNSET   650 PM MST


-  INDICATES NEGATIVE NUMBERS.
R  INDICATES RECORD WAS SET OR TIED.
MM INDICATES DATA IS MISSING.
T  INDICATES TRACE AMOUNT.




$$
