000
CDUS45 KFGZ 310058
CLIINW
CLIMATE REPORT
NATIONAL WEATHER SERVICE FLAGSTAFF, AZ
558 PM MST WED JUL 30 2014


...................................

...THE WINSLOW AZ AIRPORT CLIMATE SUMMARY FOR JULY 30 2014...
VALID TODAY AS OF 0500 PM LOCAL TIME.

CLIMATE NORMAL PERIOD 1981 TO 2010
CLIMATE RECORD PERIOD 1898 TO 2014


WEATHER ITEM   OBSERVED TIME   RECORD YEAR NORMAL DEPARTURE LAST
                VALUE   (LST)  VALUE       VALUE  FROM      YEAR
                                                  NORMAL
..................................................................
TEMPERATURE (F)
 TODAY
  MAXIMUM         98    449 PM 102    1978  93      5       95
  MINIMUM         67    604 AM  54    1915  63      4       60
  AVERAGE         83                        78      5       78

PRECIPITATION (IN)
  TODAY            0.00          0.84 1945   0.04  -0.04     0.00
  MONTH TO DATE    0.32                      1.00  -0.68     1.33
  SINCE SEP 1      5.31                      5.77  -0.46     4.39
  SINCE JAN 1      1.50                      3.29  -1.79     3.12

DEGREE DAYS
 HEATING
  TODAY            0                         0      0        0
  MONTH TO DATE    0                         0      0        0
  SINCE JUL 1      0                         0      0        0

 COOLING
  TODAY           18                        13      5       13
  MONTH TO DATE  467                       397     70      455
  SINCE JAN 1    804                       705     99      882
..................................................................


WIND (MPH)
  HIGHEST WIND SPEED    18   HIGHEST WIND DIRECTION     W (270)
  HIGHEST GUST SPEED    24   HIGHEST GUST DIRECTION     W (270)
  AVERAGE WIND SPEED     6.6


SKY COVER
  POSSIBLE SUNSHINE  MM
  AVERAGE SKY COVER 0.2


WEATHER CONDITIONS
 THE FOLLOWING WEATHER WAS RECORDED TODAY.
  NO SIGNIFICANT WEATHER WAS OBSERVED.


RELATIVE HUMIDITY (PERCENT)
 HIGHEST    56           500 AM
 LOWEST     15           400 PM
 AVERAGE    36

..........................................................


THE WINSLOW AZ AIRPORT CLIMATE NORMALS FOR TOMORROW
                         NORMAL    RECORD    YEAR
 MAXIMUM TEMPERATURE (F)   93       102      1970
 MINIMUM TEMPERATURE (F)   63        52      1973
                                             1921


SUNRISE AND SUNSET
JULY 30 2014..........SUNRISE   531 AM MST   SUNSET   727 PM MST
JULY 31 2014..........SUNRISE   532 AM MST   SUNSET   727 PM MST


-  INDICATES NEGATIVE NUMBERS.
R  INDICATES RECORD WAS SET OR TIED.
MM INDICATES DATA IS MISSING.
T  INDICATES TRACE AMOUNT.




$$
