000
CDUS45 KFGZ 260052
CLIINW
CLIMATE REPORT
NATIONAL WEATHER SERVICE FLAGSTAFF, AZ
552 PM MST SAT FEB 25 2017


...................................

...THE WINSLOW AZ AIRPORT CLIMATE SUMMARY FOR FEBRUARY 25 2017...
VALID TODAY AS OF 0500 PM LOCAL TIME.

CLIMATE NORMAL PERIOD 1981 TO 2010
CLIMATE RECORD PERIOD 1915 TO 2017


WEATHER ITEM   OBSERVED TIME   RECORD YEAR NORMAL DEPARTURE LAST
                VALUE   (LST)  VALUE       VALUE  FROM      YEAR
                                                  NORMAL
..................................................................
TEMPERATURE (F)
 TODAY
  MAXIMUM         57    156 PM  75    1989  59     -2       65
  MINIMUM         17    530 AM   7    1974  27    -10       18
  AVERAGE         37                        43     -6       42

PRECIPITATION (IN)
  TODAY            0.00          0.36 1987   0.01  -0.01     0.00
  MONTH TO DATE    0.15                      0.41  -0.26     0.22
  SINCE SEP 1      4.04                      3.41   0.63     4.59
  SINCE JAN 1      0.96                      0.93   0.03     0.57

DEGREE DAYS
 HEATING
  TODAY           28                        22      6       23
  MONTH TO DATE  448                       625   -177      590
  SINCE JUL 1   2735                      3428   -693     3278

 COOLING
  TODAY            0                         0      0        0
  MONTH TO DATE    0                         0      0        0
  SINCE JAN 1      0                         0      0        0
..................................................................


WIND (MPH)
  HIGHEST WIND SPEED    29   HIGHEST WIND DIRECTION    SW (240)
  HIGHEST GUST SPEED    37   HIGHEST GUST DIRECTION    SW (240)
  AVERAGE WIND SPEED     6.4


SKY COVER
  POSSIBLE SUNSHINE  MM
  AVERAGE SKY COVER 0.0


WEATHER CONDITIONS
 THE FOLLOWING WEATHER WAS RECORDED TODAY.
  NO SIGNIFICANT WEATHER WAS OBSERVED.


RELATIVE HUMIDITY (PERCENT)
 HIGHEST    73           400 AM
 LOWEST      8           200 PM
 AVERAGE    41

..........................................................


THE WINSLOW AZ AIRPORT CLIMATE NORMALS FOR TOMORROW
                         NORMAL    RECORD    YEAR
 MAXIMUM TEMPERATURE (F)   59        76      1989
 MINIMUM TEMPERATURE (F)   27         5      1977


SUNRISE AND SUNSET
FEBRUARY 25 2017......SUNRISE   657 AM MST   SUNSET   615 PM MST
FEBRUARY 26 2017......SUNRISE   656 AM MST   SUNSET   616 PM MST


-  INDICATES NEGATIVE NUMBERS.
R  INDICATES RECORD WAS SET OR TIED.
MM INDICATES DATA IS MISSING.
T  INDICATES TRACE AMOUNT.




$$
