000
CDUS45 KFGZ 270818
CLIINW
CLIMATE REPORT
NATIONAL WEATHER SERVICE FLAGSTAFF, AZ
117 AM MST SAT MAY 27 2017


...................................

...THE WINSLOW AZ AIRPORT CLIMATE SUMMARY FOR MAY 26 2017...

CLIMATE NORMAL PERIOD 1981 TO 2010
CLIMATE RECORD PERIOD 1915 TO 2017


WEATHER ITEM   OBSERVED TIME   RECORD YEAR NORMAL DEPARTURE LAST
                VALUE   (LST)  VALUE       VALUE  FROM      YEAR
                                                  NORMAL
..................................................................
TEMPERATURE (F)
 YESTERDAY
  MAXIMUM         84    315 PM 101    1951  85     -1       74
  MINIMUM         42    521 AM  30    1917  48     -6       45
  AVERAGE         63                        66     -3       60

PRECIPITATION (IN)
  YESTERDAY        0.00          0.07 1936   0.01  -0.01      T
  MONTH TO DATE    0.40                      0.28   0.12     0.43
  SINCE SEP 1      5.22                      4.54   0.68     5.62
  SINCE JAN 1      2.14                      2.06   0.08     1.60

DEGREE DAYS
 HEATING
  YESTERDAY        2                         2      0        5
  MONTH TO DATE  134                       100     34      128
  SINCE JUL 1   3633                      4479   -846     4247

 COOLING
  YESTERDAY        0                         3     -3        0
  MONTH TO DATE   28                        45    -17       15
  SINCE JAN 1     28                        49    -21       15
..................................................................


WIND (MPH)
  HIGHEST WIND SPEED    31   HIGHEST WIND DIRECTION    SW (240)
  HIGHEST GUST SPEED    39   HIGHEST GUST DIRECTION    SW (210)
  AVERAGE WIND SPEED    13.2


SKY COVER
  POSSIBLE SUNSHINE  MM
  AVERAGE SKY COVER 0.0


WEATHER CONDITIONS
 THE FOLLOWING WEATHER WAS RECORDED YESTERDAY.
  NO SIGNIFICANT WEATHER WAS OBSERVED.


RELATIVE HUMIDITY (PERCENT)
 HIGHEST    36           500 AM
 LOWEST      5           300 PM
 AVERAGE    21

..........................................................


THE WINSLOW AZ AIRPORT CLIMATE NORMALS FOR TODAY
                         NORMAL    RECORD    YEAR
 MAXIMUM TEMPERATURE (F)   85        99      1951
 MINIMUM TEMPERATURE (F)   48        30      1916


SUNRISE AND SUNSET
MAY 27 2017...........SUNRISE   512 AM MST   SUNSET   729 PM MST
MAY 28 2017...........SUNRISE   511 AM MST   SUNSET   729 PM MST


-  INDICATES NEGATIVE NUMBERS.
R  INDICATES RECORD WAS SET OR TIED.
MM INDICATES DATA IS MISSING.
T  INDICATES TRACE AMOUNT.




$$
