000
CDUS43 KDVN 190910
CLIIOW


CLIMATE REPORT
NATIONAL WEATHER SERVICE QUAD CITIES IA IL
409 AM CDT FRI SEP 19 2014


...................................

...THE IOWA CITY IA CLIMATE SUMMARY FOR SEPTEMBER 18 2014...

CLIMATE NORMAL PERIOD 1981 TO 2010
CLIMATE RECORD PERIOD 9999 TO 9999


WEATHER ITEM   OBSERVED TIME   RECORD YEAR NORMAL DEPARTURE LAST
                VALUE   (LST)  VALUE       VALUE  FROM      YEAR
                                                  NORMAL
..................................................................
TEMPERATURE (F)
 YESTERDAY
  MAXIMUM         73    421 PM  MM      MM  75     -2       90
  MINIMUM         46    618 AM  MM      MM  51     -5       60
  AVERAGE         60                        63     -3       75

PRECIPITATION (IN)
  YESTERDAY        0.00         MM      MM   0.11  -0.11     0.25
  MONTH TO DATE    5.83                      2.14   3.69     1.37
  SINCE SEP 1      5.83                      2.14   3.69     1.37
  SINCE JAN 1     33.26                     28.29   4.97    29.63

DEGREE DAYS
 HEATING
  YESTERDAY        5                         4      1        0
  MONTH TO DATE   91                        34     57       23
  SINCE SEP 1     91                        34     57       23
  SINCE JUL 1    103                        42     61       32

 COOLING
  YESTERDAY        0                         2     -2       10
  MONTH TO DATE   38                        63    -25      146
  SINCE SEP 1     38                        63    -25      146
  SINCE JAN 1    754                       885   -131     1014
..................................................................


WIND (MPH)
  HIGHEST WIND SPEED    14   HIGHEST WIND DIRECTION    SE (130)
  HIGHEST GUST SPEED    17   HIGHEST GUST DIRECTION    SE (130)
  AVERAGE WIND SPEED     4.5


SKY COVER
  POSSIBLE SUNSHINE  MM
  AVERAGE SKY COVER 0.1


WEATHER CONDITIONS
 THE FOLLOWING WEATHER WAS RECORDED YESTERDAY.
  FOG
  FOG W/VISIBILITY <= 1/4 MILE


RELATIVE HUMIDITY (PERCENT)
 HIGHEST   100          1200 AM
 LOWEST     49           300 PM
 AVERAGE    75

..........................................................


THE IOWA CITY IA CLIMATE NORMALS FOR TODAY
                         NORMAL    RECORD    YEAR
 MAXIMUM TEMPERATURE (F)   75        MM        MM
 MINIMUM TEMPERATURE (F)   51        MM        MM


SUNRISE AND SUNSET
SEPTEMBER 19 2014.....SUNRISE   651 AM CDT   SUNSET   709 PM CDT
SEPTEMBER 20 2014.....SUNRISE   652 AM CDT   SUNSET   707 PM CDT


-  INDICATES NEGATIVE NUMBERS.
R  INDICATES RECORD WAS SET OR TIED.
MM INDICATES DATA IS MISSING.
T  INDICATES TRACE AMOUNT.




$$
