927
CDUS43 KDVN 010921
CLIIOW


CLIMATE REPORT
NATIONAL WEATHER SERVICE QUAD CITIES IA IL
420 AM CDT SUN MAY 1 2016


...................................

...THE IOWA CITY IA CLIMATE SUMMARY FOR APRIL 30 2016...

CLIMATE NORMAL PERIOD 1981 TO 2010
CLIMATE RECORD PERIOD 9999 TO 9999


WEATHER ITEM   OBSERVED TIME   RECORD YEAR NORMAL DEPARTURE LAST
                VALUE   (LST)  VALUE       VALUE  FROM      YEAR
                                                  NORMAL
..................................................................
TEMPERATURE (F)
 YESTERDAY
  MAXIMUM         49    347 PM  MM      MM  66    -17       65
  MINIMUM         44    522 AM  MM      MM  45     -1       42
  AVERAGE         47                        56     -9       54

PRECIPITATION (IN)
  YESTERDAY        0.83         MM      MM   0.17   0.66     0.00
  MONTH TO DATE    2.17                      3.50  -1.33     3.10
  SINCE MAR 1      4.20                      5.72  -1.52     3.63
  SINCE JAN 1      4.95                      7.88  -2.93     5.21

DEGREE DAYS
 HEATING
  YESTERDAY       18                        10      8       11
  MONTH TO DATE  433                       427      6      384
  SINCE MAR 1   1082                      1243   -161     1228
  SINCE JUL 1   5293                      6193   -900     6593

 COOLING
  YESTERDAY        0                         0      0        0
  MONTH TO DATE    6                         4      2        0
  SINCE MAR 1      6                         4      2        0
  SINCE JAN 1      6                         4      2        0
..................................................................


WIND (MPH)
  HIGHEST WIND SPEED    22   HIGHEST WIND DIRECTION     E (70)
  HIGHEST GUST SPEED    30   HIGHEST GUST DIRECTION     E (70)
  AVERAGE WIND SPEED    13.6


SKY COVER
  POSSIBLE SUNSHINE  MM
  AVERAGE SKY COVER 1.0


WEATHER CONDITIONS
 THE FOLLOWING WEATHER WAS RECORDED YESTERDAY.
  HEAVY RAIN
  RAIN
  LIGHT RAIN
  FOG


RELATIVE HUMIDITY (PERCENT)
 HIGHEST   100          1200 PM
 LOWEST     82          1200 AM
 AVERAGE    91

..........................................................


THE IOWA CITY IA CLIMATE NORMALS FOR TODAY
                         NORMAL    RECORD    YEAR
 MAXIMUM TEMPERATURE (F)   67        MM        MM
 MINIMUM TEMPERATURE (F)   45        MM        MM


SUNRISE AND SUNSET
MAY  1 2016...........SUNRISE   602 AM CDT   SUNSET   805 PM CDT
MAY  2 2016...........SUNRISE   601 AM CDT   SUNSET   806 PM CDT


-  INDICATES NEGATIVE NUMBERS.
R  INDICATES RECORD WAS SET OR TIED.
MM INDICATES DATA IS MISSING.
T  INDICATES TRACE AMOUNT.




$$
