000
CDUS43 KDVN 251004
CLIIOW


CLIMATE REPORT
NATIONAL WEATHER SERVICE QUAD CITIES IA IL
403 AM CST SUN FEB 25 2018


...................................

...THE IOWA CITY IA CLIMATE SUMMARY FOR FEBRUARY 24 2018...

CLIMATE NORMAL PERIOD 1981 TO 2010
CLIMATE RECORD PERIOD 9999 TO 9999


WEATHER ITEM   OBSERVED TIME   RECORD YEAR NORMAL DEPARTURE LAST
                VALUE   (LST)  VALUE       VALUE  FROM      YEAR
                                                  NORMAL
..................................................................
TEMPERATURE (F)
 YESTERDAY
  MAXIMUM         40    751 PM  MM      MM  37      3       39
  MINIMUM         27    247 AM  MM      MM  21      6       25
  AVERAGE         34                        29      5       32

PRECIPITATION (IN)
  YESTERDAY        0.21         MM      MM   0.05   0.16     0.02
  MONTH TO DATE    2.55                      1.04   1.51     0.39
  SINCE DEC 1      3.54                      3.48   0.06     2.70
  SINCE JAN 1      2.84                      1.96   0.88     1.86

DEGREE DAYS
 HEATING
  YESTERDAY       31                        36     -5       33
  MONTH TO DATE 1018                       945     73      662
  SINCE DEC 1   3527                      3505     22     2996
  SINCE JUL 1   4622                      4812   -190     3798

 COOLING
  YESTERDAY        0                         0      0        0
  MONTH TO DATE    0                         0      0        0
  SINCE DEC 1      0                         0      0        0
  SINCE JAN 1      0                         0      0        0
..................................................................


WIND (MPH)
  HIGHEST WIND SPEED    29   HIGHEST WIND DIRECTION     W (270)
  HIGHEST GUST SPEED    37   HIGHEST GUST DIRECTION     W (270)
  AVERAGE WIND SPEED    12.4


SKY COVER
  POSSIBLE SUNSHINE  MM
  AVERAGE SKY COVER 0.8


WEATHER CONDITIONS
 THE FOLLOWING WEATHER WAS RECORDED YESTERDAY.
  RAIN
  LIGHT RAIN
  LIGHT SNOW
  FOG
  HAZE


RELATIVE HUMIDITY (PERCENT)
 HIGHEST    92           400 PM
 LOWEST     72           500 AM
 AVERAGE    82

..........................................................


THE IOWA CITY IA CLIMATE NORMALS FOR TODAY
                         NORMAL    RECORD    YEAR
 MAXIMUM TEMPERATURE (F)   38        MM        MM
 MINIMUM TEMPERATURE (F)   21        MM        MM


SUNRISE AND SUNSET
FEBRUARY 25 2018......SUNRISE   647 AM CST   SUNSET   552 PM CST
FEBRUARY 26 2018......SUNRISE   645 AM CST   SUNSET   553 PM CST


-  INDICATES NEGATIVE NUMBERS.
R  INDICATES RECORD WAS SET OR TIED.
MM INDICATES DATA IS MISSING.
T  INDICATES TRACE AMOUNT.




$$
