000
CDUS43 KDVN 210920
CLIIOW


CLIMATE REPORT
NATIONAL WEATHER SERVICE QUAD CITIES IA IL
419 AM CDT TUE OCT 21 2014


...................................

...THE IOWA CITY IA CLIMATE SUMMARY FOR OCTOBER 20 2014...

CLIMATE NORMAL PERIOD 1981 TO 2010
CLIMATE RECORD PERIOD 9999 TO 9999


WEATHER ITEM   OBSERVED TIME   RECORD YEAR NORMAL DEPARTURE LAST
                VALUE   (LST)  VALUE       VALUE  FROM      YEAR
                                                  NORMAL
..................................................................
TEMPERATURE (F)
 YESTERDAY
  MAXIMUM         68    416 PM  MM      MM  61      7       62
  MINIMUM         43   1028 PM  MM      MM  40      3       36
  AVERAGE         56                        50      6       49

PRECIPITATION (IN)
  YESTERDAY        0.00         MM      MM   0.09  -0.09     0.01
  MONTH TO DATE    2.91                      1.82   1.09     1.56
  SINCE SEP 1      8.78                      5.21   3.57     3.49
  SINCE JAN 1     36.21                     31.36   4.85    31.75

DEGREE DAYS
 HEATING
  YESTERDAY        9                        15     -6       16
  MONTH TO DATE  256                       229     27      180
  SINCE SEP 1    377                       333     44      237
  SINCE JUL 1    389                       341     48      246

 COOLING
  YESTERDAY        0                         0      0        0
  MONTH TO DATE    0                        10    -10       23
  SINCE SEP 1     62                        90    -28      196
  SINCE JAN 1    778                       912   -134     1064
..................................................................


WIND (MPH)
  HIGHEST WIND SPEED    23   HIGHEST WIND DIRECTION    NW (320)
  HIGHEST GUST SPEED    28   HIGHEST GUST DIRECTION    NW (320)
  AVERAGE WIND SPEED     9.3


SKY COVER
  POSSIBLE SUNSHINE  MM
  AVERAGE SKY COVER 0.0


WEATHER CONDITIONS
 THE FOLLOWING WEATHER WAS RECORDED YESTERDAY.
  HAZE


RELATIVE HUMIDITY (PERCENT)
 HIGHEST    93           300 AM
 LOWEST     39           400 PM
 AVERAGE    66

..........................................................


THE IOWA CITY IA CLIMATE NORMALS FOR TODAY
                         NORMAL    RECORD    YEAR
 MAXIMUM TEMPERATURE (F)   61        MM        MM
 MINIMUM TEMPERATURE (F)   40        MM        MM


SUNRISE AND SUNSET
OCTOBER 21 2014.......SUNRISE   725 AM CDT   SUNSET   616 PM CDT
OCTOBER 22 2014.......SUNRISE   726 AM CDT   SUNSET   614 PM CDT


-  INDICATES NEGATIVE NUMBERS.
R  INDICATES RECORD WAS SET OR TIED.
MM INDICATES DATA IS MISSING.
T  INDICATES TRACE AMOUNT.




$$
