000
CDUS43 KDVN 262224
CLIIOW


CLIMATE REPORT
NATIONAL WEATHER SERVICE QUAD CITIES IA IL
424 PM CST WED NOV 26 2014


...................................

...THE IOWA CITY IA CLIMATE SUMMARY FOR NOVEMBER 26 2014...
VALID TODAY AS OF 0400 PM LOCAL TIME.

CLIMATE NORMAL PERIOD 1981 TO 2010
CLIMATE RECORD PERIOD 9999 TO 9999


WEATHER ITEM   OBSERVED TIME   RECORD YEAR NORMAL DEPARTURE LAST
                VALUE   (LST)  VALUE       VALUE  FROM      YEAR
                                                  NORMAL
..................................................................
TEMPERATURE (F)
 TODAY
  MAXIMUM         30    322 PM  MM      MM  42    -12       31
  MINIMUM         19   1244 AM  MM      MM  25     -6       18
  AVERAGE         25                        33     -8       25

PRECIPITATION (IN)
  TODAY            T            MM      MM   0.07  -0.07     0.00
  MONTH TO DATE    1.03                      2.05  -1.02     1.02
  SINCE SEP 1      9.84                      8.31   1.53     6.16
  SINCE JAN 1     37.27                     34.46   2.81    34.42

DEGREE DAYS
 HEATING
  TODAY           40                        32      8       40
  MONTH TO DATE  854                       652    202      720
  SINCE SEP 1   1394                      1169    225     1202
  SINCE JUL 1   1406                      1177    229     1211

 COOLING
  TODAY            0                         0      0        0
  MONTH TO DATE    0                         0      0        0
  SINCE SEP 1     63                        90    -27      196
  SINCE JAN 1    779                       912   -133     1064
..................................................................


WIND (MPH)
  HIGHEST WIND SPEED    16   HIGHEST WIND DIRECTION    NE (60)
  HIGHEST GUST SPEED    20   HIGHEST GUST DIRECTION    NE (50)
  AVERAGE WIND SPEED     7.7


SKY COVER
  POSSIBLE SUNSHINE  MM
  AVERAGE SKY COVER 0.7


WEATHER CONDITIONS
 THE FOLLOWING WEATHER WAS RECORDED TODAY.
  LIGHT SNOW
  FOG
  HAZE


RELATIVE HUMIDITY (PERCENT)
 HIGHEST    92           300 AM
 LOWEST     81           700 AM
 AVERAGE    87

..........................................................


THE IOWA CITY IA CLIMATE NORMALS FOR TOMORROW
                         NORMAL    RECORD    YEAR
 MAXIMUM TEMPERATURE (F)   41        MM        MM
 MINIMUM TEMPERATURE (F)   25        MM        MM


SUNRISE AND SUNSET
NOVEMBER 26 2014......SUNRISE   708 AM CST   SUNSET   439 PM CST
NOVEMBER 27 2014......SUNRISE   709 AM CST   SUNSET   438 PM CST


-  INDICATES NEGATIVE NUMBERS.
R  INDICATES RECORD WAS SET OR TIED.
MM INDICATES DATA IS MISSING.
T  INDICATES TRACE AMOUNT.




$$
