000
CDUS43 KDVN 222121
CLIIOW


CLIMATE REPORT
NATIONAL WEATHER SERVICE QUAD CITIES IA IL
421 PM CDT MON MAY 22 2017


...................................

...THE IOWA CITY IA CLIMATE SUMMARY FOR MAY 22 2017...
VALID TODAY AS OF 0400 PM LOCAL TIME.

CLIMATE NORMAL PERIOD 1981 TO 2010
CLIMATE RECORD PERIOD 9999 TO 9999


WEATHER ITEM   OBSERVED TIME   RECORD YEAR NORMAL DEPARTURE LAST
                VALUE   (LST)  VALUE       VALUE  FROM      YEAR
                                                  NORMAL
..................................................................
TEMPERATURE (F)
 TODAY
  MAXIMUM         72    121 PM  MM      MM  74     -2       83
  MINIMUM         42    352 AM  MM      MM  53    -11       49
  AVERAGE         57                        64     -7       66

PRECIPITATION (IN)
  TODAY            0.00         MM      MM   0.14  -0.14     0.00
  MONTH TO DATE    2.87                      3.08  -0.21     2.21
  SINCE MAR 1     10.69                      8.80   1.89     6.41
  SINCE JAN 1     13.09                     10.96   2.13     7.16

DEGREE DAYS
 HEATING
  TODAY            8                         4      4        0
  MONTH TO DATE  129                       144    -15      173
  SINCE MAR 1   1192                      1387   -195     1255
  SINCE JUL 1   5087                      6337  -1250     5466

 COOLING
  TODAY            0                         2     -2        1
  MONTH TO DATE   39                        27     12        1
  SINCE MAR 1     50                        31     19        7
  SINCE JAN 1     50                        31     19        7
..................................................................


WIND (MPH)
  HIGHEST WIND SPEED    28   HIGHEST WIND DIRECTION    SW (220)
  HIGHEST GUST SPEED    36   HIGHEST GUST DIRECTION    SW (220)
  AVERAGE WIND SPEED     9.7


SKY COVER
  POSSIBLE SUNSHINE  MM
  AVERAGE SKY COVER 0.4


WEATHER CONDITIONS
 THE FOLLOWING WEATHER WAS RECORDED TODAY.
  NO SIGNIFICANT WEATHER WAS OBSERVED.


RELATIVE HUMIDITY (PERCENT)
 HIGHEST    92           500 AM
 LOWEST     47          1000 AM
 AVERAGE    70

..........................................................


THE IOWA CITY IA CLIMATE NORMALS FOR TOMORROW
                         NORMAL    RECORD    YEAR
 MAXIMUM TEMPERATURE (F)   75        MM        MM
 MINIMUM TEMPERATURE (F)   54        MM        MM


SUNRISE AND SUNSET
MAY 22 2017...........SUNRISE   540 AM CDT   SUNSET   826 PM CDT
MAY 23 2017...........SUNRISE   540 AM CDT   SUNSET   827 PM CDT


-  INDICATES NEGATIVE NUMBERS.
R  INDICATES RECORD WAS SET OR TIED.
MM INDICATES DATA IS MISSING.
T  INDICATES TRACE AMOUNT.




$$
