000
CDUS43 KDVN 022132
CLIIOW


CLIMATE REPORT
NATIONAL WEATHER SERVICE QUAD CITIES IA IL
432 PM CDT TUE JUN 2 2015


...................................

...THE IOWA CITY IA CLIMATE SUMMARY FOR JUNE 2 2015...
VALID TODAY AS OF 0400 PM LOCAL TIME.

CLIMATE NORMAL PERIOD 1981 TO 2010
CLIMATE RECORD PERIOD 9999 TO 9999


WEATHER ITEM   OBSERVED TIME   RECORD YEAR NORMAL DEPARTURE LAST
                VALUE   (LST)  VALUE       VALUE  FROM      YEAR
                                                  NORMAL
..................................................................
TEMPERATURE (F)
 TODAY
  MAXIMUM         74    253 PM  MM      MM  78     -4       83
  MINIMUM         54    243 AM  MM      MM  57     -3       66
  AVERAGE         64                        68     -4       75

PRECIPITATION (IN)
  TODAY            0.00         MM      MM   0.15  -0.15     0.35
  MONTH TO DATE    0.00                      0.31  -0.31     0.44
  SINCE JUN 1      0.00                      0.31  -0.31     0.44
  SINCE JAN 1      9.85                     12.40  -2.55    11.49

DEGREE DAYS
 HEATING
  TODAY            1                         2     -1        0
  MONTH TO DATE    7                         4      3        0
  SINCE JUN 1      7                         4      3        0
  SINCE JUL 1   6728                      6365    363     7482

 COOLING
  TODAY            0                         4     -4       10
  MONTH TO DATE    0                         8     -8       24
  SINCE JUN 1      0                         8     -8       24
  SINCE JAN 1     63                        69     -6      113
..................................................................


WIND (MPH)
  HIGHEST WIND SPEED    15   HIGHEST WIND DIRECTION     S (160)
  HIGHEST GUST SPEED    20   HIGHEST GUST DIRECTION     S (160)
  AVERAGE WIND SPEED     6.0


SKY COVER
  POSSIBLE SUNSHINE  MM
  AVERAGE SKY COVER 0.4


WEATHER CONDITIONS
 THE FOLLOWING WEATHER WAS RECORDED TODAY.
  FOG
  HAZE


RELATIVE HUMIDITY (PERCENT)
 HIGHEST    93           600 AM
 LOWEST     49           100 PM
 AVERAGE    71

..........................................................


THE IOWA CITY IA CLIMATE NORMALS FOR TOMORROW
                         NORMAL    RECORD    YEAR
 MAXIMUM TEMPERATURE (F)   78        MM        MM
 MINIMUM TEMPERATURE (F)   58        MM        MM


SUNRISE AND SUNSET
JUNE  2 2015..........SUNRISE   534 AM CDT   SUNSET   835 PM CDT
JUNE  3 2015..........SUNRISE   534 AM CDT   SUNSET   835 PM CDT


-  INDICATES NEGATIVE NUMBERS.
R  INDICATES RECORD WAS SET OR TIED.
MM INDICATES DATA IS MISSING.
T  INDICATES TRACE AMOUNT.




$$
