051
CDUS41 KCTP 280621
CLIIPT


CLIMATE REPORT
NATIONAL WEATHER SERVICE STATE COLLEGE PA
221 AM EDT WED SEP 28 2016


...................................

...THE WILLIAMSPORT PA CLIMATE SUMMARY FOR SEPTEMBER 27 2016...

CLIMATE NORMAL PERIOD 1981 TO 2010
CLIMATE RECORD PERIOD 1895 TO 2016


WEATHER ITEM   OBSERVED TIME   RECORD YEAR NORMAL DEPARTURE LAST
                VALUE   (LST)  VALUE       VALUE  FROM      YEAR
                                                  NORMAL
..................................................................
TEMPERATURE (F)
 YESTERDAY
  MAXIMUM         75    324 PM  87    1998  69      6       74
  MINIMUM         50   1114 PM  30    1947  49      1       55
  AVERAGE         63                        59      4       65

PRECIPITATION (IN)
  YESTERDAY        0.00          2.44 2008   0.14  -0.14     0.00
  MONTH TO DATE    2.04                      3.75  -1.71     1.83
  SINCE SEP 1      2.04                      3.75  -1.71     1.83
  SINCE JAN 1     25.47                     30.78  -5.31    30.12

DEGREE DAYS
 HEATING
  YESTERDAY        2                         7     -5        0
  MONTH TO DATE   23                        92    -69       20
  SINCE SEP 1     23                        92    -69       20
  SINCE JUL 1     23                       106    -83       22

 COOLING
  YESTERDAY        0                         1     -1        0
  MONTH TO DATE  164                        61    103      141
  SINCE SEP 1    164                        61    103      141
  SINCE JAN 1   1137                       695    442      926
..................................................................


WIND (MPH)
  HIGHEST WIND SPEED    14   HIGHEST WIND DIRECTION     W (250)
  HIGHEST GUST SPEED    18   HIGHEST GUST DIRECTION     W (280)
  AVERAGE WIND SPEED     2.7


SKY COVER
  POSSIBLE SUNSHINE  MM
  AVERAGE SKY COVER 0.5


WEATHER CONDITIONS
 THE FOLLOWING WEATHER WAS RECORDED YESTERDAY.
  FOG


RELATIVE HUMIDITY (PERCENT)
 HIGHEST   100           100 AM
 LOWEST     41           300 PM
 AVERAGE    71

..........................................................


THE WILLIAMSPORT PA CLIMATE NORMALS FOR TODAY
                         NORMAL    RECORD    YEAR
 MAXIMUM TEMPERATURE (F)   69        90      1929
 MINIMUM TEMPERATURE (F)   48        28      1947


SUNRISE AND SUNSET
SEPTEMBER 28 2016.....SUNRISE   702 AM EDT   SUNSET   654 PM EDT
SEPTEMBER 29 2016.....SUNRISE   703 AM EDT   SUNSET   652 PM EDT


-  INDICATES NEGATIVE NUMBERS.
R  INDICATES RECORD WAS SET OR TIED.
MM INDICATES DATA IS MISSING.
T  INDICATES TRACE AMOUNT.




$$
