000
CDUS41 KCTP 240608
CLIIPT


CLIMATE REPORT
NATIONAL WEATHER SERVICE STATE COLLEGE PA
208 AM EDT TUE OCT 24 2017


...................................

...THE WILLIAMSPORT PA CLIMATE SUMMARY FOR OCTOBER 23 2017...

CLIMATE NORMAL PERIOD 1981 TO 2010
CLIMATE RECORD PERIOD 1895 TO 2017


WEATHER ITEM   OBSERVED TIME   RECORD YEAR NORMAL DEPARTURE LAST
                VALUE   (LST)  VALUE       VALUE  FROM      YEAR
                                                  NORMAL
..................................................................
TEMPERATURE (F)
 YESTERDAY
  MAXIMUM         72    925 PM  84    1947  60     12       64
  MINIMUM         52    126 AM  22    1944  39     13       44
  AVERAGE         62                        49     13       54

PRECIPITATION (IN)
  YESTERDAY        0.06          2.69 1929   0.10  -0.04      T
  MONTH TO DATE    2.20                      2.58  -0.38     2.31
  SINCE SEP 1      3.44                      6.74  -3.30     5.82
  SINCE JAN 1     39.47                     33.77   5.70    29.25

SNOWFALL (IN)
  YESTERDAY        0.0           T    2003   0.0    0.0      0.0
                                      1997
  MONTH TO DATE    0.0                       0.0    0.0      0.0
  SINCE SEP 1      0.0                       0.0    0.0      0.0
  SINCE JUL 1      0.0                       0.0    0.0      0.0
  SNOW DEPTH       0

DEGREE DAYS
 HEATING
  YESTERDAY        3                        16    -13       11
  MONTH TO DATE  109                       278   -169      149
  SINCE SEP 1    174                       392   -218      190
  SINCE JUL 1    176                       406   -230      190

 COOLING
  YESTERDAY        0                         0      0        0
  MONTH TO DATE   41                         1     40       11
  SINCE SEP 1    187                        64    123      175
  SINCE JAN 1    929                       698    231     1148
..................................................................


WIND (MPH)
  HIGHEST WIND SPEED    23   HIGHEST WIND DIRECTION     E (100)
  HIGHEST GUST SPEED    45   HIGHEST GUST DIRECTION     E (100)
  AVERAGE WIND SPEED     9.1


SKY COVER
  POSSIBLE SUNSHINE  MM
  AVERAGE SKY COVER 0.8


WEATHER CONDITIONS
 THE FOLLOWING WEATHER WAS RECORDED YESTERDAY.
  RAIN
  LIGHT RAIN
  FOG


RELATIVE HUMIDITY (PERCENT)
 HIGHEST    89           100 AM
 LOWEST     68           300 PM
 AVERAGE    79

..........................................................


THE WILLIAMSPORT PA CLIMATE NORMALS FOR TODAY
                         NORMAL    RECORD    YEAR
 MAXIMUM TEMPERATURE (F)   59        77      1963
 MINIMUM TEMPERATURE (F)   39        20      1969


SUNRISE AND SUNSET
OCTOBER 24 2017.......SUNRISE   730 AM EDT   SUNSET   613 PM EDT
OCTOBER 25 2017.......SUNRISE   731 AM EDT   SUNSET   612 PM EDT


-  INDICATES NEGATIVE NUMBERS.
R  INDICATES RECORD WAS SET OR TIED.
MM INDICATES DATA IS MISSING.
T  INDICATES TRACE AMOUNT.




$$
