000
CDUS41 KCTP 300608
CLIIPT


CLIMATE REPORT
NATIONAL WEATHER SERVICE STATE COLLEGE PA
208 AM EDT SAT MAY 30 2015


...................................

...THE WILLIAMSPORT PA CLIMATE SUMMARY FOR MAY 29 2015...

CLIMATE NORMAL PERIOD 1981 TO 2010
CLIMATE RECORD PERIOD 1895 TO 2015


WEATHER ITEM   OBSERVED TIME   RECORD YEAR NORMAL DEPARTURE LAST
                VALUE   (LST)  VALUE       VALUE  FROM      YEAR
                                                  NORMAL
..................................................................
TEMPERATURE (F)
 YESTERDAY
  MAXIMUM         85    400 PM  95    1969  75     10       61
                                      1919
  MINIMUM         53    505 AM  35    1936  52      1       55
  AVERAGE         69                        64      5       58

PRECIPITATION (IN)
  YESTERDAY        0.00          1.35 1990   0.12  -0.12      T
  MONTH TO DATE    1.99                      3.41  -1.42     5.19
  SINCE MAR 1      8.55                      9.62  -1.07    10.95
  SINCE JAN 1     11.34                     14.66  -3.32    14.75

SNOWFALL (IN)
  YESTERDAY        0.0           0.0  2002   0.0    0.0      0.0
                                      2001
  MONTH TO DATE    0.0                       0.0    0.0      0.0
  SINCE MAR 1     11.4                       8.0    3.4      0.1
  SINCE JUL 1     44.4                      36.0    8.4     45.9
  SNOW DEPTH       0

DEGREE DAYS
 HEATING
  YESTERDAY        0                         4     -4        7
  MONTH TO DATE   93                       197   -104      142
  SINCE MAR 1   1517                      1485     32     1625
  SINCE JUL 1   6154                      5952    202     6457

 COOLING
  YESTERDAY        4                         2      2        0
  MONTH TO DATE  111                        32     79       42
  SINCE MAR 1    111                        37     74       51
  SINCE JAN 1    111                        37     74       51
..................................................................


WIND (MPH)
  HIGHEST WIND SPEED    18   HIGHEST WIND DIRECTION     S (160)
  HIGHEST GUST SPEED    26   HIGHEST GUST DIRECTION     S (160)
  AVERAGE WIND SPEED     5.4


SKY COVER
  POSSIBLE SUNSHINE  MM
  AVERAGE SKY COVER 0.0


WEATHER CONDITIONS
 THE FOLLOWING WEATHER WAS RECORDED YESTERDAY.
  NO SIGNIFICANT WEATHER WAS OBSERVED.


RELATIVE HUMIDITY (PERCENT)
 HIGHEST    93           300 AM
 LOWEST     40           200 PM
 AVERAGE    67

..........................................................


THE WILLIAMSPORT PA CLIMATE NORMALS FOR TODAY
                         NORMAL    RECORD    YEAR
 MAXIMUM TEMPERATURE (F)   75        96      1895
 MINIMUM TEMPERATURE (F)   53        37      1961
                                             1949


SUNRISE AND SUNSET
MAY 30 2015...........SUNRISE   538 AM EDT   SUNSET   833 PM EDT
MAY 31 2015...........SUNRISE   538 AM EDT   SUNSET   833 PM EDT


-  INDICATES NEGATIVE NUMBERS.
R  INDICATES RECORD WAS SET OR TIED.
MM INDICATES DATA IS MISSING.
T  INDICATES TRACE AMOUNT.




$$
