257
CDUS41 KCTP 210624
CLIIPT


CLIMATE REPORT
NATIONAL WEATHER SERVICE STATE COLLEGE PA
123 AM EST SUN JAN 21 2018


...................................

...THE WILLIAMSPORT PA CLIMATE SUMMARY FOR JANUARY 20 2018...

CLIMATE NORMAL PERIOD 1981 TO 2010
CLIMATE RECORD PERIOD 1895 TO 2018


WEATHER ITEM   OBSERVED TIME   RECORD YEAR NORMAL DEPARTURE LAST
                VALUE   (LST)  VALUE       VALUE  FROM      YEAR
                                                  NORMAL
..................................................................
TEMPERATURE (F)
 YESTERDAY
  MAXIMUM         48    355 PM  61    1951  34     14       41
  MINIMUM         22   1248 AM -13    1970  19      3       30
  AVERAGE         35                        26      9       36

PRECIPITATION (IN)
  YESTERDAY        0.00          2.52 1995   0.09  -0.09     0.28
  MONTH TO DATE    3.20                      1.73   1.47     2.09
  SINCE DEC 1      4.39                      4.66  -0.27     5.05
  SINCE JAN 1      3.20                      1.73   1.47     2.09

SNOWFALL (IN)
  YESTERDAY        0.0          10.5  1978   0.3   -0.3      0.0
  MONTH TO DATE    5.8                       6.6   -0.8      1.0
  SINCE DEC 1      9.8                      13.5   -3.7      9.9
  SINCE JUL 1      9.9                      15.3   -5.4     10.0
  SNOW DEPTH       2

DEGREE DAYS
 HEATING
  YESTERDAY       30                        38     -8       29
  MONTH TO DATE  850                       768     82      677
  SINCE DEC 1   1880                      1816     64     1652
  SINCE JUL 1   2864                      3061   -197     2586

 COOLING
  YESTERDAY        0                         0      0        0
  MONTH TO DATE    0                         0      0        0
  SINCE DEC 1      0                         0      0        0
  SINCE JAN 1      0                         0      0        0
..................................................................


WIND (MPH)
  HIGHEST WIND SPEED    18   HIGHEST WIND DIRECTION     W (270)
  HIGHEST GUST SPEED    23   HIGHEST GUST DIRECTION     W (280)
  AVERAGE WIND SPEED     6.1


SKY COVER
  POSSIBLE SUNSHINE  MM
  AVERAGE SKY COVER 0.0


WEATHER CONDITIONS
 THE FOLLOWING WEATHER WAS RECORDED YESTERDAY.
  NO SIGNIFICANT WEATHER WAS OBSERVED.


RELATIVE HUMIDITY (PERCENT)
 HIGHEST    85           900 PM
 LOWEST     45           200 PM
 AVERAGE    65

..........................................................


THE WILLIAMSPORT PA CLIMATE NORMALS FOR TODAY
                         NORMAL    RECORD    YEAR
 MAXIMUM TEMPERATURE (F)   34        61      2006
 MINIMUM TEMPERATURE (F)   19       -20      1994


SUNRISE AND SUNSET
JANUARY 21 2018.......SUNRISE   728 AM EST   SUNSET   511 PM EST
JANUARY 22 2018.......SUNRISE   727 AM EST   SUNSET   512 PM EST


-  INDICATES NEGATIVE NUMBERS.
R  INDICATES RECORD WAS SET OR TIED.
MM INDICATES DATA IS MISSING.
T  INDICATES TRACE AMOUNT.




$$
