000
CDUS41 KCTP 190619
CLIIPT


CLIMATE REPORT
NATIONAL WEATHER SERVICE STATE COLLEGE PA
219 AM EDT SAT APR 19 2014


...................................

...THE WILLIAMSPORT PA CLIMATE SUMMARY FOR APRIL 18 2014...

CLIMATE NORMAL PERIOD 1981 TO 2010
CLIMATE RECORD PERIOD 1895 TO 2014


WEATHER ITEM   OBSERVED TIME   RECORD YEAR NORMAL DEPARTURE LAST
                VALUE   (LST)  VALUE       VALUE  FROM      YEAR
                                                  NORMAL
..................................................................
TEMPERATURE (F)
 YESTERDAY
  MAXIMUM         54    459 PM  92    1976  62     -8       63
  MINIMUM         34    534 AM  24    1948  40     -6       46
  AVERAGE         44                        51     -7       55

PRECIPITATION (IN)
  YESTERDAY        0.00          0.87 1910   0.10  -0.10     0.00
  MONTH TO DATE    1.92                      1.98  -0.06     1.90
  SINCE MAR 1      4.81                      4.95  -0.14     3.64
  SINCE JAN 1      8.61                      9.99  -1.38     8.10

SNOWFALL (IN)
  YESTERDAY        0.0
  MONTH TO DATE    T
  SINCE MAR 1      0.1
  SINCE JUL 1     45.9
  SNOW DEPTH       0

DEGREE DAYS
 HEATING
  YESTERDAY       21                        14      7       10
  MONTH TO DATE  309                       312     -3      277
  SINCE MAR 1   1309                      1141    168     1147
  SINCE JUL 1   6141                      5608    533     5313

 COOLING
  YESTERDAY        0                         0      0        0
  MONTH TO DATE    9                         0      9        8
  SINCE MAR 1      9                         0      9        8
  SINCE JAN 1      9                         0      9        8
..................................................................


WIND (MPH)
  HIGHEST WIND SPEED    14   HIGHEST WIND DIRECTION     S (160)
  HIGHEST GUST SPEED    19   HIGHEST GUST DIRECTION    SE (150)
  AVERAGE WIND SPEED     5.5


SKY COVER
  POSSIBLE SUNSHINE  MM
  AVERAGE SKY COVER 0.1


WEATHER CONDITIONS
 THE FOLLOWING WEATHER WAS RECORDED YESTERDAY.
  NO SIGNIFICANT WEATHER WAS OBSERVED.


RELATIVE HUMIDITY (PERCENT)
 HIGHEST    75           700 AM
 LOWEST     41           300 PM
 AVERAGE    58

..........................................................


THE WILLIAMSPORT PA CLIMATE NORMALS FOR TODAY
                         NORMAL    RECORD    YEAR
 MAXIMUM TEMPERATURE (F)   63        91      1976
 MINIMUM TEMPERATURE (F)   40        23      1926


SUNRISE AND SUNSET
APRIL 19 2014.........SUNRISE   622 AM EDT   SUNSET   752 PM EDT
APRIL 20 2014.........SUNRISE   621 AM EDT   SUNSET   753 PM EDT


-  INDICATES NEGATIVE NUMBERS.
R  INDICATES RECORD WAS SET OR TIED.
MM INDICATES DATA IS MISSING.
T  INDICATES TRACE AMOUNT.




$$
