000
CDUS41 KCTP 010607
CLIIPT


CLIMATE REPORT
NATIONAL WEATHER SERVICE STATE COLLEGE PA
207 AM EDT WED OCT 1 2014


...................................

...THE WILLIAMSPORT PA CLIMATE SUMMARY FOR SEPTEMBER 30 2014...

CLIMATE NORMAL PERIOD 1981 TO 2010
CLIMATE RECORD PERIOD 1895 TO 2014


WEATHER ITEM   OBSERVED TIME   RECORD YEAR NORMAL DEPARTURE LAST
                VALUE   (LST)  VALUE       VALUE  FROM      YEAR
                                                  NORMAL
..................................................................
TEMPERATURE (F)
 YESTERDAY
  MAXIMUM         75    225 PM  93    1953  68      7       77
  MINIMUM         57    622 AM  31    1932  47     10       46
  AVERAGE         66                        58      8       62

PRECIPITATION (IN)
  YESTERDAY        0.02          3.91 2010   0.14  -0.12     0.00
  MONTH TO DATE    1.10                      4.16  -3.06     1.60
  SINCE SEP 1      1.10                      4.16  -3.06     1.60
  SINCE JAN 1     29.91                     31.19  -1.28    23.22

DEGREE DAYS
 HEATING
  YESTERDAY        0                         8     -8        3
  MONTH TO DATE   76                       115    -39      121
  SINCE SEP 1     76                       114    -38      121
  SINCE JUL 1     81                       128    -47      126

 COOLING
  YESTERDAY        1                         1      0        0
  MONTH TO DATE   90                        63     27       74
  SINCE SEP 1     90                        63     27       74
  SINCE JAN 1    707                       697     10      833
..................................................................


WIND (MPH)
  HIGHEST WIND SPEED    10   HIGHEST WIND DIRECTION    SE (120)
  HIGHEST GUST SPEED    13   HIGHEST GUST DIRECTION    SE (140)
  AVERAGE WIND SPEED     2.8


SKY COVER
  POSSIBLE SUNSHINE  MM
  AVERAGE SKY COVER 0.9


WEATHER CONDITIONS
 THE FOLLOWING WEATHER WAS RECORDED YESTERDAY.
  THUNDERSTORM
  LIGHT RAIN
  FOG
  FOG W/VISIBILITY <= 1/4 MILE
  HAZE


RELATIVE HUMIDITY (PERCENT)
 HIGHEST    93           200 AM
 LOWEST     64           200 PM
 AVERAGE    79

..........................................................


THE WILLIAMSPORT PA CLIMATE NORMALS FOR TODAY
                         NORMAL    RECORD    YEAR
 MAXIMUM TEMPERATURE (F)   68        91      1927
 MINIMUM TEMPERATURE (F)   47        31      1993
                                             1947


SUNRISE AND SUNSET
OCTOBER  1 2014.......SUNRISE   704 AM EDT   SUNSET   650 PM EDT
OCTOBER  2 2014.......SUNRISE   705 AM EDT   SUNSET   648 PM EDT


-  INDICATES NEGATIVE NUMBERS.
R  INDICATES RECORD WAS SET OR TIED.
MM INDICATES DATA IS MISSING.
T  INDICATES TRACE AMOUNT.




$$
