000
CDUS41 KCTP 220622
CLIIPT


CLIMATE REPORT
NATIONAL WEATHER SERVICE STATE COLLEGE PA
221 AM EDT TUE JUL 22 2014


...................................

...THE WILLIAMSPORT PA CLIMATE SUMMARY FOR JULY 21 2014...

CLIMATE NORMAL PERIOD 1981 TO 2010
CLIMATE RECORD PERIOD 1895 TO 2014


WEATHER ITEM   OBSERVED TIME   RECORD YEAR NORMAL DEPARTURE LAST
                VALUE   (LST)  VALUE       VALUE  FROM      YEAR
                                                  NORMAL
..................................................................
TEMPERATURE (F)
 YESTERDAY
  MAXIMUM         82    337 PM 101    1934  84     -2       88
  MINIMUM         63    440 AM  44    1966  62      1       67
  AVERAGE         73                        73      0       78

PRECIPITATION (IN)
  YESTERDAY        0.00          1.47 1947   0.15  -0.15     0.00
  MONTH TO DATE    3.24                      2.87   0.37     1.96
  SINCE JUN 1      6.70                      6.79  -0.09     6.13
  SINCE JAN 1     21.45                     21.70  -0.25    18.70

DEGREE DAYS
 HEATING
  YESTERDAY        0                         0      0        0
  MONTH TO DATE    0                         0      0        0
  SINCE JUN 1      8                        37    -29        9
  SINCE JUL 1      0                         0      0        0

 COOLING
  YESTERDAY        8                         8      0       13
  MONTH TO DATE  178                       165     13      290
  SINCE JUN 1    347                       311     36      450
  SINCE JAN 1    399                       354     45      521
..................................................................


WIND (MPH)
  HIGHEST WIND SPEED    15   HIGHEST WIND DIRECTION     S (180)
  HIGHEST GUST SPEED    20   HIGHEST GUST DIRECTION     S (180)
  AVERAGE WIND SPEED     4.9


SKY COVER
  POSSIBLE SUNSHINE  MM
  AVERAGE SKY COVER 0.5


WEATHER CONDITIONS
 THE FOLLOWING WEATHER WAS RECORDED YESTERDAY.
  NO SIGNIFICANT WEATHER WAS OBSERVED.


RELATIVE HUMIDITY (PERCENT)
 HIGHEST    87           300 AM
 LOWEST     62           100 PM
 AVERAGE    75

..........................................................


THE WILLIAMSPORT PA CLIMATE NORMALS FOR TODAY
                         NORMAL    RECORD    YEAR
 MAXIMUM TEMPERATURE (F)   84       103      2011
 MINIMUM TEMPERATURE (F)   62        48      1929


SUNRISE AND SUNSET
JULY 22 2014..........SUNRISE   554 AM EDT   SUNSET   834 PM EDT
JULY 23 2014..........SUNRISE   555 AM EDT   SUNSET   833 PM EDT


-  INDICATES NEGATIVE NUMBERS.
R  INDICATES RECORD WAS SET OR TIED.
MM INDICATES DATA IS MISSING.
T  INDICATES TRACE AMOUNT.




$$
