000
CDUS41 KCTP 200637
CLIIPT


CLIMATE REPORT
NATIONAL WEATHER SERVICE STATE COLLEGE PA
137 AM EST THU NOV 20 2014


...................................

...THE WILLIAMSPORT PA CLIMATE SUMMARY FOR NOVEMBER 19 2014...

CLIMATE NORMAL PERIOD 1981 TO 2010
CLIMATE RECORD PERIOD 1895 TO 2014


WEATHER ITEM   OBSERVED TIME   RECORD YEAR NORMAL DEPARTURE LAST
                VALUE   (LST)  VALUE       VALUE  FROM      YEAR
                                                  NORMAL
..................................................................
TEMPERATURE (F)
 YESTERDAY
  MAXIMUM         30   1159 PM  74    1921  48    -18       43
  MINIMUM         16    729 AM  13    1924  33    -17       26
  AVERAGE         23                        40    -17       35

PRECIPITATION (IN)
  YESTERDAY        0.00          2.58 2003   0.14  -0.14      T
  MONTH TO DATE    0.84                      2.27  -1.43     0.97
  SINCE SEP 1      4.44                      9.85  -5.41     5.56
  SINCE JAN 1     33.25                     36.88  -3.63    27.18

SNOWFALL (IN)
  YESTERDAY        0.0
  MONTH TO DATE    T
  SINCE SEP 1      T
  SINCE JUL 1      T
  SNOW DEPTH       0

DEGREE DAYS
 HEATING
  YESTERDAY       42                        25     17       30
  MONTH TO DATE  459                       407     52      418
  SINCE SEP 1    842                       936    -94      859
  SINCE JUL 1    847                       950   -103      864

 COOLING
  YESTERDAY        0                         0      0        0
  MONTH TO DATE    0                         0      0        0
  SINCE SEP 1     96                        68     28      104
  SINCE JAN 1    713                       702     11      863
..................................................................


WIND (MPH)
  HIGHEST WIND SPEED    23   HIGHEST WIND DIRECTION     W (270)
  HIGHEST GUST SPEED    34   HIGHEST GUST DIRECTION    SE (150)
  AVERAGE WIND SPEED    10.7


SKY COVER
  POSSIBLE SUNSHINE  MM
  AVERAGE SKY COVER 0.3


WEATHER CONDITIONS
 THE FOLLOWING WEATHER WAS RECORDED YESTERDAY.
  NO SIGNIFICANT WEATHER WAS OBSERVED.


RELATIVE HUMIDITY (PERCENT)
 HIGHEST    56           800 AM
 LOWEST     38          1200 PM
 AVERAGE    47

..........................................................


THE WILLIAMSPORT PA CLIMATE NORMALS FOR TODAY
                         NORMAL    RECORD    YEAR
 MAXIMUM TEMPERATURE (F)   48        73      1942
 MINIMUM TEMPERATURE (F)   32        17      1986


SUNRISE AND SUNSET
NOVEMBER 20 2014......SUNRISE   702 AM EST   SUNSET   445 PM EST
NOVEMBER 21 2014......SUNRISE   703 AM EST   SUNSET   444 PM EST


-  INDICATES NEGATIVE NUMBERS.
R  INDICATES RECORD WAS SET OR TIED.
MM INDICATES DATA IS MISSING.
T  INDICATES TRACE AMOUNT.




$$
