272
CDUS41 KCTP 300627
CLIIPT


CLIMATE REPORT
NATIONAL WEATHER SERVICE STATE COLLEGE PA
226 AM EDT MON MAY 30 2016


...................................

...THE WILLIAMSPORT PA CLIMATE SUMMARY FOR MAY 29 2016...

CLIMATE NORMAL PERIOD 1981 TO 2010
CLIMATE RECORD PERIOD 1895 TO 2016


WEATHER ITEM   OBSERVED TIME   RECORD YEAR NORMAL DEPARTURE LAST
                VALUE   (LST)  VALUE       VALUE  FROM      YEAR
                                                  NORMAL
..................................................................
TEMPERATURE (F)
 YESTERDAY
  MAXIMUM         90    137 PM  95    1969  75     15       85
                                      1919
  MINIMUM         65    429 AM  35    1936  52     13       53
  AVERAGE         78                        64     14       69

PRECIPITATION (IN)
  YESTERDAY        T             1.35 1990   0.12  -0.12     0.00
  MONTH TO DATE    2.22                      3.41  -1.19     1.99
  SINCE MAR 1      4.92                      9.62  -4.70     8.55
  SINCE JAN 1     11.34                     14.66  -3.32    11.34

SNOWFALL (IN)
  YESTERDAY        0.0           0.0  2002   0.0    0.0      0.0
                                      2001
  MONTH TO DATE    T                         0.0    0.0      0.0
  SINCE MAR 1      2.0                       8.0   -6.0     11.4
  SINCE JUL 1      7.7                      36.0  -28.3     44.4
  SNOW DEPTH       0

DEGREE DAYS
 HEATING
  YESTERDAY        0                         4     -4        0
  MONTH TO DATE  207                       197     10       93
  SINCE MAR 1   1264                      1485   -221     1517
  SINCE JUL 1   4907                      5952  -1045     6154

 COOLING
  YESTERDAY       13                         2     11        4
  MONTH TO DATE   53                        32     21      111
  SINCE MAR 1     53                        37     16      111
  SINCE JAN 1     53                        37     16      111
..................................................................


WIND (MPH)
  HIGHEST WIND SPEED    17   HIGHEST WIND DIRECTION     S (180)
  HIGHEST GUST SPEED    26   HIGHEST GUST DIRECTION     S (180)
  AVERAGE WIND SPEED     4.6


SKY COVER
  POSSIBLE SUNSHINE  MM
  AVERAGE SKY COVER 0.2


WEATHER CONDITIONS
 THE FOLLOWING WEATHER WAS RECORDED YESTERDAY.
  LIGHT RAIN
  FOG
  HAZE


RELATIVE HUMIDITY (PERCENT)
 HIGHEST    90           200 AM
 LOWEST     37           100 PM
 AVERAGE    64

..........................................................


THE WILLIAMSPORT PA CLIMATE NORMALS FOR TODAY
                         NORMAL    RECORD    YEAR
 MAXIMUM TEMPERATURE (F)   75        96      1895
 MINIMUM TEMPERATURE (F)   53        37      1961
                                             1949


SUNRISE AND SUNSET
MAY 30 2016...........SUNRISE   538 AM EDT   SUNSET   833 PM EDT
MAY 31 2016...........SUNRISE   537 AM EDT   SUNSET   834 PM EDT


-  INDICATES NEGATIVE NUMBERS.
R  INDICATES RECORD WAS SET OR TIED.
MM INDICATES DATA IS MISSING.
T  INDICATES TRACE AMOUNT.




$$
