000
CDUS41 KCTP 300621
CLIIPT


CLIMATE REPORT
NATIONAL WEATHER SERVICE STATE COLLEGE PA
221 AM EDT SUN AUG 30 2015


...................................

...THE WILLIAMSPORT PA CLIMATE SUMMARY FOR AUGUST 29 2015...

CLIMATE NORMAL PERIOD 1981 TO 2010
CLIMATE RECORD PERIOD 1895 TO 2015


WEATHER ITEM   OBSERVED TIME   RECORD YEAR NORMAL DEPARTURE LAST
                VALUE   (LST)  VALUE       VALUE  FROM      YEAR
                                                  NORMAL
..................................................................
TEMPERATURE (F)
 YESTERDAY
  MAXIMUM         83    438 PM  97    1953  79      4       77
  MINIMUM         54    605 AM  39    1982  59     -5       50
  AVERAGE         69                        69      0       64

PRECIPITATION (IN)
  YESTERDAY        0.00          4.32 1988   0.12  -0.12     0.00
  MONTH TO DATE    3.88                      3.61   0.27     6.29
  SINCE JUN 1     15.62                     11.87   3.75    13.77
  SINCE JAN 1     28.04                     26.78   1.26    28.52

DEGREE DAYS
 HEATING
  YESTERDAY        0                         1     -1        1
  MONTH TO DATE    0                         5     -5        5
  SINCE JUN 1     23                        46    -23       13
  SINCE JUL 1      2                         9     -7        5

 COOLING
  YESTERDAY        4                         5     -1        0
  MONTH TO DATE  207                       192     15      149
  SINCE JUN 1    635                       582     53      556
  SINCE JAN 1    763                       625    138      608
..................................................................


WIND (MPH)
  HIGHEST WIND SPEED     8   HIGHEST WIND DIRECTION    SW (240)
  HIGHEST GUST SPEED    10   HIGHEST GUST DIRECTION    SW (240)
  AVERAGE WIND SPEED     1.3


SKY COVER
  POSSIBLE SUNSHINE  MM
  AVERAGE SKY COVER 0.2


WEATHER CONDITIONS
 THE FOLLOWING WEATHER WAS RECORDED YESTERDAY.
  FOG


RELATIVE HUMIDITY (PERCENT)
 HIGHEST    93           300 AM
 LOWEST     47           400 PM
 AVERAGE    70

..........................................................


THE WILLIAMSPORT PA CLIMATE NORMALS FOR TODAY
                         NORMAL    RECORD    YEAR
 MAXIMUM TEMPERATURE (F)   79        98      1953
 MINIMUM TEMPERATURE (F)   59        38      1965


SUNRISE AND SUNSET
AUGUST 30 2015........SUNRISE   632 AM EDT   SUNSET   744 PM EDT
AUGUST 31 2015........SUNRISE   633 AM EDT   SUNSET   742 PM EDT


-  INDICATES NEGATIVE NUMBERS.
R  INDICATES RECORD WAS SET OR TIED.
MM INDICATES DATA IS MISSING.
T  INDICATES TRACE AMOUNT.




$$
