000
CDUS41 KCTP 200631
CLIIPT


CLIMATE REPORT
NATIONAL WEATHER SERVICE STATE COLLEGE PA
131 AM EST SAT DEC 20 2014


...................................

...THE WILLIAMSPORT PA CLIMATE SUMMARY FOR DECEMBER 19 2014...

CLIMATE NORMAL PERIOD 1981 TO 2010
CLIMATE RECORD PERIOD 1895 TO 2014


WEATHER ITEM   OBSERVED TIME   RECORD YEAR NORMAL DEPARTURE LAST
                VALUE   (LST)  VALUE       VALUE  FROM      YEAR
                                                  NORMAL
..................................................................
TEMPERATURE (F)
 YESTERDAY
  MAXIMUM         38   1211 PM  57    1957  37      1       38
  MINIMUM         31   1159 PM  -3    1926  23      8       14
  AVERAGE         35                        30      5       26

PRECIPITATION (IN)
  YESTERDAY        0.00          1.02 2008   0.08  -0.08     0.00
  MONTH TO DATE    2.04                      1.96   0.08     2.12
  SINCE DEC 1      2.04                      1.96   0.08     2.12
  SINCE JAN 1     36.61                     40.31  -3.70    31.17

SNOWFALL (IN)
  YESTERDAY        0.0
  MONTH TO DATE    4.0
  SINCE DEC 1      4.0
  SINCE JUL 1      9.1
  SNOW DEPTH       0

DEGREE DAYS
 HEATING
  YESTERDAY       30                        35     -5       39
  MONTH TO DATE  559                       611    -52      682
  SINCE DEC 1    559                       611    -52      682
  SINCE JUL 1   1729                      1856   -127     1925

 COOLING
  YESTERDAY        0                         0      0        0
  MONTH TO DATE    0                         0      0        0
  SINCE DEC 1      0                         0      0        0
  SINCE JAN 1    713                       702     11      863
..................................................................


WIND (MPH)
  HIGHEST WIND SPEED    16   HIGHEST WIND DIRECTION     W (280)
  HIGHEST GUST SPEED    22   HIGHEST GUST DIRECTION     W (270)
  AVERAGE WIND SPEED     9.9


SKY COVER
  POSSIBLE SUNSHINE  MM
  AVERAGE SKY COVER 1.0


WEATHER CONDITIONS
 THE FOLLOWING WEATHER WAS RECORDED YESTERDAY.
  NO SIGNIFICANT WEATHER WAS OBSERVED.


RELATIVE HUMIDITY (PERCENT)
 HIGHEST    75          1200 AM
 LOWEST     48          1200 PM
 AVERAGE    62

..........................................................


THE WILLIAMSPORT PA CLIMATE NORMALS FOR TODAY
                         NORMAL    RECORD    YEAR
 MAXIMUM TEMPERATURE (F)   37        62      1957
 MINIMUM TEMPERATURE (F)   23        -6      1951


SUNRISE AND SUNSET
DECEMBER 20 2014......SUNRISE   729 AM EST   SUNSET   441 PM EST
DECEMBER 21 2014......SUNRISE   730 AM EST   SUNSET   442 PM EST


-  INDICATES NEGATIVE NUMBERS.
R  INDICATES RECORD WAS SET OR TIED.
MM INDICATES DATA IS MISSING.
T  INDICATES TRACE AMOUNT.




$$
