000
CDUS43 KEAX 310641
CLIIRK


CLIMATE REPORT
NATIONAL WEATHER SERVICE KANSAS CITY/PLEASANT HILL MO
141 AM CDT THU JUL 31 2014


...................................

...THE KIRKSVILLE MO CLIMATE SUMMARY FOR JULY 30 2014...

CLIMATE NORMAL PERIOD 1981 TO 2010
CLIMATE RECORD PERIOD 9999 TO 9999


WEATHER ITEM   OBSERVED TIME   NORMAL DEPARTURE LAST
                VALUE   (LST)  VALUE  FROM      YEAR
                                      NORMAL
......................................................
TEMPERATURE (F)
 YESTERDAY
  MAXIMUM         82    356 PM  86     -4       76
  MINIMUM         54    533 AM  65    -11       65
  AVERAGE         68            76     -8       71

PRECIPITATION (IN)
  YESTERDAY        0.00          0.16  -0.16     0.11
  MONTH TO DATE    2.81          4.49  -1.68     1.98
  SINCE JUN 1     10.23          9.27   0.96     5.42
  SINCE JAN 1     19.33         23.42  -4.09    29.89

DEGREE DAYS
 HEATING
  YESTERDAY        0             0      0        0
  MONTH TO DATE    6             0      6        8
  SINCE JUN 1     12            16     -4       44
  SINCE JUL 1      6             0      6        8

 COOLING
  YESTERDAY        3            11     -8        6
  MONTH TO DATE  187           305   -118      251
  SINCE JUN 1    434           497    -63      458
  SINCE JAN 1    556           559     -3      526
......................................................


WIND (MPH)
  HIGHEST WIND SPEED    10   HIGHEST WIND DIRECTION    NE (40)
  HIGHEST GUST SPEED    14   HIGHEST GUST DIRECTION     N (20)
  AVERAGE WIND SPEED     2.9


SKY COVER
  AVERAGE SKY COVER 0.3


WEATHER CONDITIONS
 THE FOLLOWING WEATHER WAS RECORDED YESTERDAY.
  FOG


RELATIVE HUMIDITY (PERCENT)
 HIGHEST    93          1200 AM
 LOWEST     37           100 PM
 AVERAGE    65

..........................................................


THE KIRKSVILLE MO CLIMATE NORMALS FOR TODAY
                         NORMAL
 MAXIMUM TEMPERATURE (F)   86
 MINIMUM TEMPERATURE (F)   65


SUNRISE AND SUNSET
JULY 31 2014..........SUNRISE   607 AM CDT   SUNSET   825 PM CDT
AUGUST  1 2014........SUNRISE   608 AM CDT   SUNSET   824 PM CDT


-  INDICATES NEGATIVE NUMBERS.
R  INDICATES RECORD WAS SET OR TIED.
MM INDICATES DATA IS MISSING.
T  INDICATES TRACE AMOUNT.




$$
