000
CDUS43 KEAX 280033
CLIIRK


CLIMATE REPORT
NATIONAL WEATHER SERVICE KANSAS CITY/PLEASANT HILL MO
632 PM CST SAT DEC 27 2014


...................................

...THE KIRKSVILLE MO CLIMATE SUMMARY FOR DECEMBER 27 2014...
VALID TODAY AS OF 0600 PM LOCAL TIME.

CLIMATE NORMAL PERIOD 1981 TO 2010
CLIMATE RECORD PERIOD 9999 TO 9999


WEATHER ITEM   OBSERVED TIME   NORMAL DEPARTURE LAST
                VALUE   (LST)  VALUE  FROM      YEAR
                                      NORMAL
......................................................
TEMPERATURE (F)
 TODAY
  MAXIMUM         45    249 AM  35     10       49
  MINIMUM         30    559 PM  18     12       20
  AVERAGE         38            27     11       35

PRECIPITATION (IN)
  TODAY            0.01          0.04  -0.03     0.00
  MONTH TO DATE    0.90          1.59  -0.69     1.31
  SINCE DEC 1      0.90          1.59  -0.69     1.31
  SINCE JAN 1     44.53         39.15   5.38    38.22

DEGREE DAYS
 HEATING
  TODAY           27            38    -11       30
  MONTH TO DATE  792           967   -175     1075
  SINCE DEC 1    792           967   -175     1075
  SINCE JUL 1   2113          2188    -75     2342

 COOLING
  TODAY            0             0      0        0
  MONTH TO DATE    0             0      0        0
  SINCE DEC 1      0             0      0        0
  SINCE JAN 1    958           939     19     1028
......................................................


WIND (MPH)
  HIGHEST WIND SPEED    24   HIGHEST WIND DIRECTION     W (260)
  HIGHEST GUST SPEED    34   HIGHEST GUST DIRECTION     W (270)
  AVERAGE WIND SPEED     9.8


SKY COVER
  AVERAGE SKY COVER 1.0


WEATHER CONDITIONS
 THE FOLLOWING WEATHER WAS RECORDED TODAY.
  LIGHT RAIN
  FOG


RELATIVE HUMIDITY (PERCENT)
 HIGHEST   100           100 AM
 LOWEST     72           200 PM
 AVERAGE    86

..........................................................


THE KIRKSVILLE MO CLIMATE NORMALS FOR TOMORROW
                         NORMAL
 MAXIMUM TEMPERATURE (F)   35
 MINIMUM TEMPERATURE (F)   18


SUNRISE AND SUNSET
DECEMBER 27 2014......SUNRISE   731 AM CST   SUNSET   451 PM CST
DECEMBER 28 2014......SUNRISE   731 AM CST   SUNSET   452 PM CST


-  INDICATES NEGATIVE NUMBERS.
R  INDICATES RECORD WAS SET OR TIED.
MM INDICATES DATA IS MISSING.
T  INDICATES TRACE AMOUNT.




$$
