000
CDUS43 KEAX 170036
CLIIRK


CLIMATE REPORT
NATIONAL WEATHER SERVICE KANSAS CITY/PLEASANT HILL MO
736 PM CDT WED AUG 16 2017


...................................

...THE KIRKSVILLE MO CLIMATE SUMMARY FOR AUGUST 16 2017...
VALID TODAY AS OF 0700 PM LOCAL TIME.

CLIMATE NORMAL PERIOD 1981 TO 2010
CLIMATE RECORD PERIOD 9999 TO 9999


WEATHER ITEM   OBSERVED TIME   NORMAL DEPARTURE LAST
                VALUE   (LST)  VALUE  FROM      YEAR
                                      NORMAL
......................................................
TEMPERATURE (F)
 TODAY
  MAXIMUM         84    439 PM  85     -1       87
  MINIMUM         67    152 AM  64      3       61
  AVERAGE         76            74      2       74

PRECIPITATION (IN)
  TODAY            0.13          0.12   0.01     0.00
  MONTH TO DATE    0.45          1.80  -1.35     2.30
  SINCE JUN 1      6.37         11.24  -4.87     6.01
  SINCE JAN 1     19.79         25.39  -5.60    18.30

DEGREE DAYS
 HEATING
  TODAY            0             0      0        0
  MONTH TO DATE    1             0      1        0
  SINCE JUN 1      8            17     -9        6
  SINCE JUL 1      1             1      0        6

 COOLING
  TODAY           11             9      2        9
  MONTH TO DATE   98           159    -61      188
  SINCE JUN 1    751           664     87      870
  SINCE JAN 1    843           726    117      942
......................................................


WIND (MPH)
  HIGHEST WIND SPEED    24   HIGHEST WIND DIRECTION    SE (140)
  HIGHEST GUST SPEED    29   HIGHEST GUST DIRECTION    SE (140)
  AVERAGE WIND SPEED     9.6


SKY COVER
  AVERAGE SKY COVER 0.4


WEATHER CONDITIONS
 THE FOLLOWING WEATHER WAS RECORDED TODAY.
  THUNDERSTORM
  RAIN
  LIGHT RAIN
  FOG


RELATIVE HUMIDITY (PERCENT)
 HIGHEST   100           600 AM
 LOWEST     74          1200 PM
 AVERAGE    87

..........................................................


THE KIRKSVILLE MO CLIMATE NORMALS FOR TOMORROW
                         NORMAL
 MAXIMUM TEMPERATURE (F)   85
 MINIMUM TEMPERATURE (F)   63


SUNRISE AND SUNSET
AUGUST 16 2017........SUNRISE   623 AM CDT   SUNSET   805 PM CDT
AUGUST 17 2017........SUNRISE   624 AM CDT   SUNSET   804 PM CDT


-  INDICATES NEGATIVE NUMBERS.
R  INDICATES RECORD WAS SET OR TIED.
MM INDICATES DATA IS MISSING.
T  INDICATES TRACE AMOUNT.




$$
