000
CDUS43 KEAX 310030
CLIIRK


CLIMATE REPORT
NATIONAL WEATHER SERVICE KANSAS CITY/PLEASANT HILL MO
730 PM CDT TUE AUG 30 2016


...................................

...THE KIRKSVILLE MO CLIMATE SUMMARY FOR AUGUST 30 2016...
VALID TODAY AS OF 0700 PM LOCAL TIME.

CLIMATE NORMAL PERIOD 1981 TO 2010
CLIMATE RECORD PERIOD 9999 TO 9999


WEATHER ITEM   OBSERVED TIME   NORMAL DEPARTURE LAST
                VALUE   (LST)  VALUE  FROM      YEAR
                                      NORMAL
......................................................
TEMPERATURE (F)
 TODAY
  MAXIMUM         84    402 PM  82      2       84
  MINIMUM         69    546 AM  60      9       67
  AVERAGE         77            71      6       76

PRECIPITATION (IN)
  TODAY            0.64          0.17   0.47     0.00
  MONTH TO DATE    6.42          3.65   2.77     2.43
  SINCE JUN 1     10.13         13.09  -2.96    20.47
  SINCE JAN 1     22.42         27.24  -4.82    31.23

DEGREE DAYS
 HEATING
  TODAY            0             1     -1        0
  MONTH TO DATE    0             1     -1        8
  SINCE JUN 1      6            18    -12       28
  SINCE JUL 1      6             2      4       13

 COOLING
  TODAY           12             6      6       11
  MONTH TO DATE  319           269     50      222
  SINCE JUN 1   1001           774    227      796
  SINCE JAN 1   1073           836    237      864
......................................................


WIND (MPH)
  HIGHEST WIND SPEED    13   HIGHEST WIND DIRECTION    SW (230)
  HIGHEST GUST SPEED    18   HIGHEST GUST DIRECTION    SW (240)
  AVERAGE WIND SPEED     4.7


SKY COVER
  AVERAGE SKY COVER 0.2


WEATHER CONDITIONS
 THE FOLLOWING WEATHER WAS RECORDED TODAY.
  THUNDERSTORM
  HEAVY RAIN
  RAIN
  LIGHT RAIN
  FOG


RELATIVE HUMIDITY (PERCENT)
 HIGHEST    97           200 AM
 LOWEST     61           400 PM
 AVERAGE    79

..........................................................


THE KIRKSVILLE MO CLIMATE NORMALS FOR TOMORROW
                         NORMAL
 MAXIMUM TEMPERATURE (F)   82
 MINIMUM TEMPERATURE (F)   59


SUNRISE AND SUNSET
AUGUST 30 2016........SUNRISE   636 AM CDT   SUNSET   744 PM CDT
AUGUST 31 2016........SUNRISE   637 AM CDT   SUNSET   742 PM CDT


-  INDICATES NEGATIVE NUMBERS.
R  INDICATES RECORD WAS SET OR TIED.
MM INDICATES DATA IS MISSING.
T  INDICATES TRACE AMOUNT.




$$
