000
CDUS43 KEAX 100722
CLIIRK


CLIMATE REPORT
NATIONAL WEATHER SERVICE KANSAS CITY/PLEASANT HILL MO
121 AM CST WED FEB 10 2016


...................................

...THE KIRKSVILLE MO CLIMATE SUMMARY FOR FEBRUARY 9 2016...

CLIMATE NORMAL PERIOD 1981 TO 2010
CLIMATE RECORD PERIOD 9999 TO 9999


WEATHER ITEM   OBSERVED TIME   NORMAL DEPARTURE LAST
                VALUE   (LST)  VALUE  FROM      YEAR
                                      NORMAL
......................................................
TEMPERATURE (F)
 YESTERDAY
  MAXIMUM         25    326 PM  37    -12       34
  MINIMUM         13    617 AM  19     -6       25
  AVERAGE         19            28     -9       30

PRECIPITATION (IN)
  YESTERDAY        T             0.06  -0.06     0.00
  MONTH TO DATE    0.90          0.49   0.41     0.11
  SINCE DEC 1      6.35          3.51   2.84     2.61
  SINCE JAN 1      1.99          1.76   0.23     1.71

DEGREE DAYS
 HEATING
  YESTERDAY       46            37      9       35
  MONTH TO DATE  299           338    -39      363
  SINCE DEC 1   2242          2664   -422     2470
  SINCE JUL 1   3124          3885   -761     3791

 COOLING
  YESTERDAY        0             0      0        0
  MONTH TO DATE    0             0      0        0
  SINCE DEC 1      0             0      0        0
  SINCE JAN 1      0             0      0        0
......................................................


WIND (MPH)
  HIGHEST WIND SPEED    23   HIGHEST WIND DIRECTION    NW (320)
  HIGHEST GUST SPEED    34   HIGHEST GUST DIRECTION    NW (330)
  AVERAGE WIND SPEED    14.7


SKY COVER
  AVERAGE SKY COVER 0.6


WEATHER CONDITIONS
 THE FOLLOWING WEATHER WAS RECORDED YESTERDAY.
  LIGHT SNOW


RELATIVE HUMIDITY (PERCENT)
 HIGHEST    67           100 AM
 LOWEST     50           100 PM
 AVERAGE    59

..........................................................


THE KIRKSVILLE MO CLIMATE NORMALS FOR TODAY
                         NORMAL
 MAXIMUM TEMPERATURE (F)   38
 MINIMUM TEMPERATURE (F)   19


SUNRISE AND SUNSET
FEBRUARY 10 2016......SUNRISE   710 AM CST   SUNSET   539 PM CST
FEBRUARY 11 2016......SUNRISE   709 AM CST   SUNSET   541 PM CST


-  INDICATES NEGATIVE NUMBERS.
R  INDICATES RECORD WAS SET OR TIED.
MM INDICATES DATA IS MISSING.
T  INDICATES TRACE AMOUNT.




$$
