000
CDUS43 KEAX 010632
CLIIRK


CLIMATE REPORT
NATIONAL WEATHER SERVICE KANSAS CITY/PLEASANT HILL MO
132 AM CDT SAT OCT 1 2016


...................................

...THE KIRKSVILLE MO CLIMATE SUMMARY FOR SEPTEMBER 30 2016...

CLIMATE NORMAL PERIOD 1981 TO 2010
CLIMATE RECORD PERIOD 9999 TO 9999


WEATHER ITEM   OBSERVED TIME   NORMAL DEPARTURE LAST
                VALUE   (LST)  VALUE  FROM      YEAR
                                      NORMAL
......................................................
TEMPERATURE (F)
 YESTERDAY
  MAXIMUM         69   1136 AM  70     -1       67
  MINIMUM         51    636 AM  47      4       45
  AVERAGE         60            59      1       56

PRECIPITATION (IN)
  YESTERDAY        0.00          0.10  -0.10     0.00
  MONTH TO DATE    2.12          4.11  -1.99     1.60
  SINCE SEP 1      2.12          4.11  -1.99     1.60
  SINCE JAN 1     25.26         31.52  -6.26    32.83

DEGREE DAYS
 HEATING
  YESTERDAY        5             8     -3        9
  MONTH TO DATE   29           100    -71       40
  SINCE SEP 1     29           100    -71       40
  SINCE JUL 1     35           107    -72       53

 COOLING
  YESTERDAY        0             1     -1        0
  MONTH TO DATE  176            83     93      207
  SINCE SEP 1    176            83     93      207
  SINCE JAN 1   1254           927    327     1084
......................................................


WIND (MPH)
  HIGHEST WIND SPEED    16   HIGHEST WIND DIRECTION    NE (30)
  HIGHEST GUST SPEED    19   HIGHEST GUST DIRECTION     N (20)
  AVERAGE WIND SPEED     8.2


SKY COVER
  AVERAGE SKY COVER 0.6


WEATHER CONDITIONS
 THE FOLLOWING WEATHER WAS RECORDED YESTERDAY.
  HAZE


RELATIVE HUMIDITY (PERCENT)
 HIGHEST    89           600 AM
 LOWEST     63          1200 PM
 AVERAGE    76

..........................................................


THE KIRKSVILLE MO CLIMATE NORMALS FOR TODAY
                         NORMAL
 MAXIMUM TEMPERATURE (F)   70
 MINIMUM TEMPERATURE (F)   47


SUNRISE AND SUNSET
OCTOBER  1 2016.......SUNRISE   707 AM CDT   SUNSET   652 PM CDT
OCTOBER  2 2016.......SUNRISE   708 AM CDT   SUNSET   650 PM CDT


-  INDICATES NEGATIVE NUMBERS.
R  INDICATES RECORD WAS SET OR TIED.
MM INDICATES DATA IS MISSING.
T  INDICATES TRACE AMOUNT.




$$
