000
CDUS43 KEAX 220632
CLIIRK


CLIMATE REPORT
NATIONAL WEATHER SERVICE KANSAS CITY/PLEASANT HILL MO
132 AM CDT TUE JUL 22 2014


...................................

...THE KIRKSVILLE MO CLIMATE SUMMARY FOR JULY 21 2014...

CLIMATE NORMAL PERIOD 1981 TO 2010
CLIMATE RECORD PERIOD 9999 TO 9999


WEATHER ITEM   OBSERVED TIME   NORMAL DEPARTURE LAST
                VALUE   (LST)  VALUE  FROM      YEAR
                                      NORMAL
......................................................
TEMPERATURE (F)
 YESTERDAY
  MAXIMUM         89    241 PM  86      3       80
  MINIMUM         64    519 AM  65     -1       61
  AVERAGE         77            76      1       71

PRECIPITATION (IN)
  YESTERDAY        0.00          0.17  -0.17     0.16
  MONTH TO DATE    2.66          3.04  -0.38     0.16
  SINCE JUN 1     10.08          7.82   2.26     3.60
  SINCE JAN 1     19.18         21.97  -2.79    28.07

DEGREE DAYS
 HEATING
  YESTERDAY        0             0      0        0
  MONTH TO DATE    6             0      6        0
  SINCE JUN 1     12            16     -4       36
  SINCE JUL 1      6             0      6        0

 COOLING
  YESTERDAY       12            11      1        6
  MONTH TO DATE  121           206    -85      211
  SINCE JUN 1    368           398    -30      418
  SINCE JAN 1    490           460     30      486
......................................................


WIND (MPH)
  HIGHEST WIND SPEED    18   HIGHEST WIND DIRECTION     S (180)
  HIGHEST GUST SPEED    26   HIGHEST GUST DIRECTION     S (170)
  AVERAGE WIND SPEED     9.6


SKY COVER
  AVERAGE SKY COVER 0.0


WEATHER CONDITIONS
 THE FOLLOWING WEATHER WAS RECORDED YESTERDAY.
  FOG


RELATIVE HUMIDITY (PERCENT)
 HIGHEST    93           100 AM
 LOWEST     63           100 PM
 AVERAGE    78

..........................................................


THE KIRKSVILLE MO CLIMATE NORMALS FOR TODAY
                         NORMAL
 MAXIMUM TEMPERATURE (F)   86
 MINIMUM TEMPERATURE (F)   65


SUNRISE AND SUNSET
JULY 22 2014..........SUNRISE   559 AM CDT   SUNSET   833 PM CDT
JULY 23 2014..........SUNRISE   600 AM CDT   SUNSET   833 PM CDT


-  INDICATES NEGATIVE NUMBERS.
R  INDICATES RECORD WAS SET OR TIED.
MM INDICATES DATA IS MISSING.
T  INDICATES TRACE AMOUNT.




$$
