000
CDUS43 KEAX 180634
CLIIRK


CLIMATE REPORT
NATIONAL WEATHER SERVICE KANSAS CITY/PLEASANT HILL MO
1231 AM CST WED JAN 18 2017


...................................

...THE KIRKSVILLE MO CLIMATE SUMMARY FOR JANUARY 17 2017...

CLIMATE NORMAL PERIOD 1981 TO 2010
CLIMATE RECORD PERIOD 9999 TO 9999


WEATHER ITEM   OBSERVED TIME   NORMAL DEPARTURE LAST
                VALUE   (LST)  VALUE  FROM      YEAR
                                      NORMAL
......................................................
TEMPERATURE (F)
 YESTERDAY
  MAXIMUM         43   1202 AM  35      8       14
  MINIMUM         35   1159 PM  17     18       -2
  AVERAGE         39            26     13        6

PRECIPITATION (IN)
  YESTERDAY        0.00          0.05  -0.05     0.05
  MONTH TO DATE    1.55          0.56   0.99     0.72
  SINCE DEC 1      2.78          2.31   0.47     5.08
  SINCE JAN 1      1.55          0.56   0.99     0.72

DEGREE DAYS
 HEATING
  YESTERDAY       26            39    -13       59
  MONTH TO DATE  676           663     13      661
  SINCE DEC 1   1755          1785    -30     1408
  SINCE JUL 1   2477          3006   -529     2290

 COOLING
  YESTERDAY        0             0      0        0
  MONTH TO DATE    0             0      0        0
  SINCE DEC 1      0             0      0        0
  SINCE JAN 1      0             0      0        0
......................................................


WIND (MPH)
  HIGHEST WIND SPEED    15   HIGHEST WIND DIRECTION     W (270)
  HIGHEST GUST SPEED    20   HIGHEST GUST DIRECTION    SW (240)
  AVERAGE WIND SPEED     8.3


SKY COVER
  AVERAGE SKY COVER 1.0


WEATHER CONDITIONS
 THE FOLLOWING WEATHER WAS RECORDED YESTERDAY.
  FOG


RELATIVE HUMIDITY (PERCENT)
 HIGHEST   100          1200 AM
 LOWEST     89          1100 PM
 AVERAGE    95

..........................................................


THE KIRKSVILLE MO CLIMATE NORMALS FOR TODAY
                         NORMAL
 MAXIMUM TEMPERATURE (F)   35
 MINIMUM TEMPERATURE (F)   17


SUNRISE AND SUNSET
JANUARY 18 2017.......SUNRISE   729 AM CST   SUNSET   513 PM CST
JANUARY 19 2017.......SUNRISE   728 AM CST   SUNSET   514 PM CST


-  INDICATES NEGATIVE NUMBERS.
R  INDICATES RECORD WAS SET OR TIED.
MM INDICATES DATA IS MISSING.
T  INDICATES TRACE AMOUNT.




$$
