000
CDUS43 KEAX 240633
CLIIRK


CLIMATE REPORT
NATIONAL WEATHER SERVICE KANSAS CITY/PLEASANT HILL MO
132 AM CDT WED MAY 24 2017


...................................

...THE KIRKSVILLE MO CLIMATE SUMMARY FOR MAY 23 2017...

CLIMATE NORMAL PERIOD 1981 TO 2010
CLIMATE RECORD PERIOD 9999 TO 9999


WEATHER ITEM   OBSERVED TIME   NORMAL DEPARTURE LAST
                VALUE   (LST)  VALUE  FROM      YEAR
                                      NORMAL
......................................................
TEMPERATURE (F)
 YESTERDAY
  MAXIMUM         66    340 PM  75     -9       80
  MINIMUM         44   1128 PM  54    -10       53
  AVERAGE         55            64     -9       67

PRECIPITATION (IN)
  YESTERDAY        0.01          0.17  -0.16     0.00
  MONTH TO DATE    1.49          3.65  -2.16     3.04
  SINCE MAR 1     11.26         10.04   1.22     8.02
  SINCE JAN 1     13.12         12.84   0.28    10.61

DEGREE DAYS
 HEATING
  YESTERDAY       10             3      7        0
  MONTH TO DATE  133           133      0      170
  SINCE MAR 1   1061          1290   -229     1031
  SINCE JUL 1   4590          5823  -1233     4738

 COOLING
  YESTERDAY        0             2     -2        2
  MONTH TO DATE   56            32     24       11
  SINCE MAR 1     80            39     41       19
  SINCE JAN 1     80            39     41       19
......................................................


WIND (MPH)
  HIGHEST WIND SPEED    18   HIGHEST WIND DIRECTION    NW (310)
  HIGHEST GUST SPEED    23   HIGHEST GUST DIRECTION    NW (330)
  AVERAGE WIND SPEED     7.2


SKY COVER
  AVERAGE SKY COVER 0.7


WEATHER CONDITIONS
 THE FOLLOWING WEATHER WAS RECORDED YESTERDAY.
  FOG


RELATIVE HUMIDITY (PERCENT)
 HIGHEST   100          1200 AM
 LOWEST     52           500 PM
 AVERAGE    76

..........................................................


THE KIRKSVILLE MO CLIMATE NORMALS FOR TODAY
                         NORMAL
 MAXIMUM TEMPERATURE (F)   75
 MINIMUM TEMPERATURE (F)   55


SUNRISE AND SUNSET
MAY 24 2017...........SUNRISE   547 AM CDT   SUNSET   827 PM CDT
MAY 25 2017...........SUNRISE   547 AM CDT   SUNSET   828 PM CDT


-  INDICATES NEGATIVE NUMBERS.
R  INDICATES RECORD WAS SET OR TIED.
MM INDICATES DATA IS MISSING.
T  INDICATES TRACE AMOUNT.




$$
