000
CDUS43 KBIS 300026
CLIISN


CLIMATE REPORT
NATIONAL WEATHER SERVICE BISMARCK ND
626 PM CST THU JAN 29 2015


...................................

...THE WILLISTON ND CLIMATE SUMMARY FOR JANUARY 29 2015...
VALID TODAY AS OF 0600 PM LOCAL TIME.

CLIMATE NORMAL PERIOD 1981 TO 2010
CLIMATE RECORD PERIOD 1894 TO 2015


WEATHER ITEM   OBSERVED TIME   RECORD YEAR NORMAL DEPARTURE LAST
                VALUE   (LST)  VALUE       VALUE  FROM      YEAR
                                                  NORMAL
..................................................................
TEMPERATURE (F)
 TODAY
  MAXIMUM         33    447 PM  51    1931  23     10       22
  MINIMUM         20    901 AM -40    1966   1     19        4
  AVERAGE         27                        12     15       13

PRECIPITATION (IN)
  TODAY            0.00          0.28 1923   0.01  -0.01      T
  MONTH TO DATE    0.34                      0.56  -0.22     0.18
  SINCE DEC 1      0.37                      1.18  -0.81     1.25
  SINCE JAN 1      0.34                      0.56  -0.22     0.18

SNOWFALL (IN)
  TODAY           MM

DEGREE DAYS
 HEATING
  TODAY           38                        53    -15       52
  MONTH TO DATE 1362                      1571   -209     1426
  SINCE DEC 1   2763                      3156   -393     3201
  SINCE JUL 1   4956                      5318   -362     5275

 COOLING
  TODAY            0                         0      0        0
  MONTH TO DATE    0                         0      0        0
  SINCE DEC 1      0                         0      0        0
  SINCE JAN 1      0                         0      0        0
..................................................................


WIND (MPH)
  HIGHEST WIND SPEED    18   HIGHEST WIND DIRECTION    NW (310)
  HIGHEST GUST SPEED    23   HIGHEST GUST DIRECTION    NW (320)
  AVERAGE WIND SPEED     7.5


SKY COVER
  POSSIBLE SUNSHINE  MM
  AVERAGE SKY COVER 0.7


WEATHER CONDITIONS
 THE FOLLOWING WEATHER WAS RECORDED TODAY.
  NO SIGNIFICANT WEATHER WAS OBSERVED.


RELATIVE HUMIDITY (PERCENT)
 HIGHEST    88           500 AM
 LOWEST     63           300 PM
 AVERAGE    76

..........................................................


THE WILLISTON ND CLIMATE NORMALS FOR TOMORROW
                         NORMAL    RECORD    YEAR
 MAXIMUM TEMPERATURE (F)   23        51      2012
 MINIMUM TEMPERATURE (F)    2       -33      1996
                                             1969


SUNRISE AND SUNSET
JANUARY 29 2015.......SUNRISE   827 AM CST   SUNSET   549 PM CST
JANUARY 30 2015.......SUNRISE   825 AM CST   SUNSET   551 PM CST


-  INDICATES NEGATIVE NUMBERS.
R  INDICATES RECORD WAS SET OR TIED.
MM INDICATES DATA IS MISSING.
T  INDICATES TRACE AMOUNT.




$$
