000
CDUS43 KBIS 260734
CLIISN


CLIMATE REPORT
NATIONAL WEATHER SERVICE BISMARCK ND
233 AM CDT FRI MAY 26 2017


...................................

...THE WILLISTON ND CLIMATE SUMMARY FOR MAY 25 2017...

CLIMATE NORMAL PERIOD 1981 TO 2010
CLIMATE RECORD PERIOD 1894 TO 2017


WEATHER ITEM   OBSERVED TIME   RECORD YEAR NORMAL DEPARTURE LAST
                VALUE   (LST)  VALUE       VALUE  FROM      YEAR
                                                  NORMAL
..................................................................
TEMPERATURE (F)
 YESTERDAY
  MAXIMUM         65    652 PM  93    1931  70     -5       60
  MINIMUM         46    540 AM  27    1992  44      2       44
  AVERAGE         56                        57     -1       52

PRECIPITATION (IN)
  YESTERDAY        T             1.52 1965   0.07  -0.07     0.35
  MONTH TO DATE    0.98                      1.47  -0.49     0.56
  SINCE MAR 1      2.33                      3.18  -0.85     2.69
  SINCE JAN 1      3.47                      4.16  -0.69     3.82

SNOWFALL (IN)
  YESTERDAY       MM
  SNOW DEPTH      MM

DEGREE DAYS
 HEATING
  YESTERDAY        9                         9      0       13
  MONTH TO DATE  211                       303    -92      222
  SINCE MAR 1   1869                      2060   -191     1689
  SINCE JUL 1   7891                      8828   -937     7299

 COOLING
  YESTERDAY        0                         1     -1        0
  MONTH TO DATE   23                         1     22       10
  SINCE MAR 1     23                         2     21       10
  SINCE JAN 1     23                         2     21       10
..................................................................


WIND (MPH)
  HIGHEST WIND SPEED    25   HIGHEST WIND DIRECTION     W (270)
  HIGHEST GUST SPEED    36   HIGHEST GUST DIRECTION     W (270)
  AVERAGE WIND SPEED    13.5


SKY COVER
  POSSIBLE SUNSHINE  MM
  AVERAGE SKY COVER 0.6


WEATHER CONDITIONS
 THE FOLLOWING WEATHER WAS RECORDED YESTERDAY.
  NO SIGNIFICANT WEATHER WAS OBSERVED.


RELATIVE HUMIDITY (PERCENT)
 HIGHEST    93           200 AM
 LOWEST     43           700 PM
 AVERAGE    68

..........................................................


THE WILLISTON ND CLIMATE NORMALS FOR TODAY
                         NORMAL    RECORD    YEAR
 MAXIMUM TEMPERATURE (F)   71        98      1934
 MINIMUM TEMPERATURE (F)   44        26      1907


SUNRISE AND SUNSET
MAY 26 2017...........SUNRISE   603 AM CDT   SUNSET   941 PM CDT
MAY 27 2017...........SUNRISE   602 AM CDT   SUNSET   942 PM CDT


-  INDICATES NEGATIVE NUMBERS.
R  INDICATES RECORD WAS SET OR TIED.
MM INDICATES DATA IS MISSING.
T  INDICATES TRACE AMOUNT.




$$
