000
CDUS43 KBIS 180838
CLIISN


CLIMATE REPORT
NATIONAL WEATHER SERVICE BISMARCK ND
337 AM CDT FRI APR 18 2014


...................................

...THE WILLISTON ND CLIMATE SUMMARY FOR APRIL 17 2014...

CLIMATE NORMAL PERIOD 1981 TO 2010
CLIMATE RECORD PERIOD 1894 TO 2014


WEATHER ITEM   OBSERVED TIME   RECORD YEAR NORMAL DEPARTURE LAST
                VALUE   (LST)  VALUE       VALUE  FROM      YEAR
                                                  NORMAL
..................................................................
TEMPERATURE (F)
 YESTERDAY
  MAXIMUM         47    303 PM  83    2005  58    -11       32
                                      1994
  MINIMUM         23    744 AM  12    1970  30     -7       19
                                      1953
                                      1901
  AVERAGE         35                        44     -9       26

PRECIPITATION (IN)
  YESTERDAY        T             0.53 1918   0.03  -0.03     0.02
  MONTH TO DATE    0.18                      0.50  -0.32     0.54
  SINCE MAR 1      0.50                      1.21  -0.71     1.96
  SINCE JAN 1      0.94                      2.19  -1.25     2.53

SNOWFALL (IN)
  YESTERDAY       MM             5.4  1896   0.1   MM        0.5
  MONTH TO DATE   MM                         2.5   MM        7.7
  SINCE MAR 1     MM                         8.7   MM       23.8
  SINCE JUL 1     MM                        42.8   MM       55.8
  SNOW DEPTH      MM

DEGREE DAYS
 HEATING
  YESTERDAY       30                        21      9       39
  MONTH TO DATE  484                       414     70      586
  SINCE MAR 1   1687                      1521    166     2036
  SINCE JUL 1   8636                      8289    347     8624

 COOLING
  YESTERDAY        0                         0      0        0
  MONTH TO DATE    0                         0      0        0
  SINCE MAR 1      0                         0      0        0
  SINCE JAN 1      0                         0      0        0
..................................................................


WIND (MPH)
  HIGHEST WIND SPEED    21   HIGHEST WIND DIRECTION    SE (140)
  HIGHEST GUST SPEED    31   HIGHEST GUST DIRECTION    SE (130)
  AVERAGE WIND SPEED    14.6


SKY COVER
  POSSIBLE SUNSHINE  MM
  AVERAGE SKY COVER 0.6


WEATHER CONDITIONS
 THE FOLLOWING WEATHER WAS RECORDED YESTERDAY.
  LIGHT RAIN


RELATIVE HUMIDITY (PERCENT)
 HIGHEST    81           600 AM
 LOWEST     45           300 PM
 AVERAGE    63

..........................................................


THE WILLISTON ND CLIMATE NORMALS FOR TODAY
                         NORMAL    RECORD    YEAR
 MAXIMUM TEMPERATURE (F)   59        83      1980
                                             1923
 MINIMUM TEMPERATURE (F)   31        10      1953
                                             1928


SUNRISE AND SUNSET
APRIL 18 2014.........SUNRISE   659 AM CDT   SUNSET   850 PM CDT
APRIL 19 2014.........SUNRISE   657 AM CDT   SUNSET   851 PM CDT


-  INDICATES NEGATIVE NUMBERS.
R  INDICATES RECORD WAS SET OR TIED.
MM INDICATES DATA IS MISSING.
T  INDICATES TRACE AMOUNT.




$$
