000
CDUS43 KBIS 300731
CLIISN


CLIMATE REPORT
NATIONAL WEATHER SERVICE BISMARCK ND
230 AM CDT SAT APR 30 2016


...................................

...THE WILLISTON ND CLIMATE SUMMARY FOR APRIL 29 2016...

CLIMATE NORMAL PERIOD 1981 TO 2010
CLIMATE RECORD PERIOD 1894 TO 2016


WEATHER ITEM   OBSERVED TIME   RECORD YEAR NORMAL DEPARTURE LAST
                VALUE   (LST)  VALUE       VALUE  FROM      YEAR
                                                  NORMAL
..................................................................
TEMPERATURE (F)
 YESTERDAY
  MAXIMUM         61    606 PM  91    1949  63     -2       79
  MINIMUM         33    502 AM  12    1903  35     -2       34
  AVERAGE         47                        49     -2       57

PRECIPITATION (IN)
  YESTERDAY        0.00          0.75 2011   0.04  -0.04     0.00
  MONTH TO DATE    1.95                      0.95   1.00     0.27
  SINCE MAR 1      2.13                      1.66   0.47     0.74
  SINCE JAN 1      3.26                      2.64   0.62     1.68

SNOWFALL (IN)
  YESTERDAY       MM
  SNOW DEPTH      MM

DEGREE DAYS
 HEATING
  YESTERDAY       18                        16      2        8
  MONTH TO DATE  582                       634    -52      596
  SINCE MAR 1   1452                      1741   -289     1465
  SINCE JUL 1   7062                      8509  -1447     7981

 COOLING
  YESTERDAY        0                         0      0        0
  MONTH TO DATE    0                         0      0        0
  SINCE MAR 1      0                         0      0        0
  SINCE JAN 1      0                         0      0        0
..................................................................


WIND (MPH)
  HIGHEST WIND SPEED    18   HIGHEST WIND DIRECTION     E (110)
  HIGHEST GUST SPEED    26   HIGHEST GUST DIRECTION     E (110)
  AVERAGE WIND SPEED     9.0


SKY COVER
  POSSIBLE SUNSHINE  MM
  AVERAGE SKY COVER 0.3


WEATHER CONDITIONS
 THE FOLLOWING WEATHER WAS RECORDED YESTERDAY.
  NO SIGNIFICANT WEATHER WAS OBSERVED.


RELATIVE HUMIDITY (PERCENT)
 HIGHEST    69           500 AM
 LOWEST     27           400 PM
 AVERAGE    48

..........................................................


THE WILLISTON ND CLIMATE NORMALS FOR TODAY
                         NORMAL    RECORD    YEAR
 MAXIMUM TEMPERATURE (F)   63        91      1901
 MINIMUM TEMPERATURE (F)   35        13      1954
                                             1909


SUNRISE AND SUNSET
APRIL 30 2016.........SUNRISE   637 AM CDT   SUNSET   908 PM CDT
MAY  1 2016...........SUNRISE   635 AM CDT   SUNSET   909 PM CDT


-  INDICATES NEGATIVE NUMBERS.
R  INDICATES RECORD WAS SET OR TIED.
MM INDICATES DATA IS MISSING.
T  INDICATES TRACE AMOUNT.




$$
