000
CDUS43 KBIS 210812
CLIISN


CLIMATE REPORT
NATIONAL WEATHER SERVICE BISMARCK ND
211 AM CST SAT JAN 21 2017


...................................

...THE WILLISTON ND CLIMATE SUMMARY FOR JANUARY 20 2017...

CLIMATE NORMAL PERIOD 1981 TO 2010
CLIMATE RECORD PERIOD 1894 TO 2017


WEATHER ITEM   OBSERVED TIME   RECORD YEAR NORMAL DEPARTURE LAST
                VALUE   (LST)  VALUE       VALUE  FROM      YEAR
                                                  NORMAL
..................................................................
TEMPERATURE (F)
 YESTERDAY
  MAXIMUM         33    405 PM  48    1944  22     11       20
  MINIMUM          8    231 AM -38    1954   0      8        3
  AVERAGE         21                        11     10       12

PRECIPITATION (IN)
  YESTERDAY        0.00          0.33 1950   0.02  -0.02      T
  MONTH TO DATE    0.40                      0.42  -0.02     0.36
  SINCE DEC 1      1.36                      1.04   0.32     0.91
  SINCE JAN 1      0.40                      0.42  -0.02     0.36

SNOWFALL (IN)
  YESTERDAY       MM
  SNOW DEPTH      MM

DEGREE DAYS
 HEATING
  YESTERDAY       44                        54    -10       53
  MONTH TO DATE 1234                      1090    144     1075
  SINCE DEC 1   2743                      2675     68     2419
  SINCE JUL 1   4322                      4837   -515     4169

 COOLING
  YESTERDAY        0                         0      0        0
  MONTH TO DATE    0                         0      0        0
  SINCE DEC 1      0                         0      0        0
  SINCE JAN 1      0                         0      0        0
..................................................................


WIND (MPH)
  HIGHEST WIND SPEED    13   HIGHEST WIND DIRECTION     W (290)
  HIGHEST GUST SPEED    17   HIGHEST GUST DIRECTION     W (270)
  AVERAGE WIND SPEED     2.6


SKY COVER
  POSSIBLE SUNSHINE  MM
  AVERAGE SKY COVER 0.0


WEATHER CONDITIONS
 THE FOLLOWING WEATHER WAS RECORDED YESTERDAY.
  FOG


RELATIVE HUMIDITY (PERCENT)
 HIGHEST   100          1100 PM
 LOWEST     69           100 PM
 AVERAGE    85

..........................................................


THE WILLISTON ND CLIMATE NORMALS FOR TODAY
                         NORMAL    RECORD    YEAR
 MAXIMUM TEMPERATURE (F)   22        50      1968
 MINIMUM TEMPERATURE (F)    0       -39      1954


SUNRISE AND SUNSET
JANUARY 21 2017.......SUNRISE   835 AM CST   SUNSET   537 PM CST
JANUARY 22 2017.......SUNRISE   834 AM CST   SUNSET   539 PM CST


-  INDICATES NEGATIVE NUMBERS.
R  INDICATES RECORD WAS SET OR TIED.
MM INDICATES DATA IS MISSING.
T  INDICATES TRACE AMOUNT.




$$
