000
CDUS43 KBIS 260723
CLIISN


CLIMATE REPORT
NATIONAL WEATHER SERVICE BISMARCK ND
223 AM CDT WED JUL 26 2017


...................................

...THE WILLISTON ND CLIMATE SUMMARY FOR JULY 25 2017...

CLIMATE NORMAL PERIOD 1981 TO 2010
CLIMATE RECORD PERIOD 1894 TO 2017


WEATHER ITEM   OBSERVED TIME   RECORD YEAR NORMAL DEPARTURE LAST
                VALUE   (LST)  VALUE       VALUE  FROM      YEAR
                                                  NORMAL
..................................................................
TEMPERATURE (F)
 YESTERDAY
  MAXIMUM         89    432 PM 105    1931  86      3       92
  MINIMUM         63   1159 PM  44    1911  57      6       58
  AVERAGE         76                        71      5       75

PRECIPITATION (IN)
  YESTERDAY        T             0.57 1918   0.06  -0.06     0.00
  MONTH TO DATE    0.45                      2.17  -1.72     2.31
  SINCE JUN 1      1.74                      4.69  -2.95     4.15
  SINCE JAN 1      5.21                      9.30  -4.09     9.22

DEGREE DAYS
 HEATING
  YESTERDAY        0                         0      0        0
  MONTH TO DATE    0                        21    -21        1
  SINCE JUN 1     31                       141   -110       17
  SINCE JUL 1      0                        21    -21        1

 COOLING
  YESTERDAY       11                         7      4       10
  MONTH TO DATE  307                       140    167      174
  SINCE JUN 1    397                       208    189      270
  SINCE JAN 1    420                       221    199      280
..................................................................


WIND (MPH)
  HIGHEST WIND SPEED    21   HIGHEST WIND DIRECTION     N (340)
  HIGHEST GUST SPEED    27   HIGHEST GUST DIRECTION    NW (300)
  AVERAGE WIND SPEED    10.2


SKY COVER
  POSSIBLE SUNSHINE  MM
  AVERAGE SKY COVER 0.1


WEATHER CONDITIONS
 THE FOLLOWING WEATHER WAS RECORDED YESTERDAY.
  NO SIGNIFICANT WEATHER WAS OBSERVED.


RELATIVE HUMIDITY (PERCENT)
 HIGHEST    63           400 AM
 LOWEST     21           400 PM
 AVERAGE    42

..........................................................


THE WILLISTON ND CLIMATE NORMALS FOR TODAY
                         NORMAL    RECORD    YEAR
 MAXIMUM TEMPERATURE (F)   86       104      1929
 MINIMUM TEMPERATURE (F)   57        42      1994
                                             1967


SUNRISE AND SUNSET
JULY 26 2017..........SUNRISE   623 AM CDT   SUNSET   938 PM CDT
JULY 27 2017..........SUNRISE   624 AM CDT   SUNSET   937 PM CDT


-  INDICATES NEGATIVE NUMBERS.
R  INDICATES RECORD WAS SET OR TIED.
MM INDICATES DATA IS MISSING.
T  INDICATES TRACE AMOUNT.




$$
