603
CDUS43 KBIS 290725
CLIISN


CLIMATE REPORT
NATIONAL WEATHER SERVICE BISMARCK ND
225 AM CDT WED MAR 29 2017


...................................

...THE WILLISTON ND CLIMATE SUMMARY FOR MARCH 28 2017...

CLIMATE NORMAL PERIOD 1981 TO 2010
CLIMATE RECORD PERIOD 1894 TO 2017


WEATHER ITEM   OBSERVED TIME   RECORD YEAR NORMAL DEPARTURE LAST
                VALUE   (LST)  VALUE       VALUE  FROM      YEAR
                                                  NORMAL
..................................................................
TEMPERATURE (F)
 YESTERDAY
  MAXIMUM         58    339 PM  79    2015  47     11       55
  MINIMUM         34   1050 PM -17    1898  23     11       34
  AVERAGE         46                        35     11       45

PRECIPITATION (IN)
  YESTERDAY        0.02          0.64 1896   0.02   0.00     0.00
  MONTH TO DATE    0.67                      0.63   0.04     0.09
  SINCE MAR 1      0.67                      0.63   0.04     0.09
  SINCE JAN 1      1.81                      1.61   0.20     1.22

SNOWFALL (IN)
  YESTERDAY       MM
  SNOW DEPTH      MM

DEGREE DAYS
 HEATING
  YESTERDAY       19                        30    -11       20
  MONTH TO DATE  988                      1020    -32      790
  SINCE MAR 1    988                      1020    -32      790
  SINCE JUL 1   7010                      7788   -778     6400

 COOLING
  YESTERDAY        0                         0      0        0
  MONTH TO DATE    0                         0      0        0
  SINCE MAR 1      0                         0      0        0
  SINCE JAN 1      0                         0      0        0
..................................................................


WIND (MPH)
  HIGHEST WIND SPEED    17   HIGHEST WIND DIRECTION     W (270)
  HIGHEST GUST SPEED    22   HIGHEST GUST DIRECTION     W (260)
  AVERAGE WIND SPEED     6.1


SKY COVER
  POSSIBLE SUNSHINE  MM
  AVERAGE SKY COVER 0.7


WEATHER CONDITIONS
 THE FOLLOWING WEATHER WAS RECORDED YESTERDAY.
  LIGHT RAIN
  FOG
  FOG W/VISIBILITY <= 1/4 MILE
  HAZE


RELATIVE HUMIDITY (PERCENT)
 HIGHEST   100          1000 PM
 LOWEST     51           300 PM
 AVERAGE    76

..........................................................


THE WILLISTON ND CLIMATE NORMALS FOR TODAY
                         NORMAL    RECORD    YEAR
 MAXIMUM TEMPERATURE (F)   48        71      2010
 MINIMUM TEMPERATURE (F)   23       -16      1964


SUNRISE AND SUNSET
MARCH 29 2017.........SUNRISE   738 AM CDT   SUNSET   821 PM CDT
MARCH 30 2017.........SUNRISE   736 AM CDT   SUNSET   822 PM CDT


-  INDICATES NEGATIVE NUMBERS.
R  INDICATES RECORD WAS SET OR TIED.
MM INDICATES DATA IS MISSING.
T  INDICATES TRACE AMOUNT.




$$
