000
CDUS43 KBIS 140743
CLIISN


CLIMATE REPORT
NATIONAL WEATHER SERVICE BISMARCK ND
142 AM CST SUN FEB 14 2016


...................................

...THE WILLISTON ND CLIMATE SUMMARY FOR FEBRUARY 13 2016...

CLIMATE NORMAL PERIOD 1981 TO 2010
CLIMATE RECORD PERIOD 1894 TO 2016


WEATHER ITEM   OBSERVED TIME   RECORD YEAR NORMAL DEPARTURE LAST
                VALUE   (LST)  VALUE       VALUE  FROM      YEAR
                                                  NORMAL
..................................................................
TEMPERATURE (F)
 YESTERDAY
  MAXIMUM         32    946 PM  48    2006  27      5       39
                                      2005
                                      1984
  MINIMUM         12    131 AM -29    1936   6      6       20
                                      1909
  AVERAGE         22                        16      6       30

PRECIPITATION (IN)
  YESTERDAY        0.36R         0.20 1977   0.01   0.35      T
  MONTH TO DATE    0.58                      0.16   0.42     0.24
  SINCE DEC 1      1.51                      1.37   0.14     0.75
  SINCE JAN 1      0.96                      0.75   0.21     0.72

SNOWFALL (IN)
  YESTERDAY       MM
  SNOW DEPTH      MM

DEGREE DAYS
 HEATING
  YESTERDAY       43                        49     -6       35
  MONTH TO DATE  515                       657   -142      657
  SINCE DEC 1   3344                      3916   -572     3511
  SINCE JUL 1   5094                      6078   -984     5704

 COOLING
  YESTERDAY        0                         0      0        0
  MONTH TO DATE    0                         0      0        0
  SINCE DEC 1      0                         0      0        0
  SINCE JAN 1      0                         0      0        0
..................................................................


WIND (MPH)
  HIGHEST WIND SPEED    23   HIGHEST WIND DIRECTION    NW (320)
  HIGHEST GUST SPEED    27   HIGHEST GUST DIRECTION    NW (320)
  AVERAGE WIND SPEED     9.7


SKY COVER
  POSSIBLE SUNSHINE  MM
  AVERAGE SKY COVER 0.9


WEATHER CONDITIONS
 THE FOLLOWING WEATHER WAS RECORDED YESTERDAY.
  HEAVY SNOW
  SNOW
  LIGHT SNOW
  FOG
  FOG W/VISIBILITY <= 1/4 MILE


RELATIVE HUMIDITY (PERCENT)
 HIGHEST    92          1000 PM
 LOWEST     68           100 PM
 AVERAGE    80

..........................................................


THE WILLISTON ND CLIMATE NORMALS FOR TODAY
                         NORMAL    RECORD    YEAR
 MAXIMUM TEMPERATURE (F)   27        54      1981
 MINIMUM TEMPERATURE (F)    6       -39      1936


SUNRISE AND SUNSET
FEBRUARY 14 2016......SUNRISE   804 AM CST   SUNSET   614 PM CST
FEBRUARY 15 2016......SUNRISE   802 AM CST   SUNSET   616 PM CST


-  INDICATES NEGATIVE NUMBERS.
R  INDICATES RECORD WAS SET OR TIED.
MM INDICATES DATA IS MISSING.
T  INDICATES TRACE AMOUNT.




$$
