000
CDUS43 KBIS 301245
CLIISN


CLIMATE REPORT
NATIONAL WEATHER SERVICE BISMARCK ND
745 AM CDT SUN AUG 30 2015


...................................

...THE WILLISTON ND CLIMATE SUMMARY FOR AUGUST 29 2015...

CLIMATE NORMAL PERIOD 1981 TO 2010
CLIMATE RECORD PERIOD 1894 TO 2015


WEATHER ITEM   OBSERVED TIME   RECORD YEAR NORMAL DEPARTURE LAST
                VALUE   (LST)  VALUE       VALUE  FROM      YEAR
                                                  NORMAL
..................................................................
TEMPERATURE (F)
 YESTERDAY
  MAXIMUM         94    537 PM  99    2012  80     14       74
  MINIMUM         54    629 AM  34    1988  50      4       50
  AVERAGE         74                        65      9       62

PRECIPITATION (IN)
  YESTERDAY        0.00          0.70 1920   0.04  -0.04     0.02
  MONTH TO DATE    0.82                      1.36  -0.54     1.85
  SINCE JUN 1      4.27                      6.42  -2.15     3.95
  SINCE JAN 1      7.77                     11.03  -3.26     8.04

SNOWFALL (IN)
  YESTERDAY        0.0           0.0  2002   0.0    0.0     MM
                                      2001
  MONTH TO DATE    0.0                       0.0    0.0     MM
  SINCE JUN 1      0.0                       0.0    0.0     MM
  SINCE JUL 1      0.0                       0.0    0.0     MM
  SNOW DEPTH       0

DEGREE DAYS
 HEATING
  YESTERDAY        0                         3     -3        3
  MONTH TO DATE   31                        42    -11       38
  SINCE JUN 1     93                       186    -93      165
  SINCE JUL 1     39                        66    -27       55

 COOLING
  YESTERDAY        9                         3      6        0
  MONTH TO DATE  201                       160     41      178
  SINCE JUN 1    551                       410    141      370
  SINCE JAN 1    552                       423    129      391
..................................................................


WIND (MPH)
  HIGHEST WIND SPEED    10   HIGHEST WIND DIRECTION    NE (50)
  HIGHEST GUST SPEED    13   HIGHEST GUST DIRECTION    SW (230)
  AVERAGE WIND SPEED     3.6


SKY COVER
  POSSIBLE SUNSHINE  MM
  AVERAGE SKY COVER 0.3


WEATHER CONDITIONS
 THE FOLLOWING WEATHER WAS RECORDED YESTERDAY.
  FOG
  HAZE


RELATIVE HUMIDITY (PERCENT)
 HIGHEST    86           600 AM
 LOWEST     20           500 PM
 AVERAGE    53

..........................................................


THE WILLISTON ND CLIMATE NORMALS FOR TODAY
                         NORMAL    RECORD    YEAR
 MAXIMUM TEMPERATURE (F)   79        97      2008
                                             1983
                                             1981
 MINIMUM TEMPERATURE (F)   50        37      1935


SUNRISE AND SUNSET
AUGUST 30 2015........SUNRISE   709 AM CDT   SUNSET   840 PM CDT
AUGUST 31 2015........SUNRISE   711 AM CDT   SUNSET   838 PM CDT


-  INDICATES NEGATIVE NUMBERS.
R  INDICATES RECORD WAS SET OR TIED.
MM INDICATES DATA IS MISSING.
T  INDICATES TRACE AMOUNT.




$$
