000
CDUS43 KBIS 260724
CLIISN


CLIMATE REPORT
NATIONAL WEATHER SERVICE BISMARCK ND
223 AM CDT SAT JUL 26 2014


...................................

...THE WILLISTON ND CLIMATE SUMMARY FOR JULY 25 2014...

CLIMATE NORMAL PERIOD 1981 TO 2010
CLIMATE RECORD PERIOD 1894 TO 2014


WEATHER ITEM   OBSERVED TIME   RECORD YEAR NORMAL DEPARTURE LAST
                VALUE   (LST)  VALUE       VALUE  FROM      YEAR
                                                  NORMAL
..................................................................
TEMPERATURE (F)
 YESTERDAY
  MAXIMUM         86    412 PM 105    1931  86      0       69
  MINIMUM         53    539 AM  44    1911  57     -4       52
  AVERAGE         70                        71     -1       61

PRECIPITATION (IN)
  YESTERDAY        0.00          0.57 1918   0.06  -0.06     0.00
  MONTH TO DATE    0.56                      2.17  -1.61     1.75
  SINCE JUN 1      2.00                      4.69  -2.69     5.91
  SINCE JAN 1      6.09                      9.30  -3.21    13.72

SNOWFALL (IN)
  YESTERDAY       MM             0.0  2002   0.0   MM       MM
                                      2001
  MONTH TO DATE   MM                         0.0   MM       MM
  SINCE JUN 1      0.0                       0.0    0.0     MM
  SINCE JUL 1     MM                         0.0   MM       MM
  SNOW DEPTH      MM

DEGREE DAYS
 HEATING
  YESTERDAY        0                         0      0        4
  MONTH TO DATE   17                        21     -4        9
  SINCE JUN 1    127                       141    -14      137
  SINCE JUL 1     17                        21     -4        9

 COOLING
  YESTERDAY        5                         7     -2        0
  MONTH TO DATE  139                       140     -1      124
  SINCE JUN 1    167                       208    -41      151
  SINCE JAN 1    188                       221    -33      159
..................................................................


WIND (MPH)
  HIGHEST WIND SPEED    25   HIGHEST WIND DIRECTION    NW (330)
  HIGHEST GUST SPEED    31   HIGHEST GUST DIRECTION    NW (310)
  AVERAGE WIND SPEED    10.4


SKY COVER
  POSSIBLE SUNSHINE  MM
  AVERAGE SKY COVER 0.0


WEATHER CONDITIONS
 THE FOLLOWING WEATHER WAS RECORDED YESTERDAY.
  NO SIGNIFICANT WEATHER WAS OBSERVED.


RELATIVE HUMIDITY (PERCENT)
 HIGHEST    89           400 AM
 LOWEST     17           400 PM
 AVERAGE    53

..........................................................


THE WILLISTON ND CLIMATE NORMALS FOR TODAY
                         NORMAL    RECORD    YEAR
 MAXIMUM TEMPERATURE (F)   86       104      1929
 MINIMUM TEMPERATURE (F)   57        42      1994
                                             1967


SUNRISE AND SUNSET
JULY 26 2014..........SUNRISE   623 AM CDT   SUNSET   939 PM CDT
JULY 27 2014..........SUNRISE   624 AM CDT   SUNSET   937 PM CDT


-  INDICATES NEGATIVE NUMBERS.
R  INDICATES RECORD WAS SET OR TIED.
MM INDICATES DATA IS MISSING.
T  INDICATES TRACE AMOUNT.




$$
