000
CDUS43 KBIS 210726
CLIISN


CLIMATE REPORT
NATIONAL WEATHER SERVICE BISMARCK ND
226 AM CDT THU AUG 21 2014


...................................

...THE WILLISTON ND CLIMATE SUMMARY FOR AUGUST 20 2014...

CLIMATE NORMAL PERIOD 1981 TO 2010
CLIMATE RECORD PERIOD 1894 TO 2014


WEATHER ITEM   OBSERVED TIME   RECORD YEAR NORMAL DEPARTURE LAST
                VALUE   (LST)  VALUE       VALUE  FROM      YEAR
                                                  NORMAL
..................................................................
TEMPERATURE (F)
 YESTERDAY
  MAXIMUM         79    114 PM 101    1942  83     -4       91
  MINIMUM         61   1159 PM  36    1907  53      8       54
  AVERAGE         70                        68      2       73

PRECIPITATION (IN)
  YESTERDAY        0.20          1.15 1974   0.05   0.15     0.00
  MONTH TO DATE    0.58                      0.96  -0.38     1.76
  SINCE JUN 1      2.68                      6.02  -3.34     7.67
  SINCE JAN 1      6.77                     10.63  -3.86    15.48

SNOWFALL (IN)
  YESTERDAY        0.0           0.0  2002   0.0    0.0     MM
                                      2001
  MONTH TO DATE    0.0                       0.0    0.0     MM
  SINCE JUN 1      0.0                       0.0    0.0     MM
  SINCE JUL 1      0.0                       0.0    0.0     MM
  SNOW DEPTH       0

DEGREE DAYS
 HEATING
  YESTERDAY        0                         2     -2        0
  MONTH TO DATE    1                        21    -20       21
  SINCE JUN 1    128                       165    -37      174
  SINCE JUL 1     18                        45    -27       46

 COOLING
  YESTERDAY        5                         5      0        8
  MONTH TO DATE  167                       126     41       62
  SINCE JUN 1    359                       376    -17      215
  SINCE JAN 1    380                       389     -9      223
..................................................................


WIND (MPH)
  HIGHEST WIND SPEED    13   HIGHEST WIND DIRECTION     S (180)
  HIGHEST GUST SPEED    17   HIGHEST GUST DIRECTION     S (190)
  AVERAGE WIND SPEED     4.4


SKY COVER
  POSSIBLE SUNSHINE  MM
  AVERAGE SKY COVER 0.3


WEATHER CONDITIONS
 THE FOLLOWING WEATHER WAS RECORDED YESTERDAY.
  THUNDERSTORM
  HEAVY RAIN
  RAIN
  LIGHT RAIN
  FOG
  HAZE


RELATIVE HUMIDITY (PERCENT)
 HIGHEST    93          1100 PM
 LOWEST     60          1200 AM
 AVERAGE    77

..........................................................


THE WILLISTON ND CLIMATE NORMALS FOR TODAY
                         NORMAL    RECORD    YEAR
 MAXIMUM TEMPERATURE (F)   83        99      1971
                                             1969
 MINIMUM TEMPERATURE (F)   53        34      1907


SUNRISE AND SUNSET
AUGUST 21 2014........SUNRISE   657 AM CDT   SUNSET   857 PM CDT
AUGUST 22 2014........SUNRISE   659 AM CDT   SUNSET   855 PM CDT


-  INDICATES NEGATIVE NUMBERS.
R  INDICATES RECORD WAS SET OR TIED.
MM INDICATES DATA IS MISSING.
T  INDICATES TRACE AMOUNT.




$$
