000
CDUS41 KOKX 300618
CLIISP


CLIMATE REPORT
NATIONAL WEATHER SERVICE NEW YORK NY
218 AM EDT MON MAR 30 2015


...................................

...THE ISLIP NY CLIMATE SUMMARY FOR MARCH 29 2015...

CLIMATE NORMAL PERIOD 1981 TO 2010
CLIMATE RECORD PERIOD 1986 TO 2015


WEATHER ITEM   OBSERVED TIME   RECORD YEAR NORMAL DEPARTURE LAST
                VALUE   (LST)  VALUE       VALUE  FROM      YEAR
                                                  NORMAL
..................................................................
TEMPERATURE (F)
 YESTERDAY
  MAXIMUM         43    514 PM  81    1998  51     -8       55
  MINIMUM         25R   713 AM  29    2011  35    -10       36
                                      2008
                                      2006
  AVERAGE         34                        43     -9       46

PRECIPITATION (IN)
  YESTERDAY        T             2.68 2014   0.14  -0.14     2.68
  MONTH TO DATE    4.98                      4.16   0.82     3.98
  SINCE MAR 1      4.98                      4.16   0.82     3.98
  SINCE JAN 1     12.92                     11.06   1.86    12.32

SNOWFALL (IN)
  YESTERDAY        T             3.0  1996   0.1   -0.1      0.0
  MONTH TO DATE   19.7                       4.4   15.3      0.8
  SINCE OCT 1     63.7                      24.1   39.6     58.9
  SINCE JUL 1     63.7                      24.1   39.6     58.9
  SNOW DEPTH       1

DEGREE DAYS
 HEATING
  YESTERDAY       31                        22      9       19
  MONTH TO DATE  872                       754    118      855
  SINCE MAR 1    872                       754    118      855
  SINCE JUL 1   4892                      4649    243     4808

 COOLING
  YESTERDAY        0                         0      0        0
  MONTH TO DATE    0                         0      0        0
  SINCE MAR 1      0                         0      0        0
  SINCE JAN 1      0                         0      0        0
..................................................................


WIND (MPH)
  HIGHEST WIND SPEED    21   HIGHEST WIND DIRECTION    NW (330)
  HIGHEST GUST SPEED    26   HIGHEST GUST DIRECTION    NW (330)
  AVERAGE WIND SPEED    11.9


SKY COVER
  AVERAGE SKY COVER 0.4


WEATHER CONDITIONS
 THE FOLLOWING WEATHER WAS RECORDED YESTERDAY.
  LIGHT SNOW
  HAZE


RELATIVE HUMIDITY (PERCENT)
 HIGHEST    81          1200 AM
 LOWEST     22           400 PM
 AVERAGE    52

..........................................................


THE ISLIP NY CLIMATE NORMALS FOR TODAY
                         NORMAL    RECORD    YEAR
 MAXIMUM TEMPERATURE (F)   52        72      1998
 MINIMUM TEMPERATURE (F)   35        25      2008


SUNRISE AND SUNSET
MARCH 30 2015.........SUNRISE   640 AM EDT   SUNSET   715 PM EDT
MARCH 31 2015.........SUNRISE   638 AM EDT   SUNSET   716 PM EDT


-  INDICATES NEGATIVE NUMBERS.
R  INDICATES RECORD WAS SET OR TIED.
MM INDICATES DATA IS MISSING.
T  INDICATES TRACE AMOUNT.




$$
