000
CDUS41 KOKX 270616
CLIISP


CLIMATE REPORT
NATIONAL WEATHER SERVICE NEW YORK NY
216 AM EDT WED MAY 27 2015


...................................

...THE ISLIP NY CLIMATE SUMMARY FOR MAY 26 2015...

CLIMATE NORMAL PERIOD 1981 TO 2010
CLIMATE RECORD PERIOD 1986 TO 2015


WEATHER ITEM   OBSERVED TIME   RECORD YEAR NORMAL DEPARTURE LAST
                VALUE   (LST)  VALUE       VALUE  FROM      YEAR
                                                  NORMAL
..................................................................
TEMPERATURE (F)
 YESTERDAY
  MAXIMUM         76   1241 PM  92    2010  71      5       86
  MINIMUM         60    457 AM  37    1992  53      7       57
  AVERAGE         68                        62      6       72

PRECIPITATION (IN)
  YESTERDAY        0.00          2.85 2003   0.13  -0.13     0.00
  MONTH TO DATE    0.42                      3.09  -2.67     2.65
  SINCE MAR 1      7.15                     11.87  -4.72    13.39
  SINCE JAN 1     15.09                     18.77  -3.68    21.73

SNOWFALL (IN)
  YESTERDAY        0.0          MM      MM   0.0    0.0      0.0
  MONTH TO DATE    0.0                       0.0    0.0      0.0
  SINCE OCT 1     63.7                      24.8   38.9     63.7
  SINCE JUL 1     63.7                      24.8   38.9     63.7
  SNOW DEPTH       0

DEGREE DAYS
 HEATING
  YESTERDAY        0                         5     -5        0
  MONTH TO DATE  112                       200    -88      104
  SINCE MAR 1   1491                      1476     15     1481
  SINCE JUL 1   5511                      5371    140     5434

 COOLING
  YESTERDAY        3                         1      2        7
  MONTH TO DATE   29                        10     19       20
  SINCE MAR 1     29                        12     17       20
  SINCE JAN 1     29                        12     17       20
..................................................................


WIND (MPH)
  HIGHEST WIND SPEED    23   HIGHEST WIND DIRECTION    SW (220)
  HIGHEST GUST SPEED    32   HIGHEST GUST DIRECTION    SW (220)
  AVERAGE WIND SPEED    14.3


SKY COVER
  AVERAGE SKY COVER 0.5


WEATHER CONDITIONS
 THE FOLLOWING WEATHER WAS RECORDED YESTERDAY.
  NO SIGNIFICANT WEATHER WAS OBSERVED.


RELATIVE HUMIDITY (PERCENT)
 HIGHEST    90           500 AM
 LOWEST     60          1200 PM
 AVERAGE    75

..........................................................


THE ISLIP NY CLIMATE NORMALS FOR TODAY
                         NORMAL    RECORD    YEAR
 MAXIMUM TEMPERATURE (F)   71        88      2014
 MINIMUM TEMPERATURE (F)   53        43      2013
                                             1997


SUNRISE AND SUNSET
MAY 27 2015...........SUNRISE   526 AM EDT   SUNSET   814 PM EDT
MAY 28 2015...........SUNRISE   525 AM EDT   SUNSET   814 PM EDT


-  INDICATES NEGATIVE NUMBERS.
R  INDICATES RECORD WAS SET OR TIED.
MM INDICATES DATA IS MISSING.
T  INDICATES TRACE AMOUNT.




$$
