000
CDUS41 KOKX 220617
CLIISP


CLIMATE REPORT
NATIONAL WEATHER SERVICE NEW YORK NY
217 AM EDT MON SEP 22 2014


...................................

...THE ISLIP NY CLIMATE SUMMARY FOR SEPTEMBER 21 2014...

CLIMATE NORMAL PERIOD 1981 TO 2010
CLIMATE RECORD PERIOD 1986 TO 2014


WEATHER ITEM   OBSERVED TIME   RECORD YEAR NORMAL DEPARTURE LAST
                VALUE   (LST)  VALUE       VALUE  FROM      YEAR
                                                  NORMAL
..................................................................
TEMPERATURE (F)
 YESTERDAY
  MAXIMUM         76    307 PM  82    1989  72      4       76
  MINIMUM         67   1029 PM  43    1991  55     12       55
  AVERAGE         72                        64      8       66

PRECIPITATION (IN)
  YESTERDAY        0.31          0.58 2001   0.13   0.18      T
  MONTH TO DATE    1.08                      2.46  -1.38     1.23
  SINCE SEP 1      1.08                      2.46  -1.38     1.23
  SINCE JAN 1     41.64                     33.60   8.04    29.79

SNOWFALL (IN)
  YESTERDAY        0.0          MM      MM   0.0    0.0      0.0
  MONTH TO DATE    0.0                       0.0    0.0      0.0
  SINCE OCT 1     63.7                      24.8   38.9     46.9
  SINCE JUL 1      0.0                       0.0    0.0      0.0
  SNOW DEPTH       0

DEGREE DAYS
 HEATING
  YESTERDAY        0                         3     -3        0
  MONTH TO DATE   28                        31     -3       43
  SINCE SEP 1     28                        31     -3       43
  SINCE JUL 1     28                        36     -8       43

 COOLING
  YESTERDAY        7                         2      5        1
  MONTH TO DATE  110                        80     30       84
  SINCE SEP 1    110                        80     30       84
  SINCE JAN 1    857                       766     91      931
..................................................................


WIND (MPH)
  HIGHEST WIND SPEED    15   HIGHEST WIND DIRECTION     S (170)
  HIGHEST GUST SPEED    22   HIGHEST GUST DIRECTION     S (170)
  AVERAGE WIND SPEED     5.8


SKY COVER
  AVERAGE SKY COVER 0.8


WEATHER CONDITIONS
 THE FOLLOWING WEATHER WAS RECORDED YESTERDAY.
  THUNDERSTORM
  RAIN
  LIGHT RAIN
  FOG


RELATIVE HUMIDITY (PERCENT)
 HIGHEST   100          1000 PM
 LOWEST     79           900 AM
 AVERAGE    90

..........................................................


THE ISLIP NY CLIMATE NORMALS FOR TODAY
                         NORMAL    RECORD    YEAR
 MAXIMUM TEMPERATURE (F)   72        83      2005
 MINIMUM TEMPERATURE (F)   55        38      1997


SUNRISE AND SUNSET
SEPTEMBER 22 2014.....SUNRISE   640 AM EDT   SUNSET   650 PM EDT
SEPTEMBER 23 2014.....SUNRISE   641 AM EDT   SUNSET   648 PM EDT


-  INDICATES NEGATIVE NUMBERS.
R  INDICATES RECORD WAS SET OR TIED.
MM INDICATES DATA IS MISSING.
T  INDICATES TRACE AMOUNT.




$$
