000
CDCA42 TJSJ 180434
CLIIST


CLIMATE REPORT
NATIONAL WEATHER SERVICE SAN JUAN, PR
1234 AM AST THU DEC 18 2014


...................................

...THE CYRIL E. KING AIRPORT/USVI CLIMATE SUMMARY FOR DECEMBER 17 2014...

CLIMATE NORMAL PERIOD 1981 TO 2010
CLIMATE RECORD PERIOD 1953 TO 2014


WEATHER ITEM   OBSERVED TIME   RECORD YEAR NORMAL DEPARTURE LAST
                VALUE   (LST)  VALUE       VALUE  FROM      YEAR
                                                  NORMAL
..................................................................
TEMPERATURE (F)
 YESTERDAY
  MAXIMUM         85    112 PM  91    1994  86     -1       85
  MINIMUM         76    647 AM  65    1972  73      3       74
  AVERAGE         81                        80      1       80

PRECIPITATION (IN)
  YESTERDAY        0.00          1.13 2002   0.09  -0.09     0.13
  MONTH TO DATE    2.45                      1.71   0.74     5.94
  SINCE DEC 1      2.45                      1.71   0.74     5.94
  SINCE JAN 1     35.18                     38.09  -2.91    53.82

SNOWFALL (IN)
  YESTERDAY        0.0
  MONTH TO DATE    0.0
  SINCE DEC 1      0.0
  SINCE JUL 1      0.0

DEGREE DAYS
 HEATING
  YESTERDAY        0                         0      0        0
  MONTH TO DATE    0                         0      0        0
  SINCE DEC 1      0                         0      0        0
  SINCE JUL 1      0                         0      0        0

 COOLING
  YESTERDAY       16                        14      2       15
  MONTH TO DATE  248                       254     -6      249
  SINCE DEC 1    248                       254     -6      249
  SINCE JAN 1   5794                      5848    -54     5810
..................................................................


WIND (MPH)
  RESULTANT WIND SPEED  11   RESULTANT WIND DIRECTION  NE (60)
  HIGHEST WIND SPEED    20   HIGHEST WIND DIRECTION    NE (40)
  AVERAGE WIND SPEED    10.9


SKY COVER
  AVERAGE SKY COVER 0.2


WEATHER CONDITIONS
 THE FOLLOWING WEATHER WAS RECORDED YESTERDAY.
  NO SIGNIFICANT WEATHER WAS OBSERVED.


RELATIVE HUMIDITY (PERCENT)
 HIGHEST    82
 LOWEST     74
 AVERAGE    78

..........................................................


THE CYRIL E. KING AIRPORT/USVI CLIMATE NORMALS FOR TODAY
                         NORMAL    RECORD    YEAR
 MAXIMUM TEMPERATURE (F)   86        91      1994
 MINIMUM TEMPERATURE (F)   73        65      1982


SUNRISE AND SUNSET
DECEMBER 18 2014......SUNRISE   645 AM AST   SUNSET   548 PM AST
DECEMBER 19 2014......SUNRISE   646 AM AST   SUNSET   548 PM AST


-  INDICATES NEGATIVE NUMBERS.
R  INDICATES RECORD WAS SET OR TIED.
MM INDICATES DATA IS MISSING.
T  INDICATES TRACE AMOUNT.




$$
