000
CDCA42 TJSJ 160426
CLIISX


CLIMATE REPORT
NATIONAL WEATHER SERVICE SAN JUAN, PR
1226 AM AST WED APR 16 2014


...................................

...THE HENRY E. ROHLSEN AIRPORT/USVI CLIMATE SUMMARY FOR APRIL 15 2014...

CLIMATE NORMAL PERIOD 1981 TO 2010
CLIMATE RECORD PERIOD 1951 TO 2014


WEATHER ITEM   OBSERVED TIME   RECORD YEAR NORMAL DEPARTURE LAST
                VALUE   (LST)  VALUE       VALUE  FROM      YEAR
                                                  NORMAL
..................................................................
TEMPERATURE (F)
 YESTERDAY
  MAXIMUM         86        MM  89    1993  86      0       87
  MINIMUM         73        MM  62    1974  74     -1       77
  AVERAGE         80                        80      0       82

PRECIPITATION (IN)
  YESTERDAY        T             1.24 1956   0.06  -0.06      T
  MONTH TO DATE    2.03                      0.93   1.10     0.54
  SINCE MAR 1      3.80                      2.49   1.31     3.03
  SINCE JAN 1      5.96                      6.28  -0.32     4.69

SNOWFALL (IN)
  YESTERDAY        0.0
  MONTH TO DATE    0.0
  SINCE MAR 1      0.0
  SINCE JUL 1      0.0

DEGREE DAYS
 HEATING
  YESTERDAY        0                         0      0        0
  MONTH TO DATE    0                         0      0        0
  SINCE MAR 1      0                         0      0        0
  SINCE JUL 1      0                         0      0        0

 COOLING
  YESTERDAY       15                        15      0       17
  MONTH TO DATE  218                       218      0      233
  SINCE MAR 1    651                       638     13      619
  SINCE JAN 1   1500                      1415     85     1369
..................................................................


WIND (MPH)
  RESULTANT WIND SPEED   8   RESULTANT WIND DIRECTION   E (100)
  HIGHEST WIND SPEED    14   HIGHEST WIND DIRECTION    SE (120)
  HIGHEST GUST SPEED    22   HIGHEST GUST DIRECTION     E (110)
  AVERAGE WIND SPEED     8.8


SKY COVER
  POSSIBLE SUNSHINE  MM
  AVERAGE SKY COVER 0.4


WEATHER CONDITIONS
 THE FOLLOWING WEATHER WAS RECORDED YESTERDAY.
  LIGHT RAIN


RELATIVE HUMIDITY (PERCENT)
 HIGHEST    84
 LOWEST     61
 AVERAGE    73

..........................................................


THE HENRY E. ROHLSEN AIRPORT/USVI CLIMATE NORMALS FOR TODAY
                         NORMAL    RECORD    YEAR
 MAXIMUM TEMPERATURE (F)   86        88      2000
                                             1999
                                             1994
 MINIMUM TEMPERATURE (F)   74        63      1954
                                             1987
                                             1982


SUNRISE AND SUNSET
APRIL 16 2014.........SUNRISE   602 AM AST   SUNSET   636 PM AST
APRIL 17 2014.........SUNRISE   602 AM AST   SUNSET   636 PM AST


-  INDICATES NEGATIVE NUMBERS.
R  INDICATES RECORD WAS SET OR TIED.
MM INDICATES DATA IS MISSING.
T  INDICATES TRACE AMOUNT.




$$
