000
CDHW43 PHFO 211245
CLIITO


CLIMATE REPORT
NATIONAL WEATHER SERVICE HONOLULU HI
245 AM HST THU AUG 21 2014


...................................

...THE HILO HI CLIMATE SUMMARY FOR AUGUST 20 2014...

CLIMATE NORMAL PERIOD 1981 TO 2010
CLIMATE RECORD PERIOD 1946 TO 2014


WEATHER ITEM   OBSERVED TIME   RECORD YEAR NORMAL DEPARTURE LAST
                VALUE   (LST)  VALUE       VALUE  FROM      YEAR
                                                  NORMAL
..................................................................
TEMPERATURE (F)
 YESTERDAY
  MAXIMUM         86   1151 AM  89    1963  83      3       83
  MINIMUM         69    636 AM  64    1983  70     -1       71
  AVERAGE         78                        77      1       77

PRECIPITATION (IN)
  YESTERDAY        1.50          3.85 1989   0.31   1.19     0.09
  MONTH TO DATE    9.07                      6.60   2.47     8.15
  SINCE JUN 1     31.63                     24.78   6.85    16.95
  SINCE JAN 1     79.37                     76.69   2.68    63.99

SNOWFALL (IN)
  YESTERDAY        0.0
  MONTH TO DATE    0.0
  SINCE JUN 1      0.0
  SINCE JUL 1      0.0
  SNOW DEPTH       0

DEGREE DAYS
 HEATING
  YESTERDAY        0                         0      0        0
  MONTH TO DATE    0                         0      0        0
  SINCE JUN 1      0                         0      0        0
  SINCE JUL 1      0                         0      0        0

 COOLING
  YESTERDAY       13                        11      2       12
  MONTH TO DATE  265                       220     45      232
  SINCE JUN 1    877                       869      8      934
  SINCE JAN 1   2133                      1937    196     2087
..................................................................


WIND (MPH)
  HIGHEST WIND SPEED    16   HIGHEST WIND DIRECTION     E (80)
  HIGHEST GUST SPEED    20   HIGHEST GUST DIRECTION    NE (60)
  AVERAGE WIND SPEED     7.5


SKY COVER
  POSSIBLE SUNSHINE  MM
  AVERAGE SKY COVER 0.7


WEATHER CONDITIONS
 THE FOLLOWING WEATHER WAS RECORDED YESTERDAY.
  HEAVY RAIN
  RAIN
  LIGHT RAIN
  FOG


RELATIVE HUMIDITY (PERCENT)
 HIGHEST   100          1100 PM
 LOWEST     61          1000 AM
 AVERAGE    81

..........................................................


THE HILO HI CLIMATE NORMALS FOR TODAY
                         NORMAL    RECORD    YEAR
 MAXIMUM TEMPERATURE (F)   83        87      2008
                                             1995
                                             1987
 MINIMUM TEMPERATURE (F)   70        65      1979
                                             1966
                                             1961


SUNRISE AND SUNSET
AUGUST 21 2014........SUNRISE   602 AM HST   SUNSET   644 PM HST
AUGUST 22 2014........SUNRISE   603 AM HST   SUNSET   643 PM HST


-  INDICATES NEGATIVE NUMBERS.
R  INDICATES RECORD WAS SET OR TIED.
MM INDICATES DATA IS MISSING.
T  INDICATES TRACE AMOUNT.




$$
