000
CDHW43 PHFO 241245
CLIITO


CLIMATE REPORT
NATIONAL WEATHER SERVICE HONOLULU HI
245 AM HST TUE JAN 24 2017


...................................

...THE HILO HI CLIMATE SUMMARY FOR JANUARY 23 2017...

CLIMATE NORMAL PERIOD 1981 TO 2010
CLIMATE RECORD PERIOD 1946 TO 2017


WEATHER ITEM   OBSERVED TIME   RECORD YEAR NORMAL DEPARTURE LAST
                VALUE   (LST)  VALUE       VALUE  FROM      YEAR
                                                  NORMAL
..................................................................
TEMPERATURE (F)
 YESTERDAY
  MAXIMUM         76    246 PM  87    1983  79     -3       83
  MINIMUM         66    422 AM  54    1969  64      2       67
                                      1963
  AVERAGE         71                        71      0       75

PRECIPITATION (IN)
  YESTERDAY        0.95          5.35 1965   0.34   0.61     0.20
  MONTH TO DATE    2.82                      6.60  -3.78     1.09
  SINCE DEC 1     23.22                     18.17   5.05    15.19
  SINCE JAN 1      2.82                      6.60  -3.78     1.09

SNOWFALL (IN)
  YESTERDAY        0.0
  MONTH TO DATE    0.0
  SINCE DEC 1      0.0
  SINCE JUL 1      0.0
  SNOW DEPTH       0

DEGREE DAYS
 HEATING
  YESTERDAY        0                         0      0        0
  MONTH TO DATE    0                         0      0        0
  SINCE DEC 1      0                         0      0        0
  SINCE JUL 1      0                         0      0        0

 COOLING
  YESTERDAY        6                         6      0       10
  MONTH TO DATE  156                       149      7      203
  SINCE DEC 1    386                       374     12      509
  SINCE JAN 1    156                       149      7      203
..................................................................


WIND (MPH)
  HIGHEST WIND SPEED    20   HIGHEST WIND DIRECTION     E (90)
  HIGHEST GUST SPEED    23   HIGHEST GUST DIRECTION     E (90)
  AVERAGE WIND SPEED     6.8


SKY COVER
  POSSIBLE SUNSHINE  MM
  AVERAGE SKY COVER 0.9


WEATHER CONDITIONS
 THE FOLLOWING WEATHER WAS RECORDED YESTERDAY.
  HEAVY RAIN
  RAIN
  LIGHT RAIN
  FOG
  HAZE


RELATIVE HUMIDITY (PERCENT)
 HIGHEST   100           200 AM
 LOWEST     84           500 PM
 AVERAGE    92

..........................................................


THE HILO HI CLIMATE NORMALS FOR TODAY
                         NORMAL    RECORD    YEAR
 MAXIMUM TEMPERATURE (F)   79        89      1967
 MINIMUM TEMPERATURE (F)   64        55      1961


SUNRISE AND SUNSET
JANUARY 24 2017.......SUNRISE   657 AM HST   SUNSET   608 PM HST
JANUARY 25 2017.......SUNRISE   657 AM HST   SUNSET   609 PM HST


-  INDICATES NEGATIVE NUMBERS.
R  INDICATES RECORD WAS SET OR TIED.
MM INDICATES DATA IS MISSING.
T  INDICATES TRACE AMOUNT.




$$
