000
CDHW43 PHFO 210239
CLIITO


CLIMATE REPORT
NATIONAL WEATHER SERVICE HONOLULU HI
438 PM HST THU JUL 20 2017


...................................

...THE HILO HI CLIMATE SUMMARY FOR JULY 20 2017...
VALID TODAY AS OF 0400 PM LOCAL TIME.

CLIMATE NORMAL PERIOD 1981 TO 2010
CLIMATE RECORD PERIOD 1946 TO 2017


WEATHER ITEM   OBSERVED TIME   RECORD YEAR NORMAL DEPARTURE LAST
                VALUE   (LST)  VALUE       VALUE  FROM      YEAR
                                                  NORMAL
..................................................................
TEMPERATURE (F)
 TODAY
  MAXIMUM         85    209 PM  87    2004  83      2       86
                                      1997
                                      1995
  MINIMUM         70    511 AM  64    2012  70      0       73
                                      1955
  AVERAGE         78                        76      2       80

PRECIPITATION (IN)
  TODAY            0.09          5.20 1987   0.37  -0.28     0.21
  MONTH TO DATE    2.86                      6.72  -3.86     4.31
  SINCE JUN 1      5.82                     14.09  -8.27    15.50
  SINCE JAN 1     40.46                     66.00 -25.54    40.36

SNOWFALL (IN)
  TODAY            0.0
  MONTH TO DATE    0.0
  SINCE JUN 1      0.0
  SINCE JUL 1      0.0
  SNOW DEPTH      MM

DEGREE DAYS
 HEATING
  TODAY            0                         0      0        0
  MONTH TO DATE    0                         0      0        0
  SINCE JUN 1      0                         0      0        0
  SINCE JUL 1      0                         0      0        0

 COOLING
  TODAY           13                        11      2       15
  MONTH TO DATE  238                       220     18      271
  SINCE JUN 1    590                       526     64      637
  SINCE JAN 1   1894                      1594    300     2183
..................................................................


WIND (MPH)
  HIGHEST WIND SPEED    15   HIGHEST WIND DIRECTION    NE (50)
  HIGHEST GUST SPEED    20   HIGHEST GUST DIRECTION    NE (30)
  AVERAGE WIND SPEED    MM


SKY COVER
  POSSIBLE SUNSHINE  MM
  AVERAGE SKY COVER  MM


WEATHER CONDITIONS
 THE FOLLOWING WEATHER WAS RECORDED TODAY.
  FOG


RELATIVE HUMIDITY (PERCENT)
 HIGHEST    MM
 LOWEST     MM
 AVERAGE    MM

..........................................................


THE HILO HI CLIMATE NORMALS FOR TOMORROW
                         NORMAL    RECORD    YEAR
 MAXIMUM TEMPERATURE (F)   83        88      2015
                                             1974
 MINIMUM TEMPERATURE (F)   70        63      1955


SUNRISE AND SUNSET
JULY 20 2017..........SUNRISE   552 AM HST   SUNSET   701 PM HST
JULY 21 2017..........SUNRISE   552 AM HST   SUNSET   701 PM HST


-  INDICATES NEGATIVE NUMBERS.
R  INDICATES RECORD WAS SET OR TIED.
MM INDICATES DATA IS MISSING.
T  INDICATES TRACE AMOUNT.




$$
