000
CDHW43 PHFO 301245
CLIITO


CLIMATE REPORT
NATIONAL WEATHER SERVICE HONOLULU HI
245 AM HST FRI JAN 30 2015


...................................

...THE HILO HI CLIMATE SUMMARY FOR JANUARY 29 2015...

CLIMATE NORMAL PERIOD 1981 TO 2010
CLIMATE RECORD PERIOD 1946 TO 2015


WEATHER ITEM   OBSERVED TIME   RECORD YEAR NORMAL DEPARTURE LAST
                VALUE   (LST)  VALUE       VALUE  FROM      YEAR
                                                  NORMAL
..................................................................
TEMPERATURE (F)
 YESTERDAY
  MAXIMUM         87R   141 PM  87    1997  79      8       80
                                      1980
  MINIMUM         64    716 AM  56    1980  64      0       61
  AVERAGE         76                        71      5       71

PRECIPITATION (IN)
  YESTERDAY        0.00         12.20 2002   0.33  -0.33     0.81
  MONTH TO DATE    2.80                      8.60  -5.80     5.47
  SINCE DEC 1      8.90                     20.17 -11.27    25.67
  SINCE JAN 1      2.80                      8.60  -5.80     5.47

SNOWFALL (IN)
  YESTERDAY        0.0
  MONTH TO DATE    0.0
  SINCE DEC 1      0.0
  SINCE JUL 1      0.0
  SNOW DEPTH       0

DEGREE DAYS
 HEATING
  YESTERDAY        0                         0      0        0
  MONTH TO DATE    0                         0      0        0
  SINCE DEC 1      0                         0      0        0
  SINCE JUL 1      0                         0      0        0

 COOLING
  YESTERDAY       11                         6      5        6
  MONTH TO DATE  238                       185     53      195
  SINCE DEC 1    479                       410     69      442
  SINCE JAN 1    238                       185     53      195
..................................................................


WIND (MPH)
  HIGHEST WIND SPEED    22   HIGHEST WIND DIRECTION     N (360)
  HIGHEST GUST SPEED    32   HIGHEST GUST DIRECTION     N (360)
  AVERAGE WIND SPEED     7.7


SKY COVER
  POSSIBLE SUNSHINE  MM
  AVERAGE SKY COVER 0.3


WEATHER CONDITIONS
 THE FOLLOWING WEATHER WAS RECORDED YESTERDAY.
  NO SIGNIFICANT WEATHER WAS OBSERVED.


RELATIVE HUMIDITY (PERCENT)
 HIGHEST    87          1200 AM
 LOWEST     44          1200 PM
 AVERAGE    66

..........................................................


THE HILO HI CLIMATE NORMALS FOR TODAY
                         NORMAL    RECORD    YEAR
 MAXIMUM TEMPERATURE (F)   79        87      1980
 MINIMUM TEMPERATURE (F)   63        58      1994


SUNRISE AND SUNSET
JANUARY 30 2015.......SUNRISE   656 AM HST   SUNSET   611 PM HST
JANUARY 31 2015.......SUNRISE   656 AM HST   SUNSET   612 PM HST


-  INDICATES NEGATIVE NUMBERS.
R  INDICATES RECORD WAS SET OR TIED.
MM INDICATES DATA IS MISSING.
T  INDICATES TRACE AMOUNT.




$$
