000
CDUS43 KGLD 040745 RRA
CLIITR

CLIMATE REPORT
NATIONAL WEATHER SERVICE GOODLAND
143 AM MDT SAT JUL 4 2015

...................................

...THE BURLINGTON CO CLIMATE SUMMARY FOR JULY 3 2015...

CLIMATE NORMAL PERIOD 1981 TO 2010
CLIMATE RECORD PERIOD 1896 TO 2015

WEATHER ITEM   OBSERVED TIME   RECORD YEAR NORMAL DEPARTURE LAST
                VALUE   (LST)  VALUE       VALUE  FROM      YEAR
                                                  NORMAL
..................................................................
TEMPERATURE (F)
 YESTERDAY
  MAXIMUM         87    355 PM 104    2003  88     -1       87
  MINIMUM         61    305 AM  36    1905  59      2       58
  AVERAGE         74                        73      1       73

PRECIPITATION (IN)
  YESTERDAY        0.20                      0.12   0.08     0.00
  MONTH TO DATE    0.38                      0.35   0.03     0.04
  SINCE JUN 1      3.29                      3.23   0.06     2.40
  SINCE JAN 1     14.31                      8.96   5.35     5.32

..................................................................

THE BURLINGTON CO CLIMATE NORMALS FOR TODAY
                         NORMAL    RECORD    YEAR
 MAXIMUM TEMPERATURE (F)   88       104      1996
 MINIMUM TEMPERATURE (F)   59        43      1915

-  INDICATES NEGATIVE NUMBERS.
R  INDICATES RECORD WAS SET OR TIED.
MM INDICATES DATA IS MISSING.
T  INDICATES TRACE AMOUNT.

$$
