306
CDUS43 KGLD 290742 RRA
CLIITR

CLIMATE REPORT
NATIONAL WEATHER SERVICE GOODLAND
140 AM MDT MON AUG 29 2016


...................................

...THE BURLINGTON CO CLIMATE SUMMARY FOR AUGUST 28 2016...

CLIMATE NORMAL PERIOD 1981 TO 2010
CLIMATE RECORD PERIOD 1896 TO 2016


WEATHER ITEM   OBSERVED TIME   RECORD YEAR NORMAL DEPARTURE LAST
                VALUE   (LST)  VALUE       VALUE  FROM      YEAR
                                                  NORMAL
..................................................................
TEMPERATURE (F)
 YESTERDAY
  MAXIMUM         85    408 PM 101    1960  84      1       89
  MINIMUM         61    545 AM  42    1949  55      6       56
  AVERAGE         73                        70      3       73

PRECIPITATION (IN)
  YESTERDAY        0.00                      0.07  -0.07     0.00
  MONTH TO DATE    0.43                      2.18  -1.75     0.81
  SINCE JUN 1      6.59                      8.19  -1.60     8.37
  SINCE JAN 1     14.83                     13.92   0.91    19.39

..................................................................


THE BURLINGTON CO CLIMATE NORMALS FOR TODAY
                         NORMAL    RECORD    YEAR
 MAXIMUM TEMPERATURE (F)   84       101      2013
 MINIMUM TEMPERATURE (F)   55        45      2006
                                             1976



-  INDICATES NEGATIVE NUMBERS.
R  INDICATES RECORD WAS SET OR TIED.
MM INDICATES DATA IS MISSING.
T  INDICATES TRACE AMOUNT.

$$
