000
CDUS43 KGLD 010740
CLIITR

CLIMATE REPORT
NATIONAL WEATHER SERVICE GOODLAND
137 AM MDT FRI AUG 1 2014

...................................

...THE BURLINGTON CO CLIMATE SUMMARY FOR JULY 31 2014...

CLIMATE NORMAL PERIOD 1981 TO 2010
CLIMATE RECORD PERIOD 1896 TO 2014

WEATHER ITEM   OBSERVED TIME   RECORD YEAR NORMAL DEPARTURE LAST
                VALUE   (LST)  VALUE       VALUE  FROM      YEAR
                                                  NORMAL
..................................................................
TEMPERATURE (F)
 YESTERDAY
  MAXIMUM         81    243 PM 102    2002  88     -7       94
  MINIMUM         53    500 AM  44    1925  61     -8       62
  AVERAGE         67                        75     -8       78

PRECIPITATION (IN)
  YESTERDAY        0.00                      0.08  -0.08     0.04
  MONTH TO DATE    2.68                      3.13  -0.45     0.94
  SINCE JUN 1      5.04                      6.01  -0.97     2.93
  SINCE JAN 1      7.96                     11.74  -3.78     8.53

..................................................................

THE BURLINGTON CO CLIMATE NORMALS FOR TODAY
                         NORMAL    RECORD    YEAR
 MAXIMUM TEMPERATURE (F)   88       106      1938
 MINIMUM TEMPERATURE (F)   61        52      2009

-  INDICATES NEGATIVE NUMBERS.
R  INDICATES RECORD WAS SET OR TIED.
MM INDICATES DATA IS MISSING.
T  INDICATES TRACE AMOUNT.

$$
