000
CDUS44 KJAN 242126
CLIJAN

CLIMATE REPORT
NATIONAL WEATHER SERVICE JACKSON MS
423 PM CDT THU APR 24 2014


...................................

...THE JACKSON CLIMATE SUMMARY FOR APRIL 24 2014...
VALID TODAY AS OF 0400 PM LOCAL TIME.

CLIMATE NORMAL PERIOD 1981 TO 2010
CLIMATE RECORD PERIOD 1896 TO 2014


WEATHER ITEM   OBSERVED TIME   RECORD YEAR NORMAL DEPARTURE LAST
                VALUE   (LST)  VALUE       VALUE  FROM      YEAR
                                                  NORMAL
..................................................................
TEMPERATURE (F)
 TODAY
  MAXIMUM         84    257 PM  93    1925  78      6       69
  MINIMUM         54    109 AM  39    1910  55     -1       51
  AVERAGE         69                        66      3       60

PRECIPITATION (IN)
  TODAY            0.00          3.24 2003   0.15  -0.15     0.90
  MONTH TO DATE   10.42                      4.12   6.30     4.31
  SINCE MAR 1     16.07                      9.16   6.91     9.90
  SINCE JAN 1     23.12                     18.89   4.23    27.34

SNOWFALL (IN)
  TODAY            0.0           0.0    MM   0.0    0.0      0.0
  MONTH TO DATE    0.0                       0.0    0.0      0.0
  SINCE MAR 1      T                         0.1   -0.1       T
  SINCE JUL 1      0.8                       0.8    0.0      1.7

DEGREE DAYS
 HEATING
  TODAY            0                         2     -2        5
  MONTH TO DATE  108                        98     10      106
  SINCE MAR 1    451                       376     75      498
  SINCE JUL 1   2717                      2368    349     2249

 COOLING
  TODAY            4                         3      1        0
  MONTH TO DATE   46                        57    -11       71
  SINCE MAR 1     50                        84    -34       74
  SINCE JAN 1     56                        94    -38       88
..................................................................


WIND (MPH)
  HIGHEST WIND SPEED    20   HIGHEST WIND DIRECTION     S (180)
  HIGHEST GUST SPEED    30   HIGHEST GUST DIRECTION    SW (220)
  AVERAGE WIND SPEED     5.4


SKY COVER
  POSSIBLE SUNSHINE  MM
  AVERAGE SKY COVER 0.4


WEATHER CONDITIONS
 THE FOLLOWING WEATHER WAS RECORDED TODAY.
  NO SIGNIFICANT WEATHER WAS OBSERVED.


RELATIVE HUMIDITY (PERCENT)
 HIGHEST    86          1200 AM
 LOWEST     40          1200 PM
 AVERAGE    63

..........................................................


THE JACKSON CLIMATE NORMALS FOR TOMORROW
                         NORMAL    RECORD    YEAR
 MAXIMUM TEMPERATURE (F)   78        90      1925
 MINIMUM TEMPERATURE (F)   55        31      1910


SUNRISE AND SUNSET
APRIL 24 2014.........SUNRISE   621 AM CDT   SUNSET   736 PM CDT
APRIL 25 2014.........SUNRISE   620 AM CDT   SUNSET   737 PM CDT


-  INDICATES NEGATIVE NUMBERS.
R  INDICATES RECORD WAS SET OR TIED.
MM INDICATES DATA IS MISSING.
T  INDICATES TRACE AMOUNT.

&&

AT 4 PM:

THE PEARL RIVER STAGE AT JACKSON WAS 22.6 FEET. THE RIVER HAS
FALLEN 3.2 FEET OVER THE PAST 24 HOURS.

THE MISSISSIPPI RIVER STAGE AT VICKSBURG WAS 36.8 FEET. THE RIVER
HAS FALLEN 0.8 FEET OVER THE PAST 24 HOURS.

THE AIR QUALITY INDEX AT JACKSON WAS 67...WHICH IS MODERATE.

$$
