000
CDUS44 KJAN 270643
CLIJAN


CLIMATE REPORT
NATIONAL WEATHER SERVICE JACKSON MS
140 AM CDT WED AUG 27 2014


...................................

...THE JACKSON CLIMATE SUMMARY FOR AUGUST 26 2014...

CLIMATE NORMAL PERIOD 1981 TO 2010
CLIMATE RECORD PERIOD 1896 TO 2014


WEATHER ITEM   OBSERVED TIME   RECORD YEAR NORMAL DEPARTURE LAST
                VALUE   (LST)  VALUE       VALUE  FROM      YEAR
                                                  NORMAL
..................................................................
TEMPERATURE (F)
 YESTERDAY
  MAXIMUM         92    323 PM 104    1902  91      1       90
  MINIMUM         70   1139 PM  55    1966  70      0       67
  AVERAGE         81                        81      0       79

PRECIPITATION (IN)
  YESTERDAY        0.00          4.04 1992   0.11  -0.11     0.00
  MONTH TO DATE    3.20                      3.69  -0.49     2.96
  SINCE JUN 1     11.77                     12.62  -0.85    10.60
  SINCE JAN 1     43.37                     36.73   6.64    43.66

SNOWFALL (IN)
  YESTERDAY        0.0           0.0  2002   0.0    0.0      0.0
                                      2001
  MONTH TO DATE    0.0                       0.0    0.0      0.0
  SINCE JUN 1      0.0                       0.0    0.0      0.0
  SINCE JUL 1      0.0                       0.0    0.0      0.0

DEGREE DAYS
 HEATING
  YESTERDAY        0                         0      0        0
  MONTH TO DATE    0                         0      0        0
  SINCE JUN 1      0                         0      0        0
  SINCE JUL 1      0                         0      0        0

 COOLING
  YESTERDAY       16                        16      0       14
  MONTH TO DATE  435                       431      4      452
  SINCE JUN 1   1318                      1368    -50     1375
  SINCE JAN 1   1649                      1726    -77     1693
..................................................................


WIND (MPH)
  HIGHEST WIND SPEED    14   HIGHEST WIND DIRECTION    NE (40)
  HIGHEST GUST SPEED    21   HIGHEST GUST DIRECTION    NE (30)
  AVERAGE WIND SPEED     4.9


SKY COVER
  POSSIBLE SUNSHINE  MM
  AVERAGE SKY COVER 0.1


WEATHER CONDITIONS
 THE FOLLOWING WEATHER WAS RECORDED YESTERDAY.
  NO SIGNIFICANT WEATHER WAS OBSERVED.


RELATIVE HUMIDITY (PERCENT)
 HIGHEST    88          1200 AM
 LOWEST     34           400 PM
 AVERAGE    61

..........................................................


THE JACKSON CLIMATE NORMALS FOR TODAY
                         NORMAL    RECORD    YEAR
 MAXIMUM TEMPERATURE (F)   91       105      1943
 MINIMUM TEMPERATURE (F)   70        57      1958
                                             1904


SUNRISE AND SUNSET
AUGUST 27 2014........SUNRISE   632 AM CDT   SUNSET   731 PM CDT
AUGUST 28 2014........SUNRISE   633 AM CDT   SUNSET   730 PM CDT


-  INDICATES NEGATIVE NUMBERS.
R  INDICATES RECORD WAS SET OR TIED.
MM INDICATES DATA IS MISSING.
T  INDICATES TRACE AMOUNT.

&&

AT 2 AM:

THE PEARL RIVER STAGE AT JACKSON WAS 3.8 FEET. THE RIVER HAS REMAINED
STEADY OVER THE PAST 24 HOURS.

THE MISSISSIPPI RIVER STAGE AT VICKSBURG WAS 13.4 FEET. THE RIVER
HAS REMAINED STEADY OVER THE PAST 24 HOURS.


$$
