078
CDUS44 KJAN 270628
CLIJAN


CLIMATE REPORT
NATIONAL WEATHER SERVICE JACKSON MS
127 AM CDT TUE JUN 27 2017


...................................

...THE JACKSON CLIMATE SUMMARY FOR JUNE 26 2017...

CLIMATE NORMAL PERIOD 1981 TO 2010
CLIMATE RECORD PERIOD 1896 TO 2017


WEATHER ITEM   OBSERVED TIME   RECORD YEAR NORMAL DEPARTURE LAST
                VALUE   (LST)  VALUE       VALUE  FROM      YEAR
                                                  NORMAL
..................................................................
TEMPERATURE (F)
 YESTERDAY
  MAXIMUM         88    310 PM 102    1930  91     -3       97
                                      1914
  MINIMUM         62    410 AM  55    1974  70     -8       74
  AVERAGE         75                        81     -6       86

PRECIPITATION (IN)
  YESTERDAY        0.00          1.70 2015   0.14  -0.14     0.00
  MONTH TO DATE    8.08                      3.51   4.57     1.98
  SINCE JUN 1      8.08                      3.51   4.57     1.98
  SINCE JAN 1     39.57                     27.62  11.95    34.43

SNOWFALL (IN)
  YESTERDAY        0.0           0.0    MM   0.0    0.0      0.0
  MONTH TO DATE    0.0                       0.0    0.0      0.0
  SINCE JUN 1      0.0                       0.0    0.0      0.0
  SINCE JUL 1      0.8                       0.8    0.0       T

DEGREE DAYS
 HEATING
  YESTERDAY        0                         0      0        0
  MONTH TO DATE    0                         0      0        0
  SINCE JUN 1      0                         0      0        0
  SINCE JUL 1   1328                      2391  -1063     1587

 COOLING
  YESTERDAY       10                        16     -6       21
  MONTH TO DATE  322                       357    -35      443
  SINCE JUN 1    322                       357    -35      443
  SINCE JAN 1    818                       715    103      831
..................................................................


WIND (MPH)
  HIGHEST WIND SPEED    12   HIGHEST WIND DIRECTION     E (80)
  HIGHEST GUST SPEED    15   HIGHEST GUST DIRECTION     E (90)
  AVERAGE WIND SPEED     3.8


SKY COVER
  POSSIBLE SUNSHINE  MM
  AVERAGE SKY COVER 0.1


WEATHER CONDITIONS
 THE FOLLOWING WEATHER WAS RECORDED YESTERDAY.
  NO SIGNIFICANT WEATHER WAS OBSERVED.


RELATIVE HUMIDITY (PERCENT)
 HIGHEST    93          1200 AM
 LOWEST     32           400 PM
 AVERAGE    63

..........................................................


THE JACKSON CLIMATE NORMALS FOR TODAY
                         NORMAL    RECORD    YEAR
 MAXIMUM TEMPERATURE (F)   91       104      1988
 MINIMUM TEMPERATURE (F)   71        55      1974


SUNRISE AND SUNSET
JUNE 27 2017..........SUNRISE   556 AM CDT   SUNSET   811 PM CDT
JUNE 28 2017..........SUNRISE   556 AM CDT   SUNSET   811 PM CDT


-  INDICATES NEGATIVE NUMBERS.
R  INDICATES RECORD WAS SET OR TIED.
MM INDICATES DATA IS MISSING.
T  INDICATES TRACE AMOUNT.

&&

AT 1 AM:

THE PEARL RIVER STAGE AT JACKSON WAS 28.1 FEET. THE RIVER ROSE
0.9 FEET OVER THE PAST 24 HOURS.

THE MISSISSIPPI RIVER STAGE AT VICKSBURG WAS 30.2 FEET. THE RIVER
FELL 0.3 FEET OVER THE PAST 24 HOURS.


$$
