000
CDUS44 KJAN 012115
CLIJAN


CLIMATE REPORT
NATIONAL WEATHER SERVICE JACKSON MS
414 PM CDT SAT AUG 1 2015


...................................

...THE JACKSON CLIMATE SUMMARY FOR AUGUST 1 2015...
VALID TODAY AS OF 0400 PM LOCAL TIME.

CLIMATE NORMAL PERIOD 1981 TO 2010
CLIMATE RECORD PERIOD 1896 TO 2015


WEATHER ITEM   OBSERVED TIME   RECORD YEAR NORMAL DEPARTURE LAST
                VALUE   (LST)  VALUE       VALUE  FROM      YEAR
                                                  NORMAL
..................................................................
TEMPERATURE (F)
 TODAY
  MAXIMUM         97    259 PM 104    1896  92      5       80
  MINIMUM         74    608 AM  60    1965  72      2       70
  AVERAGE         86                        82      4       75

PRECIPITATION (IN)
  TODAY            0.00          3.25 1982   0.16  -0.16     0.03
  MONTH TO DATE    0.00                      0.16  -0.16     0.03
  SINCE JUN 1      7.93                      9.09  -1.16     8.60
  SINCE JAN 1     36.21                     33.20   3.01    40.20

SNOWFALL (IN)
  TODAY            0.0           0.0  2002   0.0    0.0      0.0
                                      2001
  MONTH TO DATE    0.0                       0.0    0.0      0.0
  SINCE JUN 1      0.0                       0.0    0.0      0.0
  SINCE JUL 1      0.0                       0.0    0.0      0.0

DEGREE DAYS
 HEATING
  TODAY            0                         0      0        0
  MONTH TO DATE    0                         0      0        0
  SINCE JUN 1      0                         0      0        0
  SINCE JUL 1      0                         0      0        0

 COOLING
  TODAY           21                        17      4       10
  MONTH TO DATE   21                        17      4       10
  SINCE JUN 1   1121                       954    167      893
  SINCE JAN 1   1574                      1312    262     1224
..................................................................


WIND (MPH)
  HIGHEST WIND SPEED    22   HIGHEST WIND DIRECTION     N (360)
  HIGHEST GUST SPEED    28   HIGHEST GUST DIRECTION     N (350)
  AVERAGE WIND SPEED     9.8


SKY COVER
  POSSIBLE SUNSHINE  MM
  AVERAGE SKY COVER 0.1


WEATHER CONDITIONS
 THE FOLLOWING WEATHER WAS RECORDED TODAY.
  NO SIGNIFICANT WEATHER WAS OBSERVED.


RELATIVE HUMIDITY (PERCENT)
 HIGHEST    74          1200 AM
 LOWEST     22           300 PM
 AVERAGE    48

..........................................................


THE JACKSON CLIMATE NORMALS FOR TOMORROW
                         NORMAL    RECORD    YEAR
 MAXIMUM TEMPERATURE (F)   92       105      2010
 MINIMUM TEMPERATURE (F)   72        59      1965


SUNRISE AND SUNSET
AUGUST  1 2015........SUNRISE   615 AM CDT   SUNSET   758 PM CDT
AUGUST  2 2015........SUNRISE   616 AM CDT   SUNSET   757 PM CDT


-  INDICATES NEGATIVE NUMBERS.
R  INDICATES RECORD WAS SET OR TIED.
MM INDICATES DATA IS MISSING.
T  INDICATES TRACE AMOUNT.

&&

AT 4 PM:

THE PEARL RIVER STAGE AT JACKSON WAS 3.5 FEET. THE RIVER HAS
FALLEN 0.1 FEET OVER THE PAST 24 HOURS.

THE MISSISSIPPI RIVER STAGE AT VICKSBURG WAS 45.0 FEET. THE RIVER
FALLEN 0.3 FEET OVER THE PAST 24 HOURS.

THE AIR QUALITY INDEX AT JACKSON WAS 36...WHICH IS GOOD.


$$
