000
CDUS44 KJAN 270856
CLIJAN


CLIMATE REPORT
NATIONAL WEATHER SERVICE JACKSON MS
253 AM CST SAT DEC 27 2014


...................................

...THE JACKSON CLIMATE SUMMARY FOR DECEMBER 26 2014...

CLIMATE NORMAL PERIOD 1981 TO 2010
CLIMATE RECORD PERIOD 1896 TO 2014


WEATHER ITEM   OBSERVED TIME   RECORD YEAR NORMAL DEPARTURE LAST
                VALUE   (LST)  VALUE       VALUE  FROM      YEAR
                                                  NORMAL
..................................................................
TEMPERATURE (F)
 YESTERDAY
  MAXIMUM         62    259 PM  78    1971  56      6       56
  MINIMUM         35    451 AM   9    1983  36     -1       28
  AVERAGE         49                        46      3       42

PRECIPITATION (IN)
  YESTERDAY        T             3.33 1934   0.15  -0.15     0.00
  MONTH TO DATE    2.34                      4.41  -2.07     3.67
  SINCE DEC 1      2.34                      4.41  -2.07     3.67
  SINCE JAN 1     54.60                     53.40   1.20    63.43

SNOWFALL (IN)
  YESTERDAY        0.0           T    2010   0.1   -0.1      0.0
                                      1980
                                      1966
  MONTH TO DATE    0.0                       0.3   -0.3      0.0
  SINCE DEC 1      0.0                       0.3   -0.3      0.0
  SINCE JUL 1      0.0                       0.3   -0.3      0.0

DEGREE DAYS
 HEATING
  YESTERDAY       16                        19     -3       23
  MONTH TO DATE  347                       445    -98      455
  SINCE DEC 1    347                       445    -98      455
  SINCE JUL 1    847                       853     -6      917

 COOLING
  YESTERDAY        0                         0      0        0
  MONTH TO DATE    2                         0      2       12
  SINCE DEC 1      2                         0      2       12
  SINCE JAN 1   2285                      2253     32     2359
..................................................................


WIND (MPH)
  HIGHEST WIND SPEED    15   HIGHEST WIND DIRECTION     E (110)
  HIGHEST GUST SPEED    21   HIGHEST GUST DIRECTION    SE (140)
  AVERAGE WIND SPEED     6.9


SKY COVER
  POSSIBLE SUNSHINE  MM
  AVERAGE SKY COVER 0.6


WEATHER CONDITIONS
 THE FOLLOWING WEATHER WAS RECORDED YESTERDAY.
  LIGHT RAIN


RELATIVE HUMIDITY (PERCENT)
 HIGHEST    92           200 AM
 LOWEST     64           300 PM
 AVERAGE    78

..........................................................


THE JACKSON CLIMATE NORMALS FOR TODAY
                         NORMAL    RECORD    YEAR
 MAXIMUM TEMPERATURE (F)   56        80      2008
 MINIMUM TEMPERATURE (F)   36        16      1935


SUNRISE AND SUNSET
DECEMBER 27 2014......SUNRISE   700 AM CST   SUNSET   503 PM CST
DECEMBER 28 2014......SUNRISE   701 AM CST   SUNSET   503 PM CST


-  INDICATES NEGATIVE NUMBERS.
R  INDICATES RECORD WAS SET OR TIED.
MM INDICATES DATA IS MISSING.
T  INDICATES TRACE AMOUNT.

AT 2 AM:

THE PEARL RIVER STAGE AT JACKSON WAS 11.2 FEET. THE RIVER HAS FALLEN
ABOUT 0.1 FEET OVER THE PAST 24 HOURS.

THE MISSISSIPPI RIVER STAGE AT VICKSBURG WAS 15.2 FEET. THE RIVER
HAS FALLEN 0.9 FEET OVER THE PAST 24 HOURS.


$$
