000
CDUS44 KJAN 102209
CLIJAN


CLIMATE REPORT
NATIONAL WEATHER SERVICE JACKSON MS
408 PM CST SAT DEC 10 2016


...................................

...THE JACKSON CLIMATE SUMMARY FOR DECEMBER 10 2016...
VALID TODAY AS OF 0400 PM LOCAL TIME.

CLIMATE NORMAL PERIOD 1981 TO 2010
CLIMATE RECORD PERIOD 1896 TO 2016


WEATHER ITEM   OBSERVED TIME   RECORD YEAR NORMAL DEPARTURE LAST
                VALUE   (LST)  VALUE       VALUE  FROM      YEAR
                                                  NORMAL
..................................................................
TEMPERATURE (F)
 TODAY
  MAXIMUM         54    341 PM  80    1943  59     -5       74
  MINIMUM         26    421 AM  16    1937  38    -12       45
  AVERAGE         40                        49     -9       60

PRECIPITATION (IN)
  TODAY            0.00          1.93 1932   0.18  -0.18     0.00
  MONTH TO DATE    2.99                      1.78   1.21     0.45
  SINCE DEC 1      2.99                      1.78   1.21     0.45
  SINCE JAN 1     60.64                     50.77   9.87    53.86

SNOWFALL (IN)
  TODAY            0.0           0.5  1898   0.0    0.0      0.0
  MONTH TO DATE    0.0                       0.1   -0.1      0.0
  SINCE DEC 1      0.0                       0.1   -0.1      0.0
  SINCE JUL 1      0.0                       0.1   -0.1      0.0

DEGREE DAYS
 HEATING
  TODAY           25                        17      8        5
  MONTH TO DATE  170                       155     15      116
  SINCE DEC 1    170                       155     15      116
  SINCE JUL 1    374                       563   -189      308

 COOLING
  TODAY            0                         0      0        0
  MONTH TO DATE    0                         0      0        0
  SINCE DEC 1      0                         0      0        0
  SINCE JAN 1   2799                      2253    546     2746
..................................................................


WIND (MPH)
  HIGHEST WIND SPEED    10   HIGHEST WIND DIRECTION     E (80)
  HIGHEST GUST SPEED    13   HIGHEST GUST DIRECTION     E (80)
  AVERAGE WIND SPEED     4.2


SKY COVER
  POSSIBLE SUNSHINE  MM
  AVERAGE SKY COVER 0.0


WEATHER CONDITIONS
 THE FOLLOWING WEATHER WAS RECORDED TODAY.
  NO SIGNIFICANT WEATHER WAS OBSERVED.


RELATIVE HUMIDITY (PERCENT)
 HIGHEST    85           100 AM
 LOWEST     24           100 PM
 AVERAGE    55

..........................................................


THE JACKSON CLIMATE NORMALS FOR TOMORROW
                         NORMAL    RECORD    YEAR
 MAXIMUM TEMPERATURE (F)   59        82      1931
 MINIMUM TEMPERATURE (F)   38        15      1937


SUNRISE AND SUNSET
DECEMBER 10 2016......SUNRISE   651 AM CST   SUNSET   456 PM CST
DECEMBER 11 2016......SUNRISE   652 AM CST   SUNSET   456 PM CST


-  INDICATES NEGATIVE NUMBERS.
R  INDICATES RECORD WAS SET OR TIED.
MM INDICATES DATA IS MISSING.
T  INDICATES TRACE AMOUNT.

&&

AT 4 PM:

THE PEARL RIVER STAGE AT JACKSON WAS 3.7 FEET. THE RIVER HAS
FALLEN 0.1 FEET OVER THE PAST 24 HOURS.

THE MISSISSIPPI RIVER STAGE AT VICKSBURG WAS 13.4 FEET. THE RIVER
HAS RISEN 0.9 FEET OVER THE PAST 24 HOURS.

THE AIR QUALITY INDEX AT JACKSON WAS 31...WHICH IS GOOD.

$$
