000
CDUS44 KJAN 260722
CLIJAN


CLIMATE REPORT
NATIONAL WEATHER SERVICE JACKSON MS
119 AM CST SUN FEB 26 2017


...................................

...THE JACKSON CLIMATE SUMMARY FOR FEBRUARY 25 2017...

CLIMATE NORMAL PERIOD 1981 TO 2010
CLIMATE RECORD PERIOD 1896 TO 2017


WEATHER ITEM   OBSERVED TIME   RECORD YEAR NORMAL DEPARTURE LAST
                VALUE   (LST)  VALUE       VALUE  FROM      YEAR
                                                  NORMAL
..................................................................
TEMPERATURE (F)
 YESTERDAY
  MAXIMUM         63   1206 AM  89    1918  63      0       60
  MINIMUM         37   1120 PM  20    1967  41     -4       34
  AVERAGE         50                        52     -2       47

PRECIPITATION (IN)
  YESTERDAY        0.00          2.72 2006   0.16  -0.16     0.00
  MONTH TO DATE    1.18                      4.27  -3.09     8.23
  SINCE DEC 1     14.82                     14.39   0.43    17.47
  SINCE JAN 1      9.08                      9.24  -0.16    11.60

SNOWFALL (IN)
  YESTERDAY        0.0           T    2015   0.0    0.0      0.0
                                      1965
                                      1961
  MONTH TO DATE    0.0                       0.1   -0.1      0.0
  SINCE DEC 1      0.8                       0.7    0.1       T
  SINCE JUL 1      0.8                       0.7    0.1       T

DEGREE DAYS
 HEATING
  YESTERDAY       15                        13      2       18
  MONTH TO DATE  172                       399   -227      312
  SINCE DEC 1    896                      1543   -647     1149
  SINCE JUL 1   1100                      1951   -851     1341

 COOLING
  YESTERDAY        0                         0      0        0
  MONTH TO DATE   27                         0     27        9
  SINCE DEC 1     80                        12     68       78
  SINCE JAN 1     50                         4     46        9
..................................................................


WIND (MPH)
  HIGHEST WIND SPEED    21   HIGHEST WIND DIRECTION    NW (330)
  HIGHEST GUST SPEED    27   HIGHEST GUST DIRECTION     N (340)
  AVERAGE WIND SPEED     8.5


SKY COVER
  POSSIBLE SUNSHINE  MM
  AVERAGE SKY COVER 0.1


WEATHER CONDITIONS
 THE FOLLOWING WEATHER WAS RECORDED YESTERDAY.
  NO SIGNIFICANT WEATHER WAS OBSERVED.


RELATIVE HUMIDITY (PERCENT)
 HIGHEST    76          1100 PM
 LOWEST     28           400 PM
 AVERAGE    52

..........................................................


THE JACKSON CLIMATE NORMALS FOR TODAY
                         NORMAL    RECORD    YEAR
 MAXIMUM TEMPERATURE (F)   63        83      1917
 MINIMUM TEMPERATURE (F)   41        19      1974


SUNRISE AND SUNSET
FEBRUARY 26 2017......SUNRISE   631 AM CST   SUNSET   556 PM CST
FEBRUARY 27 2017......SUNRISE   630 AM CST   SUNSET   557 PM CST


-  INDICATES NEGATIVE NUMBERS.
R  INDICATES RECORD WAS SET OR TIED.
MM INDICATES DATA IS MISSING.
T  INDICATES TRACE AMOUNT.

&&

AT 1 AM:

THE PEARL RIVER STAGE AT JACKSON WAS 5.4 FEET. THE RIVER LEVEL ROSE 0.6
FEET OVER THE PAST 24 HOURS.

THE MISSISSIPPI RIVER STAGE AT VICKSBURG WAS 20.5 FEET. THE RIVER LEVEL
FELL 0.3 FEET OVER THE PAST 24 HOURS.


$$
