000
CDUS44 KJAN 280727
CLIJAN


CLIMATE REPORT
NATIONAL WEATHER SERVICE JACKSON MS
224 AM CDT THU MAY 28 2015


...................................

...THE JACKSON CLIMATE SUMMARY FOR MAY 27 2015...

CLIMATE NORMAL PERIOD 1981 TO 2010
CLIMATE RECORD PERIOD 1896 TO 2015


WEATHER ITEM   OBSERVED TIME   RECORD YEAR NORMAL DEPARTURE LAST
                VALUE   (LST)  VALUE       VALUE  FROM      YEAR
                                                  NORMAL
..................................................................
TEMPERATURE (F)
 YESTERDAY
  MAXIMUM         82    505 PM  98    1953  86     -4       87
                                      1911
  MINIMUM         69   1154 PM  46    1961  65      4       69
  AVERAGE         76                        75      1       78

PRECIPITATION (IN)
  YESTERDAY        0.18          2.70 1976   0.15   0.03     0.43
  MONTH TO DATE    4.82                      3.81   1.01     3.03
  SINCE MAR 1     15.84                     13.81   2.03    21.20
  SINCE JAN 1     26.04                     23.54   2.50    28.25

SNOWFALL (IN)
  YESTERDAY        0.0           0.0    MM   0.0    0.0      0.0
  MONTH TO DATE    0.0                       0.0    0.0      0.0
  SINCE MAR 1      0.3                       0.1    0.2       T
  SINCE JUL 1      0.3                       0.8   -0.5      0.8

DEGREE DAYS
 HEATING
  YESTERDAY        0                         0      0        0
  MONTH TO DATE    2                        10     -8       20
  SINCE MAR 1    227                       397   -170      478
  SINCE JUL 1   2353                      2389    -36     2744

 COOLING
  YESTERDAY       11                        10      1       13
  MONTH TO DATE  225                       196     29      201
  SINCE MAR 1    401                       304     97      284
  SINCE JAN 1    401                       314     87      290
..................................................................


WIND (MPH)
  HIGHEST WIND SPEED    20   HIGHEST WIND DIRECTION    SW (210)
  HIGHEST GUST SPEED    22   HIGHEST GUST DIRECTION    SW (220)
  AVERAGE WIND SPEED     5.9


SKY COVER
  POSSIBLE SUNSHINE  MM
  AVERAGE SKY COVER 0.7


WEATHER CONDITIONS
 THE FOLLOWING WEATHER WAS RECORDED YESTERDAY.
  THUNDERSTORM
  LIGHT RAIN
  FOG
  FOG W/VISIBILITY <= 1/4 MILE


RELATIVE HUMIDITY (PERCENT)
 HIGHEST   100           600 AM
 LOWEST     62           500 PM
 AVERAGE    81

..........................................................


THE JACKSON CLIMATE NORMALS FOR TODAY
                         NORMAL    RECORD    YEAR
 MAXIMUM TEMPERATURE (F)   86       100      1911
 MINIMUM TEMPERATURE (F)   65        43      1961


SUNRISE AND SUNSET
MAY 28 2015...........SUNRISE   556 AM CDT   SUNSET   800 PM CDT
MAY 29 2015...........SUNRISE   555 AM CDT   SUNSET   800 PM CDT


-  INDICATES NEGATIVE NUMBERS.
R  INDICATES RECORD WAS SET OR TIED.
MM INDICATES DATA IS MISSING.
T  INDICATES TRACE AMOUNT.

&&

AT 2 AM:

THE PEARL RIVER STAGE AT JACKSON WAS 4.6 FEET. THE RIVER HAS FALLEN 3.4 FEET
OVER THE LAST 24 HOURS.

THE MISSISSIPPI RIVER STAGE AT VICKSBURG WAS 32.9 FEET. THE RIVER HAS RISEN
0.5 FEET OVER THE LAST 24 HOURS.

$$
