000
CDUS42 KJAX 250527
CLIJAX


CLIMATE REPORT
NATIONAL WEATHER SERVICE JACKSONVILLE FL
126 AM EDT THU MAY 25 2017


...................................

...THE JACKSONVILLE CLIMATE SUMMARY FOR MAY 24 2017...

CLIMATE NORMAL PERIOD 1981 TO 2010
CLIMATE RECORD PERIOD 1871 TO 2017


WEATHER ITEM   OBSERVED TIME   RECORD YEAR NORMAL DEPARTURE LAST
                VALUE   (LST)  VALUE       VALUE  FROM      YEAR
                                                  NORMAL
..................................................................
TEMPERATURE (F)
 YESTERDAY
  MAXIMUM         76    843 AM  98    1953  87    -11       85
  MINIMUM         70    111 PM  52    2001  65      5       60
                                      1892
  AVERAGE         73                        76     -3       73

PRECIPITATION (IN)
  YESTERDAY        3.70          4.09 1906   0.10   3.60     0.00
  MONTH TO DATE    6.92                      1.71   5.21     2.26
  SINCE MAR 1      8.73                      8.30   0.43     6.78
  SINCE JAN 1     14.13                     14.79  -0.66    14.43

SNOWFALL (IN)
  YESTERDAY        0.0           0.0  2002   0.0    0.0      0.0
                                      2001
  MONTH TO DATE    0.0                       0.0    0.0      0.0
  SINCE MAR 1      0.0                       T      0.0      0.0
  SINCE JUL 1      0.0                       T      0.0      0.0
  SNOW DEPTH       0

DEGREE DAYS
 HEATING
  YESTERDAY        0                         0      0        0
  MONTH TO DATE    0                         3     -3        6
  SINCE MAR 1    179                       214    -35      101
  SINCE JUL 1    782                      1347   -565      949

 COOLING
  YESTERDAY        8                        11     -3        8
  MONTH TO DATE  236                       204     32      225
  SINCE MAR 1    491                       371    120      477
  SINCE JAN 1    563                       400    163      501
..................................................................


WIND (MPH)
  HIGHEST WIND SPEED    26   HIGHEST WIND DIRECTION     W (250)
  HIGHEST GUST SPEED    36   HIGHEST GUST DIRECTION     W (250)
  AVERAGE WIND SPEED    10.5


SKY COVER
  POSSIBLE SUNSHINE  MM
  AVERAGE SKY COVER 0.9


WEATHER CONDITIONS
 THE FOLLOWING WEATHER WAS RECORDED YESTERDAY.
  THUNDERSTORM
  LIGHT RAIN
  FOG
  FOG W/VISIBILITY <= 1/4 MILE


RELATIVE HUMIDITY (PERCENT)
 HIGHEST   100           200 AM
 LOWEST     87           700 PM
 AVERAGE    94

..........................................................


THE JACKSONVILLE CLIMATE NORMALS FOR TODAY
                         NORMAL    RECORD    YEAR
 MAXIMUM TEMPERATURE (F)   87        99      1953
 MINIMUM TEMPERATURE (F)   66        55      1892


SUNRISE AND SUNSET
MAY 25 2017...........SUNRISE   627 AM EDT   SUNSET   821 PM EDT
MAY 26 2017...........SUNRISE   627 AM EDT   SUNSET   821 PM EDT


-  INDICATES NEGATIVE NUMBERS.
R  INDICATES RECORD WAS SET OR TIED.
MM INDICATES DATA IS MISSING.
T  INDICATES TRACE AMOUNT.




$$
