000
CDUS42 KJAX 262136
CLIJAX


CLIMATE REPORT
NATIONAL WEATHER SERVICE JACKSONVILLE FL
536 PM EDT TUE MAY 26 2015


...................................

...THE JACKSONVILLE CLIMATE SUMMARY FOR MAY 26 2015...
VALID TODAY AS OF 0500 PM LOCAL TIME.

CLIMATE NORMAL PERIOD 1981 TO 2010
CLIMATE RECORD PERIOD 1871 TO 2015


WEATHER ITEM   OBSERVED TIME   RECORD YEAR NORMAL DEPARTURE LAST
                VALUE   (LST)  VALUE       VALUE  FROM      YEAR
                                                  NORMAL
..................................................................
TEMPERATURE (F)
 TODAY
  MAXIMUM         88    157 PM  99    1953  87      1       82
  MINIMUM         71    408 AM  47    1979  66      5       69
  AVERAGE         80                        77      3       76

PRECIPITATION (IN)
  TODAY            0.00          2.40 1875   0.10  -0.10     0.02
  MONTH TO DATE    0.14                      1.91  -1.77     5.47
  SINCE MAR 1      5.10                      8.50  -3.40    16.11
  SINCE JAN 1     11.50                     14.99  -3.49    25.82

SNOWFALL (IN)
  TODAY            0.0           0.0  2002   0.0    0.0      0.0
                                      2001
  MONTH TO DATE    0.0                       0.0    0.0      0.0
  SINCE MAR 1      0.0                       T      0.0      0.0
  SINCE JUL 1      T                         T      0.0      0.0
  SNOW DEPTH       0

DEGREE DAYS
 HEATING
  TODAY            0                         0      0        0
  MONTH TO DATE    2                         3     -1        6
  SINCE MAR 1     89                       214   -125      232
  SINCE JUL 1   1337                      1347    -10     1309

 COOLING
  TODAY           15                        12      3       11
  MONTH TO DATE  259                       227     32      223
  SINCE MAR 1    582                       394    188      392
  SINCE JAN 1    595                       423    172      422
..................................................................


WIND (MPH)
  HIGHEST WIND SPEED    20   HIGHEST WIND DIRECTION     E (100)
  HIGHEST GUST SPEED    27   HIGHEST GUST DIRECTION    SE (130)
  AVERAGE WIND SPEED     8.2


SKY COVER
  POSSIBLE SUNSHINE  MM
  AVERAGE SKY COVER 0.7


WEATHER CONDITIONS
 THE FOLLOWING WEATHER WAS RECORDED TODAY.
  NO SIGNIFICANT WEATHER WAS OBSERVED.


RELATIVE HUMIDITY (PERCENT)
 HIGHEST    94          1200 AM
 LOWEST     55           300 PM
 AVERAGE    75

..........................................................


THE JACKSONVILLE CLIMATE NORMALS FOR TOMORROW
                         NORMAL    RECORD    YEAR
 MAXIMUM TEMPERATURE (F)   88        98      1989
                                             1962
                                             1874
 MINIMUM TEMPERATURE (F)   66        49      1979


SUNRISE AND SUNSET
MAY 26 2015...........SUNRISE   627 AM EDT   SUNSET   821 PM EDT
MAY 27 2015...........SUNRISE   627 AM EDT   SUNSET   822 PM EDT


-  INDICATES NEGATIVE NUMBERS.
R  INDICATES RECORD WAS SET OR TIED.
MM INDICATES DATA IS MISSING.
T  INDICATES TRACE AMOUNT.




$$
