612
CDUS42 KJAX 070533
CLIJAX


CLIMATE REPORT
NATIONAL WEATHER SERVICE JACKSONVILLE FL
1232 AM EST WED DEC 7 2016


...................................

...THE JACKSONVILLE CLIMATE SUMMARY FOR DECEMBER 6 2016...

CLIMATE NORMAL PERIOD 1981 TO 2010
CLIMATE RECORD PERIOD 1871 TO 2016


WEATHER ITEM   OBSERVED TIME   RECORD YEAR NORMAL DEPARTURE LAST
                VALUE   (LST)  VALUE       VALUE  FROM      YEAR
                                                  NORMAL
..................................................................
TEMPERATURE (F)
 YESTERDAY
  MAXIMUM         83R   304 PM  83    2013  69     14       73
  MINIMUM         59   1159 PM  26    1876  46     13       54
  AVERAGE         71                        57     14       64

PRECIPITATION (IN)
  YESTERDAY        1.76R         1.38 1979   0.09   1.67     0.01
  MONTH TO DATE    1.99                      0.53   1.46     0.01
  SINCE DEC 1      1.99                      0.53   1.46     0.01
  SINCE JAN 1     38.22                     50.12 -11.90    43.99

SNOWFALL (IN)
  YESTERDAY        0.0           0.0  2001   0.0    0.0      0.0
  MONTH TO DATE    0.0                       0.0    0.0      0.0
  SINCE DEC 1      0.0                       0.0    0.0      0.0
  SINCE JUL 1      0.0                       0.0    0.0      0.0
  SNOW DEPTH       0

DEGREE DAYS
 HEATING
  YESTERDAY        0                         9     -9        1
  MONTH TO DATE   29                        50    -21       21
  SINCE DEC 1     29                        50    -21       21
  SINCE JUL 1    159                       223    -64       75

 COOLING
  YESTERDAY        6                         1      5        0
  MONTH TO DATE   16                         6     10       11
  SINCE DEC 1     16                         6     10       11
  SINCE JAN 1   2967                      2650    317     2971
..................................................................


WIND (MPH)
  HIGHEST WIND SPEED    24   HIGHEST WIND DIRECTION     W (250)
  HIGHEST GUST SPEED    33   HIGHEST GUST DIRECTION     W (270)
  AVERAGE WIND SPEED    10.8


SKY COVER
  POSSIBLE SUNSHINE  MM
  AVERAGE SKY COVER 0.5


WEATHER CONDITIONS
 THE FOLLOWING WEATHER WAS RECORDED YESTERDAY.
  THUNDERSTORM
  HEAVY RAIN
  RAIN
  LIGHT RAIN
  FOG


RELATIVE HUMIDITY (PERCENT)
 HIGHEST   100           300 AM
 LOWEST     45           400 PM
 AVERAGE    73

..........................................................


THE JACKSONVILLE CLIMATE NORMALS FOR TODAY
                         NORMAL    RECORD    YEAR
 MAXIMUM TEMPERATURE (F)   68        83      2013
 MINIMUM TEMPERATURE (F)   46        21      1937


SUNRISE AND SUNSET
DECEMBER  7 2016......SUNRISE   711 AM EST   SUNSET   526 PM EST
DECEMBER  8 2016......SUNRISE   712 AM EST   SUNSET   526 PM EST


-  INDICATES NEGATIVE NUMBERS.
R  INDICATES RECORD WAS SET OR TIED.
MM INDICATES DATA IS MISSING.
T  INDICATES TRACE AMOUNT.




$$
