000
CDUS42 KJAX 292127
CLIJAX


CLIMATE REPORT
NATIONAL WEATHER SERVICE JACKSONVILLE FL
526 PM EDT FRI APR 29 2016


...................................

...THE JACKSONVILLE CLIMATE SUMMARY FOR APRIL 29 2016...
VALID TODAY AS OF 0500 PM LOCAL TIME.

CLIMATE NORMAL PERIOD 1981 TO 2010
CLIMATE RECORD PERIOD 1871 TO 2016


WEATHER ITEM   OBSERVED TIME   RECORD YEAR NORMAL DEPARTURE LAST
                VALUE   (LST)  VALUE       VALUE  FROM      YEAR
                                                  NORMAL
..................................................................
TEMPERATURE (F)
 TODAY
  MAXIMUM         90    326 PM  93    1991  82      8       79
  MINIMUM         67    448 AM  43    1973  58      9       62
  AVERAGE         79                        70      9       71

PRECIPITATION (IN)
  TODAY            0.00          1.50 1998   0.07  -0.07     0.00
  MONTH TO DATE    2.69                      2.57   0.12     2.67
  SINCE MAR 1      4.52                      6.52  -2.00     4.96
  SINCE JAN 1     12.17                     13.01  -0.84    11.36

SNOWFALL (IN)
  TODAY            0.0           0.0  2002   0.0    0.0      0.0
                                      2001
  MONTH TO DATE    0.0                       0.0    0.0      0.0
  SINCE MAR 1      0.0                       T      0.0      0.0
  SINCE JUL 1      0.0                       T      0.0       T
  SNOW DEPTH       0

DEGREE DAYS
 HEATING
  TODAY            0                         1     -1        0
  MONTH TO DATE   21                        55    -34        0
  SINCE MAR 1     95                       211   -116       87
  SINCE JUL 1    943                      1344   -401     1335

 COOLING
  TODAY           14                         6      8        6
  MONTH TO DATE  123                       108     15      217
  SINCE MAR 1    241                       162     79      320
  SINCE JAN 1    265                       191     74      333
..................................................................


WIND (MPH)
  HIGHEST WIND SPEED    13   HIGHEST WIND DIRECTION     E (80)
  HIGHEST GUST SPEED    15   HIGHEST GUST DIRECTION     E (100)
  AVERAGE WIND SPEED     5.1


SKY COVER
  POSSIBLE SUNSHINE  MM
  AVERAGE SKY COVER 0.6


WEATHER CONDITIONS
 THE FOLLOWING WEATHER WAS RECORDED TODAY.
  FOG
  FOG W/VISIBILITY <= 1/4 MILE


RELATIVE HUMIDITY (PERCENT)
 HIGHEST   100           400 AM
 LOWEST     43           200 PM
 AVERAGE    72

..........................................................


THE JACKSONVILLE CLIMATE NORMALS FOR TOMORROW
                         NORMAL    RECORD    YEAR
 MAXIMUM TEMPERATURE (F)   82        93      1991
                                             1990
 MINIMUM TEMPERATURE (F)   58        42      1874


SUNRISE AND SUNSET
APRIL 29 2016.........SUNRISE   645 AM EDT   SUNSET   804 PM EDT
APRIL 30 2016.........SUNRISE   644 AM EDT   SUNSET   805 PM EDT


-  INDICATES NEGATIVE NUMBERS.
R  INDICATES RECORD WAS SET OR TIED.
MM INDICATES DATA IS MISSING.
T  INDICATES TRACE AMOUNT.




$$
