000
CDUS42 KJAX 080531
CLIJAX


CLIMATE REPORT
NATIONAL WEATHER SERVICE JACKSONVILLE FL
1231 AM EST MON FEB 8 2016


...................................

...THE JACKSONVILLE CLIMATE SUMMARY FOR FEBRUARY 7 2016...

CLIMATE NORMAL PERIOD 1981 TO 2010
CLIMATE RECORD PERIOD 1871 TO 2016


WEATHER ITEM   OBSERVED TIME   RECORD YEAR NORMAL DEPARTURE LAST
                VALUE   (LST)  VALUE       VALUE  FROM      YEAR
                                                  NORMAL
..................................................................
TEMPERATURE (F)
 YESTERDAY
  MAXIMUM         56    427 PM  80    1904  67    -11       66
                                      1899
  MINIMUM         37   1137 PM  25    1988  43     -6       34
  AVERAGE         47                        55     -8       50

PRECIPITATION (IN)
  YESTERDAY        0.29          1.89 2011   0.10   0.19     0.00
  MONTH TO DATE    3.62                      0.75   2.87     1.61
  SINCE DEC 1      7.01                      6.85   0.16     8.43
  SINCE JAN 1      6.45                      4.05   2.40     4.69

SNOWFALL (IN)
  YESTERDAY        0.0           T    1907   0.0    0.0      0.0
  MONTH TO DATE    0.0                       0.0    0.0      0.0
  SINCE DEC 1      0.0                       T      0.0       T
  SINCE JUL 1      0.0                       T      0.0       T
  SNOW DEPTH       0

DEGREE DAYS
 HEATING
  YESTERDAY       18                        10      8       15
  MONTH TO DATE   59                        75    -16       99
  SINCE DEC 1    569                       778   -209      689
  SINCE JUL 1    623                       951   -328      973

 COOLING
  YESTERDAY        0                         1     -1        0
  MONTH TO DATE   14                         2     12        0
  SINCE DEC 1    155                        34    121       37
  SINCE JAN 1     14                        13      1       13
..................................................................


WIND (MPH)
  HIGHEST WIND SPEED    22   HIGHEST WIND DIRECTION    NW (330)
  HIGHEST GUST SPEED    30   HIGHEST GUST DIRECTION    NW (320)
  AVERAGE WIND SPEED    10.8


SKY COVER
  POSSIBLE SUNSHINE  MM
  AVERAGE SKY COVER 0.5


WEATHER CONDITIONS
 THE FOLLOWING WEATHER WAS RECORDED YESTERDAY.
  RAIN
  LIGHT RAIN
  FOG


RELATIVE HUMIDITY (PERCENT)
 HIGHEST    96           100 AM
 LOWEST     32           500 PM
 AVERAGE    64

..........................................................


THE JACKSONVILLE CLIMATE NORMALS FOR TODAY
                         NORMAL    RECORD    YEAR
 MAXIMUM TEMPERATURE (F)   67        84      1957
 MINIMUM TEMPERATURE (F)   44        14      1895


SUNRISE AND SUNSET
FEBRUARY  8 2016......SUNRISE   713 AM EST   SUNSET   609 PM EST
FEBRUARY  9 2016......SUNRISE   713 AM EST   SUNSET   610 PM EST


-  INDICATES NEGATIVE NUMBERS.
R  INDICATES RECORD WAS SET OR TIED.
MM INDICATES DATA IS MISSING.
T  INDICATES TRACE AMOUNT.




$$
