000
CDUS42 KJAX 052236
CLIJAX


CLIMATE REPORT
NATIONAL WEATHER SERVICE JACKSONVILLE FL
536 PM EST THU MAR 5 2015


...................................

...THE JACKSONVILLE CLIMATE SUMMARY FOR MARCH 5 2015...
VALID TODAY AS OF 0500 PM LOCAL TIME.

CLIMATE NORMAL PERIOD 1981 TO 2010
CLIMATE RECORD PERIOD 1871 TO 2015


WEATHER ITEM   OBSERVED TIME   RECORD YEAR NORMAL DEPARTURE LAST
                VALUE   (LST)  VALUE       VALUE  FROM      YEAR
                                                  NORMAL
..................................................................
TEMPERATURE (F)
 TODAY
  MAXIMUM         85    401 PM  87    1997  72     13       49
                                      1989
                                      1985
  MINIMUM         58    511 AM  28    1971  48     10       41
                                      1893
  AVERAGE         72                        60     12       45

PRECIPITATION (IN)
  TODAY            0.00          3.00 1981   0.14  -0.14     0.13
  MONTH TO DATE    0.20                      0.70  -0.50     0.13
  SINCE MAR 1      0.20                      0.70  -0.50     0.13
  SINCE JAN 1      6.60                      7.19  -0.59     9.84

SNOWFALL (IN)
  TODAY            0.0           0.0  2002   0.0    0.0      0.0
  MONTH TO DATE    0.0                       0.0    0.0      0.0
  SINCE MAR 1      0.0                       0.0    0.0      0.0
  SINCE JUL 1      T                         T      0.0      0.0
  SNOW DEPTH       0

DEGREE DAYS
 HEATING
  TODAY            0                         7     -7       20
  MONTH TO DATE    9                        35    -26       39
  SINCE MAR 1      9                        35    -26       39
  SINCE JUL 1   1257                      1168     89     1116

 COOLING
  TODAY            7                         1      6        0
  MONTH TO DATE   22                         5     17        1
  SINCE MAR 1     22                         5     17        1
  SINCE JAN 1     35                        34      1       31
..................................................................


WIND (MPH)
  HIGHEST WIND SPEED    22   HIGHEST WIND DIRECTION    SW (240)
  HIGHEST GUST SPEED    27   HIGHEST GUST DIRECTION     W (250)
  AVERAGE WIND SPEED     9.5


SKY COVER
  POSSIBLE SUNSHINE  MM
  AVERAGE SKY COVER 0.6


WEATHER CONDITIONS
 THE FOLLOWING WEATHER WAS RECORDED TODAY.
  FOG


RELATIVE HUMIDITY (PERCENT)
 HIGHEST   100          1200 AM
 LOWEST     44           300 PM
 AVERAGE    72

..........................................................


THE JACKSONVILLE CLIMATE NORMALS FOR TOMORROW
                         NORMAL    RECORD    YEAR
 MAXIMUM TEMPERATURE (F)   72        88      1961
 MINIMUM TEMPERATURE (F)   48        28      1960


SUNRISE AND SUNSET
MARCH  5 2015.........SUNRISE   649 AM EST   SUNSET   628 PM EST
MARCH  6 2015.........SUNRISE   648 AM EST   SUNSET   629 PM EST


-  INDICATES NEGATIVE NUMBERS.
R  INDICATES RECORD WAS SET OR TIED.
MM INDICATES DATA IS MISSING.
T  INDICATES TRACE AMOUNT.




$$
