000
CDUS45 KGGW 261230
CLIJDN


CLIMATE REPORT
NATIONAL WEATHER SERVICE GLASGOW MT
630 AM MDT TUE MAY 26 2015


...................................

...THE JORDAN  ASOS MT CLIMATE SUMMARY FOR MAY 26 2015...
VALID AS OF 0600 AM LOCAL TIME.

CLIMATE NORMAL PERIOD 1981 TO 2010
CLIMATE RECORD PERIOD 9999 TO 9999


WEATHER ITEM   OBSERVED TIME   RECORD YEAR NORMAL DEPARTURE LAST
                VALUE   (LST)  VALUE       VALUE  FROM      YEAR
                                                  NORMAL
..................................................................
TEMPERATURE (F)
 TODAY
  MAXIMUM         49   1200 AM  MM      MM  69    -20       85
  MINIMUM         43    500 AM  MM      MM  42      1       55
  AVERAGE         46                        56    -10       70

PRECIPITATION (IN)
  TODAY            0.00         MM      MM   0.10  -0.10     0.00
  MONTH TO DATE    0.89                      1.68  -0.79     1.62
  SINCE OCT 1      4.24                      5.30  -1.06     5.63
  SINCE JAN 1      3.05                      3.76  -0.71     3.22

SNOWFALL (IN)
  TODAY            0.0          MM      MM  MM     MM        0.0
  MONTH TO DATE    0.0                      MM     MM        0.0
  SINCE MAR 1      0.0                      MM     MM        0.0
  SINCE JUL 1      0.0                      MM     MM        0.0
  SNOW DEPTH      MM

DEGREE DAYS
 HEATING
  TODAY           19                         9     10        0
  MONTH TO DATE  372                       344     28      350
  SINCE MAR 1   1688                      1960   -272     2098
  SINCE JUL 1   7481                      8078   -597     8411

 COOLING
  TODAY            0                         0      0        5
  MONTH TO DATE    0                         0      0       16
  SINCE MAR 1      0                         0      0       16
  SINCE JAN 1      0                         0      0       16
..................................................................


WIND (MPH)
  HIGHEST WIND SPEED     5   HIGHEST WIND DIRECTION     W (270)
  HIGHEST GUST SPEED    MM   HIGHEST GUST DIRECTION    MM
  AVERAGE WIND SPEED     2.1


SKY COVER
  POSSIBLE SUNSHINE  MM
  AVERAGE SKY COVER 0.0


WEATHER CONDITIONS
 THE FOLLOWING WEATHER WAS RECORDED TODAY.
  NO SIGNIFICANT WEATHER WAS OBSERVED.


RELATIVE HUMIDITY (PERCENT)
 HIGHEST   100           200 AM
 LOWEST     93          1200 AM
 AVERAGE    97

..........................................................


THE JORDAN  ASOS MT CLIMATE NORMALS FOR TOMORROW
                         NORMAL    RECORD    YEAR
 MAXIMUM TEMPERATURE (F)   70        MM        MM
 MINIMUM TEMPERATURE (F)   43        MM        MM


SUNRISE AND SUNSET
MAY 26 2015...........SUNRISE   519 AM MDT   SUNSET   850 PM MDT
MAY 27 2015...........SUNRISE   519 AM MDT   SUNSET   851 PM MDT


-  INDICATES NEGATIVE NUMBERS.
R  INDICATES RECORD WAS SET OR TIED.
MM INDICATES DATA IS MISSING.
T  INDICATES TRACE AMOUNT.




$$
