000
CDUS45 KGGW 221237
CLIJDN


CLIMATE REPORT
NATIONAL WEATHER SERVICE GLASGOW MT
637 AM MDT SAT JUL 22 2017


...................................

...THE JORDAN  ASOS MT CLIMATE SUMMARY FOR JULY 22 2017...
VALID AS OF 0600 AM LOCAL TIME.

CLIMATE NORMAL PERIOD 1981 TO 2010
CLIMATE RECORD PERIOD 9999 TO 9999


WEATHER ITEM   OBSERVED TIME   RECORD YEAR NORMAL DEPARTURE LAST
                VALUE   (LST)  VALUE       VALUE  FROM      YEAR
                                                  NORMAL
..................................................................
TEMPERATURE (F)
 TODAY
  MAXIMUM         57   1200 AM  MM      MM  87    -30       98
  MINIMUM         51    500 AM  MM      MM  55     -4       56
  AVERAGE         54                        71    -17       77

PRECIPITATION (IN)
  TODAY            0.00         MM      MM   0.05  -0.05     0.00
  MONTH TO DATE    0.28                      1.51  -1.23     1.41
  SINCE OCT 1      6.77                      9.91  -3.14    12.33
  SINCE JAN 1      3.56                      8.37  -4.81     8.64

SNOWFALL (IN)
  TODAY            0.0          MM      MM  MM     MM        0.0
  MONTH TO DATE    0.0                      MM     MM        0.0
  SINCE JUN 1      0.0                      MM     MM        0.0
  SINCE JUL 1      0.0                      MM     MM        0.0
  SNOW DEPTH      MM

DEGREE DAYS
 HEATING
  TODAY           11                         1     10        0
  MONTH TO DATE   11                        23    -12       13
  SINCE JUN 1     73                       148    -75       49
  SINCE JUL 1     11                        23    -12       13

 COOLING
  TODAY            0                         7     -7       12
  MONTH TO DATE  268                       115    153      130
  SINCE JUN 1    341                       163    178      208
  SINCE JAN 1    355                       169    186      211
..................................................................


WIND (MPH)
  HIGHEST WIND SPEED     7   HIGHEST WIND DIRECTION     W (280)
  HIGHEST GUST SPEED    MM   HIGHEST GUST DIRECTION    MM
  AVERAGE WIND SPEED     4.4


SKY COVER
  POSSIBLE SUNSHINE  MM
  AVERAGE SKY COVER 0.0


WEATHER CONDITIONS
 THE FOLLOWING WEATHER WAS RECORDED TODAY.
  NO SIGNIFICANT WEATHER WAS OBSERVED.


RELATIVE HUMIDITY (PERCENT)
 HIGHEST    54           500 AM
 LOWEST     39          1200 AM
 AVERAGE    47

..........................................................


THE JORDAN  ASOS MT CLIMATE NORMALS FOR TOMORROW
                         NORMAL    RECORD    YEAR
 MAXIMUM TEMPERATURE (F)   87        MM        MM
 MINIMUM TEMPERATURE (F)   55        MM        MM


SUNRISE AND SUNSET
JULY 22 2017..........SUNRISE   534 AM MDT   SUNSET   853 PM MDT
JULY 23 2017..........SUNRISE   535 AM MDT   SUNSET   852 PM MDT


-  INDICATES NEGATIVE NUMBERS.
R  INDICATES RECORD WAS SET OR TIED.
MM INDICATES DATA IS MISSING.
T  INDICATES TRACE AMOUNT.




$$
