000
CDUS45 KBOI 200932
CLIJER


CLIMATE REPORT
NATIONAL WEATHER SERVICE BOISE ID
231 AM MST MON NOV 20 2017


...................................

...THE JEROME ID CLIMATE SUMMARY FOR NOVEMBER 19 2017...

CLIMATE NORMAL PERIOD 1981 TO 2010
CLIMATE RECORD PERIOD 1915 TO 2017


WEATHER ITEM   OBSERVED TIME   RECORD YEAR NORMAL DEPARTURE LAST
                VALUE   (LST)  VALUE       VALUE  FROM      YEAR
                                                  NORMAL
..................................................................
TEMPERATURE (F)
 YESTERDAY
  MAXIMUM         46    306 PM  64    1966  43      3       55
  MINIMUM         26    819 AM   9    1985  27     -1       33
  AVERAGE         36                        35      1       44

PRECIPITATION (IN)
  YESTERDAY        0.00          0.90 1950   0.04  -0.04     0.00
  MONTH TO DATE    1.08                      0.65   0.43      T
  SINCE OCT 1      1.68                      1.46   0.22     2.66
  SINCE JAN 1      9.21                      8.75   0.46     9.67

DEGREE DAYS
 HEATING
  YESTERDAY       29                        30     -1       21
  MONTH TO DATE  472                       493    -21      322
  SINCE SEP 1   1225                      1159     66      895
  SINCE JUL 1   1226                      1192     34      917

 COOLING
  YESTERDAY        0                         0      0        0
  MONTH TO DATE    0                         0      0        0
  SINCE SEP 1    121                        45     76       30
  SINCE JAN 1    929                       510    419      612
..................................................................


WIND (MPH)
  HIGHEST WIND SPEED    21   HIGHEST WIND DIRECTION    NE (40)
  HIGHEST GUST SPEED    26   HIGHEST GUST DIRECTION    NE (40)
  AVERAGE WIND SPEED    15.0


SKY COVER
  AVERAGE SKY COVER 0.0


WEATHER CONDITIONS
 THE FOLLOWING WEATHER WAS RECORDED YESTERDAY.
  NO SIGNIFICANT WEATHER WAS OBSERVED.


RELATIVE HUMIDITY (PERCENT)
 HIGHEST    85          1200 AM
 LOWEST     49           200 PM
 AVERAGE    67

..........................................................


THE JEROME ID CLIMATE NORMALS FOR TODAY
                         NORMAL    RECORD    YEAR
 MAXIMUM TEMPERATURE (F)   43        69      1966
 MINIMUM TEMPERATURE (F)   26        10      1985


SUNRISE AND SUNSET
NOVEMBER 20 2017......SUNRISE   736 AM MST   SUNSET   511 PM MST
NOVEMBER 21 2017......SUNRISE   737 AM MST   SUNSET   510 PM MST


-  INDICATES NEGATIVE NUMBERS.
R  INDICATES RECORD WAS SET OR TIED.
MM INDICATES DATA IS MISSING.
T  INDICATES TRACE AMOUNT.




$$
