000
CDUS45 KBOI 210935
CLIJER


CLIMATE REPORT
NATIONAL WEATHER SERVICE BOISE ID
335 AM MDT MON JUL 21 2014


...................................

...THE JEROME ID CLIMATE SUMMARY FOR JULY 20 2014...

CLIMATE NORMAL PERIOD 1981 TO 2010
CLIMATE RECORD PERIOD 1919 TO 2014


WEATHER ITEM   OBSERVED TIME   RECORD YEAR NORMAL DEPARTURE LAST
                VALUE   (LST)  VALUE       VALUE  FROM      YEAR
                                                  NORMAL
..................................................................
TEMPERATURE (F)
 YESTERDAY
  MAXIMUM         89    327 PM 103    2003  88      1       97
  MINIMUM         63    518 AM  44    1987  57      6       61
  AVERAGE         76                        72      4       79

PRECIPITATION (IN)
  YESTERDAY        T             0.06 1972   0.01  -0.01     0.00
  MONTH TO DATE    T                         0.14  -0.14      T
  SINCE OCT 1      5.63                     10.03  -4.40     5.82
  SINCE JAN 1      5.03                      6.51  -1.48     2.52

DEGREE DAYS
 HEATING
  YESTERDAY        0                         0      0        0
  MONTH TO DATE    0                        10    -10        0
  SINCE JUN 1     74                       117    -43       78
  SINCE JUL 1      0                        10    -10        0

 COOLING
  YESTERDAY       11                         7      4       14
  MONTH TO DATE  274                       119    155      250
  SINCE JUN 1    319                       187    132      380
  SINCE JAN 1    329                       200    129      395
..................................................................


WIND (MPH)
  HIGHEST WIND SPEED    21   HIGHEST WIND DIRECTION    SW (240)
  HIGHEST GUST SPEED    27   HIGHEST GUST DIRECTION     W (250)
  AVERAGE WIND SPEED     6.9


SKY COVER
  AVERAGE SKY COVER 0.0


WEATHER CONDITIONS
 THE FOLLOWING WEATHER WAS RECORDED YESTERDAY.
  LIGHT RAIN


RELATIVE HUMIDITY (PERCENT)
 HIGHEST    55           800 AM
 LOWEST     21           700 PM
 AVERAGE    38

..........................................................


THE JEROME ID CLIMATE NORMALS FOR TODAY
                         NORMAL    RECORD    YEAR
 MAXIMUM TEMPERATURE (F)   88       105      2003
 MINIMUM TEMPERATURE (F)   57        42      1950


SUNRISE AND SUNSET
JULY 21 2014..........SUNRISE   619 AM MDT   SUNSET   909 PM MDT
JULY 22 2014..........SUNRISE   620 AM MDT   SUNSET   908 PM MDT


-  INDICATES NEGATIVE NUMBERS.
R  INDICATES RECORD WAS SET OR TIED.
MM INDICATES DATA IS MISSING.
T  INDICATES TRACE AMOUNT.




$$
