000
CDUS45 KBOI 240930
CLIJER


CLIMATE REPORT
NATIONAL WEATHER SERVICE BOISE ID
230 AM MST WED DEC 24 2014


...................................

...THE JEROME ID CLIMATE SUMMARY FOR DECEMBER 23 2014...

CLIMATE NORMAL PERIOD 1981 TO 2010
CLIMATE RECORD PERIOD 1919 TO 2014


WEATHER ITEM   OBSERVED TIME   RECORD YEAR NORMAL DEPARTURE LAST
                VALUE   (LST)  VALUE       VALUE  FROM      YEAR
                                                  NORMAL
..................................................................
TEMPERATURE (F)
 YESTERDAY
  MAXIMUM         38    417 PM  62    1955  33      5       41
  MINIMUM         23    757 AM -21    1990  19      4       33
  AVERAGE         31                        26      5       37

PRECIPITATION (IN)
  YESTERDAY        0.00          1.45 1964   0.05  -0.05      T
  MONTH TO DATE    1.35                      1.18   0.17     0.24
  SINCE OCT 1      2.59                      3.21  -0.62     0.57
  SINCE JAN 1     11.66                     10.50   1.16     3.59

DEGREE DAYS
 HEATING
  YESTERDAY       34                        39     -5       28
  MONTH TO DATE  596                       866   -270     1010
  SINCE DEC 1    596                       866   -270     1010
  SINCE JUL 1   1932                      2417   -485     2493

 COOLING
  YESTERDAY        0                         0      0        0
  MONTH TO DATE    0                         0      0        0
  SINCE DEC 1      0                         0      0        0
  SINCE JAN 1    652                       510    142      904
..................................................................


WIND (MPH)
  HIGHEST WIND SPEED    16   HIGHEST WIND DIRECTION    NE (40)
  HIGHEST GUST SPEED    19   HIGHEST GUST DIRECTION    NE (40)
  AVERAGE WIND SPEED     4.3


SKY COVER
  AVERAGE SKY COVER 0.3


WEATHER CONDITIONS
 THE FOLLOWING WEATHER WAS RECORDED YESTERDAY.
  NO SIGNIFICANT WEATHER WAS OBSERVED.


RELATIVE HUMIDITY (PERCENT)
 HIGHEST    88           800 AM
 LOWEST     59           300 PM
 AVERAGE    74

..........................................................


THE JEROME ID CLIMATE NORMALS FOR TODAY
                         NORMAL    RECORD    YEAR
 MAXIMUM TEMPERATURE (F)   33        51      2005
 MINIMUM TEMPERATURE (F)   19       -19      1990


SUNRISE AND SUNSET
DECEMBER 24 2014......SUNRISE   806 AM MST   SUNSET   509 PM MST
DECEMBER 25 2014......SUNRISE   807 AM MST   SUNSET   509 PM MST


-  INDICATES NEGATIVE NUMBERS.
R  INDICATES RECORD WAS SET OR TIED.
MM INDICATES DATA IS MISSING.
T  INDICATES TRACE AMOUNT.




$$
