431
CDUS45 KBOI 270936
CLIJER


CLIMATE REPORT
NATIONAL WEATHER SERVICE BOISE ID
334 AM MDT WED JUL 27 2016


...................................

...THE JEROME ID CLIMATE SUMMARY FOR JULY 26 2016...

CLIMATE NORMAL PERIOD 1981 TO 2010
CLIMATE RECORD PERIOD 1915 TO 2016


WEATHER ITEM   OBSERVED TIME   RECORD YEAR NORMAL DEPARTURE LAST
                VALUE   (LST)  VALUE       VALUE  FROM      YEAR
                                                  NORMAL
..................................................................
TEMPERATURE (F)
 YESTERDAY
  MAXIMUM         96    347 PM 104    1928  88      8       85
  MINIMUM         57    324 AM  46    1993  57      0       57
  AVERAGE         77                        73      4       71

PRECIPITATION (IN)
  YESTERDAY        0.00          0.11 2003   0.01  -0.01     0.00
  MONTH TO DATE    0.03                      0.19  -0.16     0.38
  SINCE OCT 1      9.99                     10.08  -0.09     8.59
  SINCE JAN 1      5.40                      6.56  -1.16     5.69

DEGREE DAYS
 HEATING
  YESTERDAY        0                         0      0        0
  MONTH TO DATE   15                        10      5        0
  SINCE JUN 1     57                       117    -60       15
  SINCE JUL 1     15                        10      5        0

 COOLING
  YESTERDAY       12                         8      4        6
  MONTH TO DATE  160                       164     -4      186
  SINCE JUN 1    321                       232     89      400
  SINCE JAN 1    325                       245     80      410
..................................................................


WIND (MPH)
  HIGHEST WIND SPEED    15   HIGHEST WIND DIRECTION    NE (40)
  HIGHEST GUST SPEED    19   HIGHEST GUST DIRECTION    NE (40)
  AVERAGE WIND SPEED     6.9


SKY COVER
  AVERAGE SKY COVER 0.0


WEATHER CONDITIONS
 THE FOLLOWING WEATHER WAS RECORDED YESTERDAY.
  NO SIGNIFICANT WEATHER WAS OBSERVED.


RELATIVE HUMIDITY (PERCENT)
 HIGHEST    39           300 AM
 LOWEST     13           300 PM
 AVERAGE    26

..........................................................


THE JEROME ID CLIMATE NORMALS FOR TODAY
                         NORMAL    RECORD    YEAR
 MAXIMUM TEMPERATURE (F)   88       107      1934
 MINIMUM TEMPERATURE (F)   57        43      1919


SUNRISE AND SUNSET
JULY 27 2016..........SUNRISE   625 AM MDT   SUNSET   903 PM MDT
JULY 28 2016..........SUNRISE   626 AM MDT   SUNSET   902 PM MDT


-  INDICATES NEGATIVE NUMBERS.
R  INDICATES RECORD WAS SET OR TIED.
MM INDICATES DATA IS MISSING.
T  INDICATES TRACE AMOUNT.




$$
