000
CDUS45 KBOI 010931
CLIJER


CLIMATE REPORT
NATIONAL WEATHER SERVICE BOISE ID
331 AM MDT WED OCT 1 2014


...................................

...THE JEROME ID CLIMATE SUMMARY FOR SEPTEMBER 30 2014...

CLIMATE NORMAL PERIOD 1981 TO 2010
CLIMATE RECORD PERIOD 1919 TO 2014


WEATHER ITEM   OBSERVED TIME   RECORD YEAR NORMAL DEPARTURE LAST
                VALUE   (LST)  VALUE       VALUE  FROM      YEAR
                                                  NORMAL
..................................................................
TEMPERATURE (F)
 YESTERDAY
  MAXIMUM         59    147 PM  91    1992  68     -9       67
  MINIMUM         43   1159 PM  27    1954  42      1       42
  AVERAGE         51                        55     -4       55

PRECIPITATION (IN)
  YESTERDAY        0.04          0.37 1959   0.02   0.02     0.05
  MONTH TO DATE    0.50                      0.43   0.07     0.50
  SINCE OCT 1      9.67                     10.81  -1.14     6.32
  SINCE JAN 1      9.07                      7.29   1.78     3.02

DEGREE DAYS
 HEATING
  YESTERDAY       14                        10      4       10
  MONTH TO DATE  108                       170    -62      138
  SINCE SEP 1    108                       170    -62      138
  SINCE JUL 1    135                       203    -68      138

 COOLING
  YESTERDAY        0                         0      0        0
  MONTH TO DATE   60                        44     16       86
  SINCE SEP 1     60                        44     16       86
  SINCE JAN 1    652                       509    143      904
..................................................................


WIND (MPH)
  HIGHEST WIND SPEED    28   HIGHEST WIND DIRECTION     W (260)
  HIGHEST GUST SPEED    35   HIGHEST GUST DIRECTION     W (260)
  AVERAGE WIND SPEED    13.8


SKY COVER
  AVERAGE SKY COVER 0.4


WEATHER CONDITIONS
 THE FOLLOWING WEATHER WAS RECORDED YESTERDAY.
  LIGHT RAIN


RELATIVE HUMIDITY (PERCENT)
 HIGHEST    93           100 AM
 LOWEST     43           400 PM
 AVERAGE    68

..........................................................


THE JEROME ID CLIMATE NORMALS FOR TODAY
                         NORMAL    RECORD    YEAR
 MAXIMUM TEMPERATURE (F)   68        94      1992
 MINIMUM TEMPERATURE (F)   42        26      1954


SUNRISE AND SUNSET
OCTOBER  1 2014.......SUNRISE   735 AM MDT   SUNSET   719 PM MDT
OCTOBER  2 2014.......SUNRISE   736 AM MDT   SUNSET   717 PM MDT


-  INDICATES NEGATIVE NUMBERS.
R  INDICATES RECORD WAS SET OR TIED.
MM INDICATES DATA IS MISSING.
T  INDICATES TRACE AMOUNT.




$$
