000
CDUS45 KBOI 240932
CLIJER


CLIMATE REPORT
NATIONAL WEATHER SERVICE BOISE ID
332 AM MDT SUN SEP 24 2017


...................................

...THE JEROME ID CLIMATE SUMMARY FOR SEPTEMBER 23 2017...

CLIMATE NORMAL PERIOD 1981 TO 2010
CLIMATE RECORD PERIOD 1915 TO 2017


WEATHER ITEM   OBSERVED TIME   RECORD YEAR NORMAL DEPARTURE LAST
                VALUE   (LST)  VALUE       VALUE  FROM      YEAR
                                                  NORMAL
..................................................................
TEMPERATURE (F)
 YESTERDAY
  MAXIMUM         56    337 PM  95    1949  72    -16       57
  MINIMUM         32    357 AM  29    1996  44    -12       44
  AVERAGE         44                        58    -14       51

PRECIPITATION (IN)
  YESTERDAY        T             0.71 2016   0.02  -0.02     0.71
  MONTH TO DATE    0.62                      0.28   0.34     1.55
  SINCE OCT 1     11.94                     10.66   1.28    11.58
  SINCE JAN 1      7.42                      7.14   0.28     6.99

DEGREE DAYS
 HEATING
  YESTERDAY       21                         8     13       14
  MONTH TO DATE  132                       107     25      149
  SINCE SEP 1    132                       107     25      149
  SINCE JUL 1    133                       140     -7      171

 COOLING
  YESTERDAY        0                         1     -1        0
  MONTH TO DATE  121                        43     78       18
  SINCE SEP 1    121                        43     78       18
  SINCE JAN 1    929                       508    421      600
..................................................................


WIND (MPH)
  HIGHEST WIND SPEED    12   HIGHEST WIND DIRECTION    SW (230)
  HIGHEST GUST SPEED    14   HIGHEST GUST DIRECTION    SW (240)
  AVERAGE WIND SPEED     5.2


SKY COVER
  AVERAGE SKY COVER 0.3


WEATHER CONDITIONS
 THE FOLLOWING WEATHER WAS RECORDED YESTERDAY.
  LIGHT RAIN


RELATIVE HUMIDITY (PERCENT)
 HIGHEST   100           100 AM
 LOWEST     50           300 PM
 AVERAGE    75

..........................................................


THE JEROME ID CLIMATE NORMALS FOR TODAY
                         NORMAL    RECORD    YEAR
 MAXIMUM TEMPERATURE (F)   71        94      2001
 MINIMUM TEMPERATURE (F)   44        23      1926


SUNRISE AND SUNSET
SEPTEMBER 24 2017.....SUNRISE   728 AM MDT   SUNSET   731 PM MDT
SEPTEMBER 25 2017.....SUNRISE   729 AM MDT   SUNSET   729 PM MDT


-  INDICATES NEGATIVE NUMBERS.
R  INDICATES RECORD WAS SET OR TIED.
MM INDICATES DATA IS MISSING.
T  INDICATES TRACE AMOUNT.




$$
