000
CDUS45 KBOI 300930
CLIJER


CLIMATE REPORT
NATIONAL WEATHER SERVICE BOISE ID
230 AM MST FRI JAN 30 2015


...................................

...THE JEROME ID CLIMATE SUMMARY FOR JANUARY 29 2015...

CLIMATE NORMAL PERIOD 1981 TO 2010
CLIMATE RECORD PERIOD 1919 TO 2015


WEATHER ITEM   OBSERVED TIME   RECORD YEAR NORMAL DEPARTURE LAST
                VALUE   (LST)  VALUE       VALUE  FROM      YEAR
                                                  NORMAL
..................................................................
TEMPERATURE (F)
 YESTERDAY
  MAXIMUM         45    400 PM  53    1998  34     11       41
  MINIMUM         33   1239 AM -16    1949  20     13       29
  AVERAGE         39                        27     12       35

PRECIPITATION (IN)
  YESTERDAY        0.00          0.48 2014   0.02  -0.02     0.48
  MONTH TO DATE    1.19                      1.01   0.18     0.74
  SINCE OCT 1      4.09                      4.53  -0.44     1.34
  SINCE JAN 1      1.19                      1.01   0.18     0.74

DEGREE DAYS
 HEATING
  YESTERDAY       26                        38    -12       30
  MONTH TO DATE 1028                      1120    -92      998
  SINCE DEC 1   1977                      2299   -322     2299
  SINCE JUL 1   3313                      3850   -537     3782

 COOLING
  YESTERDAY        0                         0      0        0
  MONTH TO DATE    0                         0      0        0
  SINCE DEC 1      0                         0      0        0
  SINCE JAN 1      0                         0      0        0
..................................................................


WIND (MPH)
  HIGHEST WIND SPEED    16   HIGHEST WIND DIRECTION     E (70)
  HIGHEST GUST SPEED    21   HIGHEST GUST DIRECTION     E (90)
  AVERAGE WIND SPEED    10.7


SKY COVER
  AVERAGE SKY COVER 0.5


WEATHER CONDITIONS
 THE FOLLOWING WEATHER WAS RECORDED YESTERDAY.
  NO SIGNIFICANT WEATHER WAS OBSERVED.


RELATIVE HUMIDITY (PERCENT)
 HIGHEST    96          1200 AM
 LOWEST     65           200 PM
 AVERAGE    81

..........................................................


THE JEROME ID CLIMATE NORMALS FOR TODAY
                         NORMAL    RECORD    YEAR
 MAXIMUM TEMPERATURE (F)   35        55      1992
 MINIMUM TEMPERATURE (F)   20        -8      1979


SUNRISE AND SUNSET
JANUARY 30 2015.......SUNRISE   754 AM MST   SUNSET   548 PM MST
JANUARY 31 2015.......SUNRISE   753 AM MST   SUNSET   550 PM MST


-  INDICATES NEGATIVE NUMBERS.
R  INDICATES RECORD WAS SET OR TIED.
MM INDICATES DATA IS MISSING.
T  INDICATES TRACE AMOUNT.




$$
