000
CDUS41 KOKX 300618
CLIJFK


CLIMATE REPORT
NATIONAL WEATHER SERVICE NEW YORK NY
218 AM EDT MON MAR 30 2015


...................................

...THE KENNEDY NY CLIMATE SUMMARY FOR MARCH 29 2015...

CLIMATE NORMAL PERIOD 1981 TO 2010
CLIMATE RECORD PERIOD 1949 TO 2015


WEATHER ITEM   OBSERVED TIME   RECORD YEAR NORMAL DEPARTURE LAST
                VALUE   (LST)  VALUE       VALUE  FROM      YEAR
                                                  NORMAL
..................................................................
TEMPERATURE (F)
 YESTERDAY
  MAXIMUM         46    250 PM  82    1998  53     -7       52
  MINIMUM         27    600 AM  26    1959  38    -11       41
  AVERAGE         37                        46     -9       47

PRECIPITATION (IN)
  YESTERDAY        T             2.60 2014   0.13  -0.13     2.60
  MONTH TO DATE    4.85                      3.52   1.33     3.52
  SINCE MAR 1      4.85                      3.52   1.33     3.52
  SINCE JAN 1     12.51                      9.27   3.24    11.12

SNOWFALL (IN)
  YESTERDAY        T             4.1  1974   0.1   -0.1      0.0
  MONTH TO DATE   13.1                       3.4    9.7      0.6
  SINCE OCT 1     44.2                      22.9   21.3     45.5
  SINCE JUL 1     44.2                      22.9   21.3     45.5
  SNOW DEPTH       0

DEGREE DAYS
 HEATING
  YESTERDAY       28                        20      8       18
  MONTH TO DATE  797                       686    111      813
  SINCE MAR 1    797                       686    111      813
  SINCE JUL 1   4489                      4197    292     4520

 COOLING
  YESTERDAY        0                         0      0        0
  MONTH TO DATE    0                         0      0        0
  SINCE MAR 1      0                         0      0        0
  SINCE JAN 1      0                         0      0        0
..................................................................


WIND (MPH)
  HIGHEST WIND SPEED    21   HIGHEST WIND DIRECTION    NW (330)
  HIGHEST GUST SPEED    26   HIGHEST GUST DIRECTION     N (350)
  AVERAGE WIND SPEED    13.7


SKY COVER
  POSSIBLE SUNSHINE  MM
  AVERAGE SKY COVER 0.4


WEATHER CONDITIONS
 THE FOLLOWING WEATHER WAS RECORDED YESTERDAY.
  LIGHT SNOW


RELATIVE HUMIDITY (PERCENT)
 HIGHEST    70           900 PM
 LOWEST     16           200 PM
 AVERAGE    43

..........................................................


THE KENNEDY NY CLIMATE NORMALS FOR TODAY
                         NORMAL    RECORD    YEAR
 MAXIMUM TEMPERATURE (F)   53        72      1979
                                             1949
 MINIMUM TEMPERATURE (F)   38        22      1970


SUNRISE AND SUNSET
MARCH 30 2015.........SUNRISE   643 AM EDT   SUNSET   717 PM EDT
MARCH 31 2015.........SUNRISE   641 AM EDT   SUNSET   719 PM EDT


-  INDICATES NEGATIVE NUMBERS.
R  INDICATES RECORD WAS SET OR TIED.
MM INDICATES DATA IS MISSING.
T  INDICATES TRACE AMOUNT.




$$
