000
CDUS41 KOKX 210616
CLIJFK


CLIMATE REPORT
NATIONAL WEATHER SERVICE NEW YORK NY
216 AM EDT SAT OCT 21 2017


...................................

...THE KENNEDY NY CLIMATE SUMMARY FOR OCTOBER 20 2017...

CLIMATE NORMAL PERIOD 1981 TO 2010
CLIMATE RECORD PERIOD 1948 TO 2017


WEATHER ITEM   OBSERVED TIME   RECORD YEAR NORMAL DEPARTURE LAST
                VALUE   (LST)  VALUE       VALUE  FROM      YEAR
                                                  NORMAL
..................................................................
TEMPERATURE (F)
 YESTERDAY
  MAXIMUM         75    337 PM  81    1969  63     12       72
  MINIMUM         56   1117 PM  33    1974  48      8       59
  AVERAGE         66                        56     10       66

PRECIPITATION (IN)
  YESTERDAY        0.00          2.69 1989   0.11  -0.11     0.00
  MONTH TO DATE    0.50                      2.40  -1.90     1.35
  SINCE SEP 1      2.70                      5.90  -3.20     4.22
  SINCE JAN 1     35.95                     34.86   1.09    27.49

SNOWFALL (IN)
  YESTERDAY        0.0          MM      MM   0.0    0.0      0.0
  MONTH TO DATE    0.0                       0.0    0.0      0.0
  SINCE OCT 1      0.0                       0.0    0.0      0.0
  SINCE JUL 1      0.0                       0.0    0.0      0.0
  SNOW DEPTH       0

DEGREE DAYS
 HEATING
  YESTERDAY        0                        10    -10        0
  MONTH TO DATE   51                       136    -85       82
  SINCE SEP 1     63                       174   -111       95
  SINCE JUL 1     63                       175   -112       95

 COOLING
  YESTERDAY        1                         0      1        1
  MONTH TO DATE   61                        12     49       18
  SINCE SEP 1    245                       142    103      223
  SINCE JAN 1   1168                      1003    165     1360
..................................................................


WIND (MPH)
  HIGHEST WIND SPEED    20   HIGHEST WIND DIRECTION    NW (300)
  HIGHEST GUST SPEED    26   HIGHEST GUST DIRECTION    NW (320)
  AVERAGE WIND SPEED    10.6


SKY COVER
  POSSIBLE SUNSHINE  MM
  AVERAGE SKY COVER 0.2


WEATHER CONDITIONS
 THE FOLLOWING WEATHER WAS RECORDED YESTERDAY.
  NO SIGNIFICANT WEATHER WAS OBSERVED.


RELATIVE HUMIDITY (PERCENT)
 HIGHEST    86          1200 AM
 LOWEST     16          1200 PM
 AVERAGE    51

..........................................................


THE KENNEDY NY CLIMATE NORMALS FOR TODAY
                         NORMAL    RECORD    YEAR
 MAXIMUM TEMPERATURE (F)   63        81      1963
 MINIMUM TEMPERATURE (F)   48        32      1974


SUNRISE AND SUNSET
OCTOBER 21 2017.......SUNRISE   713 AM EDT   SUNSET   606 PM EDT
OCTOBER 22 2017.......SUNRISE   714 AM EDT   SUNSET   604 PM EDT


-  INDICATES NEGATIVE NUMBERS.
R  INDICATES RECORD WAS SET OR TIED.
MM INDICATES DATA IS MISSING.
T  INDICATES TRACE AMOUNT.




$$
