000
CDUS41 KOKX 090627
CLIJFK


CLIMATE REPORT
NATIONAL WEATHER SERVICE NEW YORK NY
126 AM EST FRI DEC 9 2016


...................................

...THE KENNEDY NY CLIMATE SUMMARY FOR DECEMBER 8 2016...

CLIMATE NORMAL PERIOD 1981 TO 2010
CLIMATE RECORD PERIOD 1948 TO 2016


WEATHER ITEM   OBSERVED TIME   RECORD YEAR NORMAL DEPARTURE LAST
                VALUE   (LST)  VALUE       VALUE  FROM      YEAR
                                                  NORMAL
..................................................................
TEMPERATURE (F)
 YESTERDAY
  MAXIMUM         45    301 PM  61    2004  46     -1       51
                                      1966
  MINIMUM         35   1159 PM  16    1976  34      1       40
  AVERAGE         40                        40      0       46

PRECIPITATION (IN)
  YESTERDAY        0.00          1.12 1969   0.11  -0.11     0.00
  MONTH TO DATE    0.69                      0.94  -0.25     0.41
  SINCE DEC 1      0.69                      0.94  -0.25     0.41
  SINCE JAN 1     33.64                     40.32  -6.68    33.93

SNOWFALL (IN)
  YESTERDAY        0.0           0.7  2013   0.1   -0.1      0.0
  MONTH TO DATE    0.0                       0.7   -0.7      0.0
  SINCE OCT 1      T                         0.9   -0.9      0.0
  SINCE JUL 1      T                         0.9   -0.9      0.0
  SNOW DEPTH       0

DEGREE DAYS
 HEATING
  YESTERDAY       25                        25      0       19
  MONTH TO DATE  160                       191    -31      137
  SINCE DEC 1    160                       191    -31      137
  SINCE JUL 1    800                      1015   -215      728

 COOLING
  YESTERDAY        0                         0      0        0
  MONTH TO DATE    0                         0      0        0
  SINCE DEC 1      0                         0      0        0
  SINCE JAN 1   1362                      1005    357     1387
..................................................................


WIND (MPH)
  HIGHEST WIND SPEED    28   HIGHEST WIND DIRECTION     W (260)
  HIGHEST GUST SPEED    35   HIGHEST GUST DIRECTION     W (260)
  AVERAGE WIND SPEED    12.7


SKY COVER
  POSSIBLE SUNSHINE  MM
  AVERAGE SKY COVER 0.7


WEATHER CONDITIONS
 THE FOLLOWING WEATHER WAS RECORDED YESTERDAY.
  NO SIGNIFICANT WEATHER WAS OBSERVED.


RELATIVE HUMIDITY (PERCENT)
 HIGHEST    79           300 AM
 LOWEST     33           300 PM
 AVERAGE    56

..........................................................


THE KENNEDY NY CLIMATE NORMALS FOR TODAY
                         NORMAL    RECORD    YEAR
 MAXIMUM TEMPERATURE (F)   46        64      1991
 MINIMUM TEMPERATURE (F)   34        14      1968


SUNRISE AND SUNSET
DECEMBER  9 2016......SUNRISE   707 AM EST   SUNSET   428 PM EST
DECEMBER 10 2016......SUNRISE   708 AM EST   SUNSET   428 PM EST


-  INDICATES NEGATIVE NUMBERS.
R  INDICATES RECORD WAS SET OR TIED.
MM INDICATES DATA IS MISSING.
T  INDICATES TRACE AMOUNT.




$$
