000
CDUS41 KOKX 200624
CLIJFK


CLIMATE REPORT
NATIONAL WEATHER SERVICE NEW YORK NY
123 AM EST SAT DEC 20 2014


...................................

...THE KENNEDY NY CLIMATE SUMMARY FOR DECEMBER 19 2014...

CLIMATE NORMAL PERIOD 1981 TO 2010
CLIMATE RECORD PERIOD 1949 TO 2014


WEATHER ITEM   OBSERVED TIME   RECORD YEAR NORMAL DEPARTURE LAST
                VALUE   (LST)  VALUE       VALUE  FROM      YEAR
                                                  NORMAL
..................................................................
TEMPERATURE (F)
 YESTERDAY
  MAXIMUM         40    254 PM  56    1967  43     -3       45
  MINIMUM         32   1148 PM  14    1991  30      2       29
  AVERAGE         36                        37     -1       37

PRECIPITATION (IN)
  YESTERDAY        0.00          1.61 1948   0.10  -0.10     0.00
  MONTH TO DATE    5.63                      2.15   3.48     2.83
  SINCE DEC 1      5.63                      2.15   3.48     2.83
  SINCE JAN 1     49.34                     41.53   7.81    33.81

SNOWFALL (IN)
  YESTERDAY        0.0          18.0  1948   0.2   -0.2      0.0
  MONTH TO DATE    0.3                       2.4   -2.1      6.7
  SINCE OCT 1      0.4                       2.6   -2.2      6.9
  SINCE JUL 1      0.4                       2.6   -2.2      6.9
  SNOW DEPTH       0

DEGREE DAYS
 HEATING
  YESTERDAY       29                        28      1       28
  MONTH TO DATE  448                       486    -38      529
  SINCE DEC 1    448                       486    -38      529
  SINCE JUL 1   1232                      1310    -78     1343

 COOLING
  YESTERDAY        0                         0      0        0
  MONTH TO DATE    0                         0      0        0
  SINCE DEC 1      0                         0      0        0
  SINCE JAN 1   1050                      1005     45     1111
..................................................................


WIND (MPH)
  HIGHEST WIND SPEED    22   HIGHEST WIND DIRECTION    NW (330)
  HIGHEST GUST SPEED    25   HIGHEST GUST DIRECTION     N (340)
  AVERAGE WIND SPEED    14.5


SKY COVER
  POSSIBLE SUNSHINE  MM
  AVERAGE SKY COVER 0.6


WEATHER CONDITIONS
 THE FOLLOWING WEATHER WAS RECORDED YESTERDAY.
  NO SIGNIFICANT WEATHER WAS OBSERVED.


RELATIVE HUMIDITY (PERCENT)
 HIGHEST    59          1200 AM
 LOWEST     44           100 PM
 AVERAGE    52

..........................................................


THE KENNEDY NY CLIMATE NORMALS FOR TODAY
                         NORMAL    RECORD    YEAR
 MAXIMUM TEMPERATURE (F)   43        57      1999
 MINIMUM TEMPERATURE (F)   30        12      2004
                                             1963


SUNRISE AND SUNSET
DECEMBER 20 2014......SUNRISE   715 AM EST   SUNSET   431 PM EST
DECEMBER 21 2014......SUNRISE   715 AM EST   SUNSET   431 PM EST


-  INDICATES NEGATIVE NUMBERS.
R  INDICATES RECORD WAS SET OR TIED.
MM INDICATES DATA IS MISSING.
T  INDICATES TRACE AMOUNT.




$$
