021
CDUS43 KJKL 290533
CLIJKL

CLIMATE REPORT
NATIONAL WEATHER SERVICE JACKSON KY
133 AM EDT THU JUN 29 2017
...................................

...THE JACKSON KY CLIMATE SUMMARY FOR JUNE 28 2017...

CLIMATE NORMAL PERIOD 1981 TO 2010
CLIMATE RECORD PERIOD 1981 TO 2017

WEATHER ITEM   OBSERVED TIME   RECORD YEAR NORMAL DEPARTURE LAST
                VALUE   (LST)  VALUE       VALUE  FROM      YEAR
                                                  NORMAL
..................................................................
TEMPERATURE (F)
 YESTERDAY
  MAXIMUM         81    546 PM 100    2012  84     -3       87
  MINIMUM         53R   459 AM  53    1987  65    -12       69
  AVERAGE         67                        75     -8       78

PRECIPITATION (IN)
  YESTERDAY        0.00          1.38 2008   0.14  -0.14     0.00
  MONTH TO DATE    6.21                      4.41   1.80     5.01
  SINCE JUN 1      6.21                      4.41   1.80     5.01
  SINCE JAN 1     29.63                     24.92   4.71    27.81

SNOWFALL (IN)
  YESTERDAY        0.0                       0.0    0.0      0.0
  MONTH TO DATE    0.0                       0.0    0.0      0.0
  SINCE JUN 1      0.0                       0.0    0.0      0.0
  SINCE JUL 1      4.8                      23.5  -18.7     32.5
  SNOW DEPTH       0

DEGREE DAYS
 HEATING
  YESTERDAY        0                         0      0        0
  MONTH TO DATE    4                         9     -5        1
  SINCE JUN 1      4                         9     -5        1
  SINCE JUL 1   3213                      4231  -1018     3455

 COOLING
  YESTERDAY        2                        10     -8       13
  MONTH TO DATE  184                       204    -20      284
  SINCE JUN 1    184                       204    -20      284
  SINCE JAN 1    383                       340     43      425
..................................................................

WIND (MPH)
  HIGHEST WIND SPEED     7   HIGHEST WIND DIRECTION    NW (320)
  HIGHEST GUST SPEED    13   HIGHEST GUST DIRECTION    SE (140)
  AVERAGE WIND SPEED     1.5

SKY COVER
  POSSIBLE SUNSHINE  MM
  AVERAGE SKY COVER 0.0

WEATHER CONDITIONS
 THE FOLLOWING WEATHER WAS RECORDED YESTERDAY.
  NO SIGNIFICANT WEATHER WAS OBSERVED.

RELATIVE HUMIDITY (PERCENT)
 HIGHEST    80           700 AM
 LOWEST     42           300 PM
 AVERAGE    61
..........................................................

THE JACKSON KY CLIMATE NORMALS FOR TODAY
                         NORMAL    RECORD    YEAR
 MAXIMUM TEMPERATURE (F)   84       104      2012
 MINIMUM TEMPERATURE (F)   65        57      2015

SUNRISE AND SUNSET
JUNE 29 2017..........SUNRISE   615 AM EDT   SUNSET   859 PM EDT
JUNE 30 2017..........SUNRISE   615 AM EDT   SUNSET   859 PM EDT

-  INDICATES NEGATIVE NUMBERS.
R  INDICATES RECORD WAS SET OR TIED.
MM INDICATES DATA IS MISSING.
T  INDICATES TRACE AMOUNT.

$$
