000
CDUS43 KJKL 200549
CLIJKL

CLIMATE REPORT
NATIONAL WEATHER SERVICE JACKSON KY
1249 AM EST TUE FEB 20 2018


...................................

...THE JACKSON KY CLIMATE SUMMARY FOR FEBRUARY 19 2018...

CLIMATE NORMAL PERIOD 1981 TO 2010
CLIMATE RECORD PERIOD 1981 TO 2018


WEATHER ITEM   OBSERVED TIME   RECORD YEAR NORMAL DEPARTURE LAST
                VALUE   (LST)  VALUE       VALUE  FROM      YEAR
                                                  NORMAL
..................................................................
TEMPERATURE (F)
 YESTERDAY
  MAXIMUM         74R   313 PM  74    1994  49     25       63
  MINIMUM         48    158 AM  -4    2015  31     17       46
  AVERAGE         61                        40     21       55

PRECIPITATION (IN)
  YESTERDAY        0.01          0.91 1991   0.13  -0.12     0.00
  MONTH TO DATE    6.45                      2.52   3.93     1.28
  SINCE DEC 1     11.65                     10.31   1.34    12.15
  SINCE JAN 1      8.37                      6.13   2.24     5.99

SNOWFALL (IN)
  YESTERDAY        0.0           3.1  2012   0.2    0.0      0.0
  MONTH TO DATE    2.6                       5.2   -2.6       T
  SINCE DEC 1     10.4                      17.2   -6.8      4.6
  SINCE JUL 1     10.4                      17.8   -7.4      4.6
  SNOW DEPTH       0

DEGREE DAYS
 HEATING
  YESTERDAY        4                        25    -21       10
  MONTH TO DATE  442                       519    -77      381
  SINCE DEC 1   2321                      2285     36     1876
  SINCE JUL 1   3043                      3085    -42     2402

COOLING
  YESTERDAY        0                         0      0        0
  MONTH TO DATE    1                         0      1        0
  SINCE DEC 1      1                         1      0        0
  SINCE JAN 1      1                         0      1        0
..................................................................


WIND (MPH)
  HIGHEST WIND SPEED    15   HIGHEST WIND DIRECTION     S (200)
  HIGHEST GUST SPEED    27   HIGHEST GUST DIRECTION     S (190)
  AVERAGE WIND SPEED     7.0


SKY COVER
  POSSIBLE SUNSHINE  MM
  AVERAGE SKY COVER 0.7


WEATHER CONDITIONS
 THE FOLLOWING WEATHER WAS RECORDED YESTERDAY.
  LIGHT RAIN


RELATIVE HUMIDITY (PERCENT)
 HIGHEST    86           800 AM
 LOWEST     49           200 PM
 AVERAGE    68

..........................................................


THE JACKSON KY CLIMATE NORMALS FOR TODAY
                         NORMAL    RECORD    YEAR
 MAXIMUM TEMPERATURE (F)   49        73      1997
 MINIMUM TEMPERATURE (F)   31        -7      2015


SUNRISE AND SUNSET
FEBRUARY 20 2018......SUNRISE   717 AM EST   SUNSET   618 PM EST
FEBRUARY 21 2018......SUNRISE   715 AM EST   SUNSET   619 PM EST


-  INDICATES NEGATIVE NUMBERS.
R  INDICATES RECORD WAS SET OR TIED.
MM INDICATES DATA IS MISSING.
T  INDICATES TRACE AMOUNT.




$$
