000
CDUS43 KSGF 030632
CLIJLN


CLIMATE REPORT
NATIONAL WEATHER SERVICE SPRINGFIELD MO
126 AM CDT TUE MAY 3 2016


...................................

...THE JOPLIN MO CLIMATE SUMMARY FOR MAY 2 2016...

CLIMATE NORMAL PERIOD 1981 TO 2010
CLIMATE RECORD PERIOD 1902 TO 2016


WEATHER ITEM   OBSERVED TIME   RECORD YEAR NORMAL DEPARTURE LAST
                VALUE   (LST)  VALUE       VALUE  FROM      YEAR
                                                  NORMAL
..................................................................
TEMPERATURE (F)
 YESTERDAY
  MAXIMUM         57    232 PM  89    1968  75    -18       79
  MINIMUM         45   1159 PM  31    1961  52     -7       50
  AVERAGE         51                        63    -12       65

PRECIPITATION (IN)
  YESTERDAY        T             1.23 2007   0.19  -0.19      T
  MONTH TO DATE    T                         0.38  -0.38      T
  SINCE MAR 1      7.12                      8.27  -1.15     5.78
  SINCE JAN 1      7.79                     12.62  -4.83     7.30

DEGREE DAYS
 HEATING
  YESTERDAY       14                         4     10        0
  MONTH TO DATE   25                         8     17        6
  SINCE MAR 1    541                       757   -216      693
  SINCE JUL 1   3291                      4011   -720     4229

 COOLING
  YESTERDAY        0                         2     -2        0
  MONTH TO DATE    0                         4     -4        0
  SINCE MAR 1     22                        57    -35       35
  SINCE JAN 1     23                        58    -35       35
..................................................................


WIND (MPH)
  HIGHEST WIND SPEED    14   HIGHEST WIND DIRECTION     N (360)
  HIGHEST GUST SPEED    17   HIGHEST GUST DIRECTION     N (360)
  AVERAGE WIND SPEED     5.3


SKY COVER
  AVERAGE SKY COVER 0.8


WEATHER CONDITIONS
 THE FOLLOWING WEATHER WAS RECORDED YESTERDAY.
  LIGHT RAIN
  FOG


RELATIVE HUMIDITY (PERCENT)
 HIGHEST    93          1100 PM
 LOWEST     66           200 PM
 AVERAGE    80

..........................................................


THE JOPLIN MO CLIMATE NORMALS FOR TODAY
                         NORMAL    RECORD    YEAR
 MAXIMUM TEMPERATURE (F)   75        91      1952
 MINIMUM TEMPERATURE (F)   53        31      1976


SUNRISE AND SUNSET
MAY  3 2016...........SUNRISE   621 AM CDT   SUNSET   810 PM CDT
MAY  4 2016...........SUNRISE   620 AM CDT   SUNSET   810 PM CDT


-  INDICATES NEGATIVE NUMBERS.
R  INDICATES RECORD WAS SET OR TIED.
MM INDICATES DATA IS MISSING.
T  INDICATES TRACE AMOUNT.




$$
