000
CDUS43 KSGF 290633
CLIJLN


CLIMATE REPORT
NATIONAL WEATHER SERVICE SPRINGFIELD MO
132 AM CDT WED MAR 29 2017


...................................

...THE JOPLIN MO CLIMATE SUMMARY FOR MARCH 28 2017...

CLIMATE NORMAL PERIOD 1981 TO 2010
CLIMATE RECORD PERIOD 1902 TO 2017


WEATHER ITEM   OBSERVED TIME   RECORD YEAR NORMAL DEPARTURE LAST
                VALUE   (LST)  VALUE       VALUE  FROM      YEAR
                                                  NORMAL
..................................................................
TEMPERATURE (F)
 YESTERDAY
  MAXIMUM         68    420 PM  87    1963  64      4       66
  MINIMUM         50    456 AM  25    1948  41      9       32
  AVERAGE         59                        53      6       49

PRECIPITATION (IN)
  YESTERDAY        0.01          2.10 1988   0.12  -0.11     0.00
  MONTH TO DATE    2.23                      3.04  -0.81     1.57
  SINCE MAR 1      2.23                      3.04  -0.81     1.57
  SINCE JAN 1      6.22                      7.39  -1.17     2.24

DEGREE DAYS
 HEATING
  YESTERDAY        6                        13     -7       16
  MONTH TO DATE  350                       471   -121      344
  SINCE MAR 1    350                       471   -121      344
  SINCE JUL 1   2902                      3725   -823     3094

 COOLING
  YESTERDAY        0                         1     -1        0
  MONTH TO DATE   17                         2     15        3
  SINCE MAR 1     17                         2     15        3
  SINCE JAN 1     27                         3     24        4
..................................................................


WIND (MPH)
  HIGHEST WIND SPEED    22   HIGHEST WIND DIRECTION     E (110)
  HIGHEST GUST SPEED    28   HIGHEST GUST DIRECTION     E (110)
  AVERAGE WIND SPEED     9.1


SKY COVER
  AVERAGE SKY COVER 0.7


WEATHER CONDITIONS
 THE FOLLOWING WEATHER WAS RECORDED YESTERDAY.
  LIGHT RAIN
  FOG


RELATIVE HUMIDITY (PERCENT)
 HIGHEST   100           300 AM
 LOWEST     63           300 PM
 AVERAGE    82

..........................................................


THE JOPLIN MO CLIMATE NORMALS FOR TODAY
                         NORMAL    RECORD    YEAR
 MAXIMUM TEMPERATURE (F)   64        87      1967
 MINIMUM TEMPERATURE (F)   41        20      1964


SUNRISE AND SUNSET
MARCH 29 2017.........SUNRISE   708 AM CDT   SUNSET   738 PM CDT
MARCH 30 2017.........SUNRISE   706 AM CDT   SUNSET   739 PM CDT


-  INDICATES NEGATIVE NUMBERS.
R  INDICATES RECORD WAS SET OR TIED.
MM INDICATES DATA IS MISSING.
T  INDICATES TRACE AMOUNT.




$$
