000
CDUS43 KSGF 300636
CLIJLN


CLIMATE REPORT
NATIONAL WEATHER SERVICE SPRINGFIELD MO
136 AM CDT SUN AUG 30 2015


...................................

...THE JOPLIN MO CLIMATE SUMMARY FOR AUGUST 29 2015...

CLIMATE NORMAL PERIOD 1981 TO 2010
CLIMATE RECORD PERIOD 1902 TO 2015


WEATHER ITEM   OBSERVED TIME   RECORD YEAR NORMAL DEPARTURE LAST
                VALUE   (LST)  VALUE       VALUE  FROM      YEAR
                                                  NORMAL
..................................................................
TEMPERATURE (F)
 YESTERDAY
  MAXIMUM         83    415 PM 103    2000  89     -6       91
  MINIMUM         67    620 AM  47    1988  66      1       73
  AVERAGE         75                        78     -3       82

PRECIPITATION (IN)
  YESTERDAY        0.00          1.83 1955   0.12  -0.12      T
  MONTH TO DATE    8.23                      3.09   5.14     1.52
  SINCE JUN 1     20.99                     12.76   8.23     6.69
  SINCE JAN 1     38.70                     30.71   7.99    15.44

DEGREE DAYS
 HEATING
  YESTERDAY        0                         0      0        0
  MONTH TO DATE    1                         0      1        0
  SINCE JUN 1      1                         5     -4        3
  SINCE JUL 1      1                         0      1        1

 COOLING
  YESTERDAY       10                        13     -3       17
  MONTH TO DATE  326                       434   -108      451
  SINCE JUN 1   1215                      1225    -10     1084
  SINCE JAN 1   1359                      1405    -46     1297
..................................................................


WIND (MPH)
  HIGHEST WIND SPEED    14   HIGHEST WIND DIRECTION     S (170)
  HIGHEST GUST SPEED    20   HIGHEST GUST DIRECTION     S (200)
  AVERAGE WIND SPEED     5.9


SKY COVER
  AVERAGE SKY COVER 0.6


WEATHER CONDITIONS
 THE FOLLOWING WEATHER WAS RECORDED YESTERDAY.
  THUNDERSTORM
  FOG


RELATIVE HUMIDITY (PERCENT)
 HIGHEST    93          1100 PM
 LOWEST     65           500 PM
 AVERAGE    79

..........................................................


THE JOPLIN MO CLIMATE NORMALS FOR TODAY
                         NORMAL    RECORD    YEAR
 MAXIMUM TEMPERATURE (F)   89       103      2000
 MINIMUM TEMPERATURE (F)   66        50      1988


SUNRISE AND SUNSET
AUGUST 30 2015........SUNRISE   647 AM CDT   SUNSET   750 PM CDT
AUGUST 31 2015........SUNRISE   648 AM CDT   SUNSET   748 PM CDT


-  INDICATES NEGATIVE NUMBERS.
R  INDICATES RECORD WAS SET OR TIED.
MM INDICATES DATA IS MISSING.
T  INDICATES TRACE AMOUNT.




$$
