000
CDUS43 KBIS 200734
CLIJMS


CLIMATE REPORT
NATIONAL WEATHER SERVICE BISMARCK ND
133 AM CST TUE FEB 20 2018


...................................

...THE JAMESTOWN ND CLIMATE SUMMARY FOR FEBRUARY 19 2018...

CLIMATE NORMAL PERIOD 1981 TO 2010
CLIMATE RECORD PERIOD 1891 TO 2018


WEATHER ITEM   OBSERVED TIME   RECORD YEAR NORMAL DEPARTURE LAST
                VALUE   (LST)  VALUE       VALUE  FROM      YEAR
                                                  NORMAL
..................................................................
TEMPERATURE (F)
 YESTERDAY
  MAXIMUM          8   1226 AM  52    1981  26    -18       48
  MINIMUM          2    907 AM -36    1929   7     -5       35
  AVERAGE          5                        16    -11       42

PRECIPITATION (IN)
  YESTERDAY        T             0.65 1924   0.02  -0.02     0.00
                                      1998
  MONTH TO DATE    T                         0.23  -0.23      T
  SINCE DEC 1      0.13                      1.08  -0.95     1.51
  SINCE JAN 1      0.01                      0.68  -0.67     0.22

DEGREE DAYS
 HEATING
  YESTERDAY       60                        49     11       23
  MONTH TO DATE 1135                       978    157      847
  SINCE DEC 1   4281                      4256     25     4098
  SINCE JUL 1   6251                      6340    -89     5659

 COOLING
  YESTERDAY        0                         0      0        0
  MONTH TO DATE    0                         0      0        0
  SINCE DEC 1      0                         0      0        0
  SINCE JAN 1      0                         0      0        0
..................................................................


WIND (MPH)
  HIGHEST WIND SPEED    22   HIGHEST WIND DIRECTION     N (10)
  HIGHEST GUST SPEED    26   HIGHEST GUST DIRECTION     N (10)
  AVERAGE WIND SPEED    17.2


SKY COVER
  POSSIBLE SUNSHINE  MM
  AVERAGE SKY COVER 0.7


WEATHER CONDITIONS
 THE FOLLOWING WEATHER WAS RECORDED YESTERDAY.
  LIGHT SNOW
  FOG


RELATIVE HUMIDITY (PERCENT)
 HIGHEST    86           700 PM
 LOWEST     63          1100 AM
 AVERAGE    75

..........................................................


THE JAMESTOWN ND CLIMATE NORMALS FOR TODAY
                         NORMAL    RECORD    YEAR
 MAXIMUM TEMPERATURE (F)   26        55      1981
 MINIMUM TEMPERATURE (F)    7       -35      1929


SUNRISE AND SUNSET
FEBRUARY 20 2018......SUNRISE   730 AM CST   SUNSET   607 PM CST
FEBRUARY 21 2018......SUNRISE   729 AM CST   SUNSET   608 PM CST


-  INDICATES NEGATIVE NUMBERS.
R  INDICATES RECORD WAS SET OR TIED.
MM INDICATES DATA IS MISSING.
T  INDICATES TRACE AMOUNT.




$$
