000
CDUS43 KBIS 310727
CLIJMS


CLIMATE REPORT
NATIONAL WEATHER SERVICE BISMARCK ND
227 AM CDT THU JUL 31 2014


...................................

...THE JAMESTOWN ND CLIMATE SUMMARY FOR JULY 30 2014...

CLIMATE NORMAL PERIOD 1981 TO 2010
CLIMATE RECORD PERIOD 1891 TO 2014


WEATHER ITEM   OBSERVED TIME   RECORD YEAR NORMAL DEPARTURE LAST
                VALUE   (LST)  VALUE       VALUE  FROM      YEAR
                                                  NORMAL
..................................................................
TEMPERATURE (F)
 YESTERDAY
  MAXIMUM         80    407 PM 106    2006  84     -4       76
  MINIMUM         50    538 AM  38    1903  58     -8       57
  AVERAGE         65                        70     -5       67

PRECIPITATION (IN)
  YESTERDAY        0.00          0.66 1954   0.08  -0.08     0.00
  MONTH TO DATE    0.82                      3.28  -2.46     0.67
  SINCE JUN 1      7.18                      6.47   0.71     2.40
  SINCE JAN 1     15.62                     12.02   3.60     7.99

DEGREE DAYS
 HEATING
  YESTERDAY        0                         0      0        0
  MONTH TO DATE   28                        19      9       23
  SINCE JUN 1     87                       116    -29      108
  SINCE JUL 1     28                        19      9       23

 COOLING
  YESTERDAY        0                         6     -6        2
  MONTH TO DATE  112                       169    -57      182
  SINCE JUN 1    168                       249    -81      282
  SINCE JAN 1    222                       269    -47      293
..................................................................


WIND (MPH)
  HIGHEST WIND SPEED    10   HIGHEST WIND DIRECTION     N (350)
  HIGHEST GUST SPEED    16   HIGHEST GUST DIRECTION     N (340)
  AVERAGE WIND SPEED     2.4


SKY COVER
  POSSIBLE SUNSHINE  MM
  AVERAGE SKY COVER 0.0


WEATHER CONDITIONS
 THE FOLLOWING WEATHER WAS RECORDED YESTERDAY.
  FOG
  FOG W/VISIBILITY <= 1/4 MILE


RELATIVE HUMIDITY (PERCENT)
 HIGHEST    96           400 AM
 LOWEST     35           400 PM
 AVERAGE    66

..........................................................


THE JAMESTOWN ND CLIMATE NORMALS FOR TODAY
                         NORMAL    RECORD    YEAR
 MAXIMUM TEMPERATURE (F)   84       100      1937
 MINIMUM TEMPERATURE (F)   57        38      1903


SUNRISE AND SUNSET
JULY 31 2014..........SUNRISE   613 AM CDT   SUNSET   908 PM CDT
AUGUST  1 2014........SUNRISE   614 AM CDT   SUNSET   907 PM CDT


-  INDICATES NEGATIVE NUMBERS.
R  INDICATES RECORD WAS SET OR TIED.
MM INDICATES DATA IS MISSING.
T  INDICATES TRACE AMOUNT.




$$
