000
CDUS43 KBIS 290728
CLIJMS


CLIMATE REPORT
NATIONAL WEATHER SERVICE BISMARCK ND
226 AM CDT MON MAY 29 2017


...................................

...THE JAMESTOWN ND CLIMATE SUMMARY FOR MAY 28 2017...

CLIMATE NORMAL PERIOD 1981 TO 2010
CLIMATE RECORD PERIOD 1891 TO 2017


WEATHER ITEM   OBSERVED TIME   RECORD YEAR NORMAL DEPARTURE LAST
                VALUE   (LST)  VALUE       VALUE  FROM      YEAR
                                                  NORMAL
..................................................................
TEMPERATURE (F)
 YESTERDAY
  MAXIMUM         70   1243 PM  96    1900  71     -1       71
  MINIMUM         49    227 AM  23    1947  47      2       58
  AVERAGE         60                        59      1       65

PRECIPITATION (IN)
  YESTERDAY        0.17          1.05 1931   0.09   0.08      T
  MONTH TO DATE    0.86                      2.36  -1.50     1.69
  SINCE MAR 1      2.34                      4.40  -2.06     4.62
  SINCE JAN 1      2.76                      5.25  -2.49     4.73

DEGREE DAYS
 HEATING
  YESTERDAY        5                         7     -2        0
  MONTH TO DATE  274                       304    -30      246
  SINCE MAR 1   2079                      2139    -60     1791
  SINCE JUL 1   8088                      8898   -810     7533

 COOLING
  YESTERDAY        0                         1     -1        0
  MONTH TO DATE    0                        17    -17       12
  SINCE MAR 1      0                        19    -19       12
  SINCE JAN 1      0                        19    -19       12
..................................................................


WIND (MPH)
  HIGHEST WIND SPEED    40   HIGHEST WIND DIRECTION    NW (330)
  HIGHEST GUST SPEED    50   HIGHEST GUST DIRECTION    NW (330)
  AVERAGE WIND SPEED    15.6


SKY COVER
  POSSIBLE SUNSHINE  MM
  AVERAGE SKY COVER 0.7


WEATHER CONDITIONS
 THE FOLLOWING WEATHER WAS RECORDED YESTERDAY.
  THUNDERSTORM
  RAIN
  LIGHT RAIN
  FOG


RELATIVE HUMIDITY (PERCENT)
 HIGHEST    89          1100 PM
 LOWEST     37          1200 PM
 AVERAGE    63

..........................................................


THE JAMESTOWN ND CLIMATE NORMALS FOR TODAY
                         NORMAL    RECORD    YEAR
 MAXIMUM TEMPERATURE (F)   72       107      1934
 MINIMUM TEMPERATURE (F)   47        28      1947


SUNRISE AND SUNSET
MAY 29 2017...........SUNRISE   546 AM CDT   SUNSET   919 PM CDT
MAY 30 2017...........SUNRISE   545 AM CDT   SUNSET   920 PM CDT


-  INDICATES NEGATIVE NUMBERS.
R  INDICATES RECORD WAS SET OR TIED.
MM INDICATES DATA IS MISSING.
T  INDICATES TRACE AMOUNT.




$$
