000
CDUS43 KBIS 080744
CLIJMS


CLIMATE REPORT
NATIONAL WEATHER SERVICE BISMARCK ND
144 AM CST THU DEC 8 2016


...................................

...THE JAMESTOWN ND CLIMATE SUMMARY FOR DECEMBER 7 2016...

CLIMATE NORMAL PERIOD 1981 TO 2010
CLIMATE RECORD PERIOD 1891 TO 2016


WEATHER ITEM   OBSERVED TIME   RECORD YEAR NORMAL DEPARTURE LAST
                VALUE   (LST)  VALUE       VALUE  FROM      YEAR
                                                  NORMAL
..................................................................
TEMPERATURE (F)
 YESTERDAY
  MAXIMUM          9    529 PM  61    1939  25    -16       48
  MINIMUM          7    541 AM -24    1906   8     -1       22
  AVERAGE          8                        17     -9       35

PRECIPITATION (IN)
  YESTERDAY        T             0.31 1963   0.01  -0.01     0.00
  MONTH TO DATE    0.19                      0.10   0.09     0.01
  SINCE DEC 1      0.19                      0.10   0.09     0.01
  SINCE JAN 1     25.05                     18.47   6.58    22.25

DEGREE DAYS
 HEATING
  YESTERDAY       57                        48      9       30
  MONTH TO DATE  296                       330    -34      252
  SINCE DEC 1    296                       330    -34      252
  SINCE JUL 1   1857                      2414   -557     1900

 COOLING
  YESTERDAY        0                         0      0        0
  MONTH TO DATE    0                         0      0        0
  SINCE DEC 1      0                         0      0        0
  SINCE JAN 1    419                       446    -27      508
..................................................................


WIND (MPH)
  HIGHEST WIND SPEED    39   HIGHEST WIND DIRECTION    NW (310)
  HIGHEST GUST SPEED    53   HIGHEST GUST DIRECTION    NW (310)
  AVERAGE WIND SPEED    30.2


SKY COVER
  POSSIBLE SUNSHINE  MM
  AVERAGE SKY COVER 0.9


WEATHER CONDITIONS
 THE FOLLOWING WEATHER WAS RECORDED YESTERDAY.
  SNOW
  LIGHT SNOW
  FOG
  FOG W/VISIBILITY <= 1/4 MILE
  BLOWING SNOW


RELATIVE HUMIDITY (PERCENT)
 HIGHEST    88           300 AM
 LOWEST     80           100 AM
 AVERAGE    84

..........................................................


THE JAMESTOWN ND CLIMATE NORMALS FOR TODAY
                         NORMAL    RECORD    YEAR
 MAXIMUM TEMPERATURE (F)   25        59      1939
                                             1918
 MINIMUM TEMPERATURE (F)    7       -27      1927


SUNRISE AND SUNSET
DECEMBER  8 2016......SUNRISE   808 AM CST   SUNSET   446 PM CST
DECEMBER  9 2016......SUNRISE   809 AM CST   SUNSET   446 PM CST


-  INDICATES NEGATIVE NUMBERS.
R  INDICATES RECORD WAS SET OR TIED.
MM INDICATES DATA IS MISSING.
T  INDICATES TRACE AMOUNT.




$$
