000
CDUS43 KBIS 270722
CLIJMS


CLIMATE REPORT
NATIONAL WEATHER SERVICE BISMARCK ND
120 AM CST THU NOV 27 2014


...................................

...THE JAMESTOWN ND CLIMATE SUMMARY FOR NOVEMBER 26 2014...

CLIMATE NORMAL PERIOD 1981 TO 2010
CLIMATE RECORD PERIOD 1891 TO 2014


WEATHER ITEM   OBSERVED TIME   RECORD YEAR NORMAL DEPARTURE LAST
                VALUE   (LST)  VALUE       VALUE  FROM      YEAR
                                                  NORMAL
..................................................................
TEMPERATURE (F)
 YESTERDAY
  MAXIMUM         13   1243 AM  62    1914  31    -18       21
  MINIMUM        -25R  1159 PM -19    1996  13    -38        2
  AVERAGE         -6                        22    -28       12

PRECIPITATION (IN)
  YESTERDAY        T             0.40 1953   0.02  -0.02      T
  MONTH TO DATE    0.25                      0.57  -0.32     0.01
  SINCE SEP 1      2.27                      4.12  -1.85     6.67
  SINCE JAN 1     20.95                     18.31   2.64    15.87

DEGREE DAYS
 HEATING
  YESTERDAY       71                        43     28       53
  MONTH TO DATE 1073                       938    135      961
  SINCE SEP 1   1857                      1839     18     1785
  SINCE JUL 1   1912                      1905      7     1829

 COOLING
  YESTERDAY        0                         0      0        0
  MONTH TO DATE    0                         0      0        0
  SINCE SEP 1     29                        31     -2       55
  SINCE JAN 1    367                       446    -79      521
..................................................................


WIND (MPH)
  HIGHEST WIND SPEED    24   HIGHEST WIND DIRECTION     N (10)
  HIGHEST GUST SPEED    28   HIGHEST GUST DIRECTION     N (10)
  AVERAGE WIND SPEED    10.1


SKY COVER
  POSSIBLE SUNSHINE  MM
  AVERAGE SKY COVER 0.6


WEATHER CONDITIONS
 THE FOLLOWING WEATHER WAS RECORDED YESTERDAY.
  LIGHT SNOW
  FOG
  HAZE
  BLOWING SNOW


RELATIVE HUMIDITY (PERCENT)
 HIGHEST    91           800 PM
 LOWEST     68          1100 AM
 AVERAGE    80

..........................................................


THE JAMESTOWN ND CLIMATE NORMALS FOR TODAY
                         NORMAL    RECORD    YEAR
 MAXIMUM TEMPERATURE (F)   30        55      1963
 MINIMUM TEMPERATURE (F)   12       -13      1985


SUNRISE AND SUNSET
NOVEMBER 27 2014......SUNRISE   754 AM CST   SUNSET   450 PM CST
NOVEMBER 28 2014......SUNRISE   756 AM CST   SUNSET   449 PM CST


-  INDICATES NEGATIVE NUMBERS.
R  INDICATES RECORD WAS SET OR TIED.
MM INDICATES DATA IS MISSING.
T  INDICATES TRACE AMOUNT.




$$
