000
CDUS43 KBIS 030729
CLIJMS


CLIMATE REPORT
NATIONAL WEATHER SERVICE BISMARCK ND
228 AM CDT MON AUG 3 2015


...................................

...THE JAMESTOWN ND CLIMATE SUMMARY FOR AUGUST 2 2015...

CLIMATE NORMAL PERIOD 1981 TO 2010
CLIMATE RECORD PERIOD 1891 TO 2015


WEATHER ITEM   OBSERVED TIME   RECORD YEAR NORMAL DEPARTURE LAST
                VALUE   (LST)  VALUE       VALUE  FROM      YEAR
                                                  NORMAL
..................................................................
TEMPERATURE (F)
 YESTERDAY
  MAXIMUM         77    438 PM 106    1982  84     -7       85
  MINIMUM         57   1159 PM  39    1923  57      0       60
  AVERAGE         67                        70     -3       73

PRECIPITATION (IN)
  YESTERDAY        0.00          1.07 1998   0.06  -0.06      T
  MONTH TO DATE    0.00                      0.13  -0.13      T
  SINCE JUN 1      8.62                      6.67   1.95     7.18
  SINCE JAN 1     18.78                     12.22   6.56    15.62

DEGREE DAYS
 HEATING
  YESTERDAY        0                         1     -1        0
  MONTH TO DATE    0                         1     -1        0
  SINCE JUN 1     51                       120    -69       87
  SINCE JUL 1      9                        23    -14       28

 COOLING
  YESTERDAY        2                         6     -4        8
  MONTH TO DATE    9                        12     -3       14
  SINCE JUN 1    305                       264     41      187
  SINCE JAN 1    313                       284     29      241
..................................................................


WIND (MPH)
  HIGHEST WIND SPEED    20   HIGHEST WIND DIRECTION    NW (330)
  HIGHEST GUST SPEED    25   HIGHEST GUST DIRECTION    NW (330)
  AVERAGE WIND SPEED    11.3


SKY COVER
  POSSIBLE SUNSHINE  MM
  AVERAGE SKY COVER 0.1


WEATHER CONDITIONS
 THE FOLLOWING WEATHER WAS RECORDED YESTERDAY.
  NO SIGNIFICANT WEATHER WAS OBSERVED.


RELATIVE HUMIDITY (PERCENT)
 HIGHEST    90           500 AM
 LOWEST     38           600 PM
 AVERAGE    64

..........................................................


THE JAMESTOWN ND CLIMATE NORMALS FOR TODAY
                         NORMAL    RECORD    YEAR
 MAXIMUM TEMPERATURE (F)   84       103      1989
 MINIMUM TEMPERATURE (F)   57        35      1907


SUNRISE AND SUNSET
AUGUST  3 2015........SUNRISE   617 AM CDT   SUNSET   904 PM CDT
AUGUST  4 2015........SUNRISE   618 AM CDT   SUNSET   903 PM CDT


-  INDICATES NEGATIVE NUMBERS.
R  INDICATES RECORD WAS SET OR TIED.
MM INDICATES DATA IS MISSING.
T  INDICATES TRACE AMOUNT.




$$
