000
CDUS43 KBIS 220851
CLIJMS


CLIMATE REPORT
NATIONAL WEATHER SERVICE BISMARCK ND
251 AM CST SUN JAN 22 2017


...................................

...THE JAMESTOWN ND CLIMATE SUMMARY FOR JANUARY 21 2017...

CLIMATE NORMAL PERIOD 1981 TO 2010
CLIMATE RECORD PERIOD 1891 TO 2017


WEATHER ITEM   OBSERVED TIME   RECORD YEAR NORMAL DEPARTURE LAST
                VALUE   (LST)  VALUE       VALUE  FROM      YEAR
                                                  NORMAL
..................................................................
TEMPERATURE (F)
 YESTERDAY
  MAXIMUM         34    231 AM  49    1942  20     14       20
  MINIMUM         31   1159 PM -32    1954   0     31       14
  AVERAGE         33                        10     23       17

PRECIPITATION (IN)
  YESTERDAY        0.01          0.93 1952   0.01   0.00      T
  MONTH TO DATE    0.22                      0.33  -0.11      T
  SINCE DEC 1      1.51                      0.73   0.78     0.14
  SINCE JAN 1      0.22                      0.33  -0.11      T

DEGREE DAYS
 HEATING
  YESTERDAY       32                        55    -23       48
  MONTH TO DATE 1238                      1153     85     1170
  SINCE DEC 1   2852                      2729    123     2533
  SINCE JUL 1   4413                      4813   -400     4181

 COOLING
  YESTERDAY        0                         0      0        0
  MONTH TO DATE    0                         0      0        0
  SINCE DEC 1      0                         0      0        0
  SINCE JAN 1      0                         0      0        0
..................................................................


WIND (MPH)
  HIGHEST WIND SPEED    15   HIGHEST WIND DIRECTION    SE (140)
  HIGHEST GUST SPEED    18   HIGHEST GUST DIRECTION    SE (140)
  AVERAGE WIND SPEED     6.9


SKY COVER
  POSSIBLE SUNSHINE  MM
  AVERAGE SKY COVER 1.0


WEATHER CONDITIONS
 THE FOLLOWING WEATHER WAS RECORDED YESTERDAY.
  LIGHT SNOW
  FOG
  FOG W/VISIBILITY <= 1/4 MILE


RELATIVE HUMIDITY (PERCENT)
 HIGHEST   100          1200 AM
 LOWEST     89           900 PM
 AVERAGE    95

..........................................................


THE JAMESTOWN ND CLIMATE NORMALS FOR TODAY
                         NORMAL    RECORD    YEAR
 MAXIMUM TEMPERATURE (F)   20        51      1942
 MINIMUM TEMPERATURE (F)    0       -35      1937
                                             1936


SUNRISE AND SUNSET
JANUARY 22 2017.......SUNRISE   810 AM CST   SUNSET   523 PM CST
JANUARY 23 2017.......SUNRISE   809 AM CST   SUNSET   525 PM CST


-  INDICATES NEGATIVE NUMBERS.
R  INDICATES RECORD WAS SET OR TIED.
MM INDICATES DATA IS MISSING.
T  INDICATES TRACE AMOUNT.




$$
