000
CDUS43 KBIS 290731
CLIJMS


CLIMATE REPORT
NATIONAL WEATHER SERVICE BISMARCK ND
230 AM CDT SAT AUG 29 2015


...................................

...THE JAMESTOWN ND CLIMATE SUMMARY FOR AUGUST 28 2015...

CLIMATE NORMAL PERIOD 1981 TO 2010
CLIMATE RECORD PERIOD 1891 TO 2015


WEATHER ITEM   OBSERVED TIME   RECORD YEAR NORMAL DEPARTURE LAST
                VALUE   (LST)  VALUE       VALUE  FROM      YEAR
                                                  NORMAL
..................................................................
TEMPERATURE (F)
 YESTERDAY
  MAXIMUM         83    418 PM 101    1905  79      4       72
  MINIMUM         57    614 AM  32    1935  52      5       63
  AVERAGE         70                        65      5       68

PRECIPITATION (IN)
  YESTERDAY        0.00          1.31 1903   0.08  -0.08     0.01
  MONTH TO DATE    1.21                      1.88  -0.67     2.72
  SINCE JUN 1      9.83                      8.42   1.41     9.90
  SINCE JAN 1     19.99                     13.97   6.02    18.34

DEGREE DAYS
 HEATING
  YESTERDAY        0                         3     -3        0
  MONTH TO DATE   47                        37     10       22
  SINCE JUN 1     98                       156    -58      109
  SINCE JUL 1     56                        59     -3       50

 COOLING
  YESTERDAY        5                         3      2        3
  MONTH TO DATE  107                       136    -29      109
  SINCE JUN 1    403                       388     15      282
  SINCE JAN 1    411                       408      3      336
..................................................................


WIND (MPH)
  HIGHEST WIND SPEED    16   HIGHEST WIND DIRECTION     S (180)
  HIGHEST GUST SPEED    21   HIGHEST GUST DIRECTION     S (180)
  AVERAGE WIND SPEED     8.4


SKY COVER
  POSSIBLE SUNSHINE  MM
  AVERAGE SKY COVER 0.0


WEATHER CONDITIONS
 THE FOLLOWING WEATHER WAS RECORDED YESTERDAY.
  FOG


RELATIVE HUMIDITY (PERCENT)
 HIGHEST    97           200 AM
 LOWEST     58           200 PM
 AVERAGE    78

..........................................................


THE JAMESTOWN ND CLIMATE NORMALS FOR TODAY
                         NORMAL    RECORD    YEAR
 MAXIMUM TEMPERATURE (F)   78        98      1961
 MINIMUM TEMPERATURE (F)   52        34      1909


SUNRISE AND SUNSET
AUGUST 29 2015........SUNRISE   650 AM CDT   SUNSET   820 PM CDT
AUGUST 30 2015........SUNRISE   651 AM CDT   SUNSET   818 PM CDT


-  INDICATES NEGATIVE NUMBERS.
R  INDICATES RECORD WAS SET OR TIED.
MM INDICATES DATA IS MISSING.
T  INDICATES TRACE AMOUNT.




$$
