000
CDAK47 PAJK 211251
CLIJNU
CLIMATE REPORT
NATIONAL WEATHER SERVICE JUNEAU, AK
344 AM AKST TUE NOV 21 2017


...................................

...THE JUNEAU CLIMATE SUMMARY FOR NOVEMBER 20 2017...

CLIMATE NORMAL PERIOD 1981 TO 2010
CLIMATE RECORD PERIOD 1936 TO 2017


WEATHER ITEM   OBSERVED RECORD YEAR NORMAL DEPARTURE LAST
                VALUE   VALUE       VALUE  FROM      YEAR
                                           NORMAL
...........................................................
TEMPERATURE (F)
 YESTERDAY
  MAXIMUM         25     49    2000  37    -12       29
  MINIMUM         17      0    1966  28    -11       15
  AVERAGE         21                 32    -11       22

PRECIPITATION (IN)
  YESTERDAY        T      1.59 1979   0.20  -0.20     0.00
  MONTH TO DATE    0.87               3.99  -3.12     4.83
  SINCE JAN 1     60.03              54.43   5.60    55.58

SNOWFALL (IN)
  YESTERDAY        T      3.3  1994   0.5   -0.5      0.0
  MONTH TO DATE   15.7                7.3    8.4      0.0
  SINCE JUL 1     15.7                8.1    7.6      5.7
  SNOW DEPTH      10

DEGREE DAYS
 HEATING
  YESTERDAY       44                 33     11       43
  MONTH TO DATE  742                613    129      507
...........................................................


WIND (MPH)
  HIGHEST WIND SPEED     7   HIGHEST WIND DIRECTION    NE (60)
  HIGHEST GUST SPEED    11   HIGHEST GUST DIRECTION     E (80)
  AVERAGE WIND SPEED     2.1


SKY COVER
  AVERAGE SKY COVER 1.0


WEATHER CONDITIONS
 THE FOLLOWING WEATHER WAS RECORDED YESTERDAY.
  LIGHT SNOW
  FOG


..........................................................


THE JUNEAU CLIMATE NORMALS FOR TODAY
                         NORMAL    RECORD    YEAR
 MAXIMUM TEMPERATURE (F)   36        48      2015
 MINIMUM TEMPERATURE (F)   28        -5      1966


SUNRISE AND SUNSET
NOVEMBER 21 2017......SUNRISE   801 AM AKST  SUNSET   327 PM AKST
NOVEMBER 22 2017......SUNRISE   803 AM AKST  SUNSET   325 PM AKST


-  INDICATES NEGATIVE NUMBERS.
R  INDICATES RECORD WAS SET OR TIED.
MM INDICATES DATA IS MISSING.
T  INDICATES TRACE AMOUNT.




$$
--------------------------------------------------------------

AMOUNT OF DAYLIGHT TODAY (HOUR:MIN)......... 7 HOURS 25 MINUTES
GAIN/LOSS SINCE YESTERDAY (HOUR:MIN:SEC).... -0:03:51

$$
