000
CDAK47 PAJK 190033
CLIJNU
AKZ025-191200-
CLIMATE REPORT
NATIONAL WEATHER SERVICE JUNEAU, AK
431 PM AKDT THU SEP 18 2014


...................................

...THE JUNEAU CLIMATE SUMMARY FOR SEPTEMBER 18 2014...
VALID TODAY AS OF 0300 PM LOCAL TIME.

CLIMATE NORMAL PERIOD 1981 TO 2010
CLIMATE RECORD PERIOD 1943 TO 2014


WEATHER ITEM   OBSERVED TIME   RECORD YEAR NORMAL DEPARTURE LAST
                VALUE   (LST)  VALUE       VALUE  FROM      YEAR
                                                  NORMAL
..................................................................
TEMPERATURE (F)
 TODAY
  MAXIMUM         56   1135 AM  70    2010  55      1       53
  MINIMUM         50    607 AM  31    1985  44      6       48
  AVERAGE         53                        50      3       51

PRECIPITATION (IN)
  TODAY            0.12          1.57 1999   0.30  -0.18     0.17
  MONTH TO DATE    3.62                      4.98  -1.36     4.44
  SINCE SEP 1      3.62                      4.98  -1.36     4.44
  SINCE JAN 1     47.72                     38.15   9.57    45.35

DEGREE DAYS
 HEATING
  TODAY           12                        15     -3       14
  MONTH TO DATE  225                       247    -22      182
  SINCE SEP 1    225                       247    -22      182
  SINCE JUL 1    701                       782    -81      617

 COOLING
  TODAY            0                         0      0        0
  MONTH TO DATE    0                         0      0        0
  SINCE SEP 1      0                         0      0        0
  SINCE JAN 1      0                         2     -2        9
..................................................................


WIND (MPH)
  HIGHEST WIND SPEED    22   HIGHEST WIND DIRECTION    SE (120)
  HIGHEST GUST SPEED    25   HIGHEST GUST DIRECTION    SE (120)
  AVERAGE WIND SPEED    10.6


SKY COVER
  POSSIBLE SUNSHINE  MM
  AVERAGE SKY COVER 1.0


WEATHER CONDITIONS
 THE FOLLOWING WEATHER WAS RECORDED TODAY.
  LIGHT RAIN


RELATIVE HUMIDITY (PERCENT)
 HIGHEST    96           800 AM
 LOWEST     83           200 PM
 AVERAGE    90

..........................................................


THE JUNEAU CLIMATE NORMALS FOR TOMORROW
                         NORMAL    RECORD    YEAR
 MAXIMUM TEMPERATURE (F)   55        63      1982
 MINIMUM TEMPERATURE (F)   44        31      1954


SUNRISE AND SUNSET
SEPTEMBER 18 2014.....SUNRISE   635 AM AKDT  SUNSET   709 PM AKDT
SEPTEMBER 19 2014.....SUNRISE   637 AM AKDT  SUNSET   706 PM AKDT


-  INDICATES NEGATIVE NUMBERS.
R  INDICATES RECORD WAS SET OR TIED.
MM INDICATES DATA IS MISSING.
T  INDICATES TRACE AMOUNT.




$$


&&
----------------------------
AMOUNT OF DAYLIGHT TODAY  (HOUR:MIN)........12:34
GAIN/LOSS SINCE YESTERDAY (HOUR:MIN:SEC)....-0:05:02
