000
CDAK47 PAJK 141143
CLIJNU
AKZ025-142300-
NATIONAL WEATHER SERVICE JUNEAU, AK
232 AM AKST SUN FEB 14 2016


...................................

...THE JUNEAU CLIMATE SUMMARY FOR FEBRUARY 13 2016...

CLIMATE NORMAL PERIOD 1981 TO 2010
CLIMATE RECORD PERIOD 1936 TO 2016


WEATHER ITEM   OBSERVED TIME   RECORD YEAR NORMAL DEPARTURE LAST
                VALUE   (LST)  VALUE       VALUE  FROM      YEAR
                                                  NORMAL
..................................................................
TEMPERATURE (F)
 YESTERDAY
  MAXIMUM         46    220 PM  50    2004  35     11       46
  MINIMUM         37    634 PM -10    1979  25     12       36
  AVERAGE         42                        30     12       41

PRECIPITATION (IN)
  YESTERDAY        0.02          2.35 1949   0.15  -0.13     0.62
  MONTH TO DATE    1.35                      1.95  -0.60     1.64
  SINCE DEC 1     10.30                     13.14  -2.84    16.91
  SINCE JAN 1      7.88                      7.30   0.58    13.62

SNOWFALL (IN)
  YESTERDAY        0.0          23.5  1949   0.6   -0.6      0.0
  MONTH TO DATE    T                         9.1   -9.1     10.3
  SINCE DEC 1     16.3                      52.4  -36.1     28.9
  SINCE JUL 1     32.9                      66.3  -33.4     38.7
  SNOW DEPTH       0

DEGREE DAYS
 HEATING
  YESTERDAY       23                        35    -12       24
  MONTH TO DATE  345                       462   -117      519
  SINCE DEC 1   2288                      2691   -403     2411
  SINCE JUL 1   4719                      5322   -603     4820
..................................................................


WIND (MPH)
  HIGHEST WIND SPEED    22   HIGHEST WIND DIRECTION    SE (120)
  HIGHEST GUST SPEED    26   HIGHEST GUST DIRECTION    SE (120)
  AVERAGE WIND SPEED    11.9


SKY COVER
  AVERAGE SKY COVER 0.9


WEATHER CONDITIONS
 THE FOLLOWING WEATHER WAS RECORDED YESTERDAY.
  LIGHT RAIN


RELATIVE HUMIDITY (PERCENT)
 HIGHEST    92           700 PM
 LOWEST     71           200 PM
 AVERAGE    82

..........................................................


THE JUNEAU CLIMATE NORMALS FOR TODAY
                         NORMAL    RECORD    YEAR
 MAXIMUM TEMPERATURE (F)   35        48      1942
 MINIMUM TEMPERATURE (F)   25       -11      1956


SUNRISE AND SUNSET
FEBRUARY 14 2016......SUNRISE   734 AM AKST  SUNSET   452 PM AKST
FEBRUARY 15 2016......SUNRISE   731 AM AKST  SUNSET   454 PM AKST


-  INDICATES NEGATIVE NUMBERS.
R  INDICATES RECORD WAS SET OR TIED.
MM INDICATES DATA IS MISSING.
T  INDICATES TRACE AMOUNT.




$$

&&
----------------------------
AMOUNT OF DAYLIGHT TODAY  (HOUR:MIN)........ 9:18
GAIN/LOSS SINCE YESTERDAY (HOUR:MIN:SEC)....+0:04:55
