000
CDAK47 PAJK 301155
CLIJNU
AKZ025-302300-
NATIONAL WEATHER SERVICE JUNEAU, AK
354 AM AKDT SUN AUG 30 2015


...................................

...THE JUNEAU CLIMATE SUMMARY FOR AUGUST 29 2015...

CLIMATE NORMAL PERIOD 1981 TO 2010
CLIMATE RECORD PERIOD 1936 TO 2015


WEATHER ITEM   OBSERVED TIME   RECORD YEAR NORMAL DEPARTURE LAST
                VALUE   (LST)  VALUE       VALUE  FROM      YEAR
                                                  NORMAL
..................................................................
TEMPERATURE (F)
 YESTERDAY
  MAXIMUM         52    611 PM  74    1951  60     -8       55
  MINIMUM         48   1146 PM  33    1948  47      1       50
  AVERAGE         50                        54     -4       53

PRECIPITATION (IN)
  YESTERDAY        0.04          1.26 2009   0.22  -0.18     0.18
  MONTH TO DATE    7.11                      5.26   1.85     7.91
  SINCE JUN 1     22.17                     13.10   9.07    23.65
  SINCE JAN 1     49.99                     32.70  17.29    43.57

DEGREE DAYS
 HEATING
  YESTERDAY       15                        11      4       12
  MONTH TO DATE  218                       261    -43      221
  SINCE JUN 1    680                       827   -147      805
  SINCE JUL 1    446                       512    -66      451

 COOLING
  YESTERDAY        0                         0      0        0
  MONTH TO DATE    1                         0      1        0
  SINCE JUN 1      8                         2      6        0
  SINCE JAN 1      8                         2      6        0
..................................................................


WIND (MPH)
  HIGHEST WIND SPEED    13   HIGHEST WIND DIRECTION     E (100)
  HIGHEST GUST SPEED    14   HIGHEST GUST DIRECTION     E (110)
  AVERAGE WIND SPEED     2.8


SKY COVER
  AVERAGE SKY COVER 1.0


WEATHER CONDITIONS
 THE FOLLOWING WEATHER WAS RECORDED YESTERDAY.
  LIGHT RAIN


RELATIVE HUMIDITY (PERCENT)
 HIGHEST   100           600 AM
 LOWEST     83           300 PM
 AVERAGE    92

..........................................................


THE JUNEAU CLIMATE NORMALS FOR TODAY
                         NORMAL    RECORD    YEAR
 MAXIMUM TEMPERATURE (F)   60        75      1949
 MINIMUM TEMPERATURE (F)   47        35      1960


SUNRISE AND SUNSET
AUGUST 30 2015........SUNRISE   553 AM AKDT  SUNSET   804 PM AKDT
AUGUST 31 2015........SUNRISE   555 AM AKDT  SUNSET   801 PM AKDT


-  INDICATES NEGATIVE NUMBERS.
R  INDICATES RECORD WAS SET OR TIED.
MM INDICATES DATA IS MISSING.
T  INDICATES TRACE AMOUNT.




$$

&&
----------------------------
AMOUNT OF DAYLIGHT TODAY  (HOUR:MIN)........14:11
GAIN/LOSS SINCE YESTERDAY (HOUR:MIN:SEC)....-0:04:58
