000
CDAK47 PAJK 010033
CLIJNU
AKZ025-011200-
CLIMATE REPORT
NATIONAL WEATHER SERVICE JUNEAU, AK
432 PM AKDT FRI JUL 31 2015


...................................

...THE JUNEAU CLIMATE SUMMARY FOR JULY 31 2015...
VALID TODAY AS OF 0400 PM LOCAL TIME.

CLIMATE NORMAL PERIOD 1981 TO 2010
CLIMATE RECORD PERIOD 1936 TO 2015


WEATHER ITEM   OBSERVED TIME   RECORD YEAR NORMAL DEPARTURE LAST
                VALUE   (LST)  VALUE       VALUE  FROM      YEAR
                                                  NORMAL
..................................................................
TEMPERATURE (F)
 TODAY
  MAXIMUM         59    256 PM  84    1976  64     -5       70
  MINIMUM         50    545 AM  39    1972  51     -1       45
  AVERAGE         55                        58     -3       58

PRECIPITATION (IN)
  TODAY            0.17          0.84 1949   0.16   0.01     0.00
  MONTH TO DATE   10.39                      4.60   5.79     8.26
  SINCE JUN 1     15.05                      7.84   7.21    15.74
  SINCE JAN 1     42.87                     27.44  15.43    35.66

DEGREE DAYS
 HEATING
  TODAY           10                         7      3        7
  MONTH TO DATE  228                       251    -23      230
  SINCE JUN 1    462                       566   -104      584
  SINCE JUL 1    228                       251    -23      230

 COOLING
  TODAY            0                         0      0        0
  MONTH TO DATE    5                         1      4        0
  SINCE JUN 1      7                         2      5        0
  SINCE JAN 1      7                         2      5        0
..................................................................


WIND (MPH)
  HIGHEST WIND SPEED     8   HIGHEST WIND DIRECTION    SW (230)
  HIGHEST GUST SPEED     9   HIGHEST GUST DIRECTION    SW (240)
  AVERAGE WIND SPEED     4.0


SKY COVER
  AVERAGE SKY COVER 1.0


WEATHER CONDITIONS
 THE FOLLOWING WEATHER WAS RECORDED TODAY.
  LIGHT RAIN
  FOG


RELATIVE HUMIDITY (PERCENT)
 HIGHEST    93          1200 PM
 LOWEST     80           300 PM
 AVERAGE    87

..........................................................


THE JUNEAU CLIMATE NORMALS FOR TOMORROW
                         NORMAL    RECORD    YEAR
 MAXIMUM TEMPERATURE (F)   64        82      1976
 MINIMUM TEMPERATURE (F)   51        39      1973


SUNRISE AND SUNSET
JULY 31 2015..........SUNRISE   447 AM AKDT  SUNSET   921 PM AKDT
AUGUST  1 2015........SUNRISE   449 AM AKDT  SUNSET   919 PM AKDT


-  INDICATES NEGATIVE NUMBERS.
R  INDICATES RECORD WAS SET OR TIED.
MM INDICATES DATA IS MISSING.
T  INDICATES TRACE AMOUNT.




$$

&&
----------------------------
AMOUNT OF DAYLIGHT TODAY  (HOUR:MIN)........16:34
GAIN/LOSS SINCE YESTERDAY (HOUR:MIN:SEC)....-0:04:19
