000
CDAK47 PAJK 280033
CLIJNU
AKZ025-281200-
CLIMATE REPORT
NATIONAL WEATHER SERVICE JUNEAU, AK
432 PM AKDT FRI MAR 27 2015


...................................

...THE JUNEAU CLIMATE SUMMARY FOR MARCH 27 2015...
VALID TODAY AS OF 0300 PM LOCAL TIME.

CLIMATE NORMAL PERIOD 1981 TO 2010
CLIMATE RECORD PERIOD 1943 TO 2015


WEATHER ITEM   OBSERVED TIME   RECORD YEAR NORMAL DEPARTURE LAST
                VALUE   (LST)  VALUE       VALUE  FROM      YEAR
                                                  NORMAL
..................................................................
TEMPERATURE (F)
 TODAY
  MAXIMUM         44    252 PM  52    2011  42      2       39
  MINIMUM         39    625 AM   4    1948  30      9       23
  AVERAGE         42                        36      6       31

PRECIPITATION (IN)
  TODAY            0.27          0.66 1963   0.10   0.17     0.00
  MONTH TO DATE    4.16                      3.35   0.81     3.45
  SINCE MAR 1      4.16                      3.35   0.81     3.45
  SINCE JAN 1     19.76                     12.83   6.93    15.58

SNOWFALL (IN)
  TODAY            0.0           6.8  1963   0.2   -0.2      0.0
  MONTH TO DATE    9.9                      10.8   -0.9      6.0
  SINCE MAR 1      9.9                      10.8   -0.9      6.0
  SINCE JUL 1     48.6                      84.8  -36.2     96.8

DEGREE DAYS
 HEATING
  TODAY           23                        29     -6       34
  MONTH TO DATE  764                       852    -88      910
  SINCE MAR 1    764                       852    -88      910
  SINCE JUL 1   5985                      6689   -704     6551

 COOLING
  TODAY            0                         0      0        0
  MONTH TO DATE    0                         0      0        0
  SINCE MAR 1      0                         0      0        0
  SINCE JAN 1      0                         0      0        0
..................................................................


WIND (MPH)
  HIGHEST WIND SPEED    10   HIGHEST WIND DIRECTION     E (110)
  HIGHEST GUST SPEED    14   HIGHEST GUST DIRECTION     E (100)
  AVERAGE WIND SPEED     3.5


SKY COVER
  POSSIBLE SUNSHINE  MM
  AVERAGE SKY COVER 0.9


WEATHER CONDITIONS
 THE FOLLOWING WEATHER WAS RECORDED TODAY.
  RAIN
  LIGHT RAIN
  FOG


RELATIVE HUMIDITY (PERCENT)
 HIGHEST   100           600 AM
 LOWEST     89           300 AM
 AVERAGE    95

..........................................................


THE JUNEAU CLIMATE NORMALS FOR TOMORROW
                         NORMAL    RECORD    YEAR
 MAXIMUM TEMPERATURE (F)   43        52      2011
 MINIMUM TEMPERATURE (F)   30        19      2014
                                             1967


SUNRISE AND SUNSET
MARCH 27 2015.........SUNRISE   640 AM AKDT  SUNSET   728 PM AKDT
MARCH 28 2015.........SUNRISE   638 AM AKDT  SUNSET   731 PM AKDT


-  INDICATES NEGATIVE NUMBERS.
R  INDICATES RECORD WAS SET OR TIED.
MM INDICATES DATA IS MISSING.
T  INDICATES TRACE AMOUNT.




$$


&&
----------------------------
AMOUNT OF DAYLIGHT TODAY  (HOUR:MIN)........12:48
GAIN/LOSS SINCE YESTERDAY (HOUR:MIN:SEC)....+0:05:07
