000
CDAK47 PAJK 221253
CLIJNU
AKZ025-230000-
CLIMATE REPORT
NATIONAL WEATHER SERVICE JUNEAU, AK
439 AM AKDT TUE JUL 22 2014


...................................

...THE JUNEAU CLIMATE SUMMARY FOR JULY 21 2014...

CLIMATE NORMAL PERIOD 1981 TO 2010
CLIMATE RECORD PERIOD 1943 TO 2014


WEATHER ITEM   OBSERVED TIME   RECORD YEAR NORMAL DEPARTURE LAST
                VALUE   (LST)  VALUE       VALUE  FROM      YEAR
                                                  NORMAL
..................................................................
TEMPERATURE (F)
 YESTERDAY
  MAXIMUM         71    706 PM  82    1990  64      7       57
  MINIMUM         48    421 AM  39    2008  51     -3       53
  AVERAGE         60                        57      3       55

PRECIPITATION (IN)
  YESTERDAY        T             1.17 1998   0.16  -0.16     0.67
  MONTH TO DATE    6.29                      2.98   3.31     3.90
  SINCE JUN 1     13.68                      6.22   7.46     7.09
  SINCE JAN 1     33.60                     25.82   7.78    35.46

DEGREE DAYS
 HEATING
  YESTERDAY        5                         8     -3       10
  MONTH TO DATE  151                       177    -26      179
  SINCE JUN 1    501                       492      9      393
  SINCE JUL 1    151                       177    -26      179

 COOLING
  YESTERDAY        0                         0      0        0
  MONTH TO DATE    0                         0      0        0
  SINCE JUN 1      0                         1     -1        7
  SINCE JAN 1      0                         1     -1        7
..................................................................


WIND (MPH)
  HIGHEST WIND SPEED    15   HIGHEST WIND DIRECTION    SW (240)
  HIGHEST GUST SPEED    16   HIGHEST GUST DIRECTION    SW (240)
  AVERAGE WIND SPEED     5.8


SKY COVER
  POSSIBLE SUNSHINE  MM
  AVERAGE SKY COVER 0.8


WEATHER CONDITIONS
 THE FOLLOWING WEATHER WAS RECORDED YESTERDAY.
  LIGHT RAIN
  FOG


RELATIVE HUMIDITY (PERCENT)
 HIGHEST   100          1200 AM
 LOWEST     44           600 PM
 AVERAGE    72

..........................................................


THE JUNEAU CLIMATE NORMALS FOR TODAY
                         NORMAL    RECORD    YEAR
 MAXIMUM TEMPERATURE (F)   64        81      1990
 MINIMUM TEMPERATURE (F)   51        41      1963


SUNRISE AND SUNSET
JULY 22 2014..........SUNRISE   429 AM AKDT  SUNSET   939 PM AKDT
JULY 23 2014..........SUNRISE   431 AM AKDT  SUNSET   937 PM AKDT


-  INDICATES NEGATIVE NUMBERS.
R  INDICATES RECORD WAS SET OR TIED.
MM INDICATES DATA IS MISSING.
T  INDICATES TRACE AMOUNT.




$$


&&
----------------------------
AMOUNT OF DAYLIGHT TODAY  (HOUR:MIN)........17:10
GAIN/LOSS SINCE YESTERDAY (HOUR:MIN:SEC)....-0:03:48
