000
CDUS41 KCTP 210625
CLIJST


CLIMATE REPORT
NATIONAL WEATHER SERVICE STATE COLLEGE PA
125 AM EST WED FEB 21 2018


...................................

...THE JOHNSTOWN CLIMATE SUMMARY FOR FEBRUARY 20 2018...

CLIMATE NORMAL PERIOD 1981 TO 2010
CLIMATE RECORD PERIOD 1892 TO 2018


WEATHER ITEM   OBSERVED TIME   RECORD YEAR NORMAL DEPARTURE LAST
                VALUE   (LST)  VALUE       VALUE  FROM      YEAR
                                                  NORMAL
..................................................................
TEMPERATURE (F)
 YESTERDAY
  MAXIMUM         73R   415 PM  70    1948  35     38       57
  MINIMUM         57    415 AM  -9    2015  21     36       39
                                      1978
  AVERAGE         65                        28     37       48

PRECIPITATION (IN)
  YESTERDAY        0.00          1.22 1981   0.09  -0.09     0.00
  MONTH TO DATE    5.22                      1.67   3.55     1.90
  SINCE DEC 1      8.78                      7.12   1.66     9.27
  SINCE JAN 1      7.68                      4.55   3.13     5.09

DEGREE DAYS
 HEATING
  YESTERDAY        0                        37    -37       17
  MONTH TO DATE  640                       774   -134      618
  SINCE DEC 1   3071                      3133    -62     2704
  SINCE JUL 1   4284                      4596   -312     3773

 COOLING
  YESTERDAY        0                         0      0        0
  MONTH TO DATE    0                         0      0        0
  SINCE DEC 1      0                         0      0        0
  SINCE JAN 1      0                         0      0        0
..................................................................


WIND (MPH)
  HIGHEST WIND SPEED    21   HIGHEST WIND DIRECTION    SW (220)
  HIGHEST GUST SPEED    27   HIGHEST GUST DIRECTION    SW (240)
  AVERAGE WIND SPEED    11.3


SKY COVER
  POSSIBLE SUNSHINE  MM
  AVERAGE SKY COVER 0.3


WEATHER CONDITIONS
 THE FOLLOWING WEATHER WAS RECORDED YESTERDAY.
  NO SIGNIFICANT WEATHER WAS OBSERVED.


RELATIVE HUMIDITY (PERCENT)
 HIGHEST    77          1200 AM
 LOWEST     44           400 PM
 AVERAGE    61

..........................................................


THE JOHNSTOWN CLIMATE NORMALS FOR TODAY
                         NORMAL    RECORD    YEAR
 MAXIMUM TEMPERATURE (F)   35        68      1976
 MINIMUM TEMPERATURE (F)   21         1      2008


SUNRISE AND SUNSET
FEBRUARY 21 2018......SUNRISE   701 AM EST   SUNSET   558 PM EST
FEBRUARY 22 2018......SUNRISE   659 AM EST   SUNSET   559 PM EST


-  INDICATES NEGATIVE NUMBERS.
R  INDICATES RECORD WAS SET OR TIED.
MM INDICATES DATA IS MISSING.
T  INDICATES TRACE AMOUNT.




$$
