000
CDUS41 KCTP 292117
CLIJST


CLIMATE REPORT
NATIONAL WEATHER SERVICE STATE COLLEGE PA
517 PM EDT MON JUN 29 2015


...................................

...THE JOHNSTOWN CLIMATE SUMMARY FOR JUNE 29 2015...
VALID TODAY AS OF 0500 PM LOCAL TIME.

CLIMATE NORMAL PERIOD 1981 TO 2010
CLIMATE RECORD PERIOD 2000 TO 2015


WEATHER ITEM   OBSERVED TIME   RECORD YEAR NORMAL DEPARTURE LAST
                VALUE   (LST)  VALUE       VALUE  FROM      YEAR
                                                  NORMAL
..................................................................
TEMPERATURE (F)
 TODAY
  MAXIMUM         73    318 PM  98    1934  77     -4       77
  MINIMUM         51    448 AM  44    1919  59     -8       63
  AVERAGE         62                        68     -6       70

PRECIPITATION (IN)
  TODAY            0.00          2.24 1924   0.11  -0.11     0.08
  MONTH TO DATE   11.75                      3.95   7.80     4.80
  SINCE JUN 1     11.75                      3.95   7.80     4.80
  SINCE JAN 1     26.15                     20.59   5.56    18.36

DEGREE DAYS
 HEATING
  TODAY            3                         1      2        0
  MONTH TO DATE   61                        78    -17       40
  SINCE JUN 1     61                        78    -17       40
  SINCE JUL 1   6838                      6687    151     7253

 COOLING
  TODAY            0                         4     -4        5
  MONTH TO DATE   88                        71     17       75
  SINCE JUN 1     88                        71     17       75
  SINCE JAN 1    172                        95     77      101
..................................................................


WIND (MPH)
  HIGHEST WIND SPEED    17   HIGHEST WIND DIRECTION     W (290)
  HIGHEST GUST SPEED    24   HIGHEST GUST DIRECTION     W (270)
  AVERAGE WIND SPEED     7.6


SKY COVER
  POSSIBLE SUNSHINE  MM
  AVERAGE SKY COVER 0.3


WEATHER CONDITIONS
 THE FOLLOWING WEATHER WAS RECORDED TODAY.
  NO SIGNIFICANT WEATHER WAS OBSERVED.


RELATIVE HUMIDITY (PERCENT)
 HIGHEST    83           200 AM
 LOWEST     46           300 PM
 AVERAGE    65

..........................................................


THE JOHNSTOWN CLIMATE NORMALS FOR TOMORROW
                         NORMAL    RECORD    YEAR
 MAXIMUM TEMPERATURE (F)   77        97      1901
 MINIMUM TEMPERATURE (F)   59        43      1923


SUNRISE AND SUNSET
JUNE 29 2015..........SUNRISE   548 AM EDT   SUNSET   849 PM EDT
JUNE 30 2015..........SUNRISE   549 AM EDT   SUNSET   849 PM EDT


-  INDICATES NEGATIVE NUMBERS.
R  INDICATES RECORD WAS SET OR TIED.
MM INDICATES DATA IS MISSING.
T  INDICATES TRACE AMOUNT.




$$
