000
CDUS41 KCTP 290653
CLIJST


CLIMATE REPORT
NATIONAL WEATHER SERVICE STATE COLLEGE PA
253 AM EDT SAT JUL 29 2017


...................................

...THE JOHNSTOWN CLIMATE SUMMARY FOR JULY 28 2017...

CLIMATE NORMAL PERIOD 1981 TO 2010
CLIMATE RECORD PERIOD 1892 TO 2017


WEATHER ITEM   OBSERVED TIME   RECORD YEAR NORMAL DEPARTURE LAST
                VALUE   (LST)  VALUE       VALUE  FROM      YEAR
                                                  NORMAL
..................................................................
TEMPERATURE (F)
 YESTERDAY
  MAXIMUM         75   1148 AM 102    1930  79     -4       75
  MINIMUM         61   1005 PM  47    1962  60      1       66
  AVERAGE         68                        69     -1       71

PRECIPITATION (IN)
  YESTERDAY        1.06          1.41 1923   0.13   0.93     0.49
  MONTH TO DATE    3.74                      3.42   0.32     2.32
  SINCE JUN 1     11.55                      3.42   8.13     7.00
  SINCE JAN 1     31.44                     20.06  11.38    17.80

DEGREE DAYS
 HEATING
  YESTERDAY        0                         0      0        0
  MONTH TO DATE    2                         8     -6       11
  SINCE JUN 1     61                        87    -26       54
  SINCE JUL 1      2                         8     -6       11

 COOLING
  YESTERDAY        3                         5     -2        6
  MONTH TO DATE  166                       135     31      212
  SINCE JUN 1    272                       210     62      306
  SINCE JAN 1    301                       228     73      344
..................................................................


WIND (MPH)
  HIGHEST WIND SPEED    20   HIGHEST WIND DIRECTION    NE (30)
  HIGHEST GUST SPEED    25   HIGHEST GUST DIRECTION     N (20)
  AVERAGE WIND SPEED     6.1


SKY COVER
  POSSIBLE SUNSHINE  MM
  AVERAGE SKY COVER 1.0


WEATHER CONDITIONS
 THE FOLLOWING WEATHER WAS RECORDED YESTERDAY.
  THUNDERSTORM
  HEAVY RAIN
  RAIN
  LIGHT RAIN
  FOG


RELATIVE HUMIDITY (PERCENT)
 HIGHEST   100           800 PM
 LOWEST     79          1000 AM
 AVERAGE    90

..........................................................


THE JOHNSTOWN CLIMATE NORMALS FOR TODAY
                         NORMAL    RECORD    YEAR
 MAXIMUM TEMPERATURE (F)   79        98      1901
 MINIMUM TEMPERATURE (F)   60        48      2014


SUNRISE AND SUNSET
JULY 29 2017..........SUNRISE   610 AM EDT   SUNSET   833 PM EDT
JULY 30 2017..........SUNRISE   611 AM EDT   SUNSET   832 PM EDT


-  INDICATES NEGATIVE NUMBERS.
R  INDICATES RECORD WAS SET OR TIED.
MM INDICATES DATA IS MISSING.
T  INDICATES TRACE AMOUNT.




$$
