000
CDUS41 KCTP 230635
CLIJST


CLIMATE REPORT
NATIONAL WEATHER SERVICE STATE COLLEGE PA
235 AM EDT SAT AUG 23 2014


...................................

...THE JOHNSTOWN CLIMATE SUMMARY FOR AUGUST 22 2014...

CLIMATE NORMAL PERIOD 1981 TO 2010
CLIMATE RECORD PERIOD 2000 TO 2014


WEATHER ITEM   OBSERVED TIME   RECORD YEAR NORMAL DEPARTURE LAST
                VALUE   (LST)  VALUE       VALUE  FROM      YEAR
                                                  NORMAL
..................................................................
TEMPERATURE (F)
 YESTERDAY
  MAXIMUM         75    417 PM  97    1916  76     -1       77
  MINIMUM         66    618 AM  43    1956  59      7       62
  AVERAGE         71                        67      4       70

PRECIPITATION (IN)
  YESTERDAY        0.37          1.83 1987   0.12   0.25     0.11
  MONTH TO DATE    2.59                      2.80  -0.21     4.88
  SINCE JUN 1     10.92                      6.65   4.27    13.35
  SINCE JAN 1     24.48                     23.29   1.19    24.27

DEGREE DAYS
 HEATING
  YESTERDAY        0                         1     -1        0
  MONTH TO DATE   27                        18      9       47
  SINCE JUN 1    116                       105     11      133
  SINCE JUL 1     76                        31     45       70

 COOLING
  YESTERDAY        6                         3      3        5
  MONTH TO DATE   54                        93    -39       38
  SINCE JUN 1    246                       318    -72      268
  SINCE JAN 1    272                       336    -64      309
..................................................................


WIND (MPH)
  HIGHEST WIND SPEED    10   HIGHEST WIND DIRECTION     W (280)
  HIGHEST GUST SPEED    14   HIGHEST GUST DIRECTION     W (280)
  AVERAGE WIND SPEED     3.1


SKY COVER
  POSSIBLE SUNSHINE  MM
  AVERAGE SKY COVER 0.9


WEATHER CONDITIONS
 THE FOLLOWING WEATHER WAS RECORDED YESTERDAY.
  THUNDERSTORM
  HEAVY RAIN
  LIGHT RAIN
  FOG


RELATIVE HUMIDITY (PERCENT)
 HIGHEST    93           200 AM
 LOWEST     73          1200 PM
 AVERAGE    83

..........................................................


THE JOHNSTOWN CLIMATE NORMALS FOR TODAY
                         NORMAL    RECORD    YEAR
 MAXIMUM TEMPERATURE (F)   75        96      1918
 MINIMUM TEMPERATURE (F)   59        41      1952


SUNRISE AND SUNSET
AUGUST 23 2014........SUNRISE   634 AM EDT   SUNSET   801 PM EDT
AUGUST 24 2014........SUNRISE   635 AM EDT   SUNSET   800 PM EDT


-  INDICATES NEGATIVE NUMBERS.
R  INDICATES RECORD WAS SET OR TIED.
MM INDICATES DATA IS MISSING.
T  INDICATES TRACE AMOUNT.




$$
