000
CDUS41 KCTP 272116
CLIJST


CLIMATE REPORT
NATIONAL WEATHER SERVICE STATE COLLEGE PA
516 PM EDT TUE SEP 27 2016


...................................

...THE JOHNSTOWN CLIMATE SUMMARY FOR SEPTEMBER 27 2016...
VALID TODAY AS OF 0500 PM LOCAL TIME.

CLIMATE NORMAL PERIOD 1981 TO 2010
CLIMATE RECORD PERIOD 1892 TO 2016


WEATHER ITEM   OBSERVED TIME   RECORD YEAR NORMAL DEPARTURE LAST
                VALUE   (LST)  VALUE       VALUE  FROM      YEAR
                                                  NORMAL
..................................................................
TEMPERATURE (F)
 TODAY
  MAXIMUM         67    327 PM  90    1970  64      3       64
  MINIMUM         47    626 AM  26    1957  47      0       52
  AVERAGE         57                        55      2       58

PRECIPITATION (IN)
  TODAY            0.00          1.40 2012   0.12  -0.12     0.01
  MONTH TO DATE    2.08                      3.07  -0.99     0.76
  SINCE SEP 1      2.08                      3.07  -0.99     0.76
  SINCE JAN 1     26.73                     27.36  -0.63    34.41

DEGREE DAYS
 HEATING
  TODAY            8                        10     -2        7
  MONTH TO DATE   39                       148   -109       75
  SINCE SEP 1     39                       148   -109       75
  SINCE JUL 1     50                       190   -140      105

 COOLING
  TODAY            0                         0      0        0
  MONTH TO DATE   86                        22     64      100
  SINCE SEP 1     86                        22     64      100
  SINCE JAN 1    689                       382    307      555
..................................................................


WIND (MPH)
  HIGHEST WIND SPEED    20   HIGHEST WIND DIRECTION     W (250)
  HIGHEST GUST SPEED    27   HIGHEST GUST DIRECTION     W (260)
  AVERAGE WIND SPEED     9.6


SKY COVER
  POSSIBLE SUNSHINE  MM
  AVERAGE SKY COVER 0.1


WEATHER CONDITIONS
 THE FOLLOWING WEATHER WAS RECORDED TODAY.
  NO SIGNIFICANT WEATHER WAS OBSERVED.


RELATIVE HUMIDITY (PERCENT)
 HIGHEST   100           500 AM
 LOWEST     37           400 PM
 AVERAGE    69

..........................................................


THE JOHNSTOWN CLIMATE NORMALS FOR TOMORROW
                         NORMAL    RECORD    YEAR
 MAXIMUM TEMPERATURE (F)   64        89      1923
 MINIMUM TEMPERATURE (F)   46        25      1957


SUNRISE AND SUNSET
SEPTEMBER 27 2016.....SUNRISE   708 AM EDT   SUNSET   703 PM EDT
SEPTEMBER 28 2016.....SUNRISE   709 AM EDT   SUNSET   702 PM EDT


-  INDICATES NEGATIVE NUMBERS.
R  INDICATES RECORD WAS SET OR TIED.
MM INDICATES DATA IS MISSING.
T  INDICATES TRACE AMOUNT.




$$
