000
CDUS41 KCTP 240606
CLIJST


CLIMATE REPORT
NATIONAL WEATHER SERVICE STATE COLLEGE PA
206 AM EDT FRI MAR 24 2017


...................................

...THE JOHNSTOWN CLIMATE SUMMARY FOR MARCH 23 2017...

CLIMATE NORMAL PERIOD 1981 TO 2010
CLIMATE RECORD PERIOD 1892 TO 2017


WEATHER ITEM   OBSERVED TIME   RECORD YEAR NORMAL DEPARTURE LAST
                VALUE   (LST)  VALUE       VALUE  FROM      YEAR
                                                  NORMAL
..................................................................
TEMPERATURE (F)
 YESTERDAY
  MAXIMUM         43    448 PM  86    1907  46     -3       66
  MINIMUM         15    620 AM  13    1940  30    -15       50
  AVERAGE         29                        38     -9       58

PRECIPITATION (IN)
  YESTERDAY        0.00          1.37 1898   0.12  -0.12     0.00
  MONTH TO DATE    2.36                      2.23   0.13     1.20
  SINCE MAR 1      2.36                      2.23   0.13     1.20
  SINCE JAN 1      8.02                      7.46   0.56     4.05

DEGREE DAYS
 HEATING
  YESTERDAY       36                        27      9        7
  MONTH TO DATE  807                       711     96      488
  SINCE MAR 1    807                       711     96      488
  SINCE JUL 1   4727                      5590   -863     4551

 COOLING
  YESTERDAY        0                         0      0        0
  MONTH TO DATE    0                         0      0        0
  SINCE MAR 1      0                         0      0        0
  SINCE JAN 1      0                         0      0        0
..................................................................


WIND (MPH)
  HIGHEST WIND SPEED    13   HIGHEST WIND DIRECTION     S (170)
  HIGHEST GUST SPEED    18   HIGHEST GUST DIRECTION     S (160)
  AVERAGE WIND SPEED     6.4


SKY COVER
  POSSIBLE SUNSHINE  MM
  AVERAGE SKY COVER 0.0


WEATHER CONDITIONS
 THE FOLLOWING WEATHER WAS RECORDED YESTERDAY.
  NO SIGNIFICANT WEATHER WAS OBSERVED.


RELATIVE HUMIDITY (PERCENT)
 HIGHEST    67           600 AM
 LOWEST     18           500 PM
 AVERAGE    43

..........................................................


THE JOHNSTOWN CLIMATE NORMALS FOR TODAY
                         NORMAL    RECORD    YEAR
 MAXIMUM TEMPERATURE (F)   47        83      1966
 MINIMUM TEMPERATURE (F)   30        10      2014


SUNRISE AND SUNSET
MARCH 24 2017.........SUNRISE   712 AM EDT   SUNSET   732 PM EDT
MARCH 25 2017.........SUNRISE   710 AM EDT   SUNSET   733 PM EDT


-  INDICATES NEGATIVE NUMBERS.
R  INDICATES RECORD WAS SET OR TIED.
MM INDICATES DATA IS MISSING.
T  INDICATES TRACE AMOUNT.




$$
