000
CDUS41 KCTP 290635
CLIJST


CLIMATE REPORT
NATIONAL WEATHER SERVICE STATE COLLEGE PA
234 AM EDT SUN MAY 29 2016


...................................

...THE JOHNSTOWN CLIMATE SUMMARY FOR MAY 28 2016...

CLIMATE NORMAL PERIOD 1981 TO 2010
CLIMATE RECORD PERIOD 1892 TO 2016


WEATHER ITEM   OBSERVED TIME   RECORD YEAR NORMAL DEPARTURE LAST
                VALUE   (LST)  VALUE       VALUE  FROM      YEAR
                                                  NORMAL
..................................................................
TEMPERATURE (F)
 YESTERDAY
  MAXIMUM         84    428 PM  97    1911  69     15       77
  MINIMUM         62    450 AM  33    1983  51     11       62
  AVERAGE         73                        60     13       70

PRECIPITATION (IN)
  YESTERDAY        0.05          1.60 1982   0.16  -0.11     0.00
  MONTH TO DATE    3.96                      4.06  -0.10     2.20
  SINCE MAR 1      7.76                     10.94  -3.18    10.66
  SINCE JAN 1     10.61                     16.17  -5.56    14.06

DEGREE DAYS
 HEATING
  YESTERDAY        0                         6     -6        0
  MONTH TO DATE  278                       260     18      132
  SINCE MAR 1   1424                      1711   -287     1588
  SINCE JUL 1   5487                      6591  -1104     6777

 COOLING
  YESTERDAY        8                         1      7        5
  MONTH TO DATE   24                        15      9       63
  SINCE MAR 1     24                        20      4       63
  SINCE JAN 1     24                        20      4       63
..................................................................


WIND (MPH)
  HIGHEST WIND SPEED    17   HIGHEST WIND DIRECTION     S (160)
  HIGHEST GUST SPEED    23   HIGHEST GUST DIRECTION     S (180)
  AVERAGE WIND SPEED     4.6


SKY COVER
  POSSIBLE SUNSHINE  MM
  AVERAGE SKY COVER 0.2


WEATHER CONDITIONS
 THE FOLLOWING WEATHER WAS RECORDED YESTERDAY.
  THUNDERSTORM
  LIGHT RAIN


RELATIVE HUMIDITY (PERCENT)
 HIGHEST    78           500 AM
 LOWEST     47           400 PM
 AVERAGE    63

..........................................................


THE JOHNSTOWN CLIMATE NORMALS FOR TODAY
                         NORMAL    RECORD    YEAR
 MAXIMUM TEMPERATURE (F)   69        95      1987
 MINIMUM TEMPERATURE (F)   51        33      1894


SUNRISE AND SUNSET
MAY 29 2016...........SUNRISE   549 AM EDT   SUNSET   837 PM EDT
MAY 30 2016...........SUNRISE   548 AM EDT   SUNSET   838 PM EDT


-  INDICATES NEGATIVE NUMBERS.
R  INDICATES RECORD WAS SET OR TIED.
MM INDICATES DATA IS MISSING.
T  INDICATES TRACE AMOUNT.




$$
