000
CDUS41 KCTP 250636
CLIJST


CLIMATE REPORT
NATIONAL WEATHER SERVICE STATE COLLEGE PA
136 AM EST SUN JAN 25 2015


...................................

...THE JOHNSTOWN CLIMATE SUMMARY FOR JANUARY 24 2015...

CLIMATE NORMAL PERIOD 1981 TO 2010
CLIMATE RECORD PERIOD 2000 TO 2015


WEATHER ITEM   OBSERVED TIME   RECORD YEAR NORMAL DEPARTURE LAST
                VALUE   (LST)  VALUE       VALUE  FROM      YEAR
                                                  NORMAL
..................................................................
TEMPERATURE (F)
 YESTERDAY
  MAXIMUM         30    808 AM  68    1909  32     -2       13
  MINIMUM         24    742 PM -14    1963  18      6       -4
  AVERAGE         27                        25      2        5

PRECIPITATION (IN)
  YESTERDAY        0.13          1.12 1965   0.07   0.06      T
  MONTH TO DATE    1.29                      2.31  -1.02     0.80
  SINCE DEC 1      3.62                      4.88  -1.26     3.97
  SINCE JAN 1      1.29                      2.31  -1.02     0.80

DEGREE DAYS
 HEATING
  YESTERDAY       38                        40     -2       60
  MONTH TO DATE  997                       953     44     1064
  SINCE DEC 1   2003                      2080    -77     2127
  SINCE JUL 1   3514                      3537    -23     3758

 COOLING
  YESTERDAY        0                         0      0        0
  MONTH TO DATE    0                         0      0        0
  SINCE DEC 1      0                         0      0        0
  SINCE JAN 1      0                         0      0        0
..................................................................


WIND (MPH)
  HIGHEST WIND SPEED    24   HIGHEST WIND DIRECTION     W (270)
  HIGHEST GUST SPEED    32   HIGHEST GUST DIRECTION     W (250)
  AVERAGE WIND SPEED    11.9


SKY COVER
  POSSIBLE SUNSHINE  MM
  AVERAGE SKY COVER 1.0


WEATHER CONDITIONS
 THE FOLLOWING WEATHER WAS RECORDED YESTERDAY.
  LT FREEZING RAIN
  SNOW
  LIGHT SNOW
  FOG
  FOG W/VISIBILITY <= 1/4 MILE
  HAZE


RELATIVE HUMIDITY (PERCENT)
 HIGHEST    92          1200 AM
 LOWEST     81          1200 PM
 AVERAGE    87

..........................................................


THE JOHNSTOWN CLIMATE NORMALS FOR TODAY
                         NORMAL    RECORD    YEAR
 MAXIMUM TEMPERATURE (F)   32        70      1967
 MINIMUM TEMPERATURE (F)   18       -13      1963


SUNRISE AND SUNSET
JANUARY 25 2015.......SUNRISE   731 AM EST   SUNSET   525 PM EST
JANUARY 26 2015.......SUNRISE   730 AM EST   SUNSET   526 PM EST


-  INDICATES NEGATIVE NUMBERS.
R  INDICATES RECORD WAS SET OR TIED.
MM INDICATES DATA IS MISSING.
T  INDICATES TRACE AMOUNT.




$$
