000
CDUS41 KCTP 282117
CLIJST


CLIMATE REPORT
NATIONAL WEATHER SERVICE STATE COLLEGE PA
516 PM EDT TUE JUL 28 2015


...................................

...THE JOHNSTOWN CLIMATE SUMMARY FOR JULY 28 2015...
VALID TODAY AS OF 0500 PM LOCAL TIME.

CLIMATE NORMAL PERIOD 1981 TO 2010
CLIMATE RECORD PERIOD 2000 TO 2015


WEATHER ITEM   OBSERVED TIME   RECORD YEAR NORMAL DEPARTURE LAST
                VALUE   (LST)  VALUE       VALUE  FROM      YEAR
                                                  NORMAL
..................................................................
TEMPERATURE (F)
 TODAY
  MAXIMUM         83    333 PM 102    1930  79      4       64
  MINIMUM         64    533 AM  47    1962  60      4       52
  AVERAGE         74                        69      5       58

PRECIPITATION (IN)
  TODAY            0.00          1.41 1923   0.13  -0.13     0.44
  MONTH TO DATE    4.52                      3.42   1.10     3.49
  SINCE JUN 1     16.48                      3.42  13.06     8.33
  SINCE JAN 1     30.88                     20.06  10.82    21.89

DEGREE DAYS
 HEATING
  TODAY            0                         0      0        7
  MONTH TO DATE    7                         8     -1       32
  SINCE JUN 1     68                        87    -19       72
  SINCE JUL 1      7                         8     -1       32

 COOLING
  TODAY            9                         5      4        0
  MONTH TO DATE  130                       135     -5      108
  SINCE JUN 1    220                       210     10      192
  SINCE JAN 1    304                       228     76      218
..................................................................


WIND (MPH)
  HIGHEST WIND SPEED    10   HIGHEST WIND DIRECTION    NE (50)
  HIGHEST GUST SPEED    14   HIGHEST GUST DIRECTION     E (70)
  AVERAGE WIND SPEED     3.7


SKY COVER
  POSSIBLE SUNSHINE  MM
  AVERAGE SKY COVER 0.5


WEATHER CONDITIONS
 THE FOLLOWING WEATHER WAS RECORDED TODAY.
  FOG
  FOG W/VISIBILITY <= 1/4 MILE
  HAZE


RELATIVE HUMIDITY (PERCENT)
 HIGHEST   100           500 AM
 LOWEST     51           200 PM
 AVERAGE    76

..........................................................


THE JOHNSTOWN CLIMATE NORMALS FOR TOMORROW
                         NORMAL    RECORD    YEAR
 MAXIMUM TEMPERATURE (F)   79        98      1901
 MINIMUM TEMPERATURE (F)   60        48      2014


SUNRISE AND SUNSET
JULY 28 2015..........SUNRISE   609 AM EDT   SUNSET   834 PM EDT
JULY 29 2015..........SUNRISE   610 AM EDT   SUNSET   833 PM EDT


-  INDICATES NEGATIVE NUMBERS.
R  INDICATES RECORD WAS SET OR TIED.
MM INDICATES DATA IS MISSING.
T  INDICATES TRACE AMOUNT.




$$
