000
CDUS41 KCTP 070627
CLIJST


CLIMATE REPORT
NATIONAL WEATHER SERVICE STATE COLLEGE PA
127 AM EST SUN FEB 7 2016


...................................

...THE JOHNSTOWN CLIMATE SUMMARY FOR FEBRUARY 6 2016...

CLIMATE NORMAL PERIOD 1981 TO 2010
CLIMATE RECORD PERIOD 2000 TO 2016


WEATHER ITEM   OBSERVED TIME   RECORD YEAR NORMAL DEPARTURE LAST
                VALUE   (LST)  VALUE       VALUE  FROM      YEAR
                                                  NORMAL
..................................................................
TEMPERATURE (F)
 YESTERDAY
  MAXIMUM         39    243 PM  64    1938  32      7       22
  MINIMUM         22    257 AM  -7    2007  19      3        1
  AVERAGE         31                        26      5       12

PRECIPITATION (IN)
  YESTERDAY        0.00          1.00 1893   0.09  -0.09     0.00
  MONTH TO DATE    0.55                      0.50   0.05     0.88
  SINCE DEC 1      5.15                      5.95  -0.80     5.13
  SINCE JAN 1      1.42                      3.38  -1.96     2.80

DEGREE DAYS
 HEATING
  YESTERDAY       34                        39     -5       53
  MONTH TO DATE  172                       239    -67      266
  SINCE DEC 1   2106                      2598   -492     2585
  SINCE JUL 1   3224                      4056   -832     4096

 COOLING
  YESTERDAY        0                         0      0        0
  MONTH TO DATE    0                         0      0        0
  SINCE DEC 1      0                         0      0        0
  SINCE JAN 1      0                         0      0        0
..................................................................


WIND (MPH)
  HIGHEST WIND SPEED    21   HIGHEST WIND DIRECTION     W (260)
  HIGHEST GUST SPEED    29   HIGHEST GUST DIRECTION    SW (240)
  AVERAGE WIND SPEED     7.8


SKY COVER
  POSSIBLE SUNSHINE  MM
  AVERAGE SKY COVER 0.1


WEATHER CONDITIONS
 THE FOLLOWING WEATHER WAS RECORDED YESTERDAY.
  NO SIGNIFICANT WEATHER WAS OBSERVED.


RELATIVE HUMIDITY (PERCENT)
 HIGHEST    68           300 AM
 LOWEST     40           200 PM
 AVERAGE    54

..........................................................


THE JOHNSTOWN CLIMATE NORMALS FOR TODAY
                         NORMAL    RECORD    YEAR
 MAXIMUM TEMPERATURE (F)   33        65      1925
 MINIMUM TEMPERATURE (F)   19        -9      1907


SUNRISE AND SUNSET
FEBRUARY  7 2016......SUNRISE   719 AM EST   SUNSET   541 PM EST
FEBRUARY  8 2016......SUNRISE   718 AM EST   SUNSET   542 PM EST


-  INDICATES NEGATIVE NUMBERS.
R  INDICATES RECORD WAS SET OR TIED.
MM INDICATES DATA IS MISSING.
T  INDICATES TRACE AMOUNT.




$$
