000
CDUS41 KCTP 300633
CLIJST


CLIMATE REPORT
NATIONAL WEATHER SERVICE STATE COLLEGE PA
233 AM EDT SAT JUL 30 2016


...................................

...THE JOHNSTOWN CLIMATE SUMMARY FOR JULY 29 2016...

CLIMATE NORMAL PERIOD 1981 TO 2010
CLIMATE RECORD PERIOD 1892 TO 2016


WEATHER ITEM   OBSERVED TIME   RECORD YEAR NORMAL DEPARTURE LAST
                VALUE   (LST)  VALUE       VALUE  FROM      YEAR
                                                  NORMAL
..................................................................
TEMPERATURE (F)
 YESTERDAY
  MAXIMUM         81    538 PM  98    1901  79      2       85
  MINIMUM         64    442 AM  48    2014  60      4       67
  AVERAGE         73                        69      4       76

PRECIPITATION (IN)
  YESTERDAY        0.00          4.27 1945   0.14  -0.14     0.00
  MONTH TO DATE    2.32                      3.56  -1.24     4.52
  SINCE JUN 1      7.00                      3.56   3.44    16.48
  SINCE JAN 1     17.80                     20.20  -2.40    30.88

DEGREE DAYS
 HEATING
  YESTERDAY        0                         0      0        0
  MONTH TO DATE   11                         8      3        7
  SINCE JUN 1     54                        87    -33       68
  SINCE JUL 1     11                         8      3        7

 COOLING
  YESTERDAY        8                         5      3       11
  MONTH TO DATE  220                       140     80      141
  SINCE JUN 1    314                       215     99      231
  SINCE JAN 1    352                       233    119      315
..................................................................


WIND (MPH)
  HIGHEST WIND SPEED    10   HIGHEST WIND DIRECTION    NW (300)
  HIGHEST GUST SPEED    13   HIGHEST GUST DIRECTION     W (290)
  AVERAGE WIND SPEED     4.8


SKY COVER
  POSSIBLE SUNSHINE  MM
  AVERAGE SKY COVER 0.6


WEATHER CONDITIONS
 THE FOLLOWING WEATHER WAS RECORDED YESTERDAY.
  FOG
  FOG W/VISIBILITY <= 1/4 MILE
  HAZE


RELATIVE HUMIDITY (PERCENT)
 HIGHEST    93           100 AM
 LOWEST     45           500 PM
 AVERAGE    69

..........................................................


THE JOHNSTOWN CLIMATE NORMALS FOR TODAY
                         NORMAL    RECORD    YEAR
 MAXIMUM TEMPERATURE (F)   78        96      1988
 MINIMUM TEMPERATURE (F)   60        42      1956


SUNRISE AND SUNSET
JULY 30 2016..........SUNRISE   612 AM EDT   SUNSET   831 PM EDT
JULY 31 2016..........SUNRISE   612 AM EDT   SUNSET   830 PM EDT


-  INDICATES NEGATIVE NUMBERS.
R  INDICATES RECORD WAS SET OR TIED.
MM INDICATES DATA IS MISSING.
T  INDICATES TRACE AMOUNT.




$$
