000
CDUS41 KCTP 290641
CLIJST


CLIMATE REPORT
NATIONAL WEATHER SERVICE STATE COLLEGE PA
241 AM EDT FRI MAY 29 2015


...................................

...THE JOHNSTOWN CLIMATE SUMMARY FOR MAY 28 2015...

CLIMATE NORMAL PERIOD 1981 TO 2010
CLIMATE RECORD PERIOD 2000 TO 2015


WEATHER ITEM   OBSERVED TIME   RECORD YEAR NORMAL DEPARTURE LAST
                VALUE   (LST)  VALUE       VALUE  FROM      YEAR
                                                  NORMAL
..................................................................
TEMPERATURE (F)
 YESTERDAY
  MAXIMUM         77    355 PM  97    1911  69      8       73
  MINIMUM         62   1157 PM  33    1983  51     11       61
  AVERAGE         70                        60     10       67

PRECIPITATION (IN)
  YESTERDAY        0.00          1.60 1982   0.16  -0.16     0.06
  MONTH TO DATE    2.20                      4.06  -1.86     3.61
  SINCE MAR 1     10.66                     10.94  -0.28     9.35
  SINCE JAN 1     14.06                     16.17  -2.11    13.39

DEGREE DAYS
 HEATING
  YESTERDAY        0                         6     -6        0
  MONTH TO DATE  132                       260   -128      240
  SINCE MAR 1   1588                      1711   -123     1870
  SINCE JUL 1   6777                      6591    186     7198

 COOLING
  YESTERDAY        5                         1      4        2
  MONTH TO DATE   63                        15     48       22
  SINCE MAR 1     63                        20     43       26
  SINCE JAN 1     63                        20     43       26
..................................................................


WIND (MPH)
  HIGHEST WIND SPEED    13   HIGHEST WIND DIRECTION     N (360)
  HIGHEST GUST SPEED    20   HIGHEST GUST DIRECTION    NW (320)
  AVERAGE WIND SPEED     7.8


SKY COVER
  POSSIBLE SUNSHINE  MM
  AVERAGE SKY COVER 0.2


WEATHER CONDITIONS
 THE FOLLOWING WEATHER WAS RECORDED YESTERDAY.
  NO SIGNIFICANT WEATHER WAS OBSERVED.


RELATIVE HUMIDITY (PERCENT)
 HIGHEST    84           100 AM
 LOWEST     40           400 PM
 AVERAGE    62

..........................................................


THE JOHNSTOWN CLIMATE NORMALS FOR TODAY
                         NORMAL    RECORD    YEAR
 MAXIMUM TEMPERATURE (F)   69        95      1987
 MINIMUM TEMPERATURE (F)   51        33      1894


SUNRISE AND SUNSET
MAY 29 2015...........SUNRISE   549 AM EDT   SUNSET   837 PM EDT
MAY 30 2015...........SUNRISE   549 AM EDT   SUNSET   837 PM EDT


-  INDICATES NEGATIVE NUMBERS.
R  INDICATES RECORD WAS SET OR TIED.
MM INDICATES DATA IS MISSING.
T  INDICATES TRACE AMOUNT.




$$
