905
CDUS41 KCTP 242224
CLIJST


CLIMATE REPORT
NATIONAL WEATHER SERVICE STATE COLLEGE PA
524 PM EST FRI NOV 24 2017


...................................

...THE JOHNSTOWN CLIMATE SUMMARY FOR NOVEMBER 24 2017...
VALID TODAY AS OF 0500 PM LOCAL TIME.

CLIMATE NORMAL PERIOD 1981 TO 2010
CLIMATE RECORD PERIOD 1892 TO 2017


WEATHER ITEM   OBSERVED TIME   RECORD YEAR NORMAL DEPARTURE LAST
                VALUE   (LST)  VALUE       VALUE  FROM      YEAR
                                                  NORMAL
..................................................................
TEMPERATURE (F)
 TODAY
  MAXIMUM         51    411 PM  72    1979  42      9       47
  MINIMUM         29    749 AM   7    2005  30     -1       36
  AVERAGE         40                        36      4       42

PRECIPITATION (IN)
  TODAY            0.00          1.40 1961   0.12  -0.12     0.06
  MONTH TO DATE    2.93                      2.90   0.03     0.61
  SINCE SEP 1      9.55                      9.38   0.17     7.25
  SINCE JAN 1     43.80                     37.73   6.07    31.90

DEGREE DAYS
 HEATING
  TODAY           25                        29     -4       23
  MONTH TO DATE  626                       580     46      498
  SINCE SEP 1   1041                      1237   -196      917
  SINCE JUL 1   1082                      1279   -197      928

 COOLING
  TODAY            0                         0      0        0
  MONTH TO DATE    0                         0      0        0
  SINCE SEP 1     95                        28     67      102
  SINCE JAN 1    497                       388    109      705
..................................................................


WIND (MPH)
  HIGHEST WIND SPEED    14   HIGHEST WIND DIRECTION     W (290)
  HIGHEST GUST SPEED    18   HIGHEST GUST DIRECTION    SW (230)
  AVERAGE WIND SPEED     7.4


SKY COVER
  POSSIBLE SUNSHINE  MM
  AVERAGE SKY COVER 0.0


WEATHER CONDITIONS
 THE FOLLOWING WEATHER WAS RECORDED TODAY.
  NO SIGNIFICANT WEATHER WAS OBSERVED.


RELATIVE HUMIDITY (PERCENT)
 HIGHEST    69           500 AM
 LOWEST     26           100 PM
 AVERAGE    48

..........................................................


THE JOHNSTOWN CLIMATE NORMALS FOR TOMORROW
                         NORMAL    RECORD    YEAR
 MAXIMUM TEMPERATURE (F)   41        67      1896
 MINIMUM TEMPERATURE (F)   30         6      2005


SUNRISE AND SUNSET
NOVEMBER 24 2017......SUNRISE   712 AM EST   SUNSET   452 PM EST
NOVEMBER 25 2017......SUNRISE   713 AM EST   SUNSET   452 PM EST


-  INDICATES NEGATIVE NUMBERS.
R  INDICATES RECORD WAS SET OR TIED.
MM INDICATES DATA IS MISSING.
T  INDICATES TRACE AMOUNT.




$$
