000
CDUS41 KCTP 280635
CLIJST


CLIMATE REPORT
NATIONAL WEATHER SERVICE STATE COLLEGE PA
135 AM EST SAT FEB 28 2015


...................................

...THE JOHNSTOWN CLIMATE SUMMARY FOR FEBRUARY 27 2015...

CLIMATE NORMAL PERIOD 1981 TO 2010
CLIMATE RECORD PERIOD 2000 TO 2015


WEATHER ITEM   OBSERVED TIME   RECORD YEAR NORMAL DEPARTURE LAST
                VALUE   (LST)  VALUE       VALUE  FROM      YEAR
                                                  NORMAL
..................................................................
TEMPERATURE (F)
 YESTERDAY
  MAXIMUM         13    502 PM  72    1951  37    -24       17
  MINIMUM          3    733 AM  -8    1963  22    -19       -1
  AVERAGE          8                        30    -22        8

PRECIPITATION (IN)
  YESTERDAY        T             1.23 1945   0.09  -0.09      T
  MONTH TO DATE    1.48                      2.26  -0.78     3.16
  SINCE DEC 1      5.73                      7.71  -1.98     7.21
  SINCE JAN 1      3.40                      5.14  -1.74     4.04

DEGREE DAYS
 HEATING
  YESTERDAY       57                        35     22       57
  MONTH TO DATE 1308                      1027    281     1152
  SINCE DEC 1   3627                      3386    241     3640
  SINCE JUL 1   5138                      4844    294     5271

 COOLING
  YESTERDAY        0                         0      0        0
  MONTH TO DATE    0                         0      0        0
  SINCE DEC 1      0                         0      0        0
  SINCE JAN 1      0                         0      0        0
..................................................................


WIND (MPH)
  HIGHEST WIND SPEED    17   HIGHEST WIND DIRECTION     W (280)
  HIGHEST GUST SPEED    24   HIGHEST GUST DIRECTION     W (260)
  AVERAGE WIND SPEED     9.4


SKY COVER
  POSSIBLE SUNSHINE  MM
  AVERAGE SKY COVER 0.7


WEATHER CONDITIONS
 THE FOLLOWING WEATHER WAS RECORDED YESTERDAY.
  LIGHT SNOW
  FOG
  HAZE


RELATIVE HUMIDITY (PERCENT)
 HIGHEST    87           500 AM
 LOWEST     57           700 PM
 AVERAGE    72

..........................................................


THE JOHNSTOWN CLIMATE NORMALS FOR TODAY
                         NORMAL    RECORD    YEAR
 MAXIMUM TEMPERATURE (F)   37        63      1931
 MINIMUM TEMPERATURE (F)   23       -13      1934


SUNRISE AND SUNSET
FEBRUARY 28 2015......SUNRISE   651 AM EST   SUNSET   606 PM EST
MARCH  1 2015.........SUNRISE   649 AM EST   SUNSET   607 PM EST


-  INDICATES NEGATIVE NUMBERS.
R  INDICATES RECORD WAS SET OR TIED.
MM INDICATES DATA IS MISSING.
T  INDICATES TRACE AMOUNT.




$$
