000
CDUS43 KGRR 250530
CLIJXN


CLIMATE REPORT
NATIONAL WEATHER SERVICE GRAND RAPIDS, MI
129 AM EDT MON MAY 25 2015


...................................

...THE JACKSON MI CLIMATE SUMMARY FOR MAY 24 2015...

CLIMATE NORMAL PERIOD 1981 TO 2010
CLIMATE RECORD PERIOD 1944 TO 9999


WEATHER ITEM   OBSERVED TIME   NORMAL DEPARTURE LAST
                VALUE   (LST)  VALUE  FROM      YEAR
                                      NORMAL
......................................................
TEMPERATURE (F)
 YESTERDAY
  MAXIMUM         75    427 PM  72      3       76
  MINIMUM         50    535 AM  49      1       46
  AVERAGE         63            60      3       61

PRECIPITATION (IN)
  YESTERDAY        T             0.11  -0.11     0.00
  MONTH TO DATE    2.70          2.54   0.16     4.10
  SINCE MAR 1      5.77          7.05  -1.28     8.03
  SINCE JAN 1      7.85          9.83  -1.98    12.31

DEGREE DAYS
 HEATING
  YESTERDAY        2             6     -4        4
  MONTH TO DATE  138           221    -83      235
  SINCE MAR 1   1642          1653    -11     1936
  SINCE JUL 1   7146          6567    579     7500

 COOLING
  YESTERDAY        0             2     -2        0
  MONTH TO DATE   30            18     12       18
  SINCE MAR 1     30            24      6       18
  SINCE JAN 1     30            24      6       18
......................................................


WIND (MPH)
  RESULTANT WIND SPEED   5   RESULTANT WIND DIRECTION   S (160)
  HIGHEST WIND SPEED    16   HIGHEST WIND DIRECTION    SE (120)
  HIGHEST GUST SPEED    21   HIGHEST GUST DIRECTION     E (100)
  AVERAGE WIND SPEED     6.6


SKY COVER
  AVERAGE SKY COVER 0.3


WEATHER CONDITIONS
 THE FOLLOWING WEATHER WAS RECORDED YESTERDAY.
  NO SIGNIFICANT WEATHER WAS OBSERVED.


RELATIVE HUMIDITY (PERCENT)
 HIGHEST    77           400 AM
 LOWEST     46          1100 AM
 AVERAGE    62

..........................................................


THE JACKSON MI CLIMATE NORMALS FOR TODAY
                         NORMAL
 MAXIMUM TEMPERATURE (F)   72
 MINIMUM TEMPERATURE (F)   49


SUNRISE AND SUNSET
MAY 25 2015...........SUNRISE   608 AM EDT   SUNSET   902 PM EDT
MAY 26 2015...........SUNRISE   608 AM EDT   SUNSET   903 PM EDT


-  INDICATES NEGATIVE NUMBERS.
R  INDICATES RECORD WAS SET OR TIED.
MM INDICATES DATA IS MISSING.
T  INDICATES TRACE AMOUNT.




$$
