000
CDUS43 KGRR 290527
CLIJXN


CLIMATE REPORT
NATIONAL WEATHER SERVICE GRAND RAPIDS, MI
121 AM EDT SUN MAR 29 2015


...................................

...THE JACKSON MI CLIMATE SUMMARY FOR MARCH 28 2015...

CLIMATE NORMAL PERIOD 1981 TO 2010
CLIMATE RECORD PERIOD 1944 TO 9999


WEATHER ITEM   OBSERVED TIME   NORMAL DEPARTURE LAST
                VALUE   (LST)  VALUE  FROM      YEAR
                                      NORMAL
......................................................
TEMPERATURE (F)
 YESTERDAY
  MAXIMUM         36    406 PM  51    -15       50
  MINIMUM         11    628 AM  30    -19       35
  AVERAGE         24            40    -16       43

PRECIPITATION (IN)
  YESTERDAY        0.00          0.07  -0.07      T
  MONTH TO DATE    0.32          1.68  -1.36     1.91
  SINCE MAR 1      0.32          1.68  -1.36     1.91
  SINCE JAN 1      2.40          4.46  -2.06     6.19

DEGREE DAYS
 HEATING
  YESTERDAY       41            25     16       22
  MONTH TO DATE  915           839     76     1094
  SINCE MAR 1    915           839     76     1094
  SINCE JUL 1   6419          5753    666     6658

 COOLING
  YESTERDAY        0             0      0        0
  MONTH TO DATE    0             0      0        0
  SINCE MAR 1      0             0      0        0
  SINCE JAN 1      0             0      0        0
......................................................


WIND (MPH)
  RESULTANT WIND SPEED   2   RESULTANT WIND DIRECTION   N (0)
  HIGHEST WIND SPEED    14   HIGHEST WIND DIRECTION    NW (320)
  HIGHEST GUST SPEED    19   HIGHEST GUST DIRECTION    NW (320)
  AVERAGE WIND SPEED     4.4


SKY COVER
  AVERAGE SKY COVER 0.0


WEATHER CONDITIONS
 THE FOLLOWING WEATHER WAS RECORDED YESTERDAY.
  NO SIGNIFICANT WEATHER WAS OBSERVED.


RELATIVE HUMIDITY (PERCENT)
 HIGHEST    76           300 AM
 LOWEST     27           400 PM
 AVERAGE    52

..........................................................


THE JACKSON MI CLIMATE NORMALS FOR TODAY
                         NORMAL
 MAXIMUM TEMPERATURE (F)   51
 MINIMUM TEMPERATURE (F)   31


SUNRISE AND SUNSET
MARCH 29 2015.........SUNRISE   726 AM EDT   SUNSET   800 PM EDT
MARCH 30 2015.........SUNRISE   724 AM EDT   SUNSET   801 PM EDT


-  INDICATES NEGATIVE NUMBERS.
R  INDICATES RECORD WAS SET OR TIED.
MM INDICATES DATA IS MISSING.
T  INDICATES TRACE AMOUNT.




$$
