000
CDUS43 KGRR 271334
CLIJXN


CLIMATE REPORT
NATIONAL WEATHER SERVICE GRAND RAPIDS, MI
933 AM EDT TUE SEP 27 2016


...................................

...THE JACKSON MI CLIMATE SUMMARY FOR SEPTEMBER 27 2016...
VALID AS OF 0900 AM LOCAL TIME.

CLIMATE NORMAL PERIOD 1981 TO 2010
CLIMATE RECORD PERIOD 1944 TO 9999


WEATHER ITEM   OBSERVED TIME   NORMAL DEPARTURE LAST
                VALUE   (LST)  VALUE  FROM      YEAR
                                      NORMAL
......................................................
TEMPERATURE (F)
 TODAY
  MAXIMUM         54    759 AM  68    -14       76
  MINIMUM         50    611 AM  46      4       60
  AVERAGE         52            57     -5       68

PRECIPITATION (IN)
  TODAY            0.00          0.11  -0.11     0.00
  MONTH TO DATE    1.76          3.15  -1.39     0.83
  SINCE SEP 1      1.76          3.15  -1.39     0.83
  SINCE JAN 1     28.07         24.07   4.00    24.52

DEGREE DAYS
 HEATING
  TODAY           13             9      4        0
  MONTH TO DATE   33           126    -93       68
  SINCE SEP 1     33           126    -93       68
  SINCE JUL 1     37           161   -124      106

 COOLING
  TODAY            0             1     -1        3
  MONTH TO DATE   87            56     31      106
  SINCE SEP 1     87            56     31      106
  SINCE JAN 1    815           585    230      532
......................................................


WIND (MPH)
  RESULTANT WIND SPEED  10   RESULTANT WIND DIRECTION  SW (220)
  HIGHEST WIND SPEED    17   HIGHEST WIND DIRECTION    SW (220)
  HIGHEST GUST SPEED    24   HIGHEST GUST DIRECTION    SW (220)
  AVERAGE WIND SPEED     9.6


SKY COVER
  AVERAGE SKY COVER 0.0


WEATHER CONDITIONS
 THE FOLLOWING WEATHER WAS RECORDED TODAY.
  NO SIGNIFICANT WEATHER WAS OBSERVED.


RELATIVE HUMIDITY (PERCENT)
 HIGHEST    66           600 AM
 LOWEST     59           100 AM
 AVERAGE    63

..........................................................


THE JACKSON MI CLIMATE NORMALS FOR TOMORROW
                         NORMAL
 MAXIMUM TEMPERATURE (F)   68
 MINIMUM TEMPERATURE (F)   46


SUNRISE AND SUNSET
SEPTEMBER 27 2016.....SUNRISE   731 AM EDT   SUNSET   725 PM EDT
SEPTEMBER 28 2016.....SUNRISE   732 AM EDT   SUNSET   724 PM EDT


-  INDICATES NEGATIVE NUMBERS.
R  INDICATES RECORD WAS SET OR TIED.
MM INDICATES DATA IS MISSING.
T  INDICATES TRACE AMOUNT.




$$

63
