000
CDUS43 KGRR 220529
CLIJXN


CLIMATE REPORT
NATIONAL WEATHER SERVICE GRAND RAPIDS, MI
128 AM EDT FRI SEP 22 2017


...................................

...THE JACKSON MI CLIMATE SUMMARY FOR SEPTEMBER 21 2017...

CLIMATE NORMAL PERIOD 1981 TO 2010
CLIMATE RECORD PERIOD 1944 TO 9999


WEATHER ITEM   OBSERVED TIME   NORMAL DEPARTURE LAST
                VALUE   (LST)  VALUE  FROM      YEAR
                                      NORMAL
......................................................
TEMPERATURE (F)
 YESTERDAY
  MAXIMUM         93    325 PM  71     22       83
  MINIMUM         68    644 AM  49     19       55
  AVERAGE         81            60     21       69

PRECIPITATION (IN)
  YESTERDAY        0.00          0.12  -0.12     0.00
  MONTH TO DATE    0.56          2.43  -1.87     1.72
  SINCE SEP 1      0.56          2.43  -1.87     1.72
  SINCE JAN 1     23.62         23.35   0.27    28.03

DEGREE DAYS
 HEATING
  YESTERDAY        0             7     -7        0
  MONTH TO DATE   82            79      3       11
  SINCE SEP 1     82            79      3       11
  SINCE JUL 1    109           114     -5       15

 COOLING
  YESTERDAY       16             1     15        4
  MONTH TO DATE   54            50      4       77
  SINCE SEP 1     54            50      4       77
  SINCE JAN 1    581           579      2      805
......................................................


WIND (MPH)
  RESULTANT WIND SPEED   3   RESULTANT WIND DIRECTION  SE (150)
  HIGHEST WIND SPEED    20   HIGHEST WIND DIRECTION     N (10)
  HIGHEST GUST SPEED    29   HIGHEST GUST DIRECTION     N (360)
  AVERAGE WIND SPEED     5.1


SKY COVER
  AVERAGE SKY COVER 0.1


WEATHER CONDITIONS
 THE FOLLOWING WEATHER WAS RECORDED YESTERDAY.
  THUNDERSTORM
  FOG
  HAZE


RELATIVE HUMIDITY (PERCENT)
 HIGHEST    90           100 AM
 LOWEST     41           400 PM
 AVERAGE    66

..........................................................


THE JACKSON MI CLIMATE NORMALS FOR TODAY
                         NORMAL
 MAXIMUM TEMPERATURE (F)   70
 MINIMUM TEMPERATURE (F)   48


SUNRISE AND SUNSET
SEPTEMBER 22 2017.....SUNRISE   725 AM EDT   SUNSET   735 PM EDT
SEPTEMBER 23 2017.....SUNRISE   727 AM EDT   SUNSET   733 PM EDT


-  INDICATES NEGATIVE NUMBERS.
R  INDICATES RECORD WAS SET OR TIED.
MM INDICATES DATA IS MISSING.
T  INDICATES TRACE AMOUNT.




$$
