000
CDUS43 KGRR 280532
CLIJXN


CLIMATE REPORT
NATIONAL WEATHER SERVICE GRAND RAPIDS, MI
131 AM EDT SUN AUG 28 2016


...................................

...THE JACKSON MI CLIMATE SUMMARY FOR AUGUST 27 2016...

CLIMATE NORMAL PERIOD 1981 TO 2010
CLIMATE RECORD PERIOD 1944 TO 9999


WEATHER ITEM   OBSERVED TIME   NORMAL DEPARTURE LAST
                VALUE   (LST)  VALUE  FROM      YEAR
                                      NORMAL
......................................................
TEMPERATURE (F)
 YESTERDAY
  MAXIMUM         77   1105 AM  79     -2       65
  MINIMUM         65   1223 AM  58      7       48
  AVERAGE         71            68      3       57

PRECIPITATION (IN)
  YESTERDAY        0.30          0.11   0.19     0.00
  MONTH TO DATE    9.51          3.03   6.48     3.12
  SINCE JUN 1     16.81          9.88   6.93    12.95
  SINCE JAN 1     26.31         20.48   5.83    23.58

DEGREE DAYS
 HEATING
  YESTERDAY        0             1     -1        8
  MONTH TO DATE    0            23    -23       23
  SINCE JUN 1     34            89    -55       68
  SINCE JUL 1      4            34    -30       36

 COOLING
  YESTERDAY        6             4      2        0
  MONTH TO DATE  233           148     85      118
  SINCE JUN 1    642           476    166      357
  SINCE JAN 1    695           513    182      412
......................................................


WIND (MPH)
  RESULTANT WIND SPEED   5   RESULTANT WIND DIRECTION  SE (130)
  HIGHEST WIND SPEED    22   HIGHEST WIND DIRECTION    NW (300)
  HIGHEST GUST SPEED    28   HIGHEST GUST DIRECTION    NW (300)
  AVERAGE WIND SPEED     6.2


SKY COVER
  AVERAGE SKY COVER 0.3


WEATHER CONDITIONS
 THE FOLLOWING WEATHER WAS RECORDED YESTERDAY.
  THUNDERSTORM
  HEAVY RAIN
  RAIN
  LIGHT RAIN


RELATIVE HUMIDITY (PERCENT)
 HIGHEST   100           900 PM
 LOWEST     69          1000 AM
 AVERAGE    85

..........................................................


THE JACKSON MI CLIMATE NORMALS FOR TODAY
                         NORMAL
 MAXIMUM TEMPERATURE (F)   79
 MINIMUM TEMPERATURE (F)   57


SUNRISE AND SUNSET
AUGUST 28 2016........SUNRISE   659 AM EDT   SUNSET   818 PM EDT
AUGUST 29 2016........SUNRISE   700 AM EDT   SUNSET   816 PM EDT


-  INDICATES NEGATIVE NUMBERS.
R  INDICATES RECORD WAS SET OR TIED.
MM INDICATES DATA IS MISSING.
T  INDICATES TRACE AMOUNT.




$$
