735
CDUS43 KGRR 291335
CLIJXN


CLIMATE REPORT
NATIONAL WEATHER SERVICE GRAND RAPIDS, MI
933 AM EDT FRI APR 29 2016


...................................

...THE JACKSON MI CLIMATE SUMMARY FOR APRIL 29 2016...
VALID AS OF 0900 AM LOCAL TIME.

CLIMATE NORMAL PERIOD 1981 TO 2010
CLIMATE RECORD PERIOD 1944 TO 9999


WEATHER ITEM   OBSERVED TIME   NORMAL DEPARTURE LAST
                VALUE   (LST)  VALUE  FROM      YEAR
                                      NORMAL
......................................................
TEMPERATURE (F)
 TODAY
  MAXIMUM         45    254 AM  64    -19       65
  MINIMUM         43    659 AM  41      2       36
  AVERAGE         44            53     -9       51

PRECIPITATION (IN)
  TODAY            0.01          0.09  -0.08     0.14
  MONTH TO DATE    2.39          2.52  -0.13     2.59
  SINCE MAR 1      5.04          4.42   0.62     3.07
  SINCE JAN 1      6.91          7.20  -0.29     5.15

DEGREE DAYS
 HEATING
  TODAY           21            13      8       14
  MONTH TO DATE  546           509     37      492
  SINCE MAR 1   1255          1419   -164     1486
  SINCE JUL 1   5377          6333   -956     6990

 COOLING
  TODAY            0             0      0        0
  MONTH TO DATE    0             0      0        0
  SINCE MAR 1      0             0      0        0
  SINCE JAN 1      0             0      0        0
......................................................


WIND (MPH)
  RESULTANT WIND SPEED   3   RESULTANT WIND DIRECTION  NE (40)
  HIGHEST WIND SPEED     9   HIGHEST WIND DIRECTION     E (70)
  HIGHEST GUST SPEED    10   HIGHEST GUST DIRECTION     E (70)
  AVERAGE WIND SPEED     3.6


SKY COVER
  AVERAGE SKY COVER 0.8


WEATHER CONDITIONS
 THE FOLLOWING WEATHER WAS RECORDED TODAY.
  LIGHT RAIN


RELATIVE HUMIDITY (PERCENT)
 HIGHEST    76           700 AM
 LOWEST     65           200 AM
 AVERAGE    71

..........................................................


THE JACKSON MI CLIMATE NORMALS FOR TOMORROW
                         NORMAL
 MAXIMUM TEMPERATURE (F)   64
 MINIMUM TEMPERATURE (F)   42


SUNRISE AND SUNSET
APRIL 29 2016.........SUNRISE   635 AM EDT   SUNSET   836 PM EDT
APRIL 30 2016.........SUNRISE   634 AM EDT   SUNSET   837 PM EDT


-  INDICATES NEGATIVE NUMBERS.
R  INDICATES RECORD WAS SET OR TIED.
MM INDICATES DATA IS MISSING.
T  INDICATES TRACE AMOUNT.




$$

63
