000
CDUS43 KGRR 240516
CLILAN


CLIMATE REPORT
NATIONAL WEATHER SERVICE GRAND RAPIDS, MI
1214 AM EST MON NOV 24 2014


...................................

...THE LANSING MI CLIMATE SUMMARY FOR NOVEMBER 23 2014...

CLIMATE NORMAL PERIOD 1981 TO 2010
CLIMATE RECORD PERIOD 1864 TO 2014


WEATHER ITEM   OBSERVED TIME   RECORD YEAR NORMAL DEPARTURE LAST
                VALUE   (LST)  VALUE       VALUE  FROM      YEAR
                                                  NORMAL
..................................................................
TEMPERATURE (F)
 YESTERDAY
  MAXIMUM         51    416 PM  67    1999  43      8       27
                                      1931
  MINIMUM         48   1015 AM  -3    1869  30     18       16
  AVERAGE         50                        37     13       22

PRECIPITATION (IN)
  YESTERDAY        0.92R         0.84 1983   0.10   0.82      T
  MONTH TO DATE    1.60                      2.19  -0.59     2.11
  SINCE SEP 1      7.69                      8.22  -0.53     6.64
  SINCE JAN 1     34.91                     29.31   5.60    39.56

SNOWFALL (IN)
  YESTERDAY        0.0           3.7  2005   0.2   -0.2       T
  MONTH TO DATE    6.2                       2.0    4.2      0.4
  SINCE SEP 1      6.2                       2.4    3.8      0.4
  SINCE JUL 1      6.2                       2.4    3.8      0.4
  SNOW DEPTH       0

DEGREE DAYS
 HEATING
  YESTERDAY       15                        28    -13       43
  MONTH TO DATE  706                       553    153      571
  SINCE SEP 1   1336                      1168    168     1138
  SINCE JUL 1   1376                      1203    173     1173

 COOLING
  YESTERDAY        0                         0      0        0
  MONTH TO DATE    0                         0      0        0
  SINCE SEP 1     43                        68    -25       73
  SINCE JAN 1    488                       625   -137      661
..................................................................


WIND (MPH)
  RESULTANT WIND SPEED  11   RESULTANT WIND DIRECTION   S (170)
  HIGHEST WIND SPEED    18   HIGHEST WIND DIRECTION    SE (130)
  HIGHEST GUST SPEED    24   HIGHEST GUST DIRECTION    SE (130)
  AVERAGE WIND SPEED    12.2


SKY COVER
  AVERAGE SKY COVER 1.0


WEATHER CONDITIONS
 THE FOLLOWING WEATHER WAS RECORDED YESTERDAY.
  HEAVY RAIN
  RAIN
  LIGHT RAIN
  FOG
  HAZE


RELATIVE HUMIDITY (PERCENT)
 HIGHEST    93           800 PM
 LOWEST     77           300 PM
 AVERAGE    85

..........................................................


THE LANSING MI CLIMATE NORMALS FOR TODAY
                         NORMAL    RECORD    YEAR
 MAXIMUM TEMPERATURE (F)   43        64      1931
 MINIMUM TEMPERATURE (F)   30        -1      1950
                                             1869


SUNRISE AND SUNSET
NOVEMBER 24 2014......SUNRISE   741 AM EST   SUNSET   509 PM EST
NOVEMBER 25 2014......SUNRISE   742 AM EST   SUNSET   508 PM EST


-  INDICATES NEGATIVE NUMBERS.
R  INDICATES RECORD WAS SET OR TIED.
MM INDICATES DATA IS MISSING.
T  INDICATES TRACE AMOUNT.




$$

EBW
