000
CDUS43 KGRR 282128
CLILAN


CLIMATE REPORT
NATIONAL WEATHER SERVICE GRAND RAPIDS, MI
527 PM EDT WED JUN 28 2017


...................................

...THE LANSING MI CLIMATE SUMMARY FOR JUNE 28 2017...
VALID TODAY AS OF 0500 PM LOCAL TIME.

CLIMATE NORMAL PERIOD 1981 TO 2010
CLIMATE RECORD PERIOD 1864 TO 2017


WEATHER ITEM   OBSERVED TIME   RECORD YEAR NORMAL DEPARTURE LAST
                VALUE   (LST)  VALUE       VALUE  FROM      YEAR
                                                  NORMAL
..................................................................
TEMPERATURE (F)
 TODAY
  MAXIMUM         79    203 PM  98    2012  82     -3       70
  MINIMUM         52    358 AM  38    1895  60     -8       52
  AVERAGE         66                        71     -5       61

PRECIPITATION (IN)
  TODAY            T             3.12 2013   0.10  -0.10     0.00
  MONTH TO DATE    3.64                      3.24   0.40     0.59
  SINCE JUN 1      3.64                      3.24   0.40     0.59
  SINCE JAN 1     20.70                     14.81   5.89    13.50

SNOWFALL (IN)
  TODAY            0.0           0.0    MM   0.0    0.0      0.0
  MONTH TO DATE    0.0                       0.0    0.0      0.0
  SINCE JUN 1      0.0                       0.0    0.0      0.0
  SINCE JUL 1     30.2                      51.1  -20.9     50.0
  SNOW DEPTH       0

DEGREE DAYS
 HEATING
  TODAY            0                         1     -1        4
  MONTH TO DATE   13                        55    -42       32
  SINCE JUN 1     13                        55    -42       32
  SINCE JUL 1   5602                      6712  -1110     5804

 COOLING
  TODAY            1                         6     -5        0
  MONTH TO DATE  182                       118     64      146
  SINCE JUN 1    182                       118     64      146
  SINCE JAN 1    217                       159     58      208
..................................................................


WIND (MPH)
  RESULTANT WIND SPEED   9   RESULTANT WIND DIRECTION   S (200)
  HIGHEST WIND SPEED    21   HIGHEST WIND DIRECTION     S (180)
  HIGHEST GUST SPEED    29   HIGHEST GUST DIRECTION     S (170)
  AVERAGE WIND SPEED     9.2


SKY COVER
  AVERAGE SKY COVER 0.1


WEATHER CONDITIONS
 THE FOLLOWING WEATHER WAS RECORDED TODAY.
  NO SIGNIFICANT WEATHER WAS OBSERVED.


RELATIVE HUMIDITY (PERCENT)
 HIGHEST    77           400 AM
 LOWEST     36          1100 AM
 AVERAGE    57

..........................................................


THE LANSING MI CLIMATE NORMALS FOR TOMORROW
                         NORMAL    RECORD    YEAR
 MAXIMUM TEMPERATURE (F)   82        96      1964
 MINIMUM TEMPERATURE (F)   60        41      1923


SUNRISE AND SUNSET
JUNE 28 2017..........SUNRISE   603 AM EDT   SUNSET   921 PM EDT
JUNE 29 2017..........SUNRISE   603 AM EDT   SUNSET   921 PM EDT


-  INDICATES NEGATIVE NUMBERS.
R  INDICATES RECORD WAS SET OR TIED.
MM INDICATES DATA IS MISSING.
T  INDICATES TRACE AMOUNT.




$$
