000
CDUS43 KGRR 230519
CLILAN


CLIMATE REPORT
NATIONAL WEATHER SERVICE GRAND RAPIDS, MI
118 AM EDT MON OCT 23 2017


...................................

...THE LANSING MI CLIMATE SUMMARY FOR OCTOBER 22 2017...

CLIMATE NORMAL PERIOD 1981 TO 2010
CLIMATE RECORD PERIOD 1864 TO 2017


WEATHER ITEM   OBSERVED TIME   RECORD YEAR NORMAL DEPARTURE LAST
                VALUE   (LST)  VALUE       VALUE  FROM      YEAR
                                                  NORMAL
..................................................................
TEMPERATURE (F)
 YESTERDAY
  MAXIMUM         77    209 PM  82    1963  58     19       55
                                      1920
  MINIMUM         57    736 AM  10    1868  39     18       35
  AVERAGE         67                        48     19       45

PRECIPITATION (IN)
  YESTERDAY        0.00          2.55 1929   0.08  -0.08     0.00
  MONTH TO DATE    5.87                      1.82   4.05     2.33
  SINCE SEP 1      6.81                      5.32   1.49     5.68
  SINCE JAN 1     32.11                     26.41   5.70    29.16

SNOWFALL (IN)
  YESTERDAY        0.0           1.0  1913   0.0    0.0      0.0
  MONTH TO DATE    0.0                       0.2   -0.2      0.0
  SINCE SEP 1      0.0                       0.2   -0.2      0.0
  SINCE JUL 1      0.0                       0.2   -0.2      0.0
  SNOW DEPTH       0

DEGREE DAYS
 HEATING
  YESTERDAY        0                        17    -17       20
  MONTH TO DATE  117                       296   -179      170
  SINCE SEP 1    220                       449   -229      220
  SINCE JUL 1    249                       484   -235      223

 COOLING
  YESTERDAY        2                         0      2        0
  MONTH TO DATE   18                         4     14       14
  SINCE SEP 1    148                        65     83      103
  SINCE JAN 1    782                       622    160      869
..................................................................


WIND (MPH)
  RESULTANT WIND SPEED  12   RESULTANT WIND DIRECTION   S (180)
  HIGHEST WIND SPEED    23   HIGHEST WIND DIRECTION     S (190)
  HIGHEST GUST SPEED    31   HIGHEST GUST DIRECTION    SW (210)
  AVERAGE WIND SPEED    12.9


SKY COVER
  AVERAGE SKY COVER 0.2


WEATHER CONDITIONS
 THE FOLLOWING WEATHER WAS RECORDED YESTERDAY.
  NO SIGNIFICANT WEATHER WAS OBSERVED.


RELATIVE HUMIDITY (PERCENT)
 HIGHEST    67           800 AM
 LOWEST     50           100 PM
 AVERAGE    59

..........................................................


THE LANSING MI CLIMATE NORMALS FOR TODAY
                         NORMAL    RECORD    YEAR
 MAXIMUM TEMPERATURE (F)   57        84      1963
 MINIMUM TEMPERATURE (F)   39        11      1868


SUNRISE AND SUNSET
OCTOBER 23 2017.......SUNRISE   802 AM EDT   SUNSET   643 PM EDT
OCTOBER 24 2017.......SUNRISE   803 AM EDT   SUNSET   642 PM EDT


-  INDICATES NEGATIVE NUMBERS.
R  INDICATES RECORD WAS SET OR TIED.
MM INDICATES DATA IS MISSING.
T  INDICATES TRACE AMOUNT.




$$
