000
CDUS43 KGRR 250522
CLILAN


CLIMATE REPORT
NATIONAL WEATHER SERVICE GRAND RAPIDS, MI
1222 AM EST SAT FEB 25 2017


...................................

...THE LANSING MI CLIMATE SUMMARY FOR FEBRUARY 24 2017...

CLIMATE NORMAL PERIOD 1981 TO 2010
CLIMATE RECORD PERIOD 1864 TO 2017


WEATHER ITEM   OBSERVED TIME   RECORD YEAR NORMAL DEPARTURE LAST
                VALUE   (LST)  VALUE       VALUE  FROM      YEAR
                                                  NORMAL
..................................................................
TEMPERATURE (F)
 YESTERDAY
  MAXIMUM         58R   842 PM  57    1871  36     22       32
  MINIMUM         37    817 AM -12    1881  20     17       28
  AVERAGE         48                        28     20       30

PRECIPITATION (IN)
  YESTERDAY        1.02R         0.83 2001   0.06   0.96     0.65
  MONTH TO DATE    2.18                      1.22   0.96     1.46
  SINCE DEC 1      7.59                      4.74   2.85     5.63
  SINCE JAN 1      5.83                      2.87   2.96     2.91

SNOWFALL (IN)
  YESTERDAY        0.0           7.0  2016   0.4   -0.4      7.0
                                      1881
  MONTH TO DATE    2.3                      10.1   -7.8     12.3
  SINCE DEC 1     27.5                      36.9   -9.4     22.0
  SINCE JUL 1     27.5                      40.7  -13.2     30.2
  SNOW DEPTH       0

DEGREE DAYS
 HEATING
  YESTERDAY       17                        37    -20       35
  MONTH TO DATE  712                       949   -237      888
  SINCE DEC 1   2962                      3375   -413     2896
  SINCE JUL 1   3937                      4789   -852     4004

 COOLING
  YESTERDAY        0                         0      0        0
  MONTH TO DATE    0                         0      0        0
  SINCE DEC 1      0                         0      0        0
  SINCE JAN 1      0                         0      0        0
..................................................................


WIND (MPH)
  RESULTANT WIND SPEED   7   RESULTANT WIND DIRECTION   E (70)
  HIGHEST WIND SPEED    26   HIGHEST WIND DIRECTION     W (260)
  HIGHEST GUST SPEED    33   HIGHEST GUST DIRECTION     W (260)
  AVERAGE WIND SPEED    10.3


SKY COVER
  AVERAGE SKY COVER 1.0


WEATHER CONDITIONS
 THE FOLLOWING WEATHER WAS RECORDED YESTERDAY.
  THUNDERSTORM
  HEAVY RAIN
  RAIN
  LIGHT RAIN
  FOG
  HAZE


RELATIVE HUMIDITY (PERCENT)
 HIGHEST    96           100 PM
 LOWEST     82          1200 AM
 AVERAGE    89

..........................................................


THE LANSING MI CLIMATE NORMALS FOR TODAY
                         NORMAL    RECORD    YEAR
 MAXIMUM TEMPERATURE (F)   36        63      1976
 MINIMUM TEMPERATURE (F)   20       -16      1993


SUNRISE AND SUNSET
FEBRUARY 25 2017......SUNRISE   720 AM EST   SUNSET   623 PM EST
FEBRUARY 26 2017......SUNRISE   719 AM EST   SUNSET   624 PM EST


-  INDICATES NEGATIVE NUMBERS.
R  INDICATES RECORD WAS SET OR TIED.
MM INDICATES DATA IS MISSING.
T  INDICATES TRACE AMOUNT.




$$
