000
CDUS43 KGRR 020521
CLILAN


CLIMATE REPORT
NATIONAL WEATHER SERVICE GRAND RAPIDS, MI
1218 AM EST MON MAR 2 2015


...................................

...THE LANSING MI CLIMATE SUMMARY FOR MARCH 1 2015...

CLIMATE NORMAL PERIOD 1981 TO 2010
CLIMATE RECORD PERIOD 1864 TO 2015


WEATHER ITEM   OBSERVED TIME   RECORD YEAR NORMAL DEPARTURE LAST
                VALUE   (LST)  VALUE       VALUE  FROM      YEAR
                                                  NORMAL
..................................................................
TEMPERATURE (F)
 YESTERDAY
  MAXIMUM         26    323 PM  64    1882  38    -12       24
  MINIMUM          5    724 AM -13    1884  21    -16       13
  AVERAGE         16                        29    -13       19

PRECIPITATION (IN)
  YESTERDAY        0.01          0.58 2007   0.06  -0.05     0.29
  MONTH TO DATE    0.01                      0.06  -0.05     0.29
  SINCE MAR 1      0.01                      0.06  -0.05     0.29
  SINCE JAN 1      2.26                      3.18  -0.92     4.21

SNOWFALL (IN)
  YESTERDAY        0.3           6.0  1908   0.3    0.0      3.4
  MONTH TO DATE    0.3                       0.3    0.0      3.4
  SINCE MAR 1      0.3                       0.3    0.0      3.4
  SINCE JUL 1     34.0                      42.5   -8.5     61.4
  SNOW DEPTH       7

DEGREE DAYS
 HEATING
  YESTERDAY       49                        36     13       46
  MONTH TO DATE   49                        36     13       46
  SINCE MAR 1     49                        36     13       46
  SINCE JUL 1   5543                      4971    572     5587

 COOLING
  YESTERDAY        0                         0      0        0
  MONTH TO DATE    0                         0      0        0
  SINCE MAR 1      0                         0      0        0
  SINCE JAN 1      0                         0      0        0
..................................................................


WIND (MPH)
  RESULTANT WIND SPEED   6   RESULTANT WIND DIRECTION  SW (230)
  HIGHEST WIND SPEED    22   HIGHEST WIND DIRECTION     W (260)
  HIGHEST GUST SPEED    27   HIGHEST GUST DIRECTION     W (270)
  AVERAGE WIND SPEED     6.7


SKY COVER
  AVERAGE SKY COVER 0.7


WEATHER CONDITIONS
 THE FOLLOWING WEATHER WAS RECORDED YESTERDAY.
  LIGHT SNOW
  FOG
  HAZE


RELATIVE HUMIDITY (PERCENT)
 HIGHEST    92           900 AM
 LOWEST     53          1200 AM
 AVERAGE    73

..........................................................


THE LANSING MI CLIMATE NORMALS FOR TODAY
                         NORMAL    RECORD    YEAR
 MAXIMUM TEMPERATURE (F)   38        66      1882
 MINIMUM TEMPERATURE (F)   22       -25      1868


SUNRISE AND SUNSET
MARCH  2 2015.........SUNRISE   713 AM EST   SUNSET   629 PM EST
MARCH  3 2015.........SUNRISE   711 AM EST   SUNSET   630 PM EST


-  INDICATES NEGATIVE NUMBERS.
R  INDICATES RECORD WAS SET OR TIED.
MM INDICATES DATA IS MISSING.
T  INDICATES TRACE AMOUNT.




$$

63
