000
CDUS43 KGRR 292126
CLILAN


CLIMATE REPORT
NATIONAL WEATHER SERVICE GRAND RAPIDS, MI
526 PM EDT FRI APR 29 2016


...................................

...THE LANSING MI CLIMATE SUMMARY FOR APRIL 29 2016...
VALID TODAY AS OF 0500 PM LOCAL TIME.

CLIMATE NORMAL PERIOD 1981 TO 2010
CLIMATE RECORD PERIOD 1864 TO 2016


WEATHER ITEM   OBSERVED TIME   RECORD YEAR NORMAL DEPARTURE LAST
                VALUE   (LST)  VALUE       VALUE  FROM      YEAR
                                                  NORMAL
..................................................................
TEMPERATURE (F)
 TODAY
  MAXIMUM         51    251 PM  86    1899  63    -12       66
  MINIMUM         40    723 AM  22    1908  41     -1       36
  AVERAGE         46                        52     -6       51

PRECIPITATION (IN)
  TODAY            0.02          1.75 1909   0.10  -0.08     0.02
  MONTH TO DATE    2.08                      2.93  -0.85     1.29
  SINCE MAR 1      6.33                      4.99   1.34     2.03
  SINCE JAN 1      9.49                      8.11   1.38     4.28

SNOWFALL (IN)
  TODAY            0.0           4.0  1909   0.0    0.0      0.0
  MONTH TO DATE    7.5                       1.9    5.6       T
  SINCE MAR 1     16.4                       8.9    7.5      1.9
  SINCE JUL 1     50.0                      51.1   -1.1     35.6
  SNOW DEPTH       0

DEGREE DAYS
 HEATING
  TODAY           19                        13      6       14
  MONTH TO DATE  583                       521     62      505
  SINCE MAR 1   1346                      1450   -104     1496
  SINCE JUL 1   5506                      6385   -879     6990

 COOLING
  TODAY            0                         0      0        0
  MONTH TO DATE    1                         0      1        0
  SINCE MAR 1      1                         1      0        0
  SINCE JAN 1      1                         1      0        0
..................................................................


WIND (MPH)
  RESULTANT WIND SPEED   7   RESULTANT WIND DIRECTION  NE (40)
  HIGHEST WIND SPEED    14   HIGHEST WIND DIRECTION    NE (50)
  HIGHEST GUST SPEED    17   HIGHEST GUST DIRECTION    NE (50)
  AVERAGE WIND SPEED     7.8


SKY COVER
  AVERAGE SKY COVER 1.0


WEATHER CONDITIONS
 THE FOLLOWING WEATHER WAS RECORDED TODAY.
  LIGHT RAIN


RELATIVE HUMIDITY (PERCENT)
 HIGHEST    85           500 AM
 LOWEST     66           100 PM
 AVERAGE    76

..........................................................


THE LANSING MI CLIMATE NORMALS FOR TOMORROW
                         NORMAL    RECORD    YEAR
 MAXIMUM TEMPERATURE (F)   64        84      1942
 MINIMUM TEMPERATURE (F)   42        22      1876


SUNRISE AND SUNSET
APRIL 29 2016.........SUNRISE   635 AM EDT   SUNSET   837 PM EDT
APRIL 30 2016.........SUNRISE   633 AM EDT   SUNSET   838 PM EDT


-  INDICATES NEGATIVE NUMBERS.
R  INDICATES RECORD WAS SET OR TIED.
MM INDICATES DATA IS MISSING.
T  INDICATES TRACE AMOUNT.




$$
