900
CDUS43 KGRR 270537
CLILAN


CLIMATE REPORT
NATIONAL WEATHER SERVICE GRAND RAPIDS, MI
137 AM EDT TUE SEP 27 2016


...................................

...THE LANSING MI CLIMATE SUMMARY FOR SEPTEMBER 26 2016...

CLIMATE NORMAL PERIOD 1981 TO 2010
CLIMATE RECORD PERIOD 1864 TO 2016


WEATHER ITEM   OBSERVED TIME   RECORD YEAR NORMAL DEPARTURE LAST
                VALUE   (LST)  VALUE       VALUE  FROM      YEAR
                                                  NORMAL
..................................................................
TEMPERATURE (F)
 YESTERDAY
  MAXIMUM         68    306 PM  89    1998  68      0       75
  MINIMUM         51   1040 PM  27    1966  47      4       54
                                      1893
                                      1867
  AVERAGE         60                        58      2       65

PRECIPITATION (IN)
  YESTERDAY        0.18          1.56 1933   0.12   0.06     0.00
  MONTH TO DATE    1.66                      3.06  -1.40     1.31
  SINCE SEP 1      1.66                      3.06  -1.40     1.31
  SINCE JAN 1     25.14                     24.15   0.99    27.64

SNOWFALL (IN)
  YESTERDAY        0.0           T    1942   0.0    0.0      0.0
                                      1928
  MONTH TO DATE    0.0                       0.0    0.0      0.0
  SINCE SEP 1      0.0                       0.0    0.0      0.0
  SINCE JUL 1      0.0                       0.0    0.0      0.0
  SNOW DEPTH       0

DEGREE DAYS
 HEATING
  YESTERDAY        5                         8     -3        0
  MONTH TO DATE   23                       116    -93       52
  SINCE SEP 1     23                       116    -93       52
  SINCE JUL 1     26                       151   -125       83

 COOLING
  YESTERDAY        0                         1     -1        0
  MONTH TO DATE   89                        58     31      112
  SINCE SEP 1     89                        58     31      112
  SINCE JAN 1    855                       615    240      605
..................................................................


WIND (MPH)
  RESULTANT WIND SPEED  10   RESULTANT WIND DIRECTION  SW (240)
  HIGHEST WIND SPEED    29   HIGHEST WIND DIRECTION     W (250)
  HIGHEST GUST SPEED    35   HIGHEST GUST DIRECTION     W (250)
  AVERAGE WIND SPEED    12.0


SKY COVER
  AVERAGE SKY COVER 0.7


WEATHER CONDITIONS
 THE FOLLOWING WEATHER WAS RECORDED YESTERDAY.
  RAIN
  LIGHT RAIN
  FOG


RELATIVE HUMIDITY (PERCENT)
 HIGHEST    90           700 AM
 LOWEST     40           400 PM
 AVERAGE    65

..........................................................


THE LANSING MI CLIMATE NORMALS FOR TODAY
                         NORMAL    RECORD    YEAR
 MAXIMUM TEMPERATURE (F)   68        88      1891
                                             1873
 MINIMUM TEMPERATURE (F)   47        25      1869


SUNRISE AND SUNSET
SEPTEMBER 27 2016.....SUNRISE   732 AM EDT   SUNSET   726 PM EDT
SEPTEMBER 28 2016.....SUNRISE   733 AM EDT   SUNSET   724 PM EDT


-  INDICATES NEGATIVE NUMBERS.
R  INDICATES RECORD WAS SET OR TIED.
MM INDICATES DATA IS MISSING.
T  INDICATES TRACE AMOUNT.




$$
