000
CDUS45 KCYS 040427
CLILAR


CLIMATE REPORT
NATIONAL WEATHER SERVICE CHEYENNE WY
926 PM MST TUE MAR 3 2015


...................................

...THE LARAMIE WY AIRPORT CLIMATE SUMMARY FOR MARCH 3 2015...
VALID TODAY AS OF 0900 PM LOCAL TIME.

CLIMATE NORMAL PERIOD 1981 TO 2010
CLIMATE RECORD PERIOD 1948 TO 2015


WEATHER ITEM   OBSERVED TIME   RECORD YEAR NORMAL DEPARTURE LAST
                VALUE   (LST)  VALUE       VALUE  FROM      YEAR
                                                  NORMAL
..................................................................
TEMPERATURE (F)
 TODAY
  MAXIMUM         30   1218 AM  58    2009  39     -9       46
  MINIMUM          3    759 PM -17    1954  16    -13       31
  AVERAGE         17                        28    -11       39

PRECIPITATION (IN)
  TODAY            0.07          0.25 1985   0.01   0.06     0.00
  MONTH TO DATE    0.11                      0.04   0.07     0.08
  SINCE JAN 1      0.49                      0.65  -0.16     1.27

DEGREE DAYS
 HEATING
  TODAY           48                        37     11       26
  MONTH TO DATE  136                       113     23       97
  SINCE MAR 1    136                       113     23       97
  SINCE JUL 1   5813                      6289   -476     6141

 COOLING
  TODAY            0                         0      0        0
  MONTH TO DATE    0                         0      0        0
  SINCE MAR 1      0                         0      0        0
  SINCE JAN 1      0                         0      0        0
..................................................................


WIND (MPH)
  HIGHEST WIND SPEED    32   HIGHEST WIND DIRECTION    SW (230)
  HIGHEST GUST SPEED    41   HIGHEST GUST DIRECTION    SW (230)
  AVERAGE WIND SPEED    13.5


SKY COVER
  AVERAGE SKY COVER 0.6


WEATHER CONDITIONS
 THE FOLLOWING WEATHER WAS RECORDED TODAY.
  LIGHT SNOW
  FOG


RELATIVE HUMIDITY (PERCENT)
 HIGHEST    92           600 PM
 LOWEST     67          1100 AM
 AVERAGE    80

..........................................................


THE LARAMIE WY AIRPORT CLIMATE NORMALS FOR TOMORROW
                         NORMAL    RECORD    YEAR
 MAXIMUM TEMPERATURE (F)   40        60      1986
 MINIMUM TEMPERATURE (F)   16       -11      1963


SUNRISE AND SUNSET
MARCH  3 2015.........SUNRISE   634 AM MST   SUNSET   556 PM MST
MARCH  4 2015.........SUNRISE   633 AM MST   SUNSET   557 PM MST


-  INDICATES NEGATIVE NUMBERS.
R  INDICATES RECORD WAS SET OR TIED.
MM INDICATES DATA IS MISSING.
T  INDICATES TRACE AMOUNT.




$$
