000
CDUS45 KCYS 310727
CLILAR


CLIMATE REPORT
NATIONAL WEATHER SERVICE CHEYENNE WY
127 AM MDT FRI JUL 31 2015


...................................

...THE LARAMIE WY AIRPORT CLIMATE SUMMARY FOR JULY 30 2015...

CLIMATE NORMAL PERIOD 1981 TO 2010
CLIMATE RECORD PERIOD 1948 TO 2015


WEATHER ITEM   OBSERVED TIME   RECORD YEAR NORMAL DEPARTURE LAST
                VALUE   (LST)  VALUE       VALUE  FROM      YEAR
                                                  NORMAL
..................................................................
TEMPERATURE (F)
 YESTERDAY
  MAXIMUM         82    416 PM  92    2006  80      2       59
  MINIMUM         39    530 AM  35    1971  49    -10       53
  AVERAGE         61                        65     -4       56

PRECIPITATION (IN)
  YESTERDAY        0.00          0.36 1956   0.05  -0.05     0.34
  MONTH TO DATE    2.36                      1.38   0.98     3.32
  SINCE JAN 1      8.53                      6.87   1.66     9.16

DEGREE DAYS
 HEATING
  YESTERDAY        4                         2      2        9
  MONTH TO DATE   76                        70      6       48
  SINCE JUN 1    196                       311   -115      290
  SINCE JUL 1     76                        70      6       48

 COOLING
  YESTERDAY        0                         1     -1        0
  MONTH TO DATE   20                        36    -16       62
  SINCE JUN 1     34                        43     -9       65
  SINCE JAN 1     34                        43     -9       65
..................................................................


WIND (MPH)
  HIGHEST WIND SPEED    16   HIGHEST WIND DIRECTION    SE (140)
  HIGHEST GUST SPEED    21   HIGHEST GUST DIRECTION    SE (140)
  AVERAGE WIND SPEED     7.4


SKY COVER
  AVERAGE SKY COVER 0.0


WEATHER CONDITIONS
 THE FOLLOWING WEATHER WAS RECORDED YESTERDAY.
  NO SIGNIFICANT WEATHER WAS OBSERVED.


RELATIVE HUMIDITY (PERCENT)
 HIGHEST    79           400 AM
 LOWEST     12           300 PM
 AVERAGE    46

..........................................................


THE LARAMIE WY AIRPORT CLIMATE NORMALS FOR TODAY
                         NORMAL    RECORD    YEAR
 MAXIMUM TEMPERATURE (F)   80        90      2002
 MINIMUM TEMPERATURE (F)   49        39      1950


SUNRISE AND SUNSET
JULY 31 2015..........SUNRISE   557 AM MDT   SUNSET   821 PM MDT
AUGUST  1 2015........SUNRISE   558 AM MDT   SUNSET   820 PM MDT


-  INDICATES NEGATIVE NUMBERS.
R  INDICATES RECORD WAS SET OR TIED.
MM INDICATES DATA IS MISSING.
T  INDICATES TRACE AMOUNT.




$$
