000
CDUS45 KCYS 010325
CLILAR


CLIMATE REPORT
NATIONAL WEATHER SERVICE CHEYENNE WY
925 PM MDT WED AUG 31 2016


...................................

...THE LARAMIE WY AIRPORT CLIMATE SUMMARY FOR AUGUST 31 2016...
VALID TODAY AS OF 0900 PM LOCAL TIME.

CLIMATE NORMAL PERIOD 1981 TO 2010
CLIMATE RECORD PERIOD 1948 TO 2016


WEATHER ITEM   OBSERVED TIME   RECORD YEAR NORMAL DEPARTURE LAST
                VALUE   (LST)  VALUE       VALUE  FROM      YEAR
                                                  NORMAL
..................................................................
TEMPERATURE (F)
 TODAY
  MAXIMUM         79    106 PM  90    1960  75      4       79
  MINIMUM         39    609 AM  29    1956  43     -4       47
  AVERAGE         59                        59      0       63

PRECIPITATION (IN)
  TODAY            0.00          0.47 1972   0.04  -0.04     0.18
  MONTH TO DATE    1.03                      1.23  -0.20     1.30
  SINCE JAN 1     10.05                      8.15   1.90     9.86

DEGREE DAYS
 HEATING
  TODAY            6                         6      0        2
  MONTH TO DATE  127                       102     25       71
  SINCE JUN 1    273                       413   -140      269
  SINCE JUL 1    166                       172     -6      149

 COOLING
  TODAY            0                         0      0        0
  MONTH TO DATE   20                        19      1       31
  SINCE JUN 1    115                        66     49       65
  SINCE JAN 1    115                        66     49       65
..................................................................


WIND (MPH)
  HIGHEST WIND SPEED    23   HIGHEST WIND DIRECTION    SE (140)
  HIGHEST GUST SPEED    27   HIGHEST GUST DIRECTION     S (160)
  AVERAGE WIND SPEED    10.0


SKY COVER
  AVERAGE SKY COVER 0.1


WEATHER CONDITIONS
 THE FOLLOWING WEATHER WAS RECORDED TODAY.
  FOG


RELATIVE HUMIDITY (PERCENT)
 HIGHEST   100           400 AM
 LOWEST     16           100 PM
 AVERAGE    58

..........................................................


THE LARAMIE WY AIRPORT CLIMATE NORMALS FOR TOMORROW
                         NORMAL    RECORD    YEAR
 MAXIMUM TEMPERATURE (F)   74        87      1995
                                             1954
 MINIMUM TEMPERATURE (F)   43        30      1965


SUNRISE AND SUNSET
AUGUST 31 2016........SUNRISE   629 AM MDT   SUNSET   736 PM MDT
SEPTEMBER  1 2016.....SUNRISE   630 AM MDT   SUNSET   735 PM MDT


-  INDICATES NEGATIVE NUMBERS.
R  INDICATES RECORD WAS SET OR TIED.
MM INDICATES DATA IS MISSING.
T  INDICATES TRACE AMOUNT.




$$
