000
CDUS45 KCYS 210728
CLILAR


CLIMATE REPORT
NATIONAL WEATHER SERVICE CHEYENNE WY
128 AM MDT SUN SEP 21 2014


...................................

...THE LARAMIE WY AIRPORT CLIMATE SUMMARY FOR SEPTEMBER 20 2014...

CLIMATE NORMAL PERIOD 1981 TO 2010
CLIMATE RECORD PERIOD 1948 TO 2014


WEATHER ITEM   OBSERVED TIME   RECORD YEAR NORMAL DEPARTURE LAST
                VALUE   (LST)  VALUE       VALUE  FROM      YEAR
                                                  NORMAL
..................................................................
TEMPERATURE (F)
 YESTERDAY
  MAXIMUM         75    416 PM  83    1956  67      8       69
  MINIMUM         38    550 AM  20    1983  36      2       28
  AVERAGE         57                        52      5       49

PRECIPITATION (IN)
  YESTERDAY        0.00          0.43 1997   0.04  -0.04     0.00
  MONTH TO DATE    0.64                      0.76  -0.12     2.74
  SINCE JAN 1     11.43                      8.91   2.52     9.07

DEGREE DAYS
 HEATING
  YESTERDAY        8                        14     -6       16
  MONTH TO DATE  186                       195     -9      113
  SINCE SEP 1    186                       195     -9      113
  SINCE JUL 1    365                       367     -2      184

 COOLING
  YESTERDAY        0                         0      0        0
  MONTH TO DATE    0                         0      0       24
  SINCE SEP 1      0                         0      0       24
  SINCE JAN 1     67                        66      1      162
..................................................................


WIND (MPH)
  HIGHEST WIND SPEED    20   HIGHEST WIND DIRECTION     E (100)
  HIGHEST GUST SPEED    25   HIGHEST GUST DIRECTION     E (90)
  AVERAGE WIND SPEED     7.1


SKY COVER
  AVERAGE SKY COVER 0.0


WEATHER CONDITIONS
 THE FOLLOWING WEATHER WAS RECORDED YESTERDAY.
  NO SIGNIFICANT WEATHER WAS OBSERVED.


RELATIVE HUMIDITY (PERCENT)
 HIGHEST    82           300 AM
 LOWEST     21           300 PM
 AVERAGE    52

..........................................................


THE LARAMIE WY AIRPORT CLIMATE NORMALS FOR TODAY
                         NORMAL    RECORD    YEAR
 MAXIMUM TEMPERATURE (F)   66        78      1958
 MINIMUM TEMPERATURE (F)   36        17      1994
                                             1965


SUNRISE AND SUNSET
SEPTEMBER 21 2014.....SUNRISE   649 AM MDT   SUNSET   701 PM MDT
SEPTEMBER 22 2014.....SUNRISE   650 AM MDT   SUNSET   700 PM MDT


-  INDICATES NEGATIVE NUMBERS.
R  INDICATES RECORD WAS SET OR TIED.
MM INDICATES DATA IS MISSING.
T  INDICATES TRACE AMOUNT.




$$
