000
CDUS45 KVEF 060031
CLILAS


CLIMATE REPORT
NATIONAL WEATHER SERVICE LAS VEGAS, NV
531 PM PDT SUN JUL 5 2015


...................................

...THE LAS VEGAS NV CLIMATE SUMMARY FOR JULY 5 2015...
VALID TODAY AS OF 0500 PM LOCAL TIME.

CLIMATE NORMAL PERIOD 1981 TO 2010
CLIMATE RECORD PERIOD 1937 TO 2015


WEATHER ITEM   OBSERVED TIME   RECORD YEAR NORMAL DEPARTURE LAST
                VALUE   (LST)  VALUE       VALUE  FROM      YEAR
                                                  NORMAL
..................................................................
TEMPERATURE (F)
 TODAY
  MAXIMUM        101   1151 AM 116    2007 104     -3       99
                                      1985
                                      1973
  MINIMUM         85    443 AM  60    1938  80      5       81
  AVERAGE         93                        92      1       90

PRECIPITATION (IN)
  TODAY            T             0.49 1950   0.01  -0.01     0.00
  MONTH TO DATE    0.13                      0.03   0.10     0.08
  SINCE OCT 1      2.62                      3.24  -0.62     1.80
  SINCE JAN 1      2.32                      2.11   0.21     0.38

SNOWFALL (IN)
  TODAY            0.0           0.0    MM   0.0    0.0      0.0
  MONTH TO DATE    0.0                       0.0    0.0      0.0
  SINCE JUN 1      0.0                       0.0    0.0      0.0
  SINCE JUL 1      0.0                       0.0    0.0      0.0
  SNOW DEPTH       0

DEGREE DAYS
 HEATING
  TODAY            0                         0      0        0
  MONTH TO DATE    0                         0      0        0
  SINCE JUN 1      0                         1     -1        0
  SINCE JUL 1      0                         0      0        0

 COOLING
  TODAY           28                        27      1       25
  MONTH TO DATE  152                       132     20      153
  SINCE JUN 1    966                       782    184      894
  SINCE JAN 1   1569                      1332    237     1552
..................................................................


WIND (MPH)
  RESULTANT WIND SPEED   9   RESULTANT WIND DIRECTION   S (180)
  HIGHEST WIND SPEED    22   HIGHEST WIND DIRECTION     S (180)
  HIGHEST GUST SPEED    30   HIGHEST GUST DIRECTION     S (200)
  AVERAGE WIND SPEED     9.2


SKY COVER
  POSSIBLE SUNSHINE  MM
  AVERAGE SKY COVER 0.5


WEATHER CONDITIONS
 THE FOLLOWING WEATHER WAS RECORDED TODAY.
  THUNDERSTORM
  LIGHT RAIN


RELATIVE HUMIDITY (PERCENT)
 HIGHEST    27           500 AM
 LOWEST     14          1200 PM
 AVERAGE    21

..........................................................


THE LAS VEGAS NV CLIMATE NORMALS FOR TOMORROW
                         NORMAL    RECORD    YEAR
 MAXIMUM TEMPERATURE (F)  104       115      2007
                                             1989
 MINIMUM TEMPERATURE (F)   80        63      1939


SUNRISE AND SUNSET
JULY  5 2015..........SUNRISE   529 AM PDT   SUNSET   801 PM PDT
JULY  6 2015..........SUNRISE   530 AM PDT   SUNSET   801 PM PDT


-  INDICATES NEGATIVE NUMBERS.
R  INDICATES RECORD WAS SET OR TIED.
MM INDICATES DATA IS MISSING.
T  INDICATES TRACE AMOUNT.




$$
