000
CDUS45 KVEF 040840
CLILAS


CLIMATE REPORT
NATIONAL WEATHER SERVICE LAS VEGAS, NV
1239 AM PST WED MAR 4 2015


...................................

...THE LAS VEGAS NV CLIMATE SUMMARY FOR MARCH 3 2015...

CLIMATE NORMAL PERIOD 1981 TO 2010
CLIMATE RECORD PERIOD 1937 TO 2015


WEATHER ITEM   OBSERVED TIME   RECORD YEAR NORMAL DEPARTURE LAST
                VALUE   (LST)  VALUE       VALUE  FROM      YEAR
                                                  NORMAL
..................................................................
TEMPERATURE (F)
 YESTERDAY
  MAXIMUM         58    433 PM  85    1972  67     -9       67
  MINIMUM         41    629 AM  23    1971  47     -6       47
  AVERAGE         50                        57     -7       57

PRECIPITATION (IN)
  YESTERDAY        0.01          0.28 1961   0.03  -0.02     0.00
  MONTH TO DATE    0.28                      0.07   0.21     0.00
  SINCE OCT 1      1.99                      2.50  -0.51     1.72
  SINCE JAN 1      1.69                      1.37   0.32     0.30

SNOWFALL (IN)
  YESTERDAY       MM             0.1  1976   0.0   MM        0.0
  MONTH TO DATE    0.0                       0.0    0.0      0.0
  SINCE MAR 1      0.0                       0.0    0.0      0.0
  SINCE JUL 1      T                         0.3   -0.3      0.0
  SNOW DEPTH       0

DEGREE DAYS
 HEATING
  YESTERDAY       15                         8      7        8
  MONTH TO DATE   41                        26     15       27
  SINCE MAR 1     41                        26     15       27
  SINCE JUL 1   1148                      1717   -569     1413

 COOLING
  YESTERDAY        0                         0      0        0
  MONTH TO DATE    0                         0      0        0
  SINCE MAR 1      0                         0      0        0
  SINCE JAN 1     10                         1      9        3
..................................................................


WIND (MPH)
  RESULTANT WIND SPEED   2   RESULTANT WIND DIRECTION   S (170)
  HIGHEST WIND SPEED    18   HIGHEST WIND DIRECTION    NW (300)
  HIGHEST GUST SPEED    25   HIGHEST GUST DIRECTION    NW (300)
  AVERAGE WIND SPEED     6.0


SKY COVER
  POSSIBLE SUNSHINE  MM
  AVERAGE SKY COVER 0.4


WEATHER CONDITIONS
 THE FOLLOWING WEATHER WAS RECORDED YESTERDAY.
  THUNDERSTORM
  LIGHT RAIN


RELATIVE HUMIDITY (PERCENT)
 HIGHEST    76           400 AM
 LOWEST     32          1100 PM
 AVERAGE    54

..........................................................


THE LAS VEGAS NV CLIMATE NORMALS FOR TODAY
                         NORMAL    RECORD    YEAR
 MAXIMUM TEMPERATURE (F)   67        84      1972
 MINIMUM TEMPERATURE (F)   47        25      1966


SUNRISE AND SUNSET
MARCH  4 2015.........SUNRISE   607 AM PST   SUNSET   538 PM PST
MARCH  5 2015.........SUNRISE   606 AM PST   SUNSET   539 PM PST


-  INDICATES NEGATIVE NUMBERS.
R  INDICATES RECORD WAS SET OR TIED.
MM INDICATES DATA IS MISSING.
T  INDICATES TRACE AMOUNT.




$$
