000
CDUS45 KVEF 200827
CLILAS


CLIMATE REPORT
NATIONAL WEATHER SERVICE LAS VEGAS, NV
126 AM PDT SUN AUG 20 2017


...................................

...THE LAS VEGAS NV CLIMATE SUMMARY FOR AUGUST 19 2017...

CLIMATE NORMAL PERIOD 1981 TO 2010
CLIMATE RECORD PERIOD 1937 TO 2017


WEATHER ITEM   OBSERVED TIME   RECORD YEAR NORMAL DEPARTURE LAST
                VALUE   (LST)  VALUE       VALUE  FROM      YEAR
                                                  NORMAL
..................................................................
TEMPERATURE (F)
 YESTERDAY
  MAXIMUM        103    305 PM 111    1992 102      1      100
                                      1937
  MINIMUM         81    545 AM  60    1938  79      2       81
  AVERAGE         92                        90      2       91

PRECIPITATION (IN)
  YESTERDAY        0.00          0.18 2003   0.01  -0.01     0.00
  MONTH TO DATE    0.23                      0.21   0.02     0.13
  SINCE OCT 1      2.97                      3.82  -0.85     5.08
  SINCE JAN 1      1.91                      2.69  -0.78     3.67

SNOWFALL (IN)
  YESTERDAY        0.0           0.0    MM   0.0    0.0      0.0
  MONTH TO DATE    0.0                       0.0    0.0      0.0
  SINCE JUN 1      0.0                       0.0    0.0      0.0
  SINCE JUL 1      0.0                       0.0    0.0      0.0
  SNOW DEPTH       0

DEGREE DAYS
 HEATING
  YESTERDAY        0                         0      0        0
  MONTH TO DATE    0                         0      0        0
  SINCE JUN 1      0                         1     -1        0
  SINCE JUL 1      0                         0      0        0

 COOLING
  YESTERDAY       27                        25      2       26
  MONTH TO DATE  516                       504     12      531
  SINCE JUN 1   2289                      2008    281     2322
  SINCE JAN 1   2966                      2558    408     2858
..................................................................


WIND (MPH)
  RESULTANT WIND SPEED   4   RESULTANT WIND DIRECTION   S (170)
  HIGHEST WIND SPEED    16   HIGHEST WIND DIRECTION     E (90)
  HIGHEST GUST SPEED    25   HIGHEST GUST DIRECTION     E (90)
  AVERAGE WIND SPEED     5.9


SKY COVER
  POSSIBLE SUNSHINE  MM
  AVERAGE SKY COVER 0.1


WEATHER CONDITIONS
 THE FOLLOWING WEATHER WAS RECORDED YESTERDAY.
  NO SIGNIFICANT WEATHER WAS OBSERVED.


RELATIVE HUMIDITY (PERCENT)
 HIGHEST    22           400 AM
 LOWEST     11          1200 PM
 AVERAGE    17

..........................................................


THE LAS VEGAS NV CLIMATE NORMALS FOR TODAY
                         NORMAL    RECORD    YEAR
 MAXIMUM TEMPERATURE (F)  102       110      1950
 MINIMUM TEMPERATURE (F)   79        55      1938


SUNRISE AND SUNSET
AUGUST 20 2017........SUNRISE   603 AM PDT   SUNSET   724 PM PDT
AUGUST 21 2017........SUNRISE   604 AM PDT   SUNSET   723 PM PDT


-  INDICATES NEGATIVE NUMBERS.
R  INDICATES RECORD WAS SET OR TIED.
MM INDICATES DATA IS MISSING.
T  INDICATES TRACE AMOUNT.




$$
