000
CDUS45 KVEF 030029
CLILAS


CLIMATE REPORT
NATIONAL WEATHER SERVICE LAS VEGAS, NV
529 PM PDT TUE SEP 2 2014


...................................

...THE LAS VEGAS NV CLIMATE SUMMARY FOR SEPTEMBER 2 2014...
VALID TODAY AS OF 0500 PM LOCAL TIME.

CLIMATE NORMAL PERIOD 1981 TO 2010
CLIMATE RECORD PERIOD 1937 TO 2014


WEATHER ITEM   OBSERVED TIME   RECORD YEAR NORMAL DEPARTURE LAST
                VALUE   (LST)  VALUE       VALUE  FROM      YEAR
                                                  NORMAL
..................................................................
TEMPERATURE (F)
 TODAY
  MAXIMUM        106    348 PM 110    1950  99      7       99
                                      1948
                                      1947
  MINIMUM         78    551 AM  56    1964  76      2       82
  AVERAGE         92                        88      4       91

PRECIPITATION (IN)
  TODAY            0.00          0.52 2003   0.01  -0.01      T
  MONTH TO DATE    0.00                      0.02  -0.02      T
  SINCE OCT 1      2.29                      3.96  -1.67     2.62
  SINCE JAN 1      0.87                      2.83  -1.96     1.19

SNOWFALL (IN)
  TODAY            0.0           0.0    MM   0.0    0.0      0.0
  MONTH TO DATE    0.0                       0.0    0.0      0.0
  SINCE SEP 1      0.0                       0.0    0.0      0.0
  SINCE JUL 1      0.0                       0.0    0.0      0.0
  SNOW DEPTH      MM

DEGREE DAYS
 HEATING
  TODAY            0                         0      0        0
  MONTH TO DATE    0                         0      0        0
  SINCE SEP 1      0                         0      0        0
  SINCE JUL 1      0                         0      0        0

 COOLING
  TODAY           27                        22      5       26
  MONTH TO DATE   54                        45      9       47
  SINCE SEP 1     54                        45      9       47
  SINCE JAN 1   3079                      2894    185     3219
..................................................................


WIND (MPH)
  RESULTANT WIND SPEED   6   RESULTANT WIND DIRECTION   S (180)
  HIGHEST WIND SPEED    18   HIGHEST WIND DIRECTION     S (190)
  HIGHEST GUST SPEED    23   HIGHEST GUST DIRECTION     S (190)
  AVERAGE WIND SPEED     7.6


SKY COVER
  POSSIBLE SUNSHINE  MM
  AVERAGE SKY COVER 0.0


WEATHER CONDITIONS
 THE FOLLOWING WEATHER WAS RECORDED TODAY.
  NO SIGNIFICANT WEATHER WAS OBSERVED.


RELATIVE HUMIDITY (PERCENT)
 HIGHEST    23           500 AM
 LOWEST      8           300 PM
 AVERAGE    16

..........................................................


THE LAS VEGAS NV CLIMATE NORMALS FOR TOMORROW
                         NORMAL    RECORD    YEAR
 MAXIMUM TEMPERATURE (F)   99       108      1982
                                             1955
                                             1950
 MINIMUM TEMPERATURE (F)   76        55      1946
                                             1942


SUNRISE AND SUNSET
SEPTEMBER  2 2014.....SUNRISE   613 AM PDT   SUNSET   707 PM PDT
SEPTEMBER  3 2014.....SUNRISE   614 AM PDT   SUNSET   705 PM PDT


-  INDICATES NEGATIVE NUMBERS.
R  INDICATES RECORD WAS SET OR TIED.
MM INDICATES DATA IS MISSING.
T  INDICATES TRACE AMOUNT.




$$
