000
CDUS45 KVEF 190841
CLILAS


CLIMATE REPORT
NATIONAL WEATHER SERVICE LAS VEGAS, NV
1241 AM PST MON FEB 19 2018


...................................

...THE LAS VEGAS NV CLIMATE SUMMARY FOR FEBRUARY 18 2018...

CLIMATE NORMAL PERIOD 1981 TO 2010
CLIMATE RECORD PERIOD 1937 TO 2018


WEATHER ITEM   OBSERVED TIME   RECORD YEAR NORMAL DEPARTURE LAST
                VALUE   (LST)  VALUE       VALUE  FROM      YEAR
                                                  NORMAL
..................................................................
TEMPERATURE (F)
 YESTERDAY
  MAXIMUM         73    324 PM  81    1977  63     10       59
  MINIMUM         45    649 AM  17    1938  44      1       51
  AVERAGE         59                        54      5       55

PRECIPITATION (IN)
  YESTERDAY        0.00          0.43 2017   0.03  -0.03     0.43
  MONTH TO DATE    0.01                      0.46  -0.45     0.55
  SINCE OCT 1      1.48                      2.13  -0.65     2.51
  SINCE JAN 1      1.48                      1.00   0.48     1.45

SNOWFALL (IN)
  YESTERDAY        0.0           T    1988   0.0    0.0      0.0
  MONTH TO DATE    0.0                       0.1   -0.1      0.0
  SINCE DEC 1      0.0                       0.3   -0.3      0.0
  SINCE JUL 1      0.0                       0.3   -0.3      0.0
  SNOW DEPTH       0

DEGREE DAYS
 HEATING
  YESTERDAY        6                        11     -5       10
  MONTH TO DATE  112                       238   -126       97
  SINCE DEC 1    848                      1281   -433     1089
  SINCE JUL 1    933                      1590   -657     1256

 COOLING
  YESTERDAY        0                         0      0        0
  MONTH TO DATE    0                         0      0        3
  SINCE DEC 1      0                         0      0        3
  SINCE JAN 1      0                         0      0        3
..................................................................


WIND (MPH)
  RESULTANT WIND SPEED  12   RESULTANT WIND DIRECTION  SW (210)
  HIGHEST WIND SPEED    31   HIGHEST WIND DIRECTION     S (200)
  HIGHEST GUST SPEED    47   HIGHEST GUST DIRECTION    SW (210)
  AVERAGE WIND SPEED    13.7


SKY COVER
  POSSIBLE SUNSHINE  MM
  AVERAGE SKY COVER 0.2


WEATHER CONDITIONS
 THE FOLLOWING WEATHER WAS RECORDED YESTERDAY.
  NO SIGNIFICANT WEATHER WAS OBSERVED.


RELATIVE HUMIDITY (PERCENT)
 HIGHEST    37           200 AM
 LOWEST     16           400 PM
 AVERAGE    27

..........................................................


THE LAS VEGAS NV CLIMATE NORMALS FOR TODAY
                         NORMAL    RECORD    YEAR
 MAXIMUM TEMPERATURE (F)   63        82      1981
 MINIMUM TEMPERATURE (F)   44        25      1952


SUNRISE AND SUNSET
FEBRUARY 19 2018......SUNRISE   623 AM PST   SUNSET   526 PM PST
FEBRUARY 20 2018......SUNRISE   622 AM PST   SUNSET   527 PM PST


-  INDICATES NEGATIVE NUMBERS.
R  INDICATES RECORD WAS SET OR TIED.
MM INDICATES DATA IS MISSING.
T  INDICATES TRACE AMOUNT.




$$
