000
CDUS45 KVEF 290829
CLILAS


CLIMATE REPORT
NATIONAL WEATHER SERVICE LAS VEGAS, NV
129 AM PDT FRI APR 29 2016


...................................

...THE LAS VEGAS NV CLIMATE SUMMARY FOR APRIL 28 2016...

CLIMATE NORMAL PERIOD 1981 TO 2010
CLIMATE RECORD PERIOD 1937 TO 2016


WEATHER ITEM   OBSERVED TIME   RECORD YEAR NORMAL DEPARTURE LAST
                VALUE   (LST)  VALUE       VALUE  FROM      YEAR
                                                  NORMAL
..................................................................
TEMPERATURE (F)
 YESTERDAY
  MAXIMUM         69    408 PM  97    2013  82    -13       89
                                      2007
  MINIMUM         51    549 AM  39    1955  60     -9       59
  AVERAGE         60                        71    -11       74

PRECIPITATION (IN)
  YESTERDAY        0.24R         0.09 1952   0.00   0.24     0.00
  MONTH TO DATE    1.33                      0.14   1.19     0.26
  SINCE OCT 1      3.29                      3.01   0.28     2.25
  SINCE JAN 1      1.88                      1.88   0.00     1.95

SNOWFALL (IN)
  YESTERDAY        0.0           T    1970   0.0    0.0      0.0
  MONTH TO DATE    0.0                       0.0    0.0      0.0
  SINCE MAR 1      0.0                       0.0    0.0      0.0
  SINCE JUL 1      T                         0.3   -0.3       T
  SNOW DEPTH       0

DEGREE DAYS
 HEATING
  YESTERDAY        5                         1      4        0
  MONTH TO DATE   29                        62    -33       26
  SINCE MAR 1    107                       251   -144      102
  SINCE JUL 1   1686                      1942   -256     1209

 COOLING
  YESTERDAY        0                         7     -7        9
  MONTH TO DATE  142                       114     28      113
  SINCE MAR 1    197                       144     53      251
  SINCE JAN 1    206                       145     61      261
..................................................................


WIND (MPH)
  RESULTANT WIND SPEED   3   RESULTANT WIND DIRECTION  NE (30)
  HIGHEST WIND SPEED    30   HIGHEST WIND DIRECTION     N (350)
  HIGHEST GUST SPEED    37   HIGHEST GUST DIRECTION     N (350)
  AVERAGE WIND SPEED     6.5


SKY COVER
  POSSIBLE SUNSHINE  MM
  AVERAGE SKY COVER 0.8


WEATHER CONDITIONS
 THE FOLLOWING WEATHER WAS RECORDED YESTERDAY.
  THUNDERSTORM
  RAIN
  LIGHT RAIN
  FOG


RELATIVE HUMIDITY (PERCENT)
 HIGHEST    89           500 AM
 LOWEST     40           400 PM
 AVERAGE    65

..........................................................


THE LAS VEGAS NV CLIMATE NORMALS FOR TODAY
                         NORMAL    RECORD    YEAR
 MAXIMUM TEMPERATURE (F)   83        99      2013
 MINIMUM TEMPERATURE (F)   61        35      1970


SUNRISE AND SUNSET
APRIL 29 2016.........SUNRISE   550 AM PDT   SUNSET   727 PM PDT
APRIL 30 2016.........SUNRISE   548 AM PDT   SUNSET   728 PM PDT


-  INDICATES NEGATIVE NUMBERS.
R  INDICATES RECORD WAS SET OR TIED.
MM INDICATES DATA IS MISSING.
T  INDICATES TRACE AMOUNT.




$$
