000
CDUS45 KVEF 070826
CLILAS


CLIMATE REPORT
NATIONAL WEATHER SERVICE LAS VEGAS, NV
1225 AM PST WED DEC 7 2016


...................................

...THE LAS VEGAS NV CLIMATE SUMMARY FOR DECEMBER 6 2016...

CLIMATE NORMAL PERIOD 1981 TO 2010
CLIMATE RECORD PERIOD 1937 TO 2016


WEATHER ITEM   OBSERVED TIME   RECORD YEAR NORMAL DEPARTURE LAST
                VALUE   (LST)  VALUE       VALUE  FROM      YEAR
                                                  NORMAL
..................................................................
TEMPERATURE (F)
 YESTERDAY
  MAXIMUM         62    325 PM  76    1938  58      4       60
  MINIMUM         44    752 AM  23    1942  40      4       40
  AVERAGE         53                        49      4       50

PRECIPITATION (IN)
  YESTERDAY        0.00          0.43 1998   0.02  -0.02     0.00
                                      1966
  MONTH TO DATE    0.00                      0.08  -0.08     0.00
  SINCE OCT 1      0.23                      0.71  -0.48     1.40
  SINCE JAN 1      3.94                      3.77   0.17     4.48

SNOWFALL (IN)
  YESTERDAY        0.0           1.0  1998   0.0    0.0      0.0
  MONTH TO DATE    0.0                       0.0    0.0      0.0
  SINCE DEC 1      0.0                       0.0    0.0      0.0
  SINCE JUL 1      0.0                       0.0    0.0      0.0
  SNOW DEPTH       0

DEGREE DAYS
 HEATING
  YESTERDAY       12                        16     -4       15
  MONTH TO DATE   90                        94     -4       95
  SINCE DEC 1     90                        94     -4       95
  SINCE JUL 1    257                       403   -146      419

 COOLING
  YESTERDAY        0                         0      0        0
  MONTH TO DATE    0                         0      0        0
  SINCE DEC 1      0                         0      0        0
  SINCE JAN 1   4002                      3568    434     4069
..................................................................


WIND (MPH)
  RESULTANT WIND SPEED   2   RESULTANT WIND DIRECTION  SW (220)
  HIGHEST WIND SPEED    14   HIGHEST WIND DIRECTION     S (190)
  HIGHEST GUST SPEED    19   HIGHEST GUST DIRECTION     S (200)
  AVERAGE WIND SPEED     4.1


SKY COVER
  POSSIBLE SUNSHINE  MM
  AVERAGE SKY COVER 0.5


WEATHER CONDITIONS
 THE FOLLOWING WEATHER WAS RECORDED YESTERDAY.
  NO SIGNIFICANT WEATHER WAS OBSERVED.


RELATIVE HUMIDITY (PERCENT)
 HIGHEST    37           700 AM
 LOWEST     15           500 PM
 AVERAGE    26

..........................................................


THE LAS VEGAS NV CLIMATE NORMALS FOR TODAY
                         NORMAL    RECORD    YEAR
 MAXIMUM TEMPERATURE (F)   57        76      1938
 MINIMUM TEMPERATURE (F)   39        21      1948


SUNRISE AND SUNSET
DECEMBER  7 2016......SUNRISE   639 AM PST   SUNSET   426 PM PST
DECEMBER  8 2016......SUNRISE   639 AM PST   SUNSET   426 PM PST


-  INDICATES NEGATIVE NUMBERS.
R  INDICATES RECORD WAS SET OR TIED.
MM INDICATES DATA IS MISSING.
T  INDICATES TRACE AMOUNT.




$$
