000
CDUS45 KVEF 260830
CLILAS


CLIMATE REPORT
NATIONAL WEATHER SERVICE LAS VEGAS, NV
130 AM PDT MON JUN 26 2017


...................................

...THE LAS VEGAS NV CLIMATE SUMMARY FOR JUNE 25 2017...

CLIMATE NORMAL PERIOD 1981 TO 2010
CLIMATE RECORD PERIOD 1937 TO 2017


WEATHER ITEM   OBSERVED TIME   RECORD YEAR NORMAL DEPARTURE LAST
                VALUE   (LST)  VALUE       VALUE  FROM      YEAR
                                                  NORMAL
..................................................................
TEMPERATURE (F)
 YESTERDAY
  MAXIMUM        113    228 PM 115    1970 102     11      107
  MINIMUM         92    532 AM  55    1941  78     14       83
  AVERAGE        103                        90     13       95

PRECIPITATION (IN)
  YESTERDAY        0.00          0.01 1954   0.01  -0.01     0.00
  MONTH TO DATE    0.00                      0.06  -0.06     0.02
  SINCE OCT 1      2.65                      3.20  -0.55     4.28
  SINCE JAN 1      1.59                      2.07  -0.48     2.87

SNOWFALL (IN)
  YESTERDAY        0.0           0.0    MM   0.0    0.0      0.0
  MONTH TO DATE    0.0                       0.0    0.0      0.0
  SINCE JUN 1      0.0                       0.0    0.0      0.0
  SINCE JUL 1      0.0                       0.3   -0.3       T
  SNOW DEPTH       0

DEGREE DAYS
 HEATING
  YESTERDAY        0                         0      0        0
  MONTH TO DATE    0                         0      0        0
  SINCE JUN 1      0                         0      0        0
  SINCE JUL 1   1470                      1950   -480     1696

 COOLING
  YESTERDAY       38                        24     14       30
  MONTH TO DATE  660                       523    137      688
  SINCE JUN 1    660                       523    137      688
  SINCE JAN 1   1337                      1073    264     1224
..................................................................


WIND (MPH)
  RESULTANT WIND SPEED   2   RESULTANT WIND DIRECTION  SW (230)
  HIGHEST WIND SPEED    21   HIGHEST WIND DIRECTION     W (250)
  HIGHEST GUST SPEED    29   HIGHEST GUST DIRECTION     W (250)
  AVERAGE WIND SPEED     8.1


SKY COVER
  POSSIBLE SUNSHINE  MM
  AVERAGE SKY COVER 0.4


WEATHER CONDITIONS
 THE FOLLOWING WEATHER WAS RECORDED YESTERDAY.
  NO SIGNIFICANT WEATHER WAS OBSERVED.


RELATIVE HUMIDITY (PERCENT)
 HIGHEST    10           100 AM
 LOWEST      2          1200 PM
 AVERAGE     6

..........................................................


THE LAS VEGAS NV CLIMATE NORMALS FOR TODAY
                         NORMAL    RECORD    YEAR
 MAXIMUM TEMPERATURE (F)  102       114      1970
 MINIMUM TEMPERATURE (F)   78        56      1944


SUNRISE AND SUNSET
JUNE 26 2017..........SUNRISE   526 AM PDT   SUNSET   802 PM PDT
JUNE 27 2017..........SUNRISE   526 AM PDT   SUNSET   802 PM PDT


-  INDICATES NEGATIVE NUMBERS.
R  INDICATES RECORD WAS SET OR TIED.
MM INDICATES DATA IS MISSING.
T  INDICATES TRACE AMOUNT.




$$
