000
CDUS46 KLOX 310906
CLILAX


CLIMATE REPORT
NATIONAL WEATHER SERVICE LOS ANGELES/OXNARD CA
206 AM PDT WED AUG 31 2016


...................................

...THE LOS ANGELES INTL AIRPORT CA CLIMATE SUMMARY FOR AUGUST 30 2016...

CLIMATE NORMAL PERIOD 1981 TO 2010
CLIMATE RECORD PERIOD 1944 TO 2016


WEATHER ITEM   OBSERVED TIME   RECORD YEAR NORMAL DEPARTURE LAST
                VALUE   (LST)  VALUE       VALUE  FROM      YEAR
                                                  NORMAL
..................................................................
TEMPERATURE (F)
 YESTERDAY
  MAXIMUM         80   1202 PM  97    1996  75      5       82
  MINIMUM         66    328 AM  56    1947  64      2       70
                                      1946
                                      1945
  AVERAGE         73                        70      3       76

PRECIPITATION (IN)
  YESTERDAY        0.00          T    2007   0.00   0.00     0.00
                                      1972
  MONTH TO DATE    0.00                      0.05  -0.05     0.00
  SINCE OCT 1      7.25                     12.61  -5.36     7.61
  SINCE JAN 1      6.01                      8.89  -2.88     2.91

SNOWFALL (IN)
  YESTERDAY        0.0
  MONTH TO DATE    0.0
  SINCE JUN 1      0.0
  SINCE JUL 1      0.0

DEGREE DAYS
 HEATING
  YESTERDAY        0                         0      0        0
  MONTH TO DATE    0                         0      0        0
  SINCE JUN 1     16                        27    -11       11
  SINCE JUL 1      0                         2     -2        0

 COOLING
  YESTERDAY        8                         5      3       11
  MONTH TO DATE  176                       144     32      237
  SINCE JUN 1    482                       305    177      464
  SINCE JAN 1    575                       345    230      577
..................................................................


WIND (MPH)
  HIGHEST WIND SPEED    16   HIGHEST WIND DIRECTION     W (250)
  HIGHEST GUST SPEED    26   HIGHEST GUST DIRECTION     W (250)
  AVERAGE WIND SPEED     6.7


SKY COVER
  POSSIBLE SUNSHINE  MM
  AVERAGE SKY COVER 0.3


WEATHER CONDITIONS
 THE FOLLOWING WEATHER WAS RECORDED YESTERDAY.
  FOG
  HAZE


RELATIVE HUMIDITY (PERCENT)
 HIGHEST    87           500 AM
 LOWEST     58          1200 PM
 AVERAGE    73

..........................................................


THE LOS ANGELES INTL AIRPORT CA CLIMATE NORMALS FOR TODAY
                         NORMAL    RECORD    YEAR
 MAXIMUM TEMPERATURE (F)   75        98      1955
 MINIMUM TEMPERATURE (F)   64        55      1947


SUNRISE AND SUNSET
AUGUST 31 2016........SUNRISE   627 AM PDT   SUNSET   720 PM PDT
SEPTEMBER  1 2016.....SUNRISE   628 AM PDT   SUNSET   719 PM PDT


-  INDICATES NEGATIVE NUMBERS.
R  INDICATES RECORD WAS SET OR TIED.
MM INDICATES DATA IS MISSING.
T  INDICATES TRACE AMOUNT.




$$
