000
CDUS46 KLOX 010111
CLILAX


CLIMATE REPORT
NATIONAL WEATHER SERVICE LOS ANGELES/OXNARD CA
611 PM PDT MON AUG 31 2015


...................................

...THE LOS ANGELES AIRPORT CLIMATE SUMMARY FOR AUGUST 31 2015...
VALID TODAY AS OF 0600 PM LOCAL TIME.

CLIMATE NORMAL PERIOD 1981 TO 2010
CLIMATE RECORD PERIOD 1944 TO 2015


WEATHER ITEM   OBSERVED TIME   RECORD YEAR NORMAL DEPARTURE LAST
                VALUE   (LST)  VALUE       VALUE  FROM      YEAR
                                                  NORMAL
..................................................................
TEMPERATURE (F)
 TODAY
  MAXIMUM         81   1136 AM  98    1955  75      6       79
  MINIMUM         68    451 AM  55    1947  64      4       68
  AVERAGE         75                        70      5       74

PRECIPITATION (IN)
  TODAY            0.00          T    1966   0.00   0.00     0.00
                                      1964
                                      1961
  MONTH TO DATE    0.00                      0.05  -0.05     0.03
  SINCE OCT 1      7.61                     12.61  -5.00     4.59
  SINCE JAN 1      2.91                      8.89  -5.98     3.58

SNOWFALL (IN)
  TODAY            0.0
  MONTH TO DATE    0.0
  SINCE JUN 1      0.0
  SINCE JUL 1      0.0

DEGREE DAYS
 HEATING
  TODAY            0                         0      0        0
  MONTH TO DATE    0                         0      0        0
  SINCE JUN 1     11                        29    -18        1
  SINCE JUL 1      0                         4     -4        0

 COOLING
  TODAY           10                         5      5        9
  MONTH TO DATE  247                       145    102      200
  SINCE JUN 1    474                       306    168      507
  SINCE JAN 1    587                       346    241      718
..................................................................


WIND (MPH)
  HIGHEST WIND SPEED    17   HIGHEST WIND DIRECTION     W (260)
  HIGHEST GUST SPEED    22   HIGHEST GUST DIRECTION     W (260)
  AVERAGE WIND SPEED     6.8


SKY COVER
  POSSIBLE SUNSHINE  MM
  AVERAGE SKY COVER 0.5


WEATHER CONDITIONS
 THE FOLLOWING WEATHER WAS RECORDED TODAY.
  NO SIGNIFICANT WEATHER WAS OBSERVED.


RELATIVE HUMIDITY (PERCENT)
 HIGHEST    87           400 AM
 LOWEST     58          1200 PM
 AVERAGE    73

..........................................................


THE LOS ANGELES AIRPORT CLIMATE NORMALS FOR TOMORROW
                         NORMAL    RECORD    YEAR
 MAXIMUM TEMPERATURE (F)   75        95      1998
 MINIMUM TEMPERATURE (F)   64        58      2010
                                             1951


SUNRISE AND SUNSET
AUGUST 31 2015........SUNRISE   626 AM PDT   SUNSET   721 PM PDT
SEPTEMBER  1 2015.....SUNRISE   627 AM PDT   SUNSET   720 PM PDT


-  INDICATES NEGATIVE NUMBERS.
R  INDICATES RECORD WAS SET OR TIED.
MM INDICATES DATA IS MISSING.
T  INDICATES TRACE AMOUNT.




$$
