000
CDUS46 KLOX 240903
CLILAX


CLIMATE REPORT
NATIONAL WEATHER SERVICE LOS ANGELES/OXNARD CA
103 AM PST FRI FEB 24 2017


...................................

...THE LOS ANGELES INTL AIRPORT CA CLIMATE SUMMARY FOR FEBRUARY 23 2017...

CLIMATE NORMAL PERIOD 1981 TO 2010
CLIMATE RECORD PERIOD 1944 TO 2017


WEATHER ITEM   OBSERVED TIME   RECORD YEAR NORMAL DEPARTURE LAST
                VALUE   (LST)  VALUE       VALUE  FROM      YEAR
                                                  NORMAL
..................................................................
TEMPERATURE (F)
 YESTERDAY
  MAXIMUM         60   1257 PM  90    1954  64     -4       83
  MINIMUM         48    637 AM  42    1975  51     -3       54
                                      1951
                                      1945
  AVERAGE         54                        57     -3       69

PRECIPITATION (IN)
  YESTERDAY        0.00          1.87 1998   0.11  -0.11     0.00
  MONTH TO DATE    3.97                      2.70   1.27     0.73
  SINCE OCT 1     15.66                      9.13   6.53     4.91
  SINCE JAN 1     11.41                      5.41   6.00     3.67

SNOWFALL (IN)
  YESTERDAY        0.0
  MONTH TO DATE    0.0
  SINCE DEC 1      0.0
  SINCE JUL 1      0.0

DEGREE DAYS
 HEATING
  YESTERDAY       11                         8      3        0
  MONTH TO DATE  151                       184    -33       91
  SINCE DEC 1    634                       706    -72      570
  SINCE JUL 1    713                       888   -175      681

 COOLING
  YESTERDAY        0                         0      0        4
  MONTH TO DATE    0                         0      0       49
  SINCE DEC 1      2                         5     -3       55
  SINCE JAN 1      0                         4     -4       49
..................................................................


WIND (MPH)
  HIGHEST WIND SPEED    26   HIGHEST WIND DIRECTION     W (270)
  HIGHEST GUST SPEED    33   HIGHEST GUST DIRECTION    NW (300)
  AVERAGE WIND SPEED    12.7


SKY COVER
  POSSIBLE SUNSHINE  MM
  AVERAGE SKY COVER 0.2


WEATHER CONDITIONS
 THE FOLLOWING WEATHER WAS RECORDED YESTERDAY.
  NO SIGNIFICANT WEATHER WAS OBSERVED.


RELATIVE HUMIDITY (PERCENT)
 HIGHEST    50           600 AM
 LOWEST     24           100 PM
 AVERAGE    37

..........................................................


THE LOS ANGELES INTL AIRPORT CA CLIMATE NORMALS FOR TODAY
                         NORMAL    RECORD    YEAR
 MAXIMUM TEMPERATURE (F)   64        87      1986
 MINIMUM TEMPERATURE (F)   51        40      1987
                                             1960


SUNRISE AND SUNSET
FEBRUARY 24 2017......SUNRISE   628 AM PST   SUNSET   546 PM PST
FEBRUARY 25 2017......SUNRISE   627 AM PST   SUNSET   547 PM PST


-  INDICATES NEGATIVE NUMBERS.
R  INDICATES RECORD WAS SET OR TIED.
MM INDICATES DATA IS MISSING.
T  INDICATES TRACE AMOUNT.




$$
