000
CDUS44 KLUB 280645
CLILBB


CLIMATE REPORT
NATIONAL WEATHER SERVICE LUBBOCK, TX
145 AM CDT FRI APR 28 2017


...................................

...THE LUBBOCK CLIMATE SUMMARY FOR APRIL 27 2017...

CLIMATE NORMAL PERIOD 1981 TO 2010
CLIMATE RECORD PERIOD 1911 TO 2017


WEATHER ITEM   OBSERVED TIME   RECORD YEAR NORMAL DEPARTURE LAST
                VALUE   (LST)  VALUE       VALUE  FROM      YEAR
                                                  NORMAL
..................................................................
TEMPERATURE (F)
 YESTERDAY
  MAXIMUM         89    427 PM  97    1996  79     10       81
  MINIMUM         41    551 AM  27    1920  50     -9       48
  AVERAGE         65                        64      1       65

PRECIPITATION (IN)
  YESTERDAY        0.00          0.98 1957   0.06  -0.06     0.00
  MONTH TO DATE    0.81                      1.23  -0.42     1.02
  SINCE MAR 1      1.48                      2.33  -0.85     1.22
  SINCE JAN 1      4.40                      3.73   0.67     1.61

SNOWFALL (IN)
  YESTERDAY        0.0           T    2002   0.0    0.0      0.0
                                      1994
  MONTH TO DATE    0.0                       0.2   -0.2       T
  SINCE MAR 1      0.0                       0.8   -0.8       T
  SINCE JUL 1      0.2                       8.2   -8.0     13.3
  SNOW DEPTH       0

DEGREE DAYS
 HEATING
  YESTERDAY        0                         4     -4        0
  MONTH TO DATE  107                       173    -66      116
  SINCE MAR 1    327                       588   -261      365
  SINCE JUL 1   2411                      3327   -916     2765

 COOLING
  YESTERDAY        0                         3     -3        0
  MONTH TO DATE   76                        41     35       32
  SINCE MAR 1    122                        48     74       44
  SINCE JAN 1    126                        48     78       48
..................................................................


WIND (MPH)
  RESULTANT WIND SPEED  12   RESULTANT WIND DIRECTION   S (200)
  HIGHEST WIND SPEED    35   HIGHEST WIND DIRECTION    SW (240)
  HIGHEST GUST SPEED    48   HIGHEST GUST DIRECTION    SW (210)
  AVERAGE WIND SPEED    15.3


SKY COVER
  AVERAGE SKY COVER 0.5


WEATHER CONDITIONS
 THE FOLLOWING WEATHER WAS RECORDED YESTERDAY.
  NO SIGNIFICANT WEATHER WAS OBSERVED.


RELATIVE HUMIDITY (PERCENT)
 HIGHEST    76           600 AM
 LOWEST     11           300 PM
 AVERAGE    44

..........................................................


THE LUBBOCK CLIMATE NORMALS FOR TODAY
                         NORMAL    RECORD    YEAR
 MAXIMUM TEMPERATURE (F)   79        94      1992
 MINIMUM TEMPERATURE (F)   50        35      1994
                                             1921


SUNRISE AND SUNSET
APRIL 28 2017.........SUNRISE   701 AM CDT   SUNSET   828 PM CDT
APRIL 29 2017.........SUNRISE   700 AM CDT   SUNSET   829 PM CDT


-  INDICATES NEGATIVE NUMBERS.
R  INDICATES RECORD WAS SET OR TIED.
MM INDICATES DATA IS MISSING.
T  INDICATES TRACE AMOUNT.




$$
