000
CDUS44 KLUB 200626
CLILBB


CLIMATE REPORT
NATIONAL WEATHER SERVICE LUBBOCK, TX
126 AM CDT SAT SEP 20 2014


...................................

...THE LUBBOCK CLIMATE SUMMARY FOR SEPTEMBER 19 2014...

CLIMATE NORMAL PERIOD 1981 TO 2010
CLIMATE RECORD PERIOD 1911 TO 2014


WEATHER ITEM   OBSERVED TIME   RECORD YEAR NORMAL DEPARTURE LAST
                VALUE   (LST)  VALUE       VALUE  FROM      YEAR
                                                  NORMAL
..................................................................
TEMPERATURE (F)
 YESTERDAY
  MAXIMUM         75    457 PM 105    1930  83     -8       79
  MINIMUM         66    729 AM  42    1991  58      8       67
  AVERAGE         71                        70      1       73

PRECIPITATION (IN)
  YESTERDAY        0.11          1.72 1942   0.09   0.02     0.03
  MONTH TO DATE    3.08                      1.64   1.44     0.08
  SINCE SEP 1      3.08                      1.64   1.44     0.08
  SINCE JAN 1     14.98                     14.71   0.27     9.86

SNOWFALL (IN)
  YESTERDAY        0.0           0.0  2002   0.0    0.0      0.0
  MONTH TO DATE    0.0                       0.0    0.0      0.0
  SINCE SEP 1      0.0                       0.0    0.0      0.0
  SINCE JUL 1      0.0                       0.0    0.0      0.0
  SNOW DEPTH       0

DEGREE DAYS
 HEATING
  YESTERDAY        0                         1     -1        0
  MONTH TO DATE   25                         6     19        0
  SINCE SEP 1     25                         6     19        0
  SINCE JUL 1     25                         6     19        0

 COOLING
  YESTERDAY        6                         6      0        8
  MONTH TO DATE  168                       168      0      248
  SINCE SEP 1    168                       168      0      248
  SINCE JAN 1   1797                      1694    103     1976
..................................................................


WIND (MPH)
  RESULTANT WIND SPEED   9   RESULTANT WIND DIRECTION  SE (120)
  HIGHEST WIND SPEED    16   HIGHEST WIND DIRECTION    SE (130)
  HIGHEST GUST SPEED    18   HIGHEST GUST DIRECTION    SE (120)
  AVERAGE WIND SPEED     8.8


SKY COVER
  AVERAGE SKY COVER 1.0


WEATHER CONDITIONS
 THE FOLLOWING WEATHER WAS RECORDED YESTERDAY.
  LIGHT RAIN
  FOG


RELATIVE HUMIDITY (PERCENT)
 HIGHEST    97           700 PM
 LOWEST     74           500 PM
 AVERAGE    86

..........................................................


THE LUBBOCK CLIMATE NORMALS FOR TODAY
                         NORMAL    RECORD    YEAR
 MAXIMUM TEMPERATURE (F)   83        98      1977
 MINIMUM TEMPERATURE (F)   57        41      1991
                                             1983
                                             1971


SUNRISE AND SUNSET
SEPTEMBER 20 2014.....SUNRISE   734 AM CDT   SUNSET   747 PM CDT
SEPTEMBER 21 2014.....SUNRISE   735 AM CDT   SUNSET   745 PM CDT


-  INDICATES NEGATIVE NUMBERS.
R  INDICATES RECORD WAS SET OR TIED.
MM INDICATES DATA IS MISSING.
T  INDICATES TRACE AMOUNT.




$$
