000
CDUS44 KLUB 250626
CLILBB


CLIMATE REPORT
NATIONAL WEATHER SERVICE LUBBOCK, TX
126 AM CDT SAT MAR 25 2017


...................................

...THE LUBBOCK CLIMATE SUMMARY FOR MARCH 24 2017...

CLIMATE NORMAL PERIOD 1981 TO 2010
CLIMATE RECORD PERIOD 1911 TO 2017


WEATHER ITEM   OBSERVED TIME   RECORD YEAR NORMAL DEPARTURE LAST
                VALUE   (LST)  VALUE       VALUE  FROM      YEAR
                                                  NORMAL
..................................................................
TEMPERATURE (F)
 YESTERDAY
  MAXIMUM         68    347 PM  88    1929  69     -1       64
  MINIMUM         45   1159 PM  22    1965  39      6       33
  AVERAGE         57                        54      3       49

PRECIPITATION (IN)
  YESTERDAY        0.00          0.93 2007   0.04  -0.04     0.00
  MONTH TO DATE    0.13                      0.83  -0.70     0.20
  SINCE MAR 1      0.13                      0.83  -0.70     0.20
  SINCE JAN 1      3.05                      2.23   0.82     0.59

SNOWFALL (IN)
  YESTERDAY        0.0           1.7  1957   0.1   -0.1      0.0
  MONTH TO DATE    0.0                       0.5   -0.5      0.0
  SINCE MAR 1      0.0                       0.5   -0.5      0.0
  SINCE JUL 1      0.2                       7.9   -7.7     13.3
  SNOW DEPTH       0

DEGREE DAYS
 HEATING
  YESTERDAY        8                        11     -3       16
  MONTH TO DATE  173                       342   -169      197
  SINCE MAR 1    173                       342   -169      197
  SINCE JUL 1   2257                      3081   -824     2597

 COOLING
  YESTERDAY        0                         0      0        0
  MONTH TO DATE   46                         0     46        4
  SINCE MAR 1     46                         0     46        4
  SINCE JAN 1     50                         0     50        8
..................................................................


WIND (MPH)
  RESULTANT WIND SPEED  20   RESULTANT WIND DIRECTION   W (290)
  HIGHEST WIND SPEED    41   HIGHEST WIND DIRECTION     W (260)
  HIGHEST GUST SPEED    52   HIGHEST GUST DIRECTION     W (260)
  AVERAGE WIND SPEED    26.0


SKY COVER
  AVERAGE SKY COVER 0.3


WEATHER CONDITIONS
 THE FOLLOWING WEATHER WAS RECORDED YESTERDAY.
  HAZE


RELATIVE HUMIDITY (PERCENT)
 HIGHEST    65          1100 PM
 LOWEST     24           200 PM
 AVERAGE    45

..........................................................


THE LUBBOCK CLIMATE NORMALS FOR TODAY
                         NORMAL    RECORD    YEAR
 MAXIMUM TEMPERATURE (F)   69        90      1998
 MINIMUM TEMPERATURE (F)   39        19      2013


SUNRISE AND SUNSET
MARCH 25 2017.........SUNRISE   744 AM CDT   SUNSET   803 PM CDT
MARCH 26 2017.........SUNRISE   742 AM CDT   SUNSET   804 PM CDT


-  INDICATES NEGATIVE NUMBERS.
R  INDICATES RECORD WAS SET OR TIED.
MM INDICATES DATA IS MISSING.
T  INDICATES TRACE AMOUNT.




$$
