600
CDUS44 KLUB 220627
CLILBB


CLIMATE REPORT
NATIONAL WEATHER SERVICE LUBBOCK, TX
126 AM CDT FRI MAY 22 2015


...................................

...THE LUBBOCK CLIMATE SUMMARY FOR MAY 21 2015...

CLIMATE NORMAL PERIOD 1981 TO 2010
CLIMATE RECORD PERIOD 1911 TO 2015


WEATHER ITEM   OBSERVED TIME   RECORD YEAR NORMAL DEPARTURE LAST
                VALUE   (LST)  VALUE       VALUE  FROM      YEAR
                                                  NORMAL
..................................................................
TEMPERATURE (F)
 YESTERDAY
  MAXIMUM         56    606 PM 101    1989  85    -29       94
                                      1966
  MINIMUM         47    830 AM  39    1967  58    -11       64
  AVERAGE         52                        71    -19       79

PRECIPITATION (IN)
  YESTERDAY        0.38          3.12 1979   0.09   0.29      T
  MONTH TO DATE    7.78                      1.38   6.40      T
  SINCE MAR 1      9.32                      3.89   5.43     0.74
  SINCE JAN 1     11.59                      5.29   6.30     0.90

SNOWFALL (IN)
  YESTERDAY        0.0           0.0  2002   0.0    0.0      0.0
  MONTH TO DATE    0.0                       0.0    0.0      0.0
  SINCE MAR 1      1.1                       0.8    0.3       T
  SINCE JUL 1     14.7                       8.2    6.5      4.2
  SNOW DEPTH       0

DEGREE DAYS
 HEATING
  YESTERDAY       13                         1     12        0
  MONTH TO DATE   34                        34      0       44
  SINCE MAR 1    546                       632    -86      654
  SINCE JUL 1   3265                      3371   -106     3506

 COOLING
  YESTERDAY        0                         7     -7       14
  MONTH TO DATE   53                       106    -53      165
  SINCE MAR 1    108                       162    -54      223
  SINCE JAN 1    108                       162    -54      223
..................................................................


WIND (MPH)
  RESULTANT WIND SPEED  13   RESULTANT WIND DIRECTION   E (70)
  HIGHEST WIND SPEED    21   HIGHEST WIND DIRECTION    SE (130)
  HIGHEST GUST SPEED    26   HIGHEST GUST DIRECTION    SE (120)
  AVERAGE WIND SPEED    13.7


SKY COVER
  AVERAGE SKY COVER 1.0


WEATHER CONDITIONS
 THE FOLLOWING WEATHER WAS RECORDED YESTERDAY.
  THUNDERSTORM
  HEAVY RAIN
  LIGHT RAIN
  FOG


RELATIVE HUMIDITY (PERCENT)
 HIGHEST    93           700 AM
 LOWEST     71           100 PM
 AVERAGE    82

..........................................................


THE LUBBOCK CLIMATE NORMALS FOR TODAY
                         NORMAL    RECORD    YEAR
 MAXIMUM TEMPERATURE (F)   85       105      1996
 MINIMUM TEMPERATURE (F)   58        40      1931


SUNRISE AND SUNSET
MAY 22 2015...........SUNRISE   642 AM CDT   SUNSET   846 PM CDT
MAY 23 2015...........SUNRISE   642 AM CDT   SUNSET   847 PM CDT


-  INDICATES NEGATIVE NUMBERS.
R  INDICATES RECORD WAS SET OR TIED.
MM INDICATES DATA IS MISSING.
T  INDICATES TRACE AMOUNT.




$$
