000
CDUS44 KLUB 010126
CLILBB


CLIMATE REPORT
NATIONAL WEATHER SERVICE LUBBOCK, TX
825 PM CDT MON AUG 31 2015


...................................

...THE LUBBOCK CLIMATE SUMMARY FOR AUGUST 31 2015...
VALID TODAY AS OF 0800 PM LOCAL TIME.

CLIMATE NORMAL PERIOD 1981 TO 2010
CLIMATE RECORD PERIOD 1911 TO 2015


WEATHER ITEM   OBSERVED TIME   RECORD YEAR NORMAL DEPARTURE LAST
                VALUE   (LST)  VALUE       VALUE  FROM      YEAR
                                                  NORMAL
..................................................................
TEMPERATURE (F)
 TODAY
  MAXIMUM         92    346 PM 100    2014  89      3      100
                                      1930
  MINIMUM         63    707 AM  43    1915  64     -1       73
  AVERAGE         78                        76      2       87

PRECIPITATION (IN)
  TODAY            0.00          1.02 1942   0.07  -0.07     0.00
  MONTH TO DATE    0.25                      1.91  -1.66     0.54
  SINCE JUN 1      6.36                      6.86  -0.50     5.77
  SINCE JAN 1     22.29                     13.07   9.22    11.90

SNOWFALL (IN)
  TODAY            0.0           0.0  2002   0.0    0.0      0.0
  MONTH TO DATE    0.0                       0.0    0.0      0.0
  SINCE JUN 1      0.0                       0.0    0.0      0.0
  SINCE JUL 1      0.0                       0.0    0.0      0.0
  SNOW DEPTH       0

DEGREE DAYS
 HEATING
  TODAY            0                         0      0        0
  MONTH TO DATE    0                         0      0        0
  SINCE JUN 1      0                         2     -2        0
  SINCE JUL 1      0                         0      0        0

 COOLING
  TODAY           13                        12      1       22
  MONTH TO DATE  481                       433     48      500
  SINCE JUN 1   1367                      1280     87     1350
  SINCE JAN 1   1505                      1526    -21     1629
..................................................................


WIND (MPH)
  RESULTANT WIND SPEED  10   RESULTANT WIND DIRECTION   S (190)
  HIGHEST WIND SPEED    20   HIGHEST WIND DIRECTION     S (180)
  HIGHEST GUST SPEED    25   HIGHEST GUST DIRECTION     S (180)
  AVERAGE WIND SPEED    11.5


SKY COVER
  AVERAGE SKY COVER 0.1


WEATHER CONDITIONS
 THE FOLLOWING WEATHER WAS RECORDED TODAY.
  NO SIGNIFICANT WEATHER WAS OBSERVED.


RELATIVE HUMIDITY (PERCENT)
 HIGHEST    78           600 AM
 LOWEST     23           200 PM
 AVERAGE    51

..........................................................


THE LUBBOCK CLIMATE NORMALS FOR TOMORROW
                         NORMAL    RECORD    YEAR
 MAXIMUM TEMPERATURE (F)   89       104      2014
 MINIMUM TEMPERATURE (F)   64        43      1915


SUNRISE AND SUNSET
AUGUST 31 2015........SUNRISE   720 AM CDT   SUNSET   814 PM CDT
SEPTEMBER  1 2015.....SUNRISE   721 AM CDT   SUNSET   813 PM CDT


-  INDICATES NEGATIVE NUMBERS.
R  INDICATES RECORD WAS SET OR TIED.
MM INDICATES DATA IS MISSING.
T  INDICATES TRACE AMOUNT.




$$
