000
CDUS44 KLUB 242330
CLILBB


CLIMATE REPORT
NATIONAL WEATHER SERVICE LUBBOCK, TX
530 PM CST TUE JAN 24 2017


...................................

...THE LUBBOCK CLIMATE SUMMARY FOR JANUARY 24 2017...
VALID TODAY AS OF 0500 PM LOCAL TIME.

CLIMATE NORMAL PERIOD 1981 TO 2010
CLIMATE RECORD PERIOD 1911 TO 2017


WEATHER ITEM   OBSERVED TIME   RECORD YEAR NORMAL DEPARTURE LAST
                VALUE   (LST)  VALUE       VALUE  FROM      YEAR
                                                  NORMAL
..................................................................
TEMPERATURE (F)
 TODAY
  MAXIMUM         66    240 PM  83    1970  55     11       76
  MINIMUM         39    802 AM  -1    1915  27     12       32
  AVERAGE         53                        41     12       54

PRECIPITATION (IN)
  TODAY            0.00          0.39 1961   0.02  -0.02     0.00
  MONTH TO DATE    2.03                      0.47   1.56     0.30
  SINCE DEC 1      2.52                      1.23   1.29     1.87
  SINCE JAN 1      2.03                      0.47   1.56     0.30

SNOWFALL (IN)
  TODAY            0.0           2.9  1961   0.0    0.0      0.0
  MONTH TO DATE    0.2                       1.9   -1.7      2.1
  SINCE DEC 1      0.2                       4.2   -4.0     13.3
  SINCE JUL 1      0.2                       5.1   -4.9     13.3
  SNOW DEPTH       0

DEGREE DAYS
 HEATING
  TODAY           12                        24    -12       11
  MONTH TO DATE  491                       600   -109      608
  SINCE DEC 1   1197                      1356   -159     1268
  SINCE JUL 1   1561                      1998   -437     1787

 COOLING
  TODAY            0                         0      0        0
  MONTH TO DATE    0                         0      0        0
  SINCE DEC 1      0                         0      0        0
  SINCE JAN 1      0                         0      0        0
..................................................................


WIND (MPH)
  RESULTANT WIND SPEED  18   RESULTANT WIND DIRECTION  SW (240)
  HIGHEST WIND SPEED    41   HIGHEST WIND DIRECTION     W (270)
  HIGHEST GUST SPEED    49   HIGHEST GUST DIRECTION     W (260)
  AVERAGE WIND SPEED    20.6


SKY COVER
  AVERAGE SKY COVER 0.2


WEATHER CONDITIONS
 THE FOLLOWING WEATHER WAS RECORDED TODAY.
  NO SIGNIFICANT WEATHER WAS OBSERVED.


RELATIVE HUMIDITY (PERCENT)
 HIGHEST    76           800 AM
 LOWEST     15           400 PM
 AVERAGE    46

..........................................................


THE LUBBOCK CLIMATE NORMALS FOR TOMORROW
                         NORMAL    RECORD    YEAR
 MAXIMUM TEMPERATURE (F)   55        79      1952
 MINIMUM TEMPERATURE (F)   27         7      1940
                                             1929


SUNRISE AND SUNSET
JANUARY 24 2017.......SUNRISE   748 AM CST   SUNSET   611 PM CST
JANUARY 25 2017.......SUNRISE   748 AM CST   SUNSET   612 PM CST


-  INDICATES NEGATIVE NUMBERS.
R  INDICATES RECORD WAS SET OR TIED.
MM INDICATES DATA IS MISSING.
T  INDICATES TRACE AMOUNT.




$$
