808
CDUS43 KLBF 280948
CLILBF


CLIMATE REPORT
NATIONAL WEATHER SERVICE NORTH PLATTE
345 AM CST TUE FEB 28 2017


...................................

...THE NORTH PLATTE NE CLIMATE SUMMARY FOR FEBRUARY 27 2017...

CLIMATE NORMAL PERIOD 1981 TO 2010
CLIMATE RECORD PERIOD 1874 TO 2017


WEATHER ITEM   OBSERVED TIME   RECORD YEAR NORMAL DEPARTURE LAST
                VALUE   (LST)  VALUE       VALUE  FROM      YEAR
                                                  NORMAL
..................................................................
TEMPERATURE (F)
 YESTERDAY
  MAXIMUM         53    519 PM  77    2016  47      6       77
  MINIMUM         13    541 AM -16    1962  18     -5       20
  AVERAGE         33                        32      1       49

PRECIPITATION (IN)
  YESTERDAY        0.00          0.61 1916   0.03  -0.03     0.00
  MONTH TO DATE    0.52                      0.48   0.04     0.78
  SINCE DEC 1      1.81                      1.23   0.58     1.54
  SINCE JAN 1      1.19                      0.82   0.37     1.26

SNOWFALL (IN)
  YESTERDAY        0.0           6.0  1916   0.2   -0.2      0.0
  MONTH TO DATE    5.9                       5.1    0.8     12.0
  SINCE DEC 1     15.3                      14.5    0.8     21.0
  SINCE JUL 1     20.3                      20.7   -0.4     25.6
  SNOW DEPTH       0

DEGREE DAYS
 HEATING
  YESTERDAY       32                        32      0       16
  MONTH TO DATE  787                       975   -188      841
  SINCE DEC 1   3249                      3444   -195     3049
  SINCE JUL 1   4290                      4995   -705     4235

 COOLING
  YESTERDAY        0                         0      0        0
  MONTH TO DATE    0                         0      0        0
  SINCE DEC 1      0                         0      0        0
  SINCE JAN 1      0                         0      0        0
..................................................................


WIND (MPH)
  HIGHEST WIND SPEED    17   HIGHEST WIND DIRECTION     S (180)
  HIGHEST GUST SPEED    23   HIGHEST GUST DIRECTION     S (200)
  AVERAGE WIND SPEED     7.9


SKY COVER
  POSSIBLE SUNSHINE  MM
  AVERAGE SKY COVER 0.0


WEATHER CONDITIONS
 THE FOLLOWING WEATHER WAS RECORDED YESTERDAY.
  NO SIGNIFICANT WEATHER WAS OBSERVED.


RELATIVE HUMIDITY (PERCENT)
 HIGHEST    80           200 AM
 LOWEST     32           500 PM
 AVERAGE    56

..........................................................


THE NORTH PLATTE NE CLIMATE NORMALS FOR TODAY
                         NORMAL    RECORD    YEAR
 MAXIMUM TEMPERATURE (F)   47        76      2006
                                             1972
 MINIMUM TEMPERATURE (F)   19       -22      1962


SUNRISE AND SUNSET
FEBRUARY 28 2017......SUNRISE   718 AM CST   SUNSET   633 PM CST
MARCH  1 2017.........SUNRISE   717 AM CST   SUNSET   634 PM CST


-  INDICATES NEGATIVE NUMBERS.
R  INDICATES RECORD WAS SET OR TIED.
MM INDICATES DATA IS MISSING.
T  INDICATES TRACE AMOUNT.




$$
