000
CDUS43 KLBF 111028
CLILBF


CLIMATE REPORT
NATIONAL WEATHER SERVICE NORTH PLATTE
426 AM CST THU FEB 11 2016


...................................

...THE NORTH PLATTE NE CLIMATE SUMMARY FOR FEBRUARY 10 2016...

CLIMATE NORMAL PERIOD 1981 TO 2010
CLIMATE RECORD PERIOD 1874 TO 2016


WEATHER ITEM   OBSERVED TIME   RECORD YEAR NORMAL DEPARTURE LAST
                VALUE   (LST)  VALUE       VALUE  FROM      YEAR
                                                  NORMAL
..................................................................
TEMPERATURE (F)
 YESTERDAY
  MAXIMUM         52    428 PM  76    1999  42     10       67
  MINIMUM         21    211 AM -22    1981  14      7       31
                                      1885
  AVERAGE         37                        28      9       49

PRECIPITATION (IN)
  YESTERDAY        0.00          0.41 2013   0.02  -0.02     0.00
  MONTH TO DATE    0.75                      0.13   0.62     0.43
  SINCE DEC 1      1.51                      0.88   0.63     1.75
  SINCE JAN 1      1.23                      0.47   0.76     0.71

SNOWFALL (IN)
  YESTERDAY        0.0           4.4  2013   0.2   -0.2      0.0
  MONTH TO DATE   12.0                       1.8   10.2      6.1
  SINCE DEC 1     21.0                      11.2    9.8     18.3
  SINCE JUL 1     25.6                      17.4    8.2     18.7
  SNOW DEPTH       3

DEGREE DAYS
 HEATING
  YESTERDAY       28                        37     -9       16
  MONTH TO DATE  388                       382      6      323
  SINCE DEC 1   2596                      2851   -255     2655
  SINCE JUL 1   3782                      4402   -620     4175

 COOLING
  YESTERDAY        0                         0      0        0
  MONTH TO DATE    0                         0      0        0
  SINCE DEC 1      0                         0      0        0
  SINCE JAN 1      0                         0      0        0
..................................................................


WIND (MPH)
  HIGHEST WIND SPEED    17   HIGHEST WIND DIRECTION     W (290)
  HIGHEST GUST SPEED    22   HIGHEST GUST DIRECTION    NW (300)
  AVERAGE WIND SPEED     9.2


SKY COVER
  POSSIBLE SUNSHINE  MM
  AVERAGE SKY COVER 0.0


WEATHER CONDITIONS
 THE FOLLOWING WEATHER WAS RECORDED YESTERDAY.
  FOG


RELATIVE HUMIDITY (PERCENT)
 HIGHEST   100           200 AM
 LOWEST     44           300 PM
 AVERAGE    72

..........................................................


THE NORTH PLATTE NE CLIMATE NORMALS FOR TODAY
                         NORMAL    RECORD    YEAR
 MAXIMUM TEMPERATURE (F)   42        79      1962
 MINIMUM TEMPERATURE (F)   14       -29      1899


SUNRISE AND SUNSET
FEBRUARY 11 2016......SUNRISE   743 AM CST   SUNSET   611 PM CST
FEBRUARY 12 2016......SUNRISE   742 AM CST   SUNSET   613 PM CST


-  INDICATES NEGATIVE NUMBERS.
R  INDICATES RECORD WAS SET OR TIED.
MM INDICATES DATA IS MISSING.
T  INDICATES TRACE AMOUNT.

$$
