000
CDUS43 KLBF 211028
CLILBF


CLIMATE REPORT
NATIONAL WEATHER SERVICE NORTH PLATTE
428 AM CST SAT JAN 21 2017


...................................

...THE NORTH PLATTE NE CLIMATE SUMMARY FOR JANUARY 20 2017...

CLIMATE NORMAL PERIOD 1981 TO 2010
CLIMATE RECORD PERIOD 1874 TO 2017


WEATHER ITEM   OBSERVED TIME   RECORD YEAR NORMAL DEPARTURE LAST
                VALUE   (LST)  VALUE       VALUE  FROM      YEAR
                                                  NORMAL
..................................................................
TEMPERATURE (F)
 YESTERDAY
  MAXIMUM         44    203 PM  68    1950  39      5       34
  MINIMUM         32   1159 PM -20    1883  11     21       18
  AVERAGE         38                        25     13       26

PRECIPITATION (IN)
  YESTERDAY        0.00          0.37 2007   0.01  -0.01     0.00
  MONTH TO DATE    0.56                      0.22   0.34     0.18
  SINCE DEC 1      1.18                      0.63   0.55     0.46
  SINCE JAN 1      0.56                      0.22   0.34     0.18

SNOWFALL (IN)
  YESTERDAY        0.0           4.6  2007   0.1   -0.1      0.0
  MONTH TO DATE    7.2                       3.1    4.1      1.9
  SINCE DEC 1      8.0                       7.7    0.3      5.3
  SINCE JUL 1     13.0                      13.9   -0.9      9.9
  SNOW DEPTH       0

DEGREE DAYS
 HEATING
  YESTERDAY       27                        40    -13       39
  MONTH TO DATE  887                       805     82      778
  SINCE DEC 1   2113                      2034     79     1860
  SINCE JUL 1   3154                      3585   -431     3046

 COOLING
  YESTERDAY        0                         0      0        0
  MONTH TO DATE    0                         0      0        0
  SINCE DEC 1      0                         0      0        0
  SINCE JAN 1      0                         0      0        0
..................................................................


WIND (MPH)
  HIGHEST WIND SPEED    10   HIGHEST WIND DIRECTION     S (200)
  HIGHEST GUST SPEED    14   HIGHEST GUST DIRECTION    SW (220)
  AVERAGE WIND SPEED     4.8


SKY COVER
  POSSIBLE SUNSHINE  MM
  AVERAGE SKY COVER 0.9


WEATHER CONDITIONS
 THE FOLLOWING WEATHER WAS RECORDED YESTERDAY.
  LIGHT RAIN
  FOG


RELATIVE HUMIDITY (PERCENT)
 HIGHEST   100           500 AM
 LOWEST     70           300 PM
 AVERAGE    85

..........................................................


THE NORTH PLATTE NE CLIMATE NORMALS FOR TODAY
                         NORMAL    RECORD    YEAR
 MAXIMUM TEMPERATURE (F)   39        71      1950
 MINIMUM TEMPERATURE (F)   11       -22      1930


SUNRISE AND SUNSET
JANUARY 21 2017.......SUNRISE   802 AM CST   SUNSET   546 PM CST
JANUARY 22 2017.......SUNRISE   802 AM CST   SUNSET   548 PM CST


-  INDICATES NEGATIVE NUMBERS.
R  INDICATES RECORD WAS SET OR TIED.
MM INDICATES DATA IS MISSING.
T  INDICATES TRACE AMOUNT.




$$
