000
CDUS43 KLBF 270927
CLILBF


CLIMATE REPORT
NATIONAL WEATHER SERVICE NORTH PLATTE
427 AM CDT TUE SEP 27 2016


...................................

...THE NORTH PLATTE NE CLIMATE SUMMARY FOR SEPTEMBER 26 2016...

CLIMATE NORMAL PERIOD 1981 TO 2010
CLIMATE RECORD PERIOD 1874 TO 2016


WEATHER ITEM   OBSERVED TIME   RECORD YEAR NORMAL DEPARTURE LAST
                VALUE   (LST)  VALUE       VALUE  FROM      YEAR
                                                  NORMAL
..................................................................
TEMPERATURE (F)
 YESTERDAY
  MAXIMUM         78    404 PM  93    1974  73      5       73
  MINIMUM         35    647 AM  26    1934  42     -7       59
  AVERAGE         57                        58     -1       66

PRECIPITATION (IN)
  YESTERDAY        0.00          0.57 1945   0.05  -0.05     0.00
  MONTH TO DATE    0.94                      1.22  -0.28     1.23
  SINCE SEP 1      0.94                      1.22  -0.28     1.23
  SINCE JAN 1     20.10                     17.44   2.66    17.80

SNOWFALL (IN)
  YESTERDAY        0.0           0.2  1927   0.0    0.0      0.0
  MONTH TO DATE    0.0                       0.1   -0.1      0.0
  SINCE SEP 1      0.0                       0.1   -0.1      0.0
  SINCE JUL 1      0.0                       0.1   -0.1      0.0
  SNOW DEPTH       0

DEGREE DAYS
 HEATING
  YESTERDAY        8                         8      0        0
  MONTH TO DATE   50                       115    -65       24
  SINCE SEP 1     50                       115    -65       24
  SINCE JUL 1     62                       135    -73       53

 COOLING
  YESTERDAY        0                         1     -1        1
  MONTH TO DATE  101                        68     33      139
  SINCE SEP 1    101                        68     33      139
  SINCE JAN 1    908                       763    145      807
..................................................................


WIND (MPH)
  HIGHEST WIND SPEED    20   HIGHEST WIND DIRECTION    NW (320)
  HIGHEST GUST SPEED    25   HIGHEST GUST DIRECTION    NW (300)
  AVERAGE WIND SPEED     6.6


SKY COVER
  POSSIBLE SUNSHINE  MM
  AVERAGE SKY COVER 0.0


WEATHER CONDITIONS
 THE FOLLOWING WEATHER WAS RECORDED YESTERDAY.
  HAZE


RELATIVE HUMIDITY (PERCENT)
 HIGHEST    89          1100 PM
 LOWEST     26           100 PM
 AVERAGE    58

..........................................................


THE NORTH PLATTE NE CLIMATE NORMALS FOR TODAY
                         NORMAL    RECORD    YEAR
 MAXIMUM TEMPERATURE (F)   73        93      2005
                                             1956
                                             1904
 MINIMUM TEMPERATURE (F)   41        23      1964


SUNRISE AND SUNSET
SEPTEMBER 27 2016.....SUNRISE   736 AM CDT   SUNSET   730 PM CDT
SEPTEMBER 28 2016.....SUNRISE   737 AM CDT   SUNSET   729 PM CDT


-  INDICATES NEGATIVE NUMBERS.
R  INDICATES RECORD WAS SET OR TIED.
MM INDICATES DATA IS MISSING.
T  INDICATES TRACE AMOUNT.




$$
