563
CDUS42 KILM 162142
CLILBT


CLIMATE REPORT
NATIONAL WEATHER SERVICE WILMINGTON NC
442 PM EST MON JAN 16 2017


...................................

...THE LUMBERTON NC CLIMATE SUMMARY FOR JANUARY 16 2017...
VALID TODAY AS OF 0400 PM LOCAL TIME.

CLIMATE NORMAL PERIOD 1981 TO 2010
CLIMATE RECORD PERIOD 9999 TO 9999


WEATHER ITEM   OBSERVED TIME   NORMAL DEPARTURE LAST
                VALUE   (LST)  VALUE  FROM      YEAR
                                      NORMAL
......................................................
TEMPERATURE (F)
 TODAY
  MAXIMUM         55    330 PM  53      2       64
  MINIMUM         47    946 AM  33     14       43
  AVERAGE         51            43      8       54

PRECIPITATION (IN)
  TODAY            0.00          0.10  -0.10     0.00
  MONTH TO DATE    1.81          1.37   0.44     0.86
  SINCE DEC 1      6.11          4.26   1.85     7.75
  SINCE JAN 1      1.81          1.37   0.44     0.86

SNOWFALL (IN)
  TODAY           MM
  MONTH TO DATE   MM
  SINCE DEC 1     MM
  SINCE JUL 1     MM
  SNOW DEPTH      MM

DEGREE DAYS
 HEATING
  TODAY           14            22     -8       11
  MONTH TO DATE  275           351    -76      326
  SINCE DEC 1    826           935   -109      531
  SINCE JUL 1   1188          1401   -213      812

 COOLING
  TODAY            0             0      0        0
  MONTH TO DATE    0             0      0        0
  SINCE DEC 1      0             2     -2       50
  SINCE JAN 1      0             0      0        0
......................................................


WIND (MPH)
  HIGHEST WIND SPEED    12   HIGHEST WIND DIRECTION    NE (40)
  HIGHEST GUST SPEED    16   HIGHEST GUST DIRECTION    NE (50)
  AVERAGE WIND SPEED     6.2


SKY COVER
  POSSIBLE SUNSHINE  MM
  AVERAGE SKY COVER 0.9


WEATHER CONDITIONS
 THE FOLLOWING WEATHER WAS RECORDED TODAY.
  NO SIGNIFICANT WEATHER WAS OBSERVED.


RELATIVE HUMIDITY (PERCENT)
 HIGHEST    93           300 AM
 LOWEST     66           200 PM
 AVERAGE    80

..........................................................


THE LUMBERTON NC CLIMATE NORMALS FOR TOMORROW
                         NORMAL
 MAXIMUM TEMPERATURE (F)   54
 MINIMUM TEMPERATURE (F)   33


SUNRISE AND SUNSET
JANUARY 16 2017.......SUNRISE   722 AM EST   SUNSET   530 PM EST
JANUARY 17 2017.......SUNRISE   722 AM EST   SUNSET   531 PM EST


-  INDICATES NEGATIVE NUMBERS.
R  INDICATES RECORD WAS SET OR TIED.
MM INDICATES DATA IS MISSING.
T  INDICATES TRACE AMOUNT.




$$
