000
CDUS42 KILM 252043
CLILBT


CLIMATE REPORT
NATIONAL WEATHER SERVICE WILMINGTON NC
443 PM EDT MON SEP 25 2017


...................................

...THE LUMBERTON NC CLIMATE SUMMARY FOR SEPTEMBER 25 2017...
VALID TODAY AS OF 0400 PM LOCAL TIME.

CLIMATE NORMAL PERIOD 1981 TO 2010
CLIMATE RECORD PERIOD 9999 TO 9999


WEATHER ITEM   OBSERVED TIME   NORMAL DEPARTURE LAST
                VALUE   (LST)  VALUE  FROM      YEAR
                                      NORMAL
......................................................
TEMPERATURE (F)
 TODAY
  MAXIMUM         MM        MM  81     MM       87
  MINIMUM         MM        MM  59     MM       67
  AVERAGE         MM            70     MM       77

PRECIPITATION (IN)
  TODAY           MM             0.15  MM        0.00
  MONTH TO DATE    4.94          4.01   0.93     5.71
  SINCE SEP 1      4.94          4.01   0.93     5.71
  SINCE JAN 1     36.75         34.40   2.35    38.22

DEGREE DAYS
 HEATING
  TODAY           MM             1     MM        0
  MONTH TO DATE    0             3     -3        0
  SINCE SEP 1      0             3     -3        0
  SINCE JUL 1      0             3     -3        0

 COOLING
  TODAY           MM             6     MM       12
  MONTH TO DATE  192           221    -29      320
  SINCE SEP 1    192           221    -29      320
  SINCE JAN 1   1926          1793    133     2219
......................................................


WIND (MPH)
  HIGHEST WIND SPEED    MM   HIGHEST WIND DIRECTION    MM
  HIGHEST GUST SPEED     0   HIGHEST GUST DIRECTION     N (0)
  AVERAGE WIND SPEED    MM


SKY COVER
  POSSIBLE SUNSHINE   0 PERCENT
  AVERAGE SKY COVER 0.0


WEATHER CONDITIONS
 THE FOLLOWING WEATHER WAS RECORDED TODAY.
  NO SIGNIFICANT WEATHER WAS OBSERVED.


RELATIVE HUMIDITY (PERCENT)
 HIGHEST     0          1200 AM
 LOWEST      0          1200 AM
 AVERAGE     0

..........................................................


THE LUMBERTON NC CLIMATE NORMALS FOR TOMORROW
                         NORMAL
 MAXIMUM TEMPERATURE (F)   81
 MINIMUM TEMPERATURE (F)   59


SUNRISE AND SUNSET
SEPTEMBER 25 2017.....SUNRISE   707 AM EDT   SUNSET   708 PM EDT
SEPTEMBER 26 2017.....SUNRISE   707 AM EDT   SUNSET   707 PM EDT


-  INDICATES NEGATIVE NUMBERS.
R  INDICATES RECORD WAS SET OR TIED.
MM INDICATES DATA IS MISSING.
T  INDICATES TRACE AMOUNT.




$$
