000
CDUS42 KILM 270840
CLILBT


CLIMATE REPORT
NATIONAL WEATHER SERVICE WILMINGTON NC
440 AM EDT SAT MAY 27 2017


...................................

...THE LUMBERTON NC CLIMATE SUMMARY FOR MAY 26 2017...

CLIMATE NORMAL PERIOD 1981 TO 2010
CLIMATE RECORD PERIOD 9999 TO 9999


WEATHER ITEM   OBSERVED TIME   NORMAL DEPARTURE LAST
                VALUE   (LST)  VALUE  FROM      YEAR
                                      NORMAL
......................................................
TEMPERATURE (F)
 YESTERDAY
  MAXIMUM         85    357 PM  84      1       90
  MINIMUM         60    557 AM  61     -1       65
  AVERAGE         73            73      0       78

PRECIPITATION (IN)
  YESTERDAY        0.00          0.12  -0.12     0.00
  MONTH TO DATE    3.80          2.42   1.38     5.01
  SINCE MAR 1     13.77          8.57   5.20     9.36
  SINCE JAN 1     17.26         14.44   2.82    17.64

DEGREE DAYS
 HEATING
  YESTERDAY        0             0      0        0
  MONTH TO DATE   14            30    -16       22
  SINCE MAR 1    432           529    -97      339
  SINCE JUL 1   2079          2759   -680     2018

 COOLING
  YESTERDAY        8             8      0       13
  MONTH TO DATE  177           138     39      139
  SINCE MAR 1    326           203    123      255
  SINCE JAN 1    336           206    130      256
......................................................


WIND (MPH)
  HIGHEST WIND SPEED    17   HIGHEST WIND DIRECTION    SW (240)
  HIGHEST GUST SPEED    24   HIGHEST GUST DIRECTION     W (250)
  AVERAGE WIND SPEED     8.1


SKY COVER
  POSSIBLE SUNSHINE  MM
  AVERAGE SKY COVER 0.0


WEATHER CONDITIONS
 THE FOLLOWING WEATHER WAS RECORDED YESTERDAY.
  NO SIGNIFICANT WEATHER WAS OBSERVED.


RELATIVE HUMIDITY (PERCENT)
 HIGHEST    84           600 AM
 LOWEST     34           200 PM
 AVERAGE    59

..........................................................


THE LUMBERTON NC CLIMATE NORMALS FOR TODAY
                         NORMAL
 MAXIMUM TEMPERATURE (F)   85
 MINIMUM TEMPERATURE (F)   62


SUNRISE AND SUNSET
MAY 27 2017...........SUNRISE   606 AM EDT   SUNSET   821 PM EDT
MAY 28 2017...........SUNRISE   606 AM EDT   SUNSET   822 PM EDT


-  INDICATES NEGATIVE NUMBERS.
R  INDICATES RECORD WAS SET OR TIED.
MM INDICATES DATA IS MISSING.
T  INDICATES TRACE AMOUNT.




$$
