694
CDUS42 KILM 280856
CLILBT


CLIMATE REPORT
NATIONAL WEATHER SERVICE WILMINGTON NC
456 AM EDT WED SEP 28 2016


...................................

...THE LUMBERTON NC CLIMATE SUMMARY FOR SEPTEMBER 27 2016...

CLIMATE NORMAL PERIOD 1981 TO 2010
CLIMATE RECORD PERIOD 9999 TO 9999


WEATHER ITEM   OBSERVED TIME   NORMAL DEPARTURE LAST
                VALUE   (LST)  VALUE  FROM      YEAR
                                      NORMAL
......................................................
TEMPERATURE (F)
 YESTERDAY
  MAXIMUM         87    210 PM  81      6       80
  MINIMUM         69   1159 PM  59     10       69
  AVERAGE         78            70      8       75

PRECIPITATION (IN)
  YESTERDAY        0.57          0.16   0.41     0.08
  MONTH TO DATE    6.28          4.33   1.95     1.72
  SINCE SEP 1      6.28          4.33   1.95     1.72
  SINCE JAN 1     38.79         34.72   4.07    30.70

DEGREE DAYS
 HEATING
  YESTERDAY        0             1     -1        0
  MONTH TO DATE    0             5     -5        0
  SINCE SEP 1      0             5     -5        0
  SINCE JUL 1      0             5     -5        0

 COOLING
  YESTERDAY       13             5      8       10
  MONTH TO DATE  345           232    113      318
  SINCE SEP 1    345           232    113      318
  SINCE JAN 1   2244          1804    440     2260
......................................................


WIND (MPH)
  HIGHEST WIND SPEED    14   HIGHEST WIND DIRECTION     N (340)
  HIGHEST GUST SPEED    17   HIGHEST GUST DIRECTION     N (340)
  AVERAGE WIND SPEED     3.6


SKY COVER
  POSSIBLE SUNSHINE  MM
  AVERAGE SKY COVER 0.4


WEATHER CONDITIONS
 THE FOLLOWING WEATHER WAS RECORDED YESTERDAY.
  HEAVY RAIN
  RAIN
  LIGHT RAIN
  FOG


RELATIVE HUMIDITY (PERCENT)
 HIGHEST   100           400 AM
 LOWEST     53           200 PM
 AVERAGE    77

..........................................................


THE LUMBERTON NC CLIMATE NORMALS FOR TODAY
                         NORMAL
 MAXIMUM TEMPERATURE (F)   81
 MINIMUM TEMPERATURE (F)   58


SUNRISE AND SUNSET
SEPTEMBER 28 2016.....SUNRISE   709 AM EDT   SUNSET   704 PM EDT
SEPTEMBER 29 2016.....SUNRISE   710 AM EDT   SUNSET   702 PM EDT


-  INDICATES NEGATIVE NUMBERS.
R  INDICATES RECORD WAS SET OR TIED.
MM INDICATES DATA IS MISSING.
T  INDICATES TRACE AMOUNT.




$$
