000
CDUS44 KLCH 250832
CLILCH


CLIMATE REPORT
NATIONAL WEATHER SERVICE LAKE CHARLES, LA
331 AM CDT THU MAY 25 2017


...................................

...THE LAKE CHARLES CLIMATE SUMMARY FOR MAY 24 2017...

CLIMATE NORMAL PERIOD 1981 TO 2010
CLIMATE RECORD PERIOD 1895 TO 2017


WEATHER ITEM   OBSERVED TIME   RECORD YEAR NORMAL DEPARTURE LAST
                VALUE   (LST)  VALUE       VALUE  FROM      YEAR
                                                  NORMAL
..................................................................
TEMPERATURE (F)
 YESTERDAY
  MAXIMUM         80    346 PM  95    1911  86     -6       87
  MINIMUM         60   1159 PM  52    1913  69     -9       70
  AVERAGE         70                        78     -8       79

PRECIPITATION (IN)
  YESTERDAY        T             2.99 2009   0.18  -0.18     0.00
  MONTH TO DATE    9.48                      3.86   5.62     8.91
  SINCE MAR 1     16.95                     10.85   6.10    22.24
  SINCE JAN 1     23.90                     19.54   4.36    27.41

SNOWFALL (IN)
  YESTERDAY        0.0           0.0    MM   0.0    0.0      0.0
  MONTH TO DATE    0.0                       0.0    0.0      0.0
  SINCE MAR 1      0.0                       0.0    0.0      0.0
  SINCE JUL 1      T                         0.1   -0.1      0.0
  SNOW DEPTH       0

DEGREE DAYS
 HEATING
  YESTERDAY        0                         0      0        0
  MONTH TO DATE    1                         0      1        0
  SINCE MAR 1     85                       207   -122       85
  SINCE JUL 1    743                      1489   -746     1034

 COOLING
  YESTERDAY        5                        13     -8       14
  MONTH TO DATE  201                       237    -36      225
  SINCE MAR 1    485                       422     63      499
  SINCE JAN 1    616                       445    171      514
..................................................................


WIND (MPH)
  HIGHEST WIND SPEED    29   HIGHEST WIND DIRECTION    NW (310)
  HIGHEST GUST SPEED    38   HIGHEST GUST DIRECTION    NW (320)
  AVERAGE WIND SPEED    11.1


SKY COVER
  POSSIBLE SUNSHINE  MM
  AVERAGE SKY COVER 0.2


WEATHER CONDITIONS
 THE FOLLOWING WEATHER WAS RECORDED YESTERDAY.
  LIGHT RAIN


RELATIVE HUMIDITY (PERCENT)
 HIGHEST    93           100 AM
 LOWEST     35           100 PM
 AVERAGE    64

..........................................................


THE LAKE CHARLES CLIMATE NORMALS FOR TODAY
                         NORMAL    RECORD    YEAR
 MAXIMUM TEMPERATURE (F)   87        94      1941
 MINIMUM TEMPERATURE (F)   69        51      1913


SUNRISE AND SUNSET
MAY 25 2017...........SUNRISE   614 AM CDT   SUNSET   806 PM CDT
MAY 26 2017...........SUNRISE   614 AM CDT   SUNSET   806 PM CDT


-  INDICATES NEGATIVE NUMBERS.
R  INDICATES RECORD WAS SET OR TIED.
MM INDICATES DATA IS MISSING.
T  INDICATES TRACE AMOUNT.




$$
