000
CDUS44 KLCH 062312
CLILCH


CLIMATE REPORT
NATIONAL WEATHER SERVICE LAKE CHARLES, LA
512 PM CST FRI MAR 6 2015


...................................

...THE LAKE CHARLES CLIMATE SUMMARY FOR MARCH 6 2015...
VALID TODAY AS OF 0500 PM LOCAL TIME.

CLIMATE NORMAL PERIOD 1981 TO 2010
CLIMATE RECORD PERIOD 1895 TO 2015


WEATHER ITEM   OBSERVED TIME   RECORD YEAR NORMAL DEPARTURE LAST
                VALUE   (LST)  VALUE       VALUE  FROM      YEAR
                                                  NORMAL
..................................................................
TEMPERATURE (F)
 TODAY
  MAXIMUM         54    359 PM  84    1911  69    -15       58
                                      1910
  MINIMUM         29    654 AM  25    1989  49    -20       39
  AVERAGE         42                        59    -17       49

PRECIPITATION (IN)
  TODAY            0.00          3.10 1933   0.13  -0.13     0.00
  MONTH TO DATE    3.82                      0.74   3.08     0.68
  SINCE MAR 1      3.82                      0.74   3.08     0.68
  SINCE JAN 1     12.30                      9.43   2.87     7.47

SNOWFALL (IN)
  TODAY            0.0           0.0    MM   0.0    0.0      0.0
  MONTH TO DATE    T                         0.0    0.0      0.0
  SINCE MAR 1      T                         0.0    0.0      0.0
  SINCE JUL 1      T                         0.1   -0.1      0.1
  SNOW DEPTH       0

DEGREE DAYS
 HEATING
  TODAY           23                         7     16       16
  MONTH TO DATE   44                        44      0       98
  SINCE MAR 1     44                        44      0       98
  SINCE JUL 1   1482                      1326    156     1749

 COOLING
  TODAY            0                         1     -1        0
  MONTH TO DATE    7                         6      1        3
  SINCE MAR 1      7                         6      1        3
  SINCE JAN 1     13                        29    -16       18
..................................................................


WIND (MPH)
  HIGHEST WIND SPEED    23   HIGHEST WIND DIRECTION    NE (40)
  HIGHEST GUST SPEED    29   HIGHEST GUST DIRECTION    NE (50)
  AVERAGE WIND SPEED    11.4


SKY COVER
  POSSIBLE SUNSHINE  MM
  AVERAGE SKY COVER 0.0


WEATHER CONDITIONS
 THE FOLLOWING WEATHER WAS RECORDED TODAY.
  NO SIGNIFICANT WEATHER WAS OBSERVED.


RELATIVE HUMIDITY (PERCENT)
 HIGHEST    69           600 AM
 LOWEST     22           400 PM
 AVERAGE    46

..........................................................


THE LAKE CHARLES CLIMATE NORMALS FOR TOMORROW
                         NORMAL    RECORD    YEAR
 MAXIMUM TEMPERATURE (F)   69        88      1908
 MINIMUM TEMPERATURE (F)   50        30      1943
                                             1914


SUNRISE AND SUNSET
MARCH  6 2015.........SUNRISE   634 AM CST   SUNSET   615 PM CST
MARCH  7 2015.........SUNRISE   632 AM CST   SUNSET   616 PM CST


-  INDICATES NEGATIVE NUMBERS.
R  INDICATES RECORD WAS SET OR TIED.
MM INDICATES DATA IS MISSING.
T  INDICATES TRACE AMOUNT.




$$
