000
CDUS44 KLCH 211245
CLILCH


CLIMATE REPORT
NATIONAL WEATHER SERVICE LAKE CHARLES, LA
645 AM CST TUE FEB 21 2017


...................................

...THE LAKE CHARLES CLIMATE SUMMARY FOR FEBRUARY 20 2017...

CLIMATE NORMAL PERIOD 1981 TO 2010
CLIMATE RECORD PERIOD 1895 TO 2017


WEATHER ITEM   OBSERVED TIME   RECORD YEAR NORMAL DEPARTURE LAST
                VALUE   (LST)  VALUE       VALUE  FROM      YEAR
                                                  NORMAL
..................................................................
TEMPERATURE (F)
 YESTERDAY
  MAXIMUM         77   1141 AM  88    1913  66     11       76
  MINIMUM         59   1159 PM  27    1910  47     12       56
  AVERAGE         68                        56     12       66

PRECIPITATION (IN)
  YESTERDAY        0.71          2.15 1943   0.12   0.59     0.00
  MONTH TO DATE    1.92                      2.55  -0.63     0.16
  SINCE DEC 1     18.88                     12.46   6.42     7.50
  SINCE JAN 1      6.83                      7.78  -0.95     4.26

SNOWFALL (IN)
  YESTERDAY        0.0           0.0    MM   0.0    0.0      0.0
  MONTH TO DATE    0.0                       0.1   -0.1      0.0
  SINCE DEC 1      T                         0.1   -0.1      0.0
  SINCE JUL 1      T                         0.1   -0.1      0.0
  SNOW DEPTH       0

DEGREE DAYS
 HEATING
  YESTERDAY        0                         9     -9        0
  MONTH TO DATE   77                       223   -146      178
  SINCE DEC 1    549                      1007   -458      809
  SINCE JUL 1    643                      1214   -571      885

 COOLING
  YESTERDAY        3                         0      3        1
  MONTH TO DATE   51                         0     51        6
  SINCE DEC 1    164                        30    134       66
  SINCE JAN 1    108                        10     98        9
..................................................................


WIND (MPH)
  HIGHEST WIND SPEED    31   HIGHEST WIND DIRECTION    NW (310)
  HIGHEST GUST SPEED    40   HIGHEST GUST DIRECTION    NW (310)
  AVERAGE WIND SPEED    11.5


SKY COVER
  POSSIBLE SUNSHINE  MM
  AVERAGE SKY COVER 1.0


WEATHER CONDITIONS
 THE FOLLOWING WEATHER WAS RECORDED YESTERDAY.
  THUNDERSTORM
  HEAVY RAIN
  RAIN
  LIGHT RAIN
  FOG


RELATIVE HUMIDITY (PERCENT)
 HIGHEST   100           300 PM
 LOWEST     79          1100 AM
 AVERAGE    90

..........................................................


THE LAKE CHARLES CLIMATE NORMALS FOR TODAY
                         NORMAL    RECORD    YEAR
 MAXIMUM TEMPERATURE (F)   66        87      1913
 MINIMUM TEMPERATURE (F)   47        28      1978
                                             1914


SUNRISE AND SUNSET
FEBRUARY 21 2017......SUNRISE   647 AM CST   SUNSET   606 PM CST
FEBRUARY 22 2017......SUNRISE   646 AM CST   SUNSET   607 PM CST


-  INDICATES NEGATIVE NUMBERS.
R  INDICATES RECORD WAS SET OR TIED.
MM INDICATES DATA IS MISSING.
T  INDICATES TRACE AMOUNT.




$$
