000
CDUS43 KLMK 252027 RRC
CLILEX

CLIMATE REPORT
NATIONAL WEATHER SERVICE LOUISVILLE KY
426 PM EDT MON SEP 25 2017


...................................

...THE LEXINGTON KY CLIMATE SUMMARY FOR SEPTEMBER 25 2017...
VALID TODAY AS OF 0400 PM LOCAL TIME.

CLIMATE NORMAL PERIOD 1981 TO 2010
CLIMATE RECORD PERIOD 1872 TO 2017


WEATHER ITEM   OBSERVED TIME   RECORD YEAR NORMAL DEPARTURE LAST
                VALUE   (LST)  VALUE       VALUE  FROM      YEAR
                                                  NORMAL
..................................................................
TEMPERATURE (F)
 TODAY
  MAXIMUM         88    101 PM  93    2007  75     13       91
  MINIMUM         62    648 AM  35    1965  54      8       67
  AVERAGE         75                        64     11       79

PRECIPITATION (IN)
  TODAY            0.00          2.96 1970   0.10  -0.10     0.00
  MONTH TO DATE    3.74                      2.41   1.33     0.65
  SINCE SEP 1      3.74                      2.41   1.33     0.65
  SINCE JAN 1     38.68                     34.08   4.60    35.02

SNOWFALL (IN)
  TODAY            0.0          MM      MM   0.0    0.0      0.0
  MONTH TO DATE    0.0                       0.0    0.0      0.0
  SINCE SEP 1      0.0                       0.0    0.0      0.0
  SINCE JUL 1      0.0                       0.0    0.0      0.0
  SNOW DEPTH       0

DEGREE DAYS
 HEATING
  TODAY            0                         3     -3        0
  MONTH TO DATE   31                        30      1        0
  SINCE SEP 1     31                        30      1        0
  SINCE JUL 1     31                        32     -1        0

 COOLING
  TODAY           10                         3      7       14
  MONTH TO DATE  120                       133    -13      271
  SINCE SEP 1    120                       133    -13      271
  SINCE JAN 1   1201                      1150     51     1547
..................................................................


WIND (MPH)
  HIGHEST WIND SPEED     8   HIGHEST WIND DIRECTION     N (350)
  HIGHEST GUST SPEED    13   HIGHEST GUST DIRECTION     N (350)
  AVERAGE WIND SPEED     1.6


SKY COVER
  POSSIBLE SUNSHINE  MM
  AVERAGE SKY COVER 0.0


WEATHER CONDITIONS
 THE FOLLOWING WEATHER WAS RECORDED TODAY.
  NO SIGNIFICANT WEATHER WAS OBSERVED.


RELATIVE HUMIDITY (PERCENT)
 HIGHEST    93           200 AM
 LOWEST     50           100 PM
 AVERAGE    72

..........................................................


THE LEXINGTON KY CLIMATE NORMALS FOR TOMORROW
                         NORMAL    RECORD    YEAR
 MAXIMUM TEMPERATURE (F)   75        90      1939
                                             1900
 MINIMUM TEMPERATURE (F)   53        38      2001
                                             1940


SUNRISE AND SUNSET
SEPTEMBER 25 2017.....SUNRISE   729 AM EDT   SUNSET   730 PM EDT
SEPTEMBER 26 2017.....SUNRISE   730 AM EDT   SUNSET   729 PM EDT


-  INDICATES NEGATIVE NUMBERS.
R  INDICATES RECORD WAS SET OR TIED.
MM INDICATES DATA IS MISSING.
T  INDICATES TRACE AMOUNT.




$$
