000
CDUS43 KLMK 200727
CLILEX


CLIMATE REPORT
NATIONAL WEATHER SERVICE LOUISVILLE KY
226 AM EST MON NOV 20 2017


...................................

...THE LEXINGTON KY CLIMATE SUMMARY FOR NOVEMBER 19 2017...

CLIMATE NORMAL PERIOD 1981 TO 2010
CLIMATE RECORD PERIOD 1872 TO 2017


WEATHER ITEM   OBSERVED TIME   RECORD YEAR NORMAL DEPARTURE LAST
                VALUE   (LST)  VALUE       VALUE  FROM      YEAR
                                                  NORMAL
..................................................................
TEMPERATURE (F)
 YESTERDAY
  MAXIMUM         41    254 AM  77    1942  54    -13       67
                                      1930
  MINIMUM         28   1159 PM  11    2014  36     -8       33
  AVERAGE         35                        45    -10       50

PRECIPITATION (IN)
  YESTERDAY        0.00          2.32 1906   0.13  -0.13     0.13
  MONTH TO DATE    2.29                      2.15   0.14     0.41
  SINCE SEP 1     11.80                      8.19   3.61     2.91
  SINCE JAN 1     46.74                     39.86   6.88    37.28

SNOWFALL (IN)
  YESTERDAY        0.0           1.8  1937   0.0    0.0      0.0
  MONTH TO DATE    0.0                       0.1   -0.1      0.0
  SINCE SEP 1      T                         0.1   -0.1      0.0
  SINCE JUL 1      T                         0.1   -0.1      0.0
  SNOW DEPTH       0

DEGREE DAYS
 HEATING
  YESTERDAY       30                        20     10       15
  MONTH TO DATE  304                       314    -10      222
  SINCE SEP 1    556                       638    -82      355
  SINCE JUL 1    556                       640    -84      355

 COOLING
  YESTERDAY        0                         0      0        0
  MONTH TO DATE    6                         0      6       15
  SINCE SEP 1    209                       171     38      364
  SINCE JAN 1   1290                      1188    102     1640
..................................................................


WIND (MPH)
  HIGHEST WIND SPEED    21   HIGHEST WIND DIRECTION     W (280)
  HIGHEST GUST SPEED    29   HIGHEST GUST DIRECTION     W (270)
  AVERAGE WIND SPEED     9.4


SKY COVER
  POSSIBLE SUNSHINE  MM
  AVERAGE SKY COVER 0.7


WEATHER CONDITIONS
 THE FOLLOWING WEATHER WAS RECORDED YESTERDAY.
  NO SIGNIFICANT WEATHER WAS OBSERVED.


RELATIVE HUMIDITY (PERCENT)
 HIGHEST    79           100 AM
 LOWEST     69           600 PM
 AVERAGE    74

..........................................................


THE LEXINGTON KY CLIMATE NORMALS FOR TODAY
                         NORMAL    RECORD    YEAR
 MAXIMUM TEMPERATURE (F)   53        78      1942
 MINIMUM TEMPERATURE (F)   36         6      1873


SUNRISE AND SUNSET
NOVEMBER 20 2017......SUNRISE   725 AM EST   SUNSET   523 PM EST
NOVEMBER 21 2017......SUNRISE   726 AM EST   SUNSET   523 PM EST


-  INDICATES NEGATIVE NUMBERS.
R  INDICATES RECORD WAS SET OR TIED.
MM INDICATES DATA IS MISSING.
T  INDICATES TRACE AMOUNT.




$$
