000
CDUS43 KLMK 302032
CLILEX


CLIMATE REPORT
NATIONAL WEATHER SERVICE LOUISVILLE KY
430 PM EDT MON MAY 30 2016


...................................

...THE LEXINGTON KY CLIMATE SUMMARY FOR MAY 30 2016...
VALID TODAY AS OF 0400 PM LOCAL TIME.

CLIMATE NORMAL PERIOD 1981 TO 2010
CLIMATE RECORD PERIOD 1872 TO 2016


WEATHER ITEM   OBSERVED TIME   RECORD YEAR NORMAL DEPARTURE LAST
                VALUE   (LST)  VALUE       VALUE  FROM      YEAR
                                                  NORMAL
..................................................................
TEMPERATURE (F)
 TODAY
  MAXIMUM         85    257 PM  92    1953  78      7       85
                                      1944
                                      1937
  MINIMUM         63    501 AM  38    1947  58      5       68
  AVERAGE         74                        68      6       77

PRECIPITATION (IN)
  TODAY            0.00          3.36 2004   0.18  -0.18     0.00
  MONTH TO DATE    6.49                      5.08   1.41     2.07
  SINCE MAR 1     12.59                     12.75  -0.16    20.94
  SINCE JAN 1     18.29                     19.15  -0.86    25.79

SNOWFALL (IN)
  TODAY            0.0          MM      MM   0.0    0.0      0.0
  MONTH TO DATE    0.0                       0.0    0.0      0.0
  SINCE MAR 1      0.7                       1.7   -1.0     17.1
  SINCE JUL 1     15.3                      13.0    2.3     40.0
  SNOW DEPTH       0

DEGREE DAYS
 HEATING
  TODAY            0                         1     -1        0
  MONTH TO DATE  137                       110     27       59
  SINCE MAR 1    793                      1028   -235      968
  SINCE JUL 1   3764                      4599   -835     4946

 COOLING
  TODAY            9                         5      4       12
  MONTH TO DATE   77                        78     -1      150
  SINCE MAR 1    105                       100      5      162
  SINCE JAN 1    105                       100      5      162
..................................................................


WIND (MPH)
  HIGHEST WIND SPEED    12   HIGHEST WIND DIRECTION     N (20)
  HIGHEST GUST SPEED    15   HIGHEST GUST DIRECTION     N (20)
  AVERAGE WIND SPEED     3.5


SKY COVER
  POSSIBLE SUNSHINE  MM
  AVERAGE SKY COVER 0.0


WEATHER CONDITIONS
 THE FOLLOWING WEATHER WAS RECORDED TODAY.
  FOG


RELATIVE HUMIDITY (PERCENT)
 HIGHEST    93           500 AM
 LOWEST     44           100 PM
 AVERAGE    69

..........................................................


THE LEXINGTON KY CLIMATE NORMALS FOR TOMORROW
                         NORMAL    RECORD    YEAR
 MAXIMUM TEMPERATURE (F)   79        95      1937
 MINIMUM TEMPERATURE (F)   58        39      1889


SUNRISE AND SUNSET
MAY 30 2016...........SUNRISE   618 AM EDT   SUNSET   854 PM EDT
MAY 31 2016...........SUNRISE   618 AM EDT   SUNSET   855 PM EDT


-  INDICATES NEGATIVE NUMBERS.
R  INDICATES RECORD WAS SET OR TIED.
MM INDICATES DATA IS MISSING.
T  INDICATES TRACE AMOUNT.




$$
