000
CDUS43 KLMK 030626
CLILEX


CLIMATE REPORT
NATIONAL WEATHER SERVICE LOUISVILLE KY
126 AM EST SAT DEC 3 2016


...................................

...THE LEXINGTON KY CLIMATE SUMMARY FOR DECEMBER 2 2016...

CLIMATE NORMAL PERIOD 1981 TO 2010
CLIMATE RECORD PERIOD 1872 TO 2016


WEATHER ITEM   OBSERVED TIME   RECORD YEAR NORMAL DEPARTURE LAST
                VALUE   (LST)  VALUE       VALUE  FROM      YEAR
                                                  NORMAL
..................................................................
TEMPERATURE (F)
 YESTERDAY
  MAXIMUM         46    222 PM  75    1982  48     -2       48
  MINIMUM         28    805 AM   4    1929  32     -4       35
  AVERAGE         37                        40     -3       42

PRECIPITATION (IN)
  YESTERDAY        0.00          3.32 1991   0.13  -0.13      T
  MONTH TO DATE    0.00                      0.25  -0.25     0.79
  SINCE DEC 1      0.00                      0.25  -0.25     0.79
  SINCE JAN 1     38.21                     41.49  -3.28    53.47

SNOWFALL (IN)
  YESTERDAY        0.0           1.8  1929   0.1   -0.1      0.0
  MONTH TO DATE    0.0                       0.1   -0.1      0.0
  SINCE DEC 1      0.0                       0.1   -0.1      0.0
  SINCE JUL 1      0.0                       0.4   -0.4       T
  SNOW DEPTH       0

DEGREE DAYS
 HEATING
  YESTERDAY       28                        25      3       23
  MONTH TO DATE   52                        50      2       35
  SINCE DEC 1     52                        50      2       35
  SINCE JUL 1    638                       937   -299      721

 COOLING
  YESTERDAY        0                         0      0        0
  MONTH TO DATE    0                         0      0        0
  SINCE DEC 1      0                         0      0        0
  SINCE JAN 1   1640                      1190    450     1284
..................................................................


WIND (MPH)
  HIGHEST WIND SPEED    12   HIGHEST WIND DIRECTION     N (350)
  HIGHEST GUST SPEED    15   HIGHEST GUST DIRECTION     W (270)
  AVERAGE WIND SPEED     5.1


SKY COVER
  POSSIBLE SUNSHINE  MM
  AVERAGE SKY COVER 0.5


WEATHER CONDITIONS
 THE FOLLOWING WEATHER WAS RECORDED YESTERDAY.
  NO SIGNIFICANT WEATHER WAS OBSERVED.


RELATIVE HUMIDITY (PERCENT)
 HIGHEST    85           300 AM
 LOWEST     53           200 PM
 AVERAGE    69

..........................................................


THE LEXINGTON KY CLIMATE NORMALS FOR TODAY
                         NORMAL    RECORD    YEAR
 MAXIMUM TEMPERATURE (F)   48        75      1982
 MINIMUM TEMPERATURE (F)   31        -2      1929


SUNRISE AND SUNSET
DECEMBER  3 2016......SUNRISE   738 AM EST   SUNSET   519 PM EST
DECEMBER  4 2016......SUNRISE   739 AM EST   SUNSET   519 PM EST


-  INDICATES NEGATIVE NUMBERS.
R  INDICATES RECORD WAS SET OR TIED.
MM INDICATES DATA IS MISSING.
T  INDICATES TRACE AMOUNT.




$$
