000
CDUS43 KLMK 300630
CLILEX


CLIMATE REPORT
NATIONAL WEATHER SERVICE LOUISVILLE KY
229 AM EDT MON MAR 30 2015


...................................

...THE LEXINGTON KY CLIMATE SUMMARY FOR MARCH 29 2015...

CLIMATE NORMAL PERIOD 1981 TO 2010
CLIMATE RECORD PERIOD 1872 TO 2015


WEATHER ITEM   OBSERVED TIME   RECORD YEAR NORMAL DEPARTURE LAST
                VALUE   (LST)  VALUE       VALUE  FROM      YEAR
                                                  NORMAL
..................................................................
TEMPERATURE (F)
 YESTERDAY
  MAXIMUM         57    417 PM  83    1910  60     -3       52
  MINIMUM         23    449 AM  17    1964  39    -16       37
  AVERAGE         40                        50    -10       45

PRECIPITATION (IN)
  YESTERDAY        T             1.55 1975   0.13  -0.13     0.76
  MONTH TO DATE    7.46                      3.80   3.66     2.89
  SINCE MAR 1      7.46                      3.80   3.66     2.89
  SINCE JAN 1     12.31                     10.20   2.11     9.93

SNOWFALL (IN)
  YESTERDAY        0.0           3.9  1970   0.0    0.0       T
  MONTH TO DATE   17.1                       1.3   15.8      7.5
  SINCE MAR 1     17.1                       1.3   15.8      7.5
  SINCE JUL 1     40.0                      12.6   27.4     26.8
  SNOW DEPTH       0

DEGREE DAYS
 HEATING
  YESTERDAY       25                        16      9       20
  MONTH TO DATE  629                       576     53      681
  SINCE MAR 1    629                       576     53      681
  SINCE JUL 1   4607                      4147    460     4524

 COOLING
  YESTERDAY        0                         0      0        0
  MONTH TO DATE    0                         0      0        0
  SINCE MAR 1      0                         0      0        0
  SINCE JAN 1      0                         0      0        0
..................................................................


WIND (MPH)
  HIGHEST WIND SPEED    23   HIGHEST WIND DIRECTION    SW (240)
  HIGHEST GUST SPEED    32   HIGHEST GUST DIRECTION     W (250)
  AVERAGE WIND SPEED    12.4


SKY COVER
  POSSIBLE SUNSHINE  MM
  AVERAGE SKY COVER 0.2


WEATHER CONDITIONS
 THE FOLLOWING WEATHER WAS RECORDED YESTERDAY.
  LIGHT RAIN


RELATIVE HUMIDITY (PERCENT)
 HIGHEST    60           300 AM
 LOWEST     16           300 PM
 AVERAGE    38

..........................................................


THE LEXINGTON KY CLIMATE NORMALS FOR TODAY
                         NORMAL    RECORD    YEAR
 MAXIMUM TEMPERATURE (F)   60        83      1895
 MINIMUM TEMPERATURE (F)   40        17      1964
                                             1923


SUNRISE AND SUNSET
MARCH 30 2015.........SUNRISE   727 AM EDT   SUNSET   759 PM EDT
MARCH 31 2015.........SUNRISE   725 AM EDT   SUNSET   800 PM EDT


-  INDICATES NEGATIVE NUMBERS.
R  INDICATES RECORD WAS SET OR TIED.
MM INDICATES DATA IS MISSING.
T  INDICATES TRACE AMOUNT.

$$

SCHOETTMER
