000
CDUS44 KSHV 180832
CLILFK


CLIMATE REPORT
NATIONAL WEATHER SERVICE SHREVEPORT, LA
232 AM CST MON DEC 18 2017


...................................

...THE LUFKIN CLIMATE SUMMARY FOR DECEMBER 17 2017...

CLIMATE NORMAL PERIOD 1981 TO 2010
CLIMATE RECORD PERIOD 1906 TO 2017


WEATHER ITEM   OBSERVED TIME   RECORD YEAR NORMAL DEPARTURE LAST
                VALUE   (LST)  VALUE       VALUE  FROM      YEAR
                                                  NORMAL
..................................................................
TEMPERATURE (F)
 YESTERDAY
  MAXIMUM         54    500 PM  85    1924  60     -6       78
  MINIMUM         44    845 AM  17    1972  39      5       38
  AVERAGE         49                        50     -1       58

PRECIPITATION (IN)
  YESTERDAY        0.16          2.53 1995   0.15   0.01     0.02
  MONTH TO DATE    2.26                      2.53  -0.27     4.81
  SINCE DEC 1      2.26                      2.53  -0.27     4.81
  SINCE JAN 1     54.31                     47.04   7.27    50.14

SNOWFALL (IN)
  YESTERDAY        0.0
  MONTH TO DATE    1.0
  SINCE DEC 1      1.0
  SINCE JUL 1      1.0
  SNOW DEPTH       0

DEGREE DAYS
 HEATING
  YESTERDAY       16                        16      0        7
  MONTH TO DATE  259                       242     17      229
  SINCE DEC 1    259                       242     17      229
  SINCE JUL 1    510                       549    -39      377

 COOLING
  YESTERDAY        0                         0      0        0
  MONTH TO DATE    5                         4      1        0
  SINCE DEC 1      5                         4      1        0
  SINCE JAN 1   2661                      2587     74     2809
..................................................................


WIND (MPH)
  HIGHEST WIND SPEED    13   HIGHEST WIND DIRECTION     N (360)
  HIGHEST GUST SPEED    19   HIGHEST GUST DIRECTION     N (340)
  AVERAGE WIND SPEED     2.1


SKY COVER
  POSSIBLE SUNSHINE  MM
  AVERAGE SKY COVER 1.0


WEATHER CONDITIONS
 THE FOLLOWING WEATHER WAS RECORDED YESTERDAY.
  HEAVY RAIN
  RAIN
  LIGHT RAIN
  FOG
  FOG W/VISIBILITY <= 1/4 MILE


RELATIVE HUMIDITY (PERCENT)
 HIGHEST   100          1200 AM
 LOWEST     89           100 PM
 AVERAGE    95

..........................................................


THE LUFKIN CLIMATE NORMALS FOR TODAY
                         NORMAL    RECORD    YEAR
 MAXIMUM TEMPERATURE (F)   60        82      1924
 MINIMUM TEMPERATURE (F)   39        20      1932


SUNRISE AND SUNSET
DECEMBER 18 2017......SUNRISE   712 AM CST   SUNSET   519 PM CST
DECEMBER 19 2017......SUNRISE   713 AM CST   SUNSET   520 PM CST


-  INDICATES NEGATIVE NUMBERS.
R  INDICATES RECORD WAS SET OR TIED.
MM INDICATES DATA IS MISSING.
T  INDICATES TRACE AMOUNT.




$$
