000
CDUS44 KSHV 190755
CLILFK


CLIMATE REPORT
NATIONAL WEATHER SERVICE SHREVEPORT, LA
255 AM CDT THU OCT 19 2017


...................................

...THE LUFKIN CLIMATE SUMMARY FOR OCTOBER 18 2017...

CLIMATE NORMAL PERIOD 1981 TO 2010
CLIMATE RECORD PERIOD 1906 TO 2017


WEATHER ITEM   OBSERVED TIME   RECORD YEAR NORMAL DEPARTURE LAST
                VALUE   (LST)  VALUE       VALUE  FROM      YEAR
                                                  NORMAL
..................................................................
TEMPERATURE (F)
 YESTERDAY
  MAXIMUM         80    345 PM  92    1920  79      1       91
  MINIMUM         44    647 AM  29    1948  55    -11       70
  AVERAGE         62                        67     -5       81

PRECIPITATION (IN)
  YESTERDAY        0.00          5.21 1998   0.17  -0.17     0.00
  MONTH TO DATE    0.37                      2.53  -2.16     0.10
  SINCE DEC 1     53.31                     41.64  11.67    46.58
  SINCE JAN 1     48.40                     37.20  11.20    42.53

SNOWFALL (IN)
  YESTERDAY        0.0
  MONTH TO DATE    0.0
  SINCE SEP 1      0.0
  SINCE JUL 1      0.0
  SNOW DEPTH       0

DEGREE DAYS
 HEATING
  YESTERDAY        3                         2      1        0
  MONTH TO DATE   11                        22    -11        1
  SINCE SEP 1     11                        26    -15        1
  SINCE JUL 1     11                        26    -15        1

 COOLING
  YESTERDAY        0                         4     -4       16
  MONTH TO DATE  160                       105     55      170
  SINCE SEP 1    521                       479     42      617
  SINCE JAN 1   2544                      2502     42     2705
..................................................................


WIND (MPH)
  HIGHEST WIND SPEED     9   HIGHEST WIND DIRECTION    SW (210)
  HIGHEST GUST SPEED    14   HIGHEST GUST DIRECTION     S (160)
  AVERAGE WIND SPEED     2.3


SKY COVER
  POSSIBLE SUNSHINE  MM
  AVERAGE SKY COVER 0.0


WEATHER CONDITIONS
 THE FOLLOWING WEATHER WAS RECORDED YESTERDAY.
  FOG
  HAZE


RELATIVE HUMIDITY (PERCENT)
 HIGHEST   100          1200 AM
 LOWEST     45           200 PM
 AVERAGE    73

..........................................................


THE LUFKIN CLIMATE NORMALS FOR TODAY
                         NORMAL    RECORD    YEAR
 MAXIMUM TEMPERATURE (F)   79        96      1920
 MINIMUM TEMPERATURE (F)   55        28      1948


SUNRISE AND SUNSET
OCTOBER 19 2017.......SUNRISE   725 AM CDT   SUNSET   642 PM CDT
OCTOBER 20 2017.......SUNRISE   726 AM CDT   SUNSET   641 PM CDT


-  INDICATES NEGATIVE NUMBERS.
R  INDICATES RECORD WAS SET OR TIED.
MM INDICATES DATA IS MISSING.
T  INDICATES TRACE AMOUNT.




$$
