000
CDUS44 KSHV 210826
CLILFK


CLIMATE REPORT
NATIONAL WEATHER SERVICE SHREVEPORT, LA
321 AM CDT SUN SEP 21 2014


...................................

...THE LUFKIN CLIMATE SUMMARY FOR SEPTEMBER 20 2014...

CLIMATE NORMAL PERIOD 1981 TO 2010
CLIMATE RECORD PERIOD 1906 TO 2014


WEATHER ITEM   OBSERVED TIME   RECORD YEAR NORMAL DEPARTURE LAST
                VALUE   (LST)  VALUE       VALUE  FROM      YEAR
                                                  NORMAL
..................................................................
TEMPERATURE (F)
 YESTERDAY
  MAXIMUM         92    314 PM 102    2005  88      4       77
  MINIMUM         70    530 AM  51    1981  65      5       70
  AVERAGE         81                        76      5       74

PRECIPITATION (IN)
  YESTERDAY        0.00          4.91 1958   0.13  -0.13     3.37
  MONTH TO DATE    3.08                      2.81   0.27     3.67
  SINCE DEC 1     37.21                     37.84  -0.63    33.88
  SINCE JAN 1     35.00                     33.40   1.60    29.57

SNOWFALL (IN)
  YESTERDAY        0.0
  MONTH TO DATE    0.0
  SINCE SEP 1      0.0
  SINCE JUL 1      0.0
  SNOW DEPTH       0

DEGREE DAYS
 HEATING
  YESTERDAY        0                         0      0        0
  MONTH TO DATE    0                         0      0        0
  SINCE SEP 1      0                         0      0        0
  SINCE JUL 1      0                         0      0        0

 COOLING
  YESTERDAY       16                        11      5        9
  MONTH TO DATE  363                       278     85      352
  SINCE SEP 1    363                       278     85      352
  SINCE JAN 1   2597                      2301    296     2519
..................................................................


WIND (MPH)
  HIGHEST WIND SPEED    15   HIGHEST WIND DIRECTION     E (110)
  HIGHEST GUST SPEED    20   HIGHEST GUST DIRECTION     E (90)
  AVERAGE WIND SPEED     4.6


SKY COVER
  POSSIBLE SUNSHINE  MM
  AVERAGE SKY COVER 0.0


WEATHER CONDITIONS
 THE FOLLOWING WEATHER WAS RECORDED YESTERDAY.
  FOG
  HAZE


RELATIVE HUMIDITY (PERCENT)
 HIGHEST    90           600 AM
 LOWEST     44          1200 PM
 AVERAGE    67

..........................................................


THE LUFKIN CLIMATE NORMALS FOR TODAY
                         NORMAL    RECORD    YEAR
 MAXIMUM TEMPERATURE (F)   87       104      2005
 MINIMUM TEMPERATURE (F)   64        45      1913


SUNRISE AND SUNSET
SEPTEMBER 21 2014.....SUNRISE   707 AM CDT   SUNSET   717 PM CDT
SEPTEMBER 22 2014.....SUNRISE   707 AM CDT   SUNSET   716 PM CDT


-  INDICATES NEGATIVE NUMBERS.
R  INDICATES RECORD WAS SET OR TIED.
MM INDICATES DATA IS MISSING.
T  INDICATES TRACE AMOUNT.




$$
