000
CDUS44 KSHV 310819
CLILFK


CLIMATE REPORT
NATIONAL WEATHER SERVICE SHREVEPORT, LA
318 AM CDT FRI JUL 31 2015


...................................

...THE LUFKIN CLIMATE SUMMARY FOR JULY 30 2015...

CLIMATE NORMAL PERIOD 1981 TO 2010
CLIMATE RECORD PERIOD 1906 TO 2015


WEATHER ITEM   OBSERVED TIME   RECORD YEAR NORMAL DEPARTURE LAST
                VALUE   (LST)  VALUE       VALUE  FROM      YEAR
                                                  NORMAL
..................................................................
TEMPERATURE (F)
 YESTERDAY
  MAXIMUM        102    347 PM 105    1932  94      8       94
  MINIMUM         75   1159 PM  64    1994  72      3       73
  AVERAGE         89                        83      6       84

PRECIPITATION (IN)
  YESTERDAY       MM             1.43 1954   0.09  MM        0.00
  MONTH TO DATE    0.23                      2.96  -2.73     7.18
  SINCE DEC 1     48.51                     31.60  16.91    29.57
  SINCE JAN 1     46.46                     27.16  19.30    27.36

SNOWFALL (IN)
  YESTERDAY        0.0
  MONTH TO DATE    0.0
  SINCE JUN 1      0.0
  SINCE JUL 1      0.0
  SNOW DEPTH       0

DEGREE DAYS
 HEATING
  YESTERDAY        0                         0      0        0
  MONTH TO DATE    0                         0      0        0
  SINCE JUN 1      0                         0      0        0
  SINCE JUL 1      0                         0      0        0

 COOLING
  YESTERDAY       24                        18      6       19
  MONTH TO DATE  606                       531     75      564
  SINCE JUN 1   1159                       983    176     1103
  SINCE JAN 1   1842                      1452    390     1599
..................................................................


WIND (MPH)
  HIGHEST WIND SPEED    20   HIGHEST WIND DIRECTION     E (80)
  HIGHEST GUST SPEED    25   HIGHEST GUST DIRECTION     N (10)
  AVERAGE WIND SPEED     5.0


SKY COVER
  POSSIBLE SUNSHINE  MM
  AVERAGE SKY COVER 0.1


WEATHER CONDITIONS
 THE FOLLOWING WEATHER WAS RECORDED YESTERDAY.
  THUNDERSTORM
  RAIN
  LIGHT RAIN
  FOG
  HAZE


RELATIVE HUMIDITY (PERCENT)
 HIGHEST    94          1000 PM
 LOWEST     35           400 PM
 AVERAGE    65

..........................................................


THE LUFKIN CLIMATE NORMALS FOR TODAY
                         NORMAL    RECORD    YEAR
 MAXIMUM TEMPERATURE (F)   94       107      1998
 MINIMUM TEMPERATURE (F)   72        64      1936


SUNRISE AND SUNSET
JULY 31 2015..........SUNRISE   635 AM CDT   SUNSET   815 PM CDT
AUGUST  1 2015........SUNRISE   636 AM CDT   SUNSET   815 PM CDT


-  INDICATES NEGATIVE NUMBERS.
R  INDICATES RECORD WAS SET OR TIED.
MM INDICATES DATA IS MISSING.
T  INDICATES TRACE AMOUNT.




$$
