000
CDUS44 KSHV 250834
CLILFK


CLIMATE REPORT
NATIONAL WEATHER SERVICE SHREVEPORT, LA
234 AM CST SAT FEB 25 2017


...................................

...THE LUFKIN CLIMATE SUMMARY FOR FEBRUARY 24 2017...

CLIMATE NORMAL PERIOD 1981 TO 2010
CLIMATE RECORD PERIOD 1906 TO 2017


WEATHER ITEM   OBSERVED TIME   RECORD YEAR NORMAL DEPARTURE LAST
                VALUE   (LST)  VALUE       VALUE  FROM      YEAR
                                                  NORMAL
..................................................................
TEMPERATURE (F)
 YESTERDAY
  MAXIMUM         81    239 PM  85    1918  66     15       59
  MINIMUM         54   1159 PM  23    1965  44     10       36
  AVERAGE         68                        55     13       48

PRECIPITATION (IN)
  YESTERDAY        0.00          1.92 1960   0.14  -0.14     0.00
  MONTH TO DATE    2.13                      3.36  -1.23     3.71
  SINCE DEC 1     12.69                     11.98   0.71    10.23
  SINCE JAN 1      7.78                      7.54   0.24     6.18

SNOWFALL (IN)
  YESTERDAY        0.0
  MONTH TO DATE    0.0
  SINCE DEC 1      T
  SINCE JUL 1      T
  SNOW DEPTH       0

DEGREE DAYS
 HEATING
  YESTERDAY        0                        11    -11       17
  MONTH TO DATE  120                       313   -193      247
  SINCE DEC 1    806                      1286   -480     1080
  SINCE JUL 1    954                      1593   -639     1265

 COOLING
  YESTERDAY        3                         0      3        0
  MONTH TO DATE   38                         0     38       11
  SINCE DEC 1     94                        21     73       47
  SINCE JAN 1     63                         8     55       14
..................................................................


WIND (MPH)
  HIGHEST WIND SPEED    18   HIGHEST WIND DIRECTION    SE (150)
  HIGHEST GUST SPEED    22   HIGHEST GUST DIRECTION    NW (320)
  AVERAGE WIND SPEED     9.0


SKY COVER
  POSSIBLE SUNSHINE  MM
  AVERAGE SKY COVER 0.1


WEATHER CONDITIONS
 THE FOLLOWING WEATHER WAS RECORDED YESTERDAY.
  FOG
  FOG W/VISIBILITY <= 1/4 MILE


RELATIVE HUMIDITY (PERCENT)
 HIGHEST   100           200 AM
 LOWEST     30           300 PM
 AVERAGE    65

..........................................................


THE LUFKIN CLIMATE NORMALS FOR TODAY
                         NORMAL    RECORD    YEAR
 MAXIMUM TEMPERATURE (F)   66        90      1918
 MINIMUM TEMPERATURE (F)   44        22      1965


SUNRISE AND SUNSET
FEBRUARY 25 2017......SUNRISE   650 AM CST   SUNSET   615 PM CST
FEBRUARY 26 2017......SUNRISE   649 AM CST   SUNSET   615 PM CST


-  INDICATES NEGATIVE NUMBERS.
R  INDICATES RECORD WAS SET OR TIED.
MM INDICATES DATA IS MISSING.
T  INDICATES TRACE AMOUNT.




$$
