000
CDUS44 KSHV 290732
CLILFK


CLIMATE REPORT
NATIONAL WEATHER SERVICE SHREVEPORT, LA
232 AM CDT FRI AUG 29 2014


...................................

...THE LUFKIN CLIMATE SUMMARY FOR AUGUST 28 2014...

CLIMATE NORMAL PERIOD 1981 TO 2010
CLIMATE RECORD PERIOD 1906 TO 2014


WEATHER ITEM   OBSERVED TIME   RECORD YEAR NORMAL DEPARTURE LAST
                VALUE   (LST)  VALUE       VALUE  FROM      YEAR
                                                  NORMAL
..................................................................
TEMPERATURE (F)
 YESTERDAY
  MAXIMUM         95    119 PM 105    2011  93      2       99
                                      1943
  MINIMUM         75    519 AM  56    1992  71      4       72
  AVERAGE         85                        82      3       86

PRECIPITATION (IN)
  YESTERDAY        0.03          2.67 2003   0.11  -0.08     0.00
  MONTH TO DATE    2.50                      2.99  -0.49     1.17
  SINCE DEC 1     34.03                     34.68  -0.65    30.21
  SINCE JAN 1     31.82                     30.24   1.58    25.90

SNOWFALL (IN)
  YESTERDAY        0.0
  MONTH TO DATE    0.0
  SINCE JUN 1      0.0
  SINCE JUL 1      0.0
  SNOW DEPTH       0

DEGREE DAYS
 HEATING
  YESTERDAY        0                         0      0        0
  MONTH TO DATE    0                         0      0        0
  SINCE JUN 1      0                         0      0        0
  SINCE JUL 1      0                         0      0        0

 COOLING
  YESTERDAY       20                        17      3       21
  MONTH TO DATE  564                       499     65      531
  SINCE JUN 1   1683                      1501    182     1590
  SINCE JAN 1   2179                      1970    209     2104
..................................................................


WIND (MPH)
  HIGHEST WIND SPEED    22   HIGHEST WIND DIRECTION     S (170)
  HIGHEST GUST SPEED    28   HIGHEST GUST DIRECTION     S (160)
  AVERAGE WIND SPEED     4.4


SKY COVER
  POSSIBLE SUNSHINE  MM
  AVERAGE SKY COVER 0.1


WEATHER CONDITIONS
 THE FOLLOWING WEATHER WAS RECORDED YESTERDAY.
  THUNDERSTORM
  RAIN
  LIGHT RAIN


RELATIVE HUMIDITY (PERCENT)
 HIGHEST    87           300 AM
 LOWEST     46          1200 PM
 AVERAGE    67

..........................................................


THE LUFKIN CLIMATE NORMALS FOR TODAY
                         NORMAL    RECORD    YEAR
 MAXIMUM TEMPERATURE (F)   93       102      2000
 MINIMUM TEMPERATURE (F)   71        55      1952


SUNRISE AND SUNSET
AUGUST 29 2014........SUNRISE   653 AM CDT   SUNSET   746 PM CDT
AUGUST 30 2014........SUNRISE   654 AM CDT   SUNSET   745 PM CDT


-  INDICATES NEGATIVE NUMBERS.
R  INDICATES RECORD WAS SET OR TIED.
MM INDICATES DATA IS MISSING.
T  INDICATES TRACE AMOUNT.




$$
