000
CDUS44 KSHV 310851
CLILFK


CLIMATE REPORT
NATIONAL WEATHER SERVICE SHREVEPORT, LA
318 AM CDT FRI OCT 31 2014


...................................

...THE LUFKIN CLIMATE SUMMARY FOR OCTOBER 30 2014...

CLIMATE NORMAL PERIOD 1981 TO 2010
CLIMATE RECORD PERIOD 1906 TO 2014


WEATHER ITEM   OBSERVED TIME   RECORD YEAR NORMAL DEPARTURE LAST
                VALUE   (LST)  VALUE       VALUE  FROM      YEAR
                                                  NORMAL
..................................................................
TEMPERATURE (F)
 YESTERDAY
  MAXIMUM         79    338 PM  89    1937  76      3       79
  MINIMUM         48    629 AM  27    1917  52     -4       66
  AVERAGE         64                        64      0       73

PRECIPITATION (IN)
  YESTERDAY        0.00          2.11 1979   0.17  -0.17     1.99
  MONTH TO DATE    3.61                      4.67  -1.06     4.79
  SINCE DEC 1     40.82                     43.78  -2.96    39.35
  SINCE JAN 1     38.61                     39.34  -0.73    35.04

SNOWFALL (IN)
  YESTERDAY        0.0
  MONTH TO DATE    0.0
  SINCE SEP 1      0.0
  SINCE JUL 1      0.0
  SNOW DEPTH       0

DEGREE DAYS
 HEATING
  YESTERDAY        1                         4     -3        0
  MONTH TO DATE    1                        60    -59       26
  SINCE SEP 1      1                        64    -63       26
  SINCE JUL 1      1                        64    -63       26

 COOLING
  YESTERDAY        0                         3     -3        8
  MONTH TO DATE  217                       145     72      180
  SINCE SEP 1    713                       519    194      646
  SINCE JAN 1   2947                      2542    405     2813
..................................................................


WIND (MPH)
  HIGHEST WIND SPEED    10   HIGHEST WIND DIRECTION     E (90)
  HIGHEST GUST SPEED    14   HIGHEST GUST DIRECTION    SE (120)
  AVERAGE WIND SPEED     2.1


SKY COVER
  POSSIBLE SUNSHINE  MM
  AVERAGE SKY COVER 0.1


WEATHER CONDITIONS
 THE FOLLOWING WEATHER WAS RECORDED YESTERDAY.
  NO SIGNIFICANT WEATHER WAS OBSERVED.


RELATIVE HUMIDITY (PERCENT)
 HIGHEST    86           300 AM
 LOWEST     28           300 PM
 AVERAGE    57

..........................................................


THE LUFKIN CLIMATE NORMALS FOR TODAY
                         NORMAL    RECORD    YEAR
 MAXIMUM TEMPERATURE (F)   75        90      1972
 MINIMUM TEMPERATURE (F)   51        25      1993


SUNRISE AND SUNSET
OCTOBER 31 2014.......SUNRISE   734 AM CDT   SUNSET   631 PM CDT
NOVEMBER  1 2014......SUNRISE   735 AM CDT   SUNSET   630 PM CDT


-  INDICATES NEGATIVE NUMBERS.
R  INDICATES RECORD WAS SET OR TIED.
MM INDICATES DATA IS MISSING.
T  INDICATES TRACE AMOUNT.




$$
