000
CDUS44 KSHV 240737
CLILFK


CLIMATE REPORT
NATIONAL WEATHER SERVICE SHREVEPORT, LA
237 AM CDT FRI MAR 24 2017


...................................

...THE LUFKIN CLIMATE SUMMARY FOR MARCH 23 2017...

CLIMATE NORMAL PERIOD 1981 TO 2010
CLIMATE RECORD PERIOD 1906 TO 2017


WEATHER ITEM   OBSERVED TIME   RECORD YEAR NORMAL DEPARTURE LAST
                VALUE   (LST)  VALUE       VALUE  FROM      YEAR
                                                  NORMAL
..................................................................
TEMPERATURE (F)
 YESTERDAY
  MAXIMUM         85    342 PM  92    1929  73     12       77
  MINIMUM         63    555 AM  29    1913  49     14       62
  AVERAGE         74                        61     13       70

PRECIPITATION (IN)
  YESTERDAY        0.00          2.01 1983   0.12  -0.12      T
  MONTH TO DATE    1.60                      2.86  -1.26     5.17
  SINCE DEC 1     14.29                     15.35  -1.06    15.40
  SINCE JAN 1      9.38                     10.91  -1.53    11.35

SNOWFALL (IN)
  YESTERDAY        0.0
  MONTH TO DATE    0.0
  SINCE MAR 1      0.0
  SINCE JUL 1      T
  SNOW DEPTH       0

DEGREE DAYS
 HEATING
  YESTERDAY        0                         5     -5        0
  MONTH TO DATE  121                       173    -52       84
  SINCE MAR 1    121                       173    -52       84
  SINCE JUL 1   1097                      1807   -710     1406

 COOLING
  YESTERDAY        9                         2      7        5
  MONTH TO DATE   65                        25     40       41
  SINCE MAR 1     65                        25     40       41
  SINCE JAN 1    147                        44    103       55
..................................................................


WIND (MPH)
  HIGHEST WIND SPEED    23   HIGHEST WIND DIRECTION     S (170)
  HIGHEST GUST SPEED    30   HIGHEST GUST DIRECTION     S (160)
  AVERAGE WIND SPEED    11.1


SKY COVER
  POSSIBLE SUNSHINE  MM
  AVERAGE SKY COVER 0.3


WEATHER CONDITIONS
 THE FOLLOWING WEATHER WAS RECORDED YESTERDAY.
  NO SIGNIFICANT WEATHER WAS OBSERVED.


RELATIVE HUMIDITY (PERCENT)
 HIGHEST   100           200 AM
 LOWEST     25           400 PM
 AVERAGE    63

..........................................................


THE LUFKIN CLIMATE NORMALS FOR TODAY
                         NORMAL    RECORD    YEAR
 MAXIMUM TEMPERATURE (F)   73        88      1907
 MINIMUM TEMPERATURE (F)   50        28      1952


SUNRISE AND SUNSET
MARCH 24 2017.........SUNRISE   717 AM CDT   SUNSET   733 PM CDT
MARCH 25 2017.........SUNRISE   716 AM CDT   SUNSET   734 PM CDT


-  INDICATES NEGATIVE NUMBERS.
R  INDICATES RECORD WAS SET OR TIED.
MM INDICATES DATA IS MISSING.
T  INDICATES TRACE AMOUNT.




$$
