000
CDUS44 KSHV 310734
CLILFK


CLIMATE REPORT
NATIONAL WEATHER SERVICE SHREVEPORT, LA
233 AM CDT THU JUL 31 2014


...................................

...THE LUFKIN CLIMATE SUMMARY FOR JULY 30 2014...

CLIMATE NORMAL PERIOD 1981 TO 2010
CLIMATE RECORD PERIOD 1906 TO 2014


WEATHER ITEM   OBSERVED TIME   RECORD YEAR NORMAL DEPARTURE LAST
                VALUE   (LST)  VALUE       VALUE  FROM      YEAR
                                                  NORMAL
..................................................................
TEMPERATURE (F)
 YESTERDAY
  MAXIMUM         94    311 PM 105    1932  94      0       96
  MINIMUM         73    548 AM  64    1994  72      1       72
  AVERAGE         84                        83      1       84

PRECIPITATION (IN)
  YESTERDAY        0.00          1.43 1954   0.09  -0.09     0.00
  MONTH TO DATE    7.18                      2.96   4.22     3.73
  SINCE DEC 1     29.57                     31.60  -2.03    29.04
  SINCE JAN 1     27.36                     27.16   0.20    24.73

SNOWFALL (IN)
  YESTERDAY        0.0
  MONTH TO DATE    0.0
  SINCE JUN 1      0.0
  SINCE JUL 1      0.0
  SNOW DEPTH       0

DEGREE DAYS
 HEATING
  YESTERDAY        0                         0      0        0
  MONTH TO DATE    0                         0      0        0
  SINCE JUN 1      0                         0      0        0
  SINCE JUL 1      0                         0      0        0

 COOLING
  YESTERDAY       19                        18      1       19
  MONTH TO DATE  564                       531     33      515
  SINCE JUN 1   1103                       983    120     1038
  SINCE JAN 1   1599                      1452    147     1552
..................................................................


WIND (MPH)
  HIGHEST WIND SPEED    12   HIGHEST WIND DIRECTION     E (100)
  HIGHEST GUST SPEED    14   HIGHEST GUST DIRECTION    SE (120)
  AVERAGE WIND SPEED     6.0


SKY COVER
  POSSIBLE SUNSHINE  MM
  AVERAGE SKY COVER 0.2


WEATHER CONDITIONS
 THE FOLLOWING WEATHER WAS RECORDED YESTERDAY.
  FOG


RELATIVE HUMIDITY (PERCENT)
 HIGHEST    87          1200 AM
 LOWEST     44           300 PM
 AVERAGE    66

..........................................................


THE LUFKIN CLIMATE NORMALS FOR TODAY
                         NORMAL    RECORD    YEAR
 MAXIMUM TEMPERATURE (F)   94       107      1998
 MINIMUM TEMPERATURE (F)   72        64      1936


SUNRISE AND SUNSET
JULY 31 2014..........SUNRISE   635 AM CDT   SUNSET   815 PM CDT
AUGUST  1 2014........SUNRISE   636 AM CDT   SUNSET   814 PM CDT


-  INDICATES NEGATIVE NUMBERS.
R  INDICATES RECORD WAS SET OR TIED.
MM INDICATES DATA IS MISSING.
T  INDICATES TRACE AMOUNT.




$$
