000
CDUS44 KSHV 300734
CLILFK


CLIMATE REPORT
NATIONAL WEATHER SERVICE SHREVEPORT, LA
233 AM CDT MON MAR 30 2015


...................................

...THE LUFKIN CLIMATE SUMMARY FOR MARCH 29 2015...

CLIMATE NORMAL PERIOD 1981 TO 2010
CLIMATE RECORD PERIOD 1906 TO 2015


WEATHER ITEM   OBSERVED TIME   RECORD YEAR NORMAL DEPARTURE LAST
                VALUE   (LST)  VALUE       VALUE  FROM      YEAR
                                                  NORMAL
..................................................................
TEMPERATURE (F)
 YESTERDAY
  MAXIMUM         85    348 PM  89    1946  75     10       78
  MINIMUM         56    240 AM  29    1955  51      5       50
  AVERAGE         71                        62      9       64

PRECIPITATION (IN)
  YESTERDAY        0.00          3.25 1990   0.11  -0.11     0.00
  MONTH TO DATE    6.17                      3.55   2.62     2.55
  SINCE DEC 1     17.04                     16.04   1.00     7.58
  SINCE JAN 1     14.99                     11.60   3.39     5.37

SNOWFALL (IN)
  YESTERDAY        0.0
  MONTH TO DATE    0.0
  SINCE MAR 1      0.0
  SINCE JUL 1      T
  SNOW DEPTH       0

DEGREE DAYS
 HEATING
  YESTERDAY        0                         5     -5        1
  MONTH TO DATE  162                       203    -41      246
  SINCE MAR 1    162                       203    -41      246
  SINCE JUL 1   1682                      1837   -155     2049

 COOLING
  YESTERDAY        6                         2      4        0
  MONTH TO DATE   40                        37      3       17
  SINCE MAR 1     40                        37      3       17
  SINCE JAN 1     46                        56    -10       35
..................................................................


WIND (MPH)
  HIGHEST WIND SPEED    21   HIGHEST WIND DIRECTION     S (190)
  HIGHEST GUST SPEED    29   HIGHEST GUST DIRECTION    SE (150)
  AVERAGE WIND SPEED    10.5


SKY COVER
  POSSIBLE SUNSHINE  MM
  AVERAGE SKY COVER 0.3


WEATHER CONDITIONS
 THE FOLLOWING WEATHER WAS RECORDED YESTERDAY.
  FOG


RELATIVE HUMIDITY (PERCENT)
 HIGHEST    90           500 AM
 LOWEST     40           300 PM
 AVERAGE    65

..........................................................


THE LUFKIN CLIMATE NORMALS FOR TODAY
                         NORMAL    RECORD    YEAR
 MAXIMUM TEMPERATURE (F)   75        95      1946
 MINIMUM TEMPERATURE (F)   51        30      2003


SUNRISE AND SUNSET
MARCH 30 2015.........SUNRISE   711 AM CDT   SUNSET   737 PM CDT
MARCH 31 2015.........SUNRISE   709 AM CDT   SUNSET   738 PM CDT


-  INDICATES NEGATIVE NUMBERS.
R  INDICATES RECORD WAS SET OR TIED.
MM INDICATES DATA IS MISSING.
T  INDICATES TRACE AMOUNT.




$$
