000
CDUS44 KSHV 230738
CLILFK


CLIMATE REPORT
NATIONAL WEATHER SERVICE SHREVEPORT, LA
238 AM CDT WED APR 23 2014


...................................

...THE LUFKIN CLIMATE SUMMARY FOR APRIL 22 2014...

CLIMATE NORMAL PERIOD 1981 TO 2010
CLIMATE RECORD PERIOD 1906 TO 2014


WEATHER ITEM   OBSERVED TIME   RECORD YEAR NORMAL DEPARTURE LAST
                VALUE   (LST)  VALUE       VALUE  FROM      YEAR
                                                  NORMAL
..................................................................
TEMPERATURE (F)
 YESTERDAY
  MAXIMUM         87    426 PM  91    2011  80      7       82
  MINIMUM         64   1159 PM  36    1931  57      7       48
  AVERAGE         76                        68      8       65

PRECIPITATION (IN)
  YESTERDAY        0.09          3.72 1926   0.10  -0.01     0.00
  MONTH TO DATE    2.76                      2.18   0.58     2.19
  SINCE DEC 1     10.34                     18.45  -8.11    15.85
  SINCE JAN 1      8.13                     14.01  -5.88    11.54

SNOWFALL (IN)
  YESTERDAY        0.0
  MONTH TO DATE    0.0
  SINCE MAR 1      0.0
  SINCE JUL 1      3.2
  SNOW DEPTH       0

DEGREE DAYS
 HEATING
  YESTERDAY        0                         1     -1        0
  MONTH TO DATE   56                        62     -6       84
  SINCE MAR 1    306                       272     34      315
  SINCE JUL 1   2109                      1906    203     1581

 COOLING
  YESTERDAY       11                         5      6        0
  MONTH TO DATE   88                        75     13       84
  SINCE MAR 1    105                       116    -11      129
  SINCE JAN 1    123                       135    -12      151
..................................................................


WIND (MPH)
  HIGHEST WIND SPEED    10   HIGHEST WIND DIRECTION     N (350)
  HIGHEST GUST SPEED    17   HIGHEST GUST DIRECTION     N (10)
  AVERAGE WIND SPEED     3.6


SKY COVER
  POSSIBLE SUNSHINE  MM
  AVERAGE SKY COVER 0.3


WEATHER CONDITIONS
 THE FOLLOWING WEATHER WAS RECORDED YESTERDAY.
  LIGHT RAIN
  FOG
  FOG W/VISIBILITY <= 1/4 MILE


RELATIVE HUMIDITY (PERCENT)
 HIGHEST    93           700 AM
 LOWEST     37           400 PM
 AVERAGE    65

..........................................................


THE LUFKIN CLIMATE NORMALS FOR TODAY
                         NORMAL    RECORD    YEAR
 MAXIMUM TEMPERATURE (F)   80        91      2011
                                             1999
 MINIMUM TEMPERATURE (F)   57        40      1907


SUNRISE AND SUNSET
APRIL 23 2014.........SUNRISE   642 AM CDT   SUNSET   753 PM CDT
APRIL 24 2014.........SUNRISE   641 AM CDT   SUNSET   754 PM CDT


-  INDICATES NEGATIVE NUMBERS.
R  INDICATES RECORD WAS SET OR TIED.
MM INDICATES DATA IS MISSING.
T  INDICATES TRACE AMOUNT.




$$
