000
CDUS44 KLCH 230845
CLILFT


CLIMATE REPORT
NATIONAL WEATHER SERVICE LAKE CHARLES, LA
343 AM CDT FRI JUN 23 2017


...................................

...THE LAFAYETTE CLIMATE SUMMARY FOR JUNE 22 2017...

CLIMATE NORMAL PERIOD 1981 TO 2010
CLIMATE RECORD PERIOD 1893 TO 2017


WEATHER ITEM   OBSERVED TIME   RECORD YEAR NORMAL DEPARTURE LAST
                VALUE   (LST)  VALUE       VALUE  FROM      YEAR
                                                  NORMAL
..................................................................
TEMPERATURE (F)
 YESTERDAY
  MAXIMUM         86    152 PM 103    1897  91     -5       91
  MINIMUM         78    544 AM  62    1899  74      4       76
  AVERAGE         82                        82      0       84

PRECIPITATION (IN)
  YESTERDAY        1.53          2.31 2011   0.24   1.29      T
  MONTH TO DATE    7.36                      5.01   2.35     6.55
  SINCE JUN 1      7.36                      5.01   2.35     6.55
  SINCE JAN 1     27.91                     27.63   0.28    34.94

DEGREE DAYS
 COOLING
  YESTERDAY       17                        17      0       19
  MONTH TO DATE  302                       356    -54      374
  SINCE JUN 1    302                       356    -54      374
  SINCE JAN 1   1222                       970    252     1031
..................................................................


WIND (MPH)
  HIGHEST WIND SPEED    29   HIGHEST WIND DIRECTION     S (200)
  HIGHEST GUST SPEED    41   HIGHEST GUST DIRECTION     S (200)
  AVERAGE WIND SPEED    15.7


SKY COVER
  POSSIBLE SUNSHINE  MM
  AVERAGE SKY COVER 0.7


WEATHER CONDITIONS
 THE FOLLOWING WEATHER WAS RECORDED YESTERDAY.
  HEAVY RAIN
  RAIN
  LIGHT RAIN
  FOG
  HAZE


RELATIVE HUMIDITY (PERCENT)
 HIGHEST    97           100 AM
 LOWEST     70           500 PM
 AVERAGE    84

..........................................................


THE LAFAYETTE CLIMATE NORMALS FOR TODAY
                         NORMAL    RECORD    YEAR
 MAXIMUM TEMPERATURE (F)   91       100      1930
 MINIMUM TEMPERATURE (F)   74        60      1902


SUNRISE AND SUNSET
JUNE 23 2017..........SUNRISE   608 AM CDT   SUNSET   813 PM CDT
JUNE 24 2017..........SUNRISE   608 AM CDT   SUNSET   813 PM CDT


-  INDICATES NEGATIVE NUMBERS.
R  INDICATES RECORD WAS SET OR TIED.
MM INDICATES DATA IS MISSING.
T  INDICATES TRACE AMOUNT.




$$
