000
CDUS44 KLCH 260827
CLILFT


CLIMATE REPORT
NATIONAL WEATHER SERVICE LAKE CHARLES, LA
326 AM CDT FRI AUG 26 2016


...................................

...THE LAFAYETTE CLIMATE SUMMARY FOR AUGUST 25 2016...

CLIMATE NORMAL PERIOD 1981 TO 2010
CLIMATE RECORD PERIOD 1893 TO 2016


WEATHER ITEM   OBSERVED TIME   RECORD YEAR NORMAL DEPARTURE LAST
                VALUE   (LST)  VALUE       VALUE  FROM      YEAR
                                                  NORMAL
..................................................................
TEMPERATURE (F)
 YESTERDAY
  MAXIMUM         93   1222 PM 100    1924  92      1       90
  MINIMUM         75    154 PM  62    1917  74      1       72
  AVERAGE         84                        83      1       81

PRECIPITATION (IN)
  YESTERDAY        0.08          2.06 1979   0.14  -0.06     0.00
  MONTH TO DATE   24.25                      3.75  20.50     2.87
  SINCE JUN 1     36.21                     17.13  19.08    12.51
  SINCE JAN 1     64.60                     39.75  24.85    43.11

DEGREE DAYS
 COOLING
  YESTERDAY       19                        18      1       16
  MONTH TO DATE  469                       472     -3      515
  SINCE JUN 1   1622                      1542     80     1656
  SINCE JAN 1   2279                      2156    123     2348
..................................................................


WIND (MPH)
  HIGHEST WIND SPEED    20   HIGHEST WIND DIRECTION     S (160)
  HIGHEST GUST SPEED    25   HIGHEST GUST DIRECTION     S (170)
  AVERAGE WIND SPEED     3.7


SKY COVER
  POSSIBLE SUNSHINE  MM
  AVERAGE SKY COVER 0.1


WEATHER CONDITIONS
 THE FOLLOWING WEATHER WAS RECORDED YESTERDAY.
  THUNDERSTORM
  HEAVY RAIN
  LIGHT RAIN
  FOG
  HAZE


RELATIVE HUMIDITY (PERCENT)
 HIGHEST   100           700 AM
 LOWEST     64          1200 PM
 AVERAGE    82

..........................................................


THE LAFAYETTE CLIMATE NORMALS FOR TODAY
                         NORMAL    RECORD    YEAR
 MAXIMUM TEMPERATURE (F)   92       101      1902
 MINIMUM TEMPERATURE (F)   74        60      1917


SUNRISE AND SUNSET
AUGUST 26 2016........SUNRISE   642 AM CDT   SUNSET   737 PM CDT
AUGUST 27 2016........SUNRISE   642 AM CDT   SUNSET   736 PM CDT


-  INDICATES NEGATIVE NUMBERS.
R  INDICATES RECORD WAS SET OR TIED.
MM INDICATES DATA IS MISSING.
T  INDICATES TRACE AMOUNT.




$$
