000
CDUS44 KLCH 220931
CLILFT


CLIMATE REPORT
NATIONAL WEATHER SERVICE LAKE CHARLES, LA
430 AM CDT TUE AUG 22 2017


...................................

...THE LAFAYETTE CLIMATE SUMMARY FOR AUGUST 21 2017...

CLIMATE NORMAL PERIOD 1981 TO 2010
CLIMATE RECORD PERIOD 1893 TO 2017


WEATHER ITEM   OBSERVED TIME   RECORD YEAR NORMAL DEPARTURE LAST
                VALUE   (LST)  VALUE       VALUE  FROM      YEAR
                                                  NORMAL
..................................................................
TEMPERATURE (F)
 YESTERDAY
  MAXIMUM         94    258 PM 103    1925  93      1       92
  MINIMUM         75    601 AM  61    1940  75      0       77
  AVERAGE         85                        84      1       85

PRECIPITATION (IN)
  YESTERDAY        T             2.26 1965   0.16  -0.16      T
  MONTH TO DATE    6.39                      3.15   3.24    24.12
  SINCE JUN 1     24.41                     16.53   7.88    36.08
  SINCE JAN 1     44.96                     39.15   5.81    64.47

DEGREE DAYS
 COOLING
  YESTERDAY       20                        19      1       20
  MONTH TO DATE  406                       399      7      389
  SINCE JUN 1   1426                      1469    -43     1542
  SINCE JAN 1   2346                      2083    263     2199
..................................................................


WIND (MPH)
  HIGHEST WIND SPEED    14   HIGHEST WIND DIRECTION    SE (120)
  HIGHEST GUST SPEED    22   HIGHEST GUST DIRECTION    SE (120)
  AVERAGE WIND SPEED     2.8


SKY COVER
  POSSIBLE SUNSHINE  MM
  AVERAGE SKY COVER 0.1


WEATHER CONDITIONS
 THE FOLLOWING WEATHER WAS RECORDED YESTERDAY.
  THUNDERSTORM
  LIGHT RAIN


RELATIVE HUMIDITY (PERCENT)
 HIGHEST   100           300 AM
 LOWEST     52           300 PM
 AVERAGE    76

..........................................................


THE LAFAYETTE CLIMATE NORMALS FOR TODAY
                         NORMAL    RECORD    YEAR
 MAXIMUM TEMPERATURE (F)   93       101      1921
 MINIMUM TEMPERATURE (F)   75        60      1956


SUNRISE AND SUNSET
AUGUST 22 2017........SUNRISE   639 AM CDT   SUNSET   742 PM CDT
AUGUST 23 2017........SUNRISE   640 AM CDT   SUNSET   741 PM CDT


-  INDICATES NEGATIVE NUMBERS.
R  INDICATES RECORD WAS SET OR TIED.
MM INDICATES DATA IS MISSING.
T  INDICATES TRACE AMOUNT.




$$
