000
CDUS44 KLCH 282245
CLILFT


CLIMATE REPORT
NATIONAL WEATHER SERVICE LAKE CHARLES, LA
545 PM CDT FRI AUG 28 2015


...................................

...THE LAFAYETTE CLIMATE SUMMARY FOR AUGUST 28 2015...
VALID TODAY AS OF 0500 PM LOCAL TIME.

CLIMATE NORMAL PERIOD 1981 TO 2010
CLIMATE RECORD PERIOD 1893 TO 2015


WEATHER ITEM   OBSERVED TIME   RECORD YEAR NORMAL DEPARTURE LAST
                VALUE   (LST)  VALUE       VALUE  FROM      YEAR
                                                  NORMAL
..................................................................
TEMPERATURE (F)
 TODAY
  MAXIMUM         90    352 PM 100    2011  92     -2       91
  MINIMUM         64    614 AM  61    1896  74    -10       76
  AVERAGE         77                        83     -6       84

PRECIPITATION (IN)
  TODAY            0.00          4.32 1978   0.14  -0.14     0.02
  MONTH TO DATE    2.87                      4.17  -1.30     7.16
  SINCE JUN 1     12.51                     17.55  -5.04    21.73
  SINCE JAN 1     43.11                     40.17   2.94    44.77

DEGREE DAYS
 COOLING
  TODAY           12                        18     -6       19
  MONTH TO DATE  550                       526     24      510
  SINCE JUN 1   1691                      1596     95     1543
  SINCE JAN 1   2383                      2210    173     2012
..................................................................


WIND (MPH)
  HIGHEST WIND SPEED    10   HIGHEST WIND DIRECTION     N (360)
  HIGHEST GUST SPEED    13   HIGHEST GUST DIRECTION     N (10)
  AVERAGE WIND SPEED     1.7


SKY COVER
  POSSIBLE SUNSHINE  MM
  AVERAGE SKY COVER 0.0


WEATHER CONDITIONS
 THE FOLLOWING WEATHER WAS RECORDED TODAY.
  NO SIGNIFICANT WEATHER WAS OBSERVED.


RELATIVE HUMIDITY (PERCENT)
 HIGHEST    87          1200 AM
 LOWEST     38           100 PM
 AVERAGE    63

..........................................................


THE LAFAYETTE CLIMATE NORMALS FOR TOMORROW
                         NORMAL    RECORD    YEAR
 MAXIMUM TEMPERATURE (F)   92        99      2011
 MINIMUM TEMPERATURE (F)   74        58      1906


SUNRISE AND SUNSET
AUGUST 28 2015........SUNRISE   642 AM CDT   SUNSET   736 PM CDT
AUGUST 29 2015........SUNRISE   643 AM CDT   SUNSET   734 PM CDT


-  INDICATES NEGATIVE NUMBERS.
R  INDICATES RECORD WAS SET OR TIED.
MM INDICATES DATA IS MISSING.
T  INDICATES TRACE AMOUNT.




$$
