000
CDUS44 KLCH 300859
CLILFT


CLIMATE REPORT
NATIONAL WEATHER SERVICE LAKE CHARLES, LA
258 AM CST FRI JAN 30 2015


...................................

...THE LAFAYETTE CLIMATE SUMMARY FOR JANUARY 29 2015...

CLIMATE NORMAL PERIOD 1981 TO 2010
CLIMATE RECORD PERIOD 1893 TO 2015


WEATHER ITEM   OBSERVED TIME   RECORD YEAR NORMAL DEPARTURE LAST
                VALUE   (LST)  VALUE       VALUE  FROM      YEAR
                                                  NORMAL
..................................................................
TEMPERATURE (F)
 YESTERDAY
  MAXIMUM         74    402 PM  80    2002  63     11       37
                                      1916
  MINIMUM         48    700 AM  23    2014  44      4       23
  AVERAGE         61                        53      8       30

PRECIPITATION (IN)
  YESTERDAY        0.00          2.60 1912   0.19  -0.19     0.00
  MONTH TO DATE    4.61                      5.31  -0.70     1.63
  SINCE DEC 1      8.11                     10.89  -2.78     4.42
  SINCE JAN 1      4.61                      5.31  -0.70     1.63

SNOWFALL (IN)
  YESTERDAY        0.0           T    1979   0.0    0.0      0.0
                                      1949
  MONTH TO DATE    0.0                       0.0    0.0      0.8
  SINCE DEC 1      0.0                       0.0    0.0      0.8
  SINCE JUL 1      0.0                       0.0    0.0      0.8
  SNOW DEPTH       0

DEGREE DAYS
 HEATING
  YESTERDAY        4                        12     -8       35
  MONTH TO DATE  434                       374     60      562
  SINCE DEC 1    706                       729    -23     1009
  SINCE JUL 1   1007                       928     79     1278
..................................................................


WIND (MPH)
  HIGHEST WIND SPEED    15   HIGHEST WIND DIRECTION    SW (240)
  HIGHEST GUST SPEED    20   HIGHEST GUST DIRECTION    SW (240)
  AVERAGE WIND SPEED     6.1


SKY COVER
  POSSIBLE SUNSHINE  MM
  AVERAGE SKY COVER 0.2


WEATHER CONDITIONS
 THE FOLLOWING WEATHER WAS RECORDED YESTERDAY.
  FOG


RELATIVE HUMIDITY (PERCENT)
 HIGHEST   100           700 AM
 LOWEST     53           100 PM
 AVERAGE    77

..........................................................


THE LAFAYETTE CLIMATE NORMALS FOR TODAY
                         NORMAL    RECORD    YEAR
 MAXIMUM TEMPERATURE (F)   63        83      1927
 MINIMUM TEMPERATURE (F)   44        19      2014


SUNRISE AND SUNSET
JANUARY 30 2015.......SUNRISE   700 AM CST   SUNSET   543 PM CST
JANUARY 31 2015.......SUNRISE   659 AM CST   SUNSET   544 PM CST


-  INDICATES NEGATIVE NUMBERS.
R  INDICATES RECORD WAS SET OR TIED.
MM INDICATES DATA IS MISSING.
T  INDICATES TRACE AMOUNT.




$$
