400
CDUS44 KLCH 271245
CLILFT


CLIMATE REPORT
NATIONAL WEATHER SERVICE LAKE CHARLES, LA
745 AM CDT TUE SEP 27 2016


...................................

...THE LAFAYETTE CLIMATE SUMMARY FOR SEPTEMBER 26 2016...

CLIMATE NORMAL PERIOD 1981 TO 2010
CLIMATE RECORD PERIOD 1893 TO 2016


WEATHER ITEM   OBSERVED TIME   RECORD YEAR NORMAL DEPARTURE LAST
                VALUE   (LST)  VALUE       VALUE  FROM      YEAR
                                                  NORMAL
..................................................................
TEMPERATURE (F)
 YESTERDAY
  MAXIMUM         93    320 PM  97    1931  86      7       87
  MINIMUM         73    603 AM  43    1899  66      7       69
  AVERAGE         83                        76      7       78

PRECIPITATION (IN)
  YESTERDAY        0.67          2.17 1957   0.15   0.52     0.00
  MONTH TO DATE    3.49                      4.12  -0.63     3.18
  SINCE SEP 1      3.49                      4.12  -0.63     3.18
  SINCE JAN 1     68.58                     44.74  23.84    46.29

DEGREE DAYS
 HEATING
  YESTERDAY        0                         0      0        0
  MONTH TO DATE    0                         0      0        0
  SINCE SEP 1      0                         0      0        0
  SINCE JUL 1      0                         0      0        0

 COOLING
  YESTERDAY       18                        11      7       13
  MONTH TO DATE  479                       384     95      394
  SINCE SEP 1    479                       384     95      394
  SINCE JAN 1   2868                      2645    223     2820
..................................................................


WIND (MPH)
  HIGHEST WIND SPEED    21   HIGHEST WIND DIRECTION     N (10)
  HIGHEST GUST SPEED    26   HIGHEST GUST DIRECTION     N (10)
  AVERAGE WIND SPEED     2.7


SKY COVER
  POSSIBLE SUNSHINE  MM
  AVERAGE SKY COVER 0.3


WEATHER CONDITIONS
 THE FOLLOWING WEATHER WAS RECORDED YESTERDAY.
  THUNDERSTORM
  HEAVY RAIN
  LIGHT RAIN
  FOG


RELATIVE HUMIDITY (PERCENT)
 HIGHEST    94           100 AM
 LOWEST     44           100 PM
 AVERAGE    69

..........................................................


THE LAFAYETTE CLIMATE NORMALS FOR TODAY
                         NORMAL    RECORD    YEAR
 MAXIMUM TEMPERATURE (F)   86        95      2005
                                             1953
                                             1900
 MINIMUM TEMPERATURE (F)   66        42      1899


SUNRISE AND SUNSET
SEPTEMBER 27 2016.....SUNRISE   659 AM CDT   SUNSET   658 PM CDT
SEPTEMBER 28 2016.....SUNRISE   700 AM CDT   SUNSET   656 PM CDT


-  INDICATES NEGATIVE NUMBERS.
R  INDICATES RECORD WAS SET OR TIED.
MM INDICATES DATA IS MISSING.
T  INDICATES TRACE AMOUNT.




$$
