000
CDUS41 KOKX 252039
CLILGA


CLIMATE REPORT
NATIONAL WEATHER SERVICE NEW YORK NY
439 PM EDT MON JUL 25 2016


...................................

...THE LAGUARDIA NY CLIMATE SUMMARY FOR JULY 25 2016...
VALID TODAY AS OF 0400 PM LOCAL TIME.

CLIMATE NORMAL PERIOD 1981 TO 2010
CLIMATE RECORD PERIOD 1939 TO 2016


WEATHER ITEM   OBSERVED TIME   RECORD YEAR NORMAL DEPARTURE LAST
                VALUE   (LST)  VALUE       VALUE  FROM      YEAR
                                                  NORMAL
..................................................................
TEMPERATURE (F)
 TODAY
  MAXIMUM         94    126 PM  97    1999  86      8       85
  MINIMUM         79    525 AM  59    1997  70      9       71
  AVERAGE         87                        78      9       78

PRECIPITATION (IN)
  TODAY            0.02          1.60 1975   0.15  -0.13     0.00
  MONTH TO DATE    2.44                      3.55  -1.11     1.87
  SINCE JUN 1      4.68                      7.49  -2.81     6.67
  SINCE JAN 1     20.05                     25.18  -5.13    21.72

SNOWFALL (IN)
  TODAY            0.0          MM      MM   0.0    0.0      0.0
  MONTH TO DATE    0.0                       0.0    0.0      0.0
  SINCE OCT 1     36.2                      26.9    9.3     53.8
  SINCE JUL 1      0.0                       0.0    0.0      0.0
  SNOW DEPTH       0

DEGREE DAYS
 HEATING
  TODAY            0                         0      0        0
  MONTH TO DATE    0                         0      0        0
  SINCE JUN 1      2                        16    -14       34
  SINCE JUL 1      0                         0      0        0

 COOLING
  TODAY           22                        13      9       13
  MONTH TO DATE  404                       310     94      337
  SINCE JUN 1    674                       541    133      565
  SINCE JAN 1    793                       607    186      687
..................................................................


WIND (MPH)
  HIGHEST WIND SPEED    20   HIGHEST WIND DIRECTION     S (180)
  HIGHEST GUST SPEED    23   HIGHEST GUST DIRECTION     S (190)
  AVERAGE WIND SPEED     9.6


SKY COVER
  AVERAGE SKY COVER 0.7


WEATHER CONDITIONS
 THE FOLLOWING WEATHER WAS RECORDED TODAY.
  HAZE


RELATIVE HUMIDITY (PERCENT)
 HIGHEST    69           700 AM
 LOWEST     52           100 PM
 AVERAGE    61

..........................................................


THE LAGUARDIA NY CLIMATE NORMALS FOR TOMORROW
                         NORMAL    RECORD    YEAR
 MAXIMUM TEMPERATURE (F)   86        98      1940
 MINIMUM TEMPERATURE (F)   70        62      1976
                                             1964


SUNRISE AND SUNSET
JULY 25 2016..........SUNRISE   546 AM EDT   SUNSET   818 PM EDT
JULY 26 2016..........SUNRISE   547 AM EDT   SUNSET   817 PM EDT


-  INDICATES NEGATIVE NUMBERS.
R  INDICATES RECORD WAS SET OR TIED.
MM INDICATES DATA IS MISSING.
T  INDICATES TRACE AMOUNT.




$$
