000
CDUS41 KOKX 290625
CLILGA


CLIMATE REPORT
NATIONAL WEATHER SERVICE NEW YORK NY
225 AM EDT SAT AUG 29 2015


...................................

...THE LAGUARDIA NY CLIMATE SUMMARY FOR AUGUST 28 2015...

CLIMATE NORMAL PERIOD 1981 TO 2010
CLIMATE RECORD PERIOD 1945 TO 2015


WEATHER ITEM   OBSERVED TIME   RECORD YEAR NORMAL DEPARTURE LAST
                VALUE   (LST)  VALUE       VALUE  FROM      YEAR
                                                  NORMAL
..................................................................
TEMPERATURE (F)
 YESTERDAY
  MAXIMUM         83    513 PM  99    1948  82      1       80
  MINIMUM         66    547 AM  54    1986  67     -1       68
  AVERAGE         75                        75      0       74

PRECIPITATION (IN)
  YESTERDAY        0.00          3.62 2011   0.11  -0.11      T
  MONTH TO DATE    1.80                      3.79  -1.99     2.71
  SINCE JUN 1     10.14                     12.23  -2.09    10.39
  SINCE JAN 1     25.19                     29.92  -4.73    34.27

SNOWFALL (IN)
  YESTERDAY        0.0          MM      MM   0.0    0.0      0.0
  MONTH TO DATE    0.0                       0.0    0.0      0.0
  SINCE OCT 1     53.8                      26.9   26.9     52.4
  SINCE JUL 1      0.0                       0.0    0.0      0.0
  SNOW DEPTH       0

DEGREE DAYS
 HEATING
  YESTERDAY        0                         0      0        0
  MONTH TO DATE    0                         0      0        0
  SINCE JUN 1     34                        16     18        0
  SINCE JUL 1      0                         0      0        0

 COOLING
  YESTERDAY       10                        10      0        9
  MONTH TO DATE  400                       323     77      291
  SINCE JUN 1   1075                       939    136      905
  SINCE JAN 1   1197                      1005    192      955
..................................................................


WIND (MPH)
  HIGHEST WIND SPEED    13   HIGHEST WIND DIRECTION     N (350)
  HIGHEST GUST SPEED    16   HIGHEST GUST DIRECTION    NE (50)
  AVERAGE WIND SPEED     5.0


SKY COVER
  AVERAGE SKY COVER 0.3


WEATHER CONDITIONS
 THE FOLLOWING WEATHER WAS RECORDED YESTERDAY.
  NO SIGNIFICANT WEATHER WAS OBSERVED.


RELATIVE HUMIDITY (PERCENT)
 HIGHEST    68           400 AM
 LOWEST     35           100 PM
 AVERAGE    52

..........................................................


THE LAGUARDIA NY CLIMATE NORMALS FOR TODAY
                         NORMAL    RECORD    YEAR
 MAXIMUM TEMPERATURE (F)   82       100      1953
 MINIMUM TEMPERATURE (F)   67        51      1982


SUNRISE AND SUNSET
AUGUST 29 2015........SUNRISE   619 AM EDT   SUNSET   733 PM EDT
AUGUST 30 2015........SUNRISE   620 AM EDT   SUNSET   732 PM EDT


-  INDICATES NEGATIVE NUMBERS.
R  INDICATES RECORD WAS SET OR TIED.
MM INDICATES DATA IS MISSING.
T  INDICATES TRACE AMOUNT.




$$
