000
CDUS41 KOKX 310627
CLILGA


CLIMATE REPORT
NATIONAL WEATHER SERVICE NEW YORK NY
226 AM EDT FRI OCT 31 2014


...................................

...THE LAGUARDIA NY CLIMATE SUMMARY FOR OCTOBER 30 2014...

CLIMATE NORMAL PERIOD 1981 TO 2010
CLIMATE RECORD PERIOD 1945 TO 2014


WEATHER ITEM   OBSERVED TIME   RECORD YEAR NORMAL DEPARTURE LAST
                VALUE   (LST)  VALUE       VALUE  FROM      YEAR
                                                  NORMAL
..................................................................
TEMPERATURE (F)
 YESTERDAY
  MAXIMUM         58    211 PM  81    1946  60     -2       60
  MINIMUM         49   1159 PM  35    2011  47      2       48
                                      1983
                                      1975
  AVERAGE         54                        54      0       54

PRECIPITATION (IN)
  YESTERDAY        0.00          1.18 1955   0.11  -0.11     0.00
  MONTH TO DATE    3.85                      3.66   0.19     0.38
  SINCE SEP 1      5.09                      7.39  -2.30     3.67
  SINCE JAN 1     40.15                     37.64   2.51    31.01

SNOWFALL (IN)
  YESTERDAY        0.0          MM      MM   0.0    0.0      0.0
  MONTH TO DATE    0.0                       0.0    0.0      0.0
  SINCE OCT 1      0.0                       0.0    0.0      0.0
  SINCE JUL 1      0.0                       0.0    0.0      0.0
  SNOW DEPTH       0

DEGREE DAYS
 HEATING
  YESTERDAY       11                        12     -1       11
  MONTH TO DATE  148                       225    -77      166
  SINCE SEP 1    161                       259    -98      197
  SINCE JUL 1    161                       260    -99      197

 COOLING
  YESTERDAY        0                         0      0        0
  MONTH TO DATE   24                        20      4       51
  SINCE SEP 1    205                       177     28      183
  SINCE JAN 1   1192                      1210    -18     1402
..................................................................


WIND (MPH)
  HIGHEST WIND SPEED    18   HIGHEST WIND DIRECTION    NW (320)
  HIGHEST GUST SPEED    22   HIGHEST GUST DIRECTION    NW (330)
  AVERAGE WIND SPEED    10.5


SKY COVER
  AVERAGE SKY COVER 0.3


WEATHER CONDITIONS
 THE FOLLOWING WEATHER WAS RECORDED YESTERDAY.
  NO SIGNIFICANT WEATHER WAS OBSERVED.


RELATIVE HUMIDITY (PERCENT)
 HIGHEST    83           200 AM
 LOWEST     43          1200 PM
 AVERAGE    63

..........................................................


THE LAGUARDIA NY CLIMATE NORMALS FOR TODAY
                         NORMAL    RECORD    YEAR
 MAXIMUM TEMPERATURE (F)   60        81      1946
 MINIMUM TEMPERATURE (F)   46        33      1975


SUNRISE AND SUNSET
OCTOBER 31 2014.......SUNRISE   725 AM EDT   SUNSET   553 PM EDT
NOVEMBER  1 2014......SUNRISE   726 AM EDT   SUNSET   552 PM EDT


-  INDICATES NEGATIVE NUMBERS.
R  INDICATES RECORD WAS SET OR TIED.
MM INDICATES DATA IS MISSING.
T  INDICATES TRACE AMOUNT.




$$
