765
CDUS41 KOKX 270616
CLILGA


CLIMATE REPORT
NATIONAL WEATHER SERVICE NEW YORK NY
216 AM EDT MON MAR 27 2017


...................................

...THE LAGUARDIA NY CLIMATE SUMMARY FOR MARCH 26 2017...

CLIMATE NORMAL PERIOD 1981 TO 2010
CLIMATE RECORD PERIOD 1939 TO 2017


WEATHER ITEM   OBSERVED TIME   RECORD YEAR NORMAL DEPARTURE LAST
                VALUE   (LST)  VALUE       VALUE  FROM      YEAR
                                                  NORMAL
..................................................................
TEMPERATURE (F)
 YESTERDAY
  MAXIMUM         44    641 PM  72    1943  53     -9       51
  MINIMUM         39   1157 PM  20    1960  38      1       39
  AVERAGE         42                        45     -3       45

PRECIPITATION (IN)
  YESTERDAY        0.12          1.26 1973   0.14  -0.02     0.00
  MONTH TO DATE    1.74                      3.29  -1.55     0.75
  SINCE MAR 1      1.74                      3.29  -1.55     0.75
  SINCE JAN 1      7.74                      9.22  -1.48     9.28

SNOWFALL (IN)
  YESTERDAY        0.0           2.4  2001   0.0    0.0      0.0
  MONTH TO DATE    9.8                       4.0    5.8      1.8
  SINCE OCT 1     33.2                      26.0    7.2     36.2
  SINCE JUL 1     33.2                      26.0    7.2     36.2
  SNOW DEPTH       0

DEGREE DAYS
 HEATING
  YESTERDAY       23                        20      3       20
  MONTH TO DATE  641                       613     28      426
  SINCE MAR 1    641                       613     28      426
  SINCE JUL 1   3328                      4042   -714     3088

 COOLING
  YESTERDAY        0                         0      0        0
  MONTH TO DATE    0                         0      0        5
  SINCE MAR 1      0                         0      0        5
  SINCE JAN 1      0                         0      0        5
..................................................................


WIND (MPH)
  HIGHEST WIND SPEED    21   HIGHEST WIND DIRECTION    NE (60)
  HIGHEST GUST SPEED    25   HIGHEST GUST DIRECTION    NE (60)
  AVERAGE WIND SPEED    14.2


SKY COVER
  AVERAGE SKY COVER 1.0


WEATHER CONDITIONS
 THE FOLLOWING WEATHER WAS RECORDED YESTERDAY.
  LIGHT RAIN
  FOG
  HAZE


RELATIVE HUMIDITY (PERCENT)
 HIGHEST    92          1000 PM
 LOWEST     65          1200 AM
 AVERAGE    79

..........................................................


THE LAGUARDIA NY CLIMATE NORMALS FOR TODAY
                         NORMAL    RECORD    YEAR
 MAXIMUM TEMPERATURE (F)   54        83      1998
 MINIMUM TEMPERATURE (F)   38        23      2014


SUNRISE AND SUNSET
MARCH 27 2017.........SUNRISE   647 AM EDT   SUNSET   715 PM EDT
MARCH 28 2017.........SUNRISE   645 AM EDT   SUNSET   716 PM EDT


-  INDICATES NEGATIVE NUMBERS.
R  INDICATES RECORD WAS SET OR TIED.
MM INDICATES DATA IS MISSING.
T  INDICATES TRACE AMOUNT.




$$
