000
CDUS46 KLOX 230919
CLILGB


CLIMATE REPORT
NATIONAL WEATHER SERVICE LOS ANGELES/OXNARD CA
219 AM PDT THU OCT 23 2014


...................................

...THE LONG BEACH AIRPORT CA CLIMATE SUMMARY FOR OCTOBER 22 2014...

CLIMATE NORMAL PERIOD 1981 TO 2010
CLIMATE RECORD PERIOD 1958 TO 2014


WEATHER ITEM   OBSERVED TIME   RECORD YEAR NORMAL DEPARTURE LAST
                VALUE   (LST)  VALUE       VALUE  FROM      YEAR
                                                  NORMAL
..................................................................
TEMPERATURE (F)
 YESTERDAY
  MAXIMUM         82    240 PM 101    1965  77      5       74
  MINIMUM         59    614 AM  49    1996  57      2       57
  AVERAGE         71                        67      4       66

PRECIPITATION (IN)
  YESTERDAY        0.00          0.41 1989   0.02  -0.02     0.00
  MONTH TO DATE    0.00                      0.39  -0.39     0.09
  SINCE JUL 1      0.19                      0.63  -0.44     0.16
  SINCE JAN 1      3.38                      9.07  -5.69     3.03

SNOWFALL (IN)
  YESTERDAY        0.0
  MONTH TO DATE    0.0
  SINCE SEP 1      0.0
  SINCE JUL 1      0.0

DEGREE DAYS
 HEATING
  YESTERDAY        0                         1     -1        0
  MONTH TO DATE    0                         6     -6       11
  SINCE SEP 1      0                         7     -7       11
  SINCE JUL 1      0                         7     -7       11

 COOLING
  YESTERDAY        6                         3      3        1
  MONTH TO DATE  172                        85     87       91
  SINCE SEP 1    539                       316    223      375
  SINCE JAN 1   1609                      1084    525     1185
..................................................................


WIND (MPH)
  HIGHEST WIND SPEED    12   HIGHEST WIND DIRECTION    NW (310)
  HIGHEST GUST SPEED    15   HIGHEST GUST DIRECTION    NW (310)
  AVERAGE WIND SPEED     3.3


SKY COVER
  POSSIBLE SUNSHINE  MM
  AVERAGE SKY COVER 0.0


WEATHER CONDITIONS
 THE FOLLOWING WEATHER WAS RECORDED YESTERDAY.
  HAZE


RELATIVE HUMIDITY (PERCENT)
 HIGHEST    93          1200 AM
 LOWEST     49          1100 AM
 AVERAGE    71

..........................................................


THE LONG BEACH AIRPORT CA CLIMATE NORMALS FOR TODAY
                         NORMAL    RECORD    YEAR
 MAXIMUM TEMPERATURE (F)   76        99      1965
 MINIMUM TEMPERATURE (F)   57        50      1996
                                             1968


SUNRISE AND SUNSET
OCTOBER 23 2014.......SUNRISE   704 AM PDT   SUNSET   609 PM PDT
OCTOBER 24 2014.......SUNRISE   705 AM PDT   SUNSET   608 PM PDT


-  INDICATES NEGATIVE NUMBERS.
R  INDICATES RECORD WAS SET OR TIED.
MM INDICATES DATA IS MISSING.
T  INDICATES TRACE AMOUNT.




$$
