000
CDUS46 KLOX 210914
CLILGB


CLIMATE REPORT
NATIONAL WEATHER SERVICE LOS ANGELES/OXNARD CA
112 AM PST SUN JAN 21 2018


...................................

...THE LONG BEACH AIRPORT CA CLIMATE SUMMARY FOR JANUARY 20 2018...

CLIMATE NORMAL PERIOD 1981 TO 2010
CLIMATE RECORD PERIOD 1958 TO 2018


WEATHER ITEM   OBSERVED TIME   RECORD YEAR NORMAL DEPARTURE LAST
                VALUE   (LST)  VALUE       VALUE  FROM      YEAR
                                                  NORMAL
..................................................................
TEMPERATURE (F)
 YESTERDAY
  MAXIMUM         65    226 PM  85    1976  68     -3       60
  MINIMUM         49   1159 PM  35    1973  46      3       52
  AVERAGE         57                        57      0       56

PRECIPITATION (IN)
  YESTERDAY        T             2.46 2010   0.08  -0.08     1.20
  MONTH TO DATE    1.48                      1.72  -0.24     5.22
  SINCE OCT 1      1.55                      5.30  -3.75    10.42
  SINCE JAN 1      1.48                      1.72  -0.24     5.22

SNOWFALL (IN)
  YESTERDAY       MM
  MONTH TO DATE    0.0
  SINCE DEC 1      0.0
  SINCE JUL 1      0.0

DEGREE DAYS
 HEATING
  YESTERDAY        8                         8      0        9
  MONTH TO DATE   55                       168   -113      170
  SINCE DEC 1    194                       439   -245      398
  SINCE JUL 1    218                       588   -370      478

 COOLING
  YESTERDAY        0                         0      0        0
  MONTH TO DATE   13                         0     13        0
  SINCE DEC 1     29                         1     28        1
  SINCE JAN 1     13                         0     13        0
..................................................................


WIND (MPH)
  HIGHEST WIND SPEED    30   HIGHEST WIND DIRECTION    NW (320)
  HIGHEST GUST SPEED    36   HIGHEST GUST DIRECTION    NW (310)
  AVERAGE WIND SPEED    14.3


SKY COVER
  POSSIBLE SUNSHINE  MM
  AVERAGE SKY COVER 0.1


WEATHER CONDITIONS
 THE FOLLOWING WEATHER WAS RECORDED YESTERDAY.
  NO SIGNIFICANT WEATHER WAS OBSERVED.


RELATIVE HUMIDITY (PERCENT)
 HIGHEST    77          1200 AM
 LOWEST     22           200 PM
 AVERAGE    50

..........................................................


THE LONG BEACH AIRPORT CA CLIMATE NORMALS FOR TODAY
                         NORMAL    RECORD    YEAR
 MAXIMUM TEMPERATURE (F)   68        84      1976
 MINIMUM TEMPERATURE (F)   46        34      1963


SUNRISE AND SUNSET
JANUARY 21 2018.......SUNRISE   655 AM PST   SUNSET   513 PM PST
JANUARY 22 2018.......SUNRISE   655 AM PST   SUNSET   514 PM PST


-  INDICATES NEGATIVE NUMBERS.
R  INDICATES RECORD WAS SET OR TIED.
MM INDICATES DATA IS MISSING.
T  INDICATES TRACE AMOUNT.




$$
