000
CDUS46 KLOX 010906
CLILGB


CLIMATE REPORT
NATIONAL WEATHER SERVICE LOS ANGELES/OXNARD CA
106 AM PST SUN FEB 1 2015


...................................

...THE LONG BEACH AIRPORT CA CLIMATE SUMMARY FOR JANUARY 31 2015...

CLIMATE NORMAL PERIOD 1981 TO 2010
CLIMATE RECORD PERIOD 1958 TO 2015


WEATHER ITEM   OBSERVED TIME   RECORD YEAR NORMAL DEPARTURE LAST
                VALUE   (LST)  VALUE       VALUE  FROM      YEAR
                                                  NORMAL
..................................................................
TEMPERATURE (F)
 YESTERDAY
  MAXIMUM         70   1228 PM  93    2003  67      3       64
  MINIMUM         55   1159 PM  34    2002  47      8       56
  AVERAGE         63                        57      6       60

PRECIPITATION (IN)
  YESTERDAY        0.00          1.27 1979   0.09  -0.09     0.00
  MONTH TO DATE    0.87                      2.60  -1.73     0.01
  SINCE OCT 1      6.13                      6.18  -0.05     1.25
  SINCE JAN 1      0.87                      2.60  -1.73     0.01

SNOWFALL (IN)
  YESTERDAY        0.0
  MONTH TO DATE    0.0
  SINCE DEC 1      0.0
  SINCE JUL 1      0.0

DEGREE DAYS
 HEATING
  YESTERDAY        2                         8     -6        5
  MONTH TO DATE  132                       256   -124      124
  SINCE DEC 1    314                       530   -216      342
  SINCE JUL 1    350                       679   -329      437

 COOLING
  YESTERDAY        0                         0      0        0
  MONTH TO DATE    8                         3      5       15
  SINCE DEC 1     13                         4      9       27
  SINCE JAN 1      8                         3      5       15
..................................................................


WIND (MPH)
  HIGHEST WIND SPEED    15   HIGHEST WIND DIRECTION    NW (300)
  HIGHEST GUST SPEED    19   HIGHEST GUST DIRECTION     W (290)
  AVERAGE WIND SPEED     3.1


SKY COVER
  POSSIBLE SUNSHINE  MM
  AVERAGE SKY COVER 0.3


WEATHER CONDITIONS
 THE FOLLOWING WEATHER WAS RECORDED YESTERDAY.
  FOG


RELATIVE HUMIDITY (PERCENT)
 HIGHEST   100           500 AM
 LOWEST     57           200 PM
 AVERAGE    79

..........................................................


THE LONG BEACH AIRPORT CA CLIMATE NORMALS FOR TODAY
                         NORMAL    RECORD    YEAR
 MAXIMUM TEMPERATURE (F)   67        83      1995
                                             1976
 MINIMUM TEMPERATURE (F)   47        36      2002


SUNRISE AND SUNSET
FEBRUARY  1 2015......SUNRISE   649 AM PST   SUNSET   523 PM PST
FEBRUARY  2 2015......SUNRISE   649 AM PST   SUNSET   524 PM PST


-  INDICATES NEGATIVE NUMBERS.
R  INDICATES RECORD WAS SET OR TIED.
MM INDICATES DATA IS MISSING.
T  INDICATES TRACE AMOUNT.




$$
