000
CDUS46 KLOX 290114
CLILGB


CLIMATE REPORT
NATIONAL WEATHER SERVICE LOS ANGELES/OXNARD CA
614 PM PDT SAT MAY 28 2016


...................................

...THE LONG BEACH AIRPORT CA CLIMATE SUMMARY FOR MAY 28 2016...
VALID TODAY AS OF 0600 PM LOCAL TIME.

CLIMATE NORMAL PERIOD 1981 TO 2010
CLIMATE RECORD PERIOD 1958 TO 2016


WEATHER ITEM   OBSERVED TIME   RECORD YEAR NORMAL DEPARTURE LAST
                VALUE   (LST)  VALUE       VALUE  FROM      YEAR
                                                  NORMAL
..................................................................
TEMPERATURE (F)
 TODAY
  MAXIMUM         70   1259 PM 100    1973  74     -4       73
  MINIMUM         61    510 AM  47    1962  59      2       59
  AVERAGE         66                        66      0       66

PRECIPITATION (IN)
  TODAY            0.00          1.17 1990   0.01  -0.01     0.00
  MONTH TO DATE    0.05                      0.20  -0.15     0.77
  SINCE OCT 1      4.98                     11.94  -6.96     7.85
  SINCE JAN 1      3.98                      8.36  -4.38     2.59

SNOWFALL (IN)
  TODAY            0.0
  MONTH TO DATE    0.0
  SINCE MAR 1      0.0
  SINCE JUL 1      0.0

DEGREE DAYS
 HEATING
  TODAY            0                         1     -1        0
  MONTH TO DATE   17                        37    -20       33
  SINCE MAR 1    151                       322   -171      111
  SINCE JUL 1    794                      1213   -419      534

 COOLING
  TODAY            1                         2     -1        1
  MONTH TO DATE   19                        56    -37       23
  SINCE MAR 1     88                        95     -7      213
  SINCE JAN 1    135                       103     32      250
..................................................................


WIND (MPH)
  HIGHEST WIND SPEED    13   HIGHEST WIND DIRECTION     S (180)
  HIGHEST GUST SPEED    17   HIGHEST GUST DIRECTION    SW (210)
  AVERAGE WIND SPEED     5.1


SKY COVER
  POSSIBLE SUNSHINE  MM
  AVERAGE SKY COVER 0.8


WEATHER CONDITIONS
 THE FOLLOWING WEATHER WAS RECORDED TODAY.
  NO SIGNIFICANT WEATHER WAS OBSERVED.


RELATIVE HUMIDITY (PERCENT)
 HIGHEST    84          1200 AM
 LOWEST     61           100 PM
 AVERAGE    73

..........................................................


THE LONG BEACH AIRPORT CA CLIMATE NORMALS FOR TOMORROW
                         NORMAL    RECORD    YEAR
 MAXIMUM TEMPERATURE (F)   74        99      1978
 MINIMUM TEMPERATURE (F)   59        50      1964


SUNRISE AND SUNSET
MAY 28 2016...........SUNRISE   544 AM PDT   SUNSET   756 PM PDT
MAY 29 2016...........SUNRISE   544 AM PDT   SUNSET   757 PM PDT


-  INDICATES NEGATIVE NUMBERS.
R  INDICATES RECORD WAS SET OR TIED.
MM INDICATES DATA IS MISSING.
T  INDICATES TRACE AMOUNT.




$$
