000
CDUS46 KLOX 300118
CLILGB


CLIMATE REPORT
NATIONAL WEATHER SERVICE LOS ANGELES/OXNARD CA
618 PM PDT SAT APR 29 2017


...................................

...THE LONG BEACH AIRPORT CA CLIMATE SUMMARY FOR APRIL 29 2017...
VALID TODAY AS OF 0600 PM LOCAL TIME.

CLIMATE NORMAL PERIOD 1981 TO 2010
CLIMATE RECORD PERIOD 1958 TO 2017


WEATHER ITEM   OBSERVED TIME   RECORD YEAR NORMAL DEPARTURE LAST
                VALUE   (LST)  VALUE       VALUE  FROM      YEAR
                                                  NORMAL
..................................................................
TEMPERATURE (F)
 TODAY
  MAXIMUM         86    236 PM  98    1996  73     13       68
  MINIMUM         67    548 AM  42    1970  55     12       55
  AVERAGE         77                        64     13       62

PRECIPITATION (IN)
  TODAY            0.00          0.44 1983   0.01  -0.01     0.00
  MONTH TO DATE    0.18                      0.59  -0.41     0.08
  SINCE OCT 1     19.58                     11.73   7.85     4.90
  SINCE JAN 1     14.38                      8.15   6.23     3.90

SNOWFALL (IN)
  TODAY            0.0
  MONTH TO DATE    0.0
  SINCE MAR 1      0.0
  SINCE JUL 1      0.0

DEGREE DAYS
 HEATING
  TODAY            0                         2     -2        3
  MONTH TO DATE   29                       104    -75       32
  SINCE MAR 1     99                       283   -184      132
  SINCE JUL 1    877                      1174   -297      775

 COOLING
  TODAY           12                         2     10        0
  MONTH TO DATE   60                        30     30       62
  SINCE MAR 1     86                        40     46       69
  SINCE JAN 1     87                        48     39      116
..................................................................


WIND (MPH)
  HIGHEST WIND SPEED    25   HIGHEST WIND DIRECTION     W (290)
  HIGHEST GUST SPEED    31   HIGHEST GUST DIRECTION     W (280)
  AVERAGE WIND SPEED    11.1


SKY COVER
  POSSIBLE SUNSHINE  MM
  AVERAGE SKY COVER 0.0


WEATHER CONDITIONS
 THE FOLLOWING WEATHER WAS RECORDED TODAY.
  NO SIGNIFICANT WEATHER WAS OBSERVED.


RELATIVE HUMIDITY (PERCENT)
 HIGHEST    15           500 PM
 LOWEST      4          1200 PM
 AVERAGE    10

..........................................................


THE LONG BEACH AIRPORT CA CLIMATE NORMALS FOR TOMORROW
                         NORMAL    RECORD    YEAR
 MAXIMUM TEMPERATURE (F)   73        93      2014
 MINIMUM TEMPERATURE (F)   55        42      1967


SUNRISE AND SUNSET
APRIL 29 2017.........SUNRISE   605 AM PDT   SUNSET   735 PM PDT
APRIL 30 2017.........SUNRISE   604 AM PDT   SUNSET   736 PM PDT


-  INDICATES NEGATIVE NUMBERS.
R  INDICATES RECORD WAS SET OR TIED.
MM INDICATES DATA IS MISSING.
T  INDICATES TRACE AMOUNT.




$$
