000
CDUS46 KLOX 230112
CLILGB


CLIMATE REPORT
NATIONAL WEATHER SERVICE LOS ANGELES/OXNARD CA
511 PM PST SAT NOV 22 2014


...................................

...THE LONG BEACH AIRPORT CA CLIMATE SUMMARY FOR NOVEMBER 22 2014...
VALID TODAY AS OF 0500 PM LOCAL TIME.

CLIMATE NORMAL PERIOD 1981 TO 2010
CLIMATE RECORD PERIOD 1958 TO 2014


WEATHER ITEM   OBSERVED TIME   RECORD YEAR NORMAL DEPARTURE LAST
                VALUE   (LST)  VALUE       VALUE  FROM      YEAR
                                                  NORMAL
..................................................................
TEMPERATURE (F)
 TODAY
  MAXIMUM         69    155 PM  84    1997  71     -2       65
  MINIMUM         52    653 AM  37    1979  49      3       54
  AVERAGE         61                        60      1       60

PRECIPITATION (IN)
  TODAY            0.00          2.03 1965   0.04  -0.04     0.01
  MONTH TO DATE    0.16                      0.65  -0.49     0.37
  SINCE JUL 1      0.53                      1.52  -0.99     0.56
  SINCE JAN 1      3.72                      9.96  -6.24     3.43

SNOWFALL (IN)
  TODAY            0.0
  MONTH TO DATE    0.0
  SINCE SEP 1      0.0
  SINCE JUL 1      0.0

DEGREE DAYS
 HEATING
  TODAY            4                         6     -2        5
  MONTH TO DATE   29                        76    -47       37
  SINCE SEP 1     29                        97    -68       61
  SINCE JUL 1     29                        97    -68       61

 COOLING
  TODAY            0                         0      0        0
  MONTH TO DATE   34                        19     15       39
  SINCE SEP 1    616                       355    261      417
  SINCE JAN 1   1686                      1123    563     1227
..................................................................


WIND (MPH)
  HIGHEST WIND SPEED    10   HIGHEST WIND DIRECTION     S (200)
  HIGHEST GUST SPEED    14   HIGHEST GUST DIRECTION    SW (220)
  AVERAGE WIND SPEED     2.7


SKY COVER
  POSSIBLE SUNSHINE  MM
  AVERAGE SKY COVER 0.2


WEATHER CONDITIONS
 THE FOLLOWING WEATHER WAS RECORDED TODAY.
  NO SIGNIFICANT WEATHER WAS OBSERVED.


RELATIVE HUMIDITY (PERCENT)
 HIGHEST    83           600 AM
 LOWEST     64           900 AM
 AVERAGE    74

..........................................................


THE LONG BEACH AIRPORT CA CLIMATE NORMALS FOR TOMORROW
                         NORMAL    RECORD    YEAR
 MAXIMUM TEMPERATURE (F)   70        85      1990
 MINIMUM TEMPERATURE (F)   49        41      1999


SUNRISE AND SUNSET
NOVEMBER 22 2014......SUNRISE   631 AM PST   SUNSET   446 PM PST
NOVEMBER 23 2014......SUNRISE   632 AM PST   SUNSET   446 PM PST


-  INDICATES NEGATIVE NUMBERS.
R  INDICATES RECORD WAS SET OR TIED.
MM INDICATES DATA IS MISSING.
T  INDICATES TRACE AMOUNT.




$$
