000
CDUS46 KLOX 270912
CLILGB


CLIMATE REPORT
NATIONAL WEATHER SERVICE LOS ANGELES/OXNARD CA
212 AM PDT FRI MAR 27 2015


...................................

...THE LONG BEACH AIRPORT CA CLIMATE SUMMARY FOR MARCH 26 2015...

CLIMATE NORMAL PERIOD 1981 TO 2010
CLIMATE RECORD PERIOD 1958 TO 2015


WEATHER ITEM   OBSERVED TIME   RECORD YEAR NORMAL DEPARTURE LAST
                VALUE   (LST)  VALUE       VALUE  FROM      YEAR
                                                  NORMAL
..................................................................
TEMPERATURE (F)
 YESTERDAY
  MAXIMUM         94    202 PM  98    1988  69     25       66
  MINIMUM         58    616 AM  42    1977  51      7       57
  AVERAGE         76                        60     16       62

PRECIPITATION (IN)
  YESTERDAY        0.00          1.22 1991   0.04  -0.04     0.03
  MONTH TO DATE    0.49                      1.66  -1.17     0.47
  SINCE OCT 1      6.86                     10.93  -4.07     4.06
  SINCE JAN 1      1.60                      7.35  -5.75     2.82

SNOWFALL (IN)
  YESTERDAY        0.0
  MONTH TO DATE    0.0
  SINCE MAR 1      0.0
  SINCE JUL 1      0.0

DEGREE DAYS
 HEATING
  YESTERDAY        0                         5     -5        3
  MONTH TO DATE   40                       153   -113       60
  SINCE MAR 1     40                       153   -113       60
  SINCE JUL 1    463                      1044   -581      638

 COOLING
  YESTERDAY       11                         0     11        0
  MONTH TO DATE   95                         0     95       23
  SINCE MAR 1     95                         0     95       23
  SINCE JAN 1    132                         8    124       38
..................................................................


WIND (MPH)
  HIGHEST WIND SPEED    18   HIGHEST WIND DIRECTION    NW (300)
  HIGHEST GUST SPEED    23   HIGHEST GUST DIRECTION    NW (310)
  AVERAGE WIND SPEED     3.9


SKY COVER
  POSSIBLE SUNSHINE  MM
  AVERAGE SKY COVER 0.0


WEATHER CONDITIONS
 THE FOLLOWING WEATHER WAS RECORDED YESTERDAY.
  NO SIGNIFICANT WEATHER WAS OBSERVED.


RELATIVE HUMIDITY (PERCENT)
 HIGHEST    75           400 AM
 LOWEST     11          1200 PM
 AVERAGE    43

..........................................................


THE LONG BEACH AIRPORT CA CLIMATE NORMALS FOR TODAY
                         NORMAL    RECORD    YEAR
 MAXIMUM TEMPERATURE (F)   70        86      1986
 MINIMUM TEMPERATURE (F)   51        41      1975


SUNRISE AND SUNSET
MARCH 27 2015.........SUNRISE   647 AM PDT   SUNSET   709 PM PDT
MARCH 28 2015.........SUNRISE   646 AM PDT   SUNSET   710 PM PDT


-  INDICATES NEGATIVE NUMBERS.
R  INDICATES RECORD WAS SET OR TIED.
MM INDICATES DATA IS MISSING.
T  INDICATES TRACE AMOUNT.




$$
