000
CDHW41 PHFO 211245
CLILIH


CLIMATE REPORT
NATIONAL WEATHER SERVICE HONOLULU HI
245 AM HST TUE OCT 21 2014


...................................

...THE LIHUE HI CLIMATE SUMMARY FOR OCTOBER 20 2014...

CLIMATE NORMAL PERIOD 1981 TO 2010
CLIMATE RECORD PERIOD 1946 TO 2014


WEATHER ITEM   OBSERVED TIME   RECORD YEAR NORMAL DEPARTURE LAST
                VALUE   (LST)  VALUE       VALUE  FROM      YEAR
                                                  NORMAL
..................................................................
TEMPERATURE (F)
 YESTERDAY
  MAXIMUM         82    134 PM  86    2004  83     -1       82
                                      1984
                                      1962
  MINIMUM         77    151 AM  62    1981  73      4       68
  AVERAGE         80                        78      2       75

PRECIPITATION (IN)
  YESTERDAY        T             2.95 1996   0.13  -0.13     0.00
  MONTH TO DATE    1.34                      2.25  -0.91     7.42
  SINCE SEP 1      2.74                      4.37  -1.63     9.78
  SINCE JAN 1     26.91                     25.82   1.09    26.99

SNOWFALL (IN)
  YESTERDAY        0.0
  MONTH TO DATE    0.0
  SINCE SEP 1      0.0
  SINCE JUL 1      0.0
  SNOW DEPTH       0

DEGREE DAYS
 HEATING
  YESTERDAY        0                         0      0        0
  MONTH TO DATE    0                         0      0        0
  SINCE SEP 1      0                         0      0        0
  SINCE JUL 1      0                         0      0        0

 COOLING
  YESTERDAY       15                        13      2       10
  MONTH TO DATE  312                       271     41      252
  SINCE SEP 1    789                       704     85      712
  SINCE JAN 1   3307                      3230     77     3008
..................................................................


WIND (MPH)
  HIGHEST WIND SPEED    20   HIGHEST WIND DIRECTION     E (90)
  HIGHEST GUST SPEED    23   HIGHEST GUST DIRECTION     E (90)
  AVERAGE WIND SPEED    13.9


SKY COVER
  POSSIBLE SUNSHINE  MM
  AVERAGE SKY COVER 0.4


WEATHER CONDITIONS
 THE FOLLOWING WEATHER WAS RECORDED YESTERDAY.
  LIGHT RAIN


RELATIVE HUMIDITY (PERCENT)
 HIGHEST    85          1200 AM
 LOWEST     69           900 AM
 AVERAGE    77

..........................................................


THE LIHUE HI CLIMATE NORMALS FOR TODAY
                         NORMAL    RECORD    YEAR
 MAXIMUM TEMPERATURE (F)   83        88      1961
 MINIMUM TEMPERATURE (F)   73        63      1955


SUNRISE AND SUNSET
OCTOBER 21 2014.......SUNRISE   636 AM HST   SUNSET   608 PM HST
OCTOBER 22 2014.......SUNRISE   636 AM HST   SUNSET   607 PM HST


-  INDICATES NEGATIVE NUMBERS.
R  INDICATES RECORD WAS SET OR TIED.
MM INDICATES DATA IS MISSING.
T  INDICATES TRACE AMOUNT.




$$
