829
CDHW41 PHFO 071245
CLILIH


CLIMATE REPORT
NATIONAL WEATHER SERVICE HONOLULU HI
245 AM HST SUN FEB 7 2016


...................................

...THE LIHUE HI CLIMATE SUMMARY FOR FEBRUARY 6 2016...

CLIMATE NORMAL PERIOD 1981 TO 2010
CLIMATE RECORD PERIOD 1946 TO 2016


WEATHER ITEM   OBSERVED TIME   RECORD YEAR NORMAL DEPARTURE LAST
                VALUE   (LST)  VALUE       VALUE  FROM      YEAR
                                                  NORMAL
..................................................................
TEMPERATURE (F)
 YESTERDAY
  MAXIMUM         81    353 PM  84    1963  78      3       83
  MINIMUM         65    730 AM  54    1998  65      0       59
                                      1954
                                      1951
  AVERAGE         73                        72      1       71

PRECIPITATION (IN)
  YESTERDAY        T             2.36 1976   0.11  -0.11     0.00
  MONTH TO DATE    T                         0.69  -0.69     0.27
  SINCE DEC 1      1.74                      9.64  -7.90     2.83
  SINCE JAN 1      0.32                      4.44  -4.12     1.43

SNOWFALL (IN)
  YESTERDAY        0.0
  MONTH TO DATE    0.0
  SINCE DEC 1      0.0
  SINCE JUL 1      0.0
  SNOW DEPTH       0

DEGREE DAYS
 HEATING
  YESTERDAY        0                         0      0        0
  MONTH TO DATE    0                         0      0        0
  SINCE DEC 1      0                         0      0        0
  SINCE JUL 1      0                         0      0        0

 COOLING
  YESTERDAY        8                         7      1        6
  MONTH TO DATE   58                        42     16       59
  SINCE DEC 1    656                       505    151      483
  SINCE JAN 1    300                       251     49      267
..................................................................


WIND (MPH)
  HIGHEST WIND SPEED    25   HIGHEST WIND DIRECTION     N (360)
  HIGHEST GUST SPEED    32   HIGHEST GUST DIRECTION     N (10)
  AVERAGE WIND SPEED    10.6


SKY COVER
  POSSIBLE SUNSHINE  MM
  AVERAGE SKY COVER 0.2


WEATHER CONDITIONS
 THE FOLLOWING WEATHER WAS RECORDED YESTERDAY.
  NO SIGNIFICANT WEATHER WAS OBSERVED.


RELATIVE HUMIDITY (PERCENT)
 HIGHEST    87           200 AM
 LOWEST     58           100 PM
 AVERAGE    73

..........................................................


THE LIHUE HI CLIMATE NORMALS FOR TODAY
                         NORMAL    RECORD    YEAR
 MAXIMUM TEMPERATURE (F)   78        86      1960
 MINIMUM TEMPERATURE (F)   65        56      1954


SUNRISE AND SUNSET
FEBRUARY  7 2016......SUNRISE   713 AM HST   SUNSET   630 PM HST
FEBRUARY  8 2016......SUNRISE   713 AM HST   SUNSET   631 PM HST


-  INDICATES NEGATIVE NUMBERS.
R  INDICATES RECORD WAS SET OR TIED.
MM INDICATES DATA IS MISSING.
T  INDICATES TRACE AMOUNT.




$$
