000
CDHW41 PHFO 250245
CLILIH


CLIMATE REPORT
NATIONAL WEATHER SERVICE HONOLULU HI
444 PM HST WED MAY 24 2017


...................................

...THE LIHUE HI CLIMATE SUMMARY FOR MAY 24 2017...
VALID TODAY AS OF 0400 PM LOCAL TIME.

CLIMATE NORMAL PERIOD 1981 TO 2010
CLIMATE RECORD PERIOD 1946 TO 2017


WEATHER ITEM   OBSERVED TIME   RECORD YEAR NORMAL DEPARTURE LAST
                VALUE   (LST)  VALUE       VALUE  FROM      YEAR
                                                  NORMAL
..................................................................
TEMPERATURE (F)
 TODAY
  MAXIMUM         83    223 PM  85    1996  82      1       83
                                      1981
  MINIMUM         72    843 AM  62    1985  71      1       70
  AVERAGE         78                        76      2       77

PRECIPITATION (IN)
  TODAY            0.06          0.83 2014   0.06   0.00     0.03
  MONTH TO DATE    0.67                      1.71  -1.04     0.88
  SINCE MAR 1      7.17                      8.57  -1.40     4.34
  SINCE JAN 1     13.65                     15.48  -1.83     5.51

SNOWFALL (IN)
  TODAY            0.0
  MONTH TO DATE    0.0
  SINCE MAR 1      0.0
  SINCE JUL 1      0.0
  SNOW DEPTH      MM

DEGREE DAYS
 HEATING
  TODAY            0                         0      0        0
  MONTH TO DATE    0                         0      0        0
  SINCE MAR 1      0                         0      0        0
  SINCE JUL 1      0                         0      0        0

 COOLING
  TODAY           13                        12      1       12
  MONTH TO DATE  321                       252     69      303
  SINCE MAR 1    942                       761    181      871
  SINCE JAN 1   1383                      1156    227     1326
..................................................................


WIND (MPH)
  HIGHEST WIND SPEED    24   HIGHEST WIND DIRECTION     E (70)
  HIGHEST GUST SPEED    29   HIGHEST GUST DIRECTION     E (70)
  AVERAGE WIND SPEED    MM


SKY COVER
  POSSIBLE SUNSHINE  MM
  AVERAGE SKY COVER  MM


WEATHER CONDITIONS
 THE FOLLOWING WEATHER WAS RECORDED TODAY.
  FOG
  HAZE


RELATIVE HUMIDITY (PERCENT)
 HIGHEST    MM
 LOWEST     MM
 AVERAGE    MM

..........................................................


THE LIHUE HI CLIMATE NORMALS FOR TOMORROW
                         NORMAL    RECORD    YEAR
 MAXIMUM TEMPERATURE (F)   82        84      2007
                                             2005
                                             2004
 MINIMUM TEMPERATURE (F)   71        64      1959


SUNRISE AND SUNSET
MAY 24 2017...........SUNRISE   555 AM HST   SUNSET   714 PM HST
MAY 25 2017...........SUNRISE   555 AM HST   SUNSET   714 PM HST


-  INDICATES NEGATIVE NUMBERS.
R  INDICATES RECORD WAS SET OR TIED.
MM INDICATES DATA IS MISSING.
T  INDICATES TRACE AMOUNT.




$$
