000
CDHW41 PHFO 211245
CLILIH


CLIMATE REPORT
NATIONAL WEATHER SERVICE HONOLULU HI
245 AM HST SAT JAN 21 2017


...................................

...THE LIHUE HI CLIMATE SUMMARY FOR JANUARY 20 2017...

CLIMATE NORMAL PERIOD 1981 TO 2010
CLIMATE RECORD PERIOD 1946 TO 2017


WEATHER ITEM   OBSERVED TIME   RECORD YEAR NORMAL DEPARTURE LAST
                VALUE   (LST)  VALUE       VALUE  FROM      YEAR
                                                  NORMAL
..................................................................
TEMPERATURE (F)
 YESTERDAY
  MAXIMUM         83    233 PM  84    1962  78      5       79
  MINIMUM         68    755 AM  51    1969  65      3       66
  AVERAGE         76                        72      4       73

PRECIPITATION (IN)
  YESTERDAY        0.03          3.15 1981   0.12  -0.09     0.01
  MONTH TO DATE    0.16                      2.47  -2.31     0.09
  SINCE DEC 1      1.33                      7.67  -6.34     1.51
  SINCE JAN 1      0.16                      2.47  -2.31     0.09

SNOWFALL (IN)
  YESTERDAY        0.0
  MONTH TO DATE    0.0
  SINCE DEC 1      0.0
  SINCE JUL 1      0.0
  SNOW DEPTH       0

DEGREE DAYS
 HEATING
  YESTERDAY        0                         0      0        0
  MONTH TO DATE    0                         0      0        0
  SINCE DEC 1      0                         0      0        0
  SINCE JUL 1      0                         0      0        0

 COOLING
  YESTERDAY       11                         7      4        8
  MONTH TO DATE  147                       140      7      142
  SINCE DEC 1    417                       394     23      498
  SINCE JAN 1    147                       140      7      142
..................................................................


WIND (MPH)
  HIGHEST WIND SPEED    22   HIGHEST WIND DIRECTION    NE (30)
  HIGHEST GUST SPEED    26   HIGHEST GUST DIRECTION    NE (40)
  AVERAGE WIND SPEED    10.2


SKY COVER
  POSSIBLE SUNSHINE  MM
  AVERAGE SKY COVER 0.8


WEATHER CONDITIONS
 THE FOLLOWING WEATHER WAS RECORDED YESTERDAY.
  RAIN
  HAZE


RELATIVE HUMIDITY (PERCENT)
 HIGHEST    84           700 AM
 LOWEST     46           200 PM
 AVERAGE    65

..........................................................


THE LIHUE HI CLIMATE NORMALS FOR TODAY
                         NORMAL    RECORD    YEAR
 MAXIMUM TEMPERATURE (F)   78        83      1961
 MINIMUM TEMPERATURE (F)   65        52      1969


SUNRISE AND SUNSET
JANUARY 21 2017.......SUNRISE   718 AM HST   SUNSET   620 PM HST
JANUARY 22 2017.......SUNRISE   718 AM HST   SUNSET   620 PM HST


-  INDICATES NEGATIVE NUMBERS.
R  INDICATES RECORD WAS SET OR TIED.
MM INDICATES DATA IS MISSING.
T  INDICATES TRACE AMOUNT.




$$
