000
CDHW41 PHFO 220235
CLILIH


CLIMATE REPORT
NATIONAL WEATHER SERVICE HONOLULU HI
425 PM HST MON JUL 21 2014


...................................

...THE LIHUE HI CLIMATE SUMMARY FOR JULY 21 2014...
VALID TODAY AS OF 0400 PM LOCAL TIME.

CLIMATE NORMAL PERIOD 1981 TO 2010
CLIMATE RECORD PERIOD 1946 TO 2014


WEATHER ITEM   OBSERVED TIME   RECORD YEAR NORMAL DEPARTURE LAST
                VALUE   (LST)  VALUE       VALUE  FROM      YEAR
                                                  NORMAL
..................................................................
TEMPERATURE (F)
 TODAY
  MAXIMUM         84    259 PM  87    1981  84      0       83
  MINIMUM         77    358 AM  67    1955  74      3       73
  AVERAGE         81                        79      2       78

PRECIPITATION (IN)
  TODAY            0.00          0.70 1987   0.07  -0.07     0.00
  MONTH TO DATE    1.41                      1.20   0.21     0.53
  SINCE JUN 1      4.54                      2.81   1.73     1.23
  SINCE JAN 1     20.33                     18.65   1.68    16.03

SNOWFALL (IN)
  TODAY            0.0
  MONTH TO DATE    0.0
  SINCE JUN 1      0.0
  SINCE JUL 1      0.0
  SNOW DEPTH       0

DEGREE DAYS
 HEATING
  TODAY            0                         0      0        0
  MONTH TO DATE    0                         0      0        0
  SINCE JUN 1      0                         0      0        0
  SINCE JUL 1      0                         0      0        0

 COOLING
  TODAY           16                        14      2       13
  MONTH TO DATE  311                       294     17      244
  SINCE JUN 1    691                       688      3      626
  SINCE JAN 1   1912                      1927    -15     1708
..................................................................


WIND (MPH)
  HIGHEST WIND SPEED    20   HIGHEST WIND DIRECTION     E (100)
  HIGHEST GUST SPEED    23   HIGHEST GUST DIRECTION     E (100)
  AVERAGE WIND SPEED    10.8


SKY COVER
  POSSIBLE SUNSHINE  MM
  AVERAGE SKY COVER 0.5


WEATHER CONDITIONS
 THE FOLLOWING WEATHER WAS RECORDED TODAY.
  NO SIGNIFICANT WEATHER WAS OBSERVED.


RELATIVE HUMIDITY (PERCENT)
 HIGHEST    88           400 AM
 LOWEST     79          1200 AM
 AVERAGE    84

..........................................................


THE LIHUE HI CLIMATE NORMALS FOR TOMORROW
                         NORMAL    RECORD    YEAR
 MAXIMUM TEMPERATURE (F)   84        87      1982
                                             1963
 MINIMUM TEMPERATURE (F)   74        66      1955


SUNRISE AND SUNSET
JULY 21 2014..........SUNRISE   605 AM HST   SUNSET   722 PM HST
JULY 22 2014..........SUNRISE   606 AM HST   SUNSET   722 PM HST


-  INDICATES NEGATIVE NUMBERS.
R  INDICATES RECORD WAS SET OR TIED.
MM INDICATES DATA IS MISSING.
T  INDICATES TRACE AMOUNT.




$$
