000
CDHW41 PHFO 110236
CLILIH


CLIMATE REPORT
NATIONAL WEATHER SERVICE HONOLULU HI
426 PM HST SAT DEC 10 2016


...................................

...THE LIHUE HI CLIMATE SUMMARY FOR DECEMBER 10 2016...
VALID TODAY AS OF 0400 PM LOCAL TIME.

CLIMATE NORMAL PERIOD 1981 TO 2010
CLIMATE RECORD PERIOD 1946 TO 2016


WEATHER ITEM   OBSERVED TIME   RECORD YEAR NORMAL DEPARTURE LAST
                VALUE   (LST)  VALUE       VALUE  FROM      YEAR
                                                  NORMAL
..................................................................
TEMPERATURE (F)
 TODAY
  MAXIMUM         80    306 PM  MM    2010  79      1       82
  MINIMUM         67    740 AM  56    1972  68     -1       75
  AVERAGE         74                        74      0       79

PRECIPITATION (IN)
  TODAY            0.14          0.81 2010   0.17  -0.03      T
  MONTH TO DATE    0.73                      1.61  -0.88     0.37
  SINCE DEC 1      0.73                      1.61  -0.88     0.37
  SINCE JAN 1     12.96                     33.46 -20.50    28.65

SNOWFALL (IN)
  TODAY            0.0
  MONTH TO DATE    0.0
  SINCE DEC 1      0.0
  SINCE JUL 1      0.0
  SNOW DEPTH       0

DEGREE DAYS
 HEATING
  TODAY            0                         0      0        0
  MONTH TO DATE    0                         0      0        0
  SINCE DEC 1      0                         0      0        0
  SINCE JUL 1      0                         0      0        0

 COOLING
  TODAY            9                         9      0       14
  MONTH TO DATE   92                        90      2      120
  SINCE DEC 1     92                        90      2      120
  SINCE JAN 1   4052                      3781    271     4199
..................................................................


WIND (MPH)
  HIGHEST WIND SPEED    12   HIGHEST WIND DIRECTION    SE (150)
  HIGHEST GUST SPEED    15   HIGHEST GUST DIRECTION     S (170)
  AVERAGE WIND SPEED     6.0


SKY COVER
  POSSIBLE SUNSHINE  MM
  AVERAGE SKY COVER 0.4


WEATHER CONDITIONS
 THE FOLLOWING WEATHER WAS RECORDED TODAY.
  HEAVY RAIN
  FOG
  HAZE


RELATIVE HUMIDITY (PERCENT)
 HIGHEST    93           400 AM
 LOWEST     71           300 PM
 AVERAGE    82

..........................................................


THE LIHUE HI CLIMATE NORMALS FOR TOMORROW
                         NORMAL    RECORD    YEAR
 MAXIMUM TEMPERATURE (F)   79        84      1980
 MINIMUM TEMPERATURE (F)   68        55      1972


SUNRISE AND SUNSET
DECEMBER 10 2016......SUNRISE   706 AM HST   SUNSET   555 PM HST
DECEMBER 11 2016......SUNRISE   707 AM HST   SUNSET   555 PM HST


-  INDICATES NEGATIVE NUMBERS.
R  INDICATES RECORD WAS SET OR TIED.
MM INDICATES DATA IS MISSING.
T  INDICATES TRACE AMOUNT.




$$
