000
CDHW41 PHFO 271245
CLILIH


CLIMATE REPORT
NATIONAL WEATHER SERVICE HONOLULU HI
245 AM HST THU NOV 27 2014


...................................

...THE LIHUE HI CLIMATE SUMMARY FOR NOVEMBER 26 2014...

CLIMATE NORMAL PERIOD 1981 TO 2010
CLIMATE RECORD PERIOD 1946 TO 2014


WEATHER ITEM   OBSERVED TIME   RECORD YEAR NORMAL DEPARTURE LAST
                VALUE   (LST)  VALUE       VALUE  FROM      YEAR
                                                  NORMAL
..................................................................
TEMPERATURE (F)
 YESTERDAY
  MAXIMUM         80    136 PM  86    1980  80      0       81
  MINIMUM         71    704 AM  60    1985  70      1       74
                                      1958
  AVERAGE         76                        75      1       78

PRECIPITATION (IN)
  YESTERDAY        T             3.74 2001   0.14  -0.14     0.00
  MONTH TO DATE    2.09                      3.86  -1.77     3.18
  SINCE SEP 1      6.23                      9.80  -3.57    13.53
  SINCE JAN 1     30.40                     31.25  -0.85    30.74

SNOWFALL (IN)
  YESTERDAY        0.0
  MONTH TO DATE    0.0
  SINCE SEP 1      0.0
  SINCE JUL 1      0.0
  SNOW DEPTH       0

DEGREE DAYS
 HEATING
  YESTERDAY        0                         0      0        0
  MONTH TO DATE    0                         0      0        0
  SINCE SEP 1      0                         0      0        0
  SINCE JUL 1      0                         0      0        0

 COOLING
  YESTERDAY       11                        10      1       13
  MONTH TO DATE  299                       286     13      252
  SINCE SEP 1   1255                      1127    128     1102
  SINCE JAN 1   3773                      3653    120     3398
..................................................................


WIND (MPH)
  HIGHEST WIND SPEED    28   HIGHEST WIND DIRECTION    NE (40)
  HIGHEST GUST SPEED    32   HIGHEST GUST DIRECTION    NE (40)
  AVERAGE WIND SPEED    18.7


SKY COVER
  POSSIBLE SUNSHINE  MM
  AVERAGE SKY COVER 0.8


WEATHER CONDITIONS
 THE FOLLOWING WEATHER WAS RECORDED YESTERDAY.
  NO SIGNIFICANT WEATHER WAS OBSERVED.


RELATIVE HUMIDITY (PERCENT)
 HIGHEST    64           700 AM
 LOWEST     49           400 AM
 AVERAGE    57

..........................................................


THE LIHUE HI CLIMATE NORMALS FOR TODAY
                         NORMAL    RECORD    YEAR
 MAXIMUM TEMPERATURE (F)   80        85      1980
                                             1977
 MINIMUM TEMPERATURE (F)   70        60      1972


SUNRISE AND SUNSET
NOVEMBER 27 2014......SUNRISE   657 AM HST   SUNSET   553 PM HST
NOVEMBER 28 2014......SUNRISE   658 AM HST   SUNSET   553 PM HST


-  INDICATES NEGATIVE NUMBERS.
R  INDICATES RECORD WAS SET OR TIED.
MM INDICATES DATA IS MISSING.
T  INDICATES TRACE AMOUNT.




$$
