000
CDHW41 PHFO 290226
CLILIH


CLIMATE REPORT
NATIONAL WEATHER SERVICE HONOLULU HI
426 PM HST SAT MAY 28 2016


...................................

...THE LIHUE HI CLIMATE SUMMARY FOR MAY 28 2016...
VALID TODAY AS OF 0400 PM LOCAL TIME.

CLIMATE NORMAL PERIOD 1981 TO 2010
CLIMATE RECORD PERIOD 1946 TO 2016


WEATHER ITEM   OBSERVED TIME   RECORD YEAR NORMAL DEPARTURE LAST
                VALUE   (LST)  VALUE       VALUE  FROM      YEAR
                                                  NORMAL
..................................................................
TEMPERATURE (F)
 TODAY
  MAXIMUM         81    110 PM  85    2005  82     -1       81
                                      1996
                                      1981
  MINIMUM         74    350 PM  64    1983  72      2       68
  AVERAGE         78                        77      1       75

PRECIPITATION (IN)
  TODAY            0.01          2.55 1980   0.05  -0.04     0.12
  MONTH TO DATE    1.17                      1.92  -0.75     0.81
  SINCE MAR 1      4.63                      8.78  -4.15     3.93
  SINCE JAN 1      5.80                     15.69  -9.89     5.84

SNOWFALL (IN)
  TODAY            0.0
  MONTH TO DATE    0.0
  SINCE MAR 1      0.0
  SINCE JUL 1      0.0
  SNOW DEPTH       0

DEGREE DAYS
 HEATING
  TODAY            0                         0      0        0
  MONTH TO DATE    0                         0      0        0
  SINCE MAR 1      0                         0      0        0
  SINCE JUL 1      0                         0      0        0

 COOLING
  TODAY           13                        12      1       10
  MONTH TO DATE  353                       300     53      324
  SINCE MAR 1    921                       809    112      929
  SINCE JAN 1   1376                      1204    172     1385
..................................................................


WIND (MPH)
  HIGHEST WIND SPEED    13   HIGHEST WIND DIRECTION     E (100)
  HIGHEST GUST SPEED    16   HIGHEST GUST DIRECTION     S (160)
  AVERAGE WIND SPEED     8.6


SKY COVER
  POSSIBLE SUNSHINE  MM
  AVERAGE SKY COVER 0.6


WEATHER CONDITIONS
 THE FOLLOWING WEATHER WAS RECORDED TODAY.
  LIGHT RAIN
  FOG


RELATIVE HUMIDITY (PERCENT)
 HIGHEST    87           100 AM
 LOWEST     69          1000 AM
 AVERAGE    78

..........................................................


THE LIHUE HI CLIMATE NORMALS FOR TOMORROW
                         NORMAL    RECORD    YEAR
 MAXIMUM TEMPERATURE (F)   82        86      2013
 MINIMUM TEMPERATURE (F)   72        65      1983
                                             1978


SUNRISE AND SUNSET
MAY 28 2016...........SUNRISE   554 AM HST   SUNSET   716 PM HST
MAY 29 2016...........SUNRISE   554 AM HST   SUNSET   716 PM HST


-  INDICATES NEGATIVE NUMBERS.
R  INDICATES RECORD WAS SET OR TIED.
MM INDICATES DATA IS MISSING.
T  INDICATES TRACE AMOUNT.




$$
