000
CDHW41 PHFO 180234
CLILIH


CLIMATE REPORT
NATIONAL WEATHER SERVICE HONOLULU HI
434 PM HST SUN DEC 17 2017


...................................

...THE LIHUE HI CLIMATE SUMMARY FOR DECEMBER 17 2017...
VALID TODAY AS OF 0400 PM LOCAL TIME.

CLIMATE NORMAL PERIOD 1981 TO 2010
CLIMATE RECORD PERIOD 1946 TO 2017


WEATHER ITEM   OBSERVED TIME   RECORD YEAR NORMAL DEPARTURE LAST
                VALUE   (LST)  VALUE       VALUE  FROM      YEAR
                                                  NORMAL
..................................................................
TEMPERATURE (F)
 TODAY
  MAXIMUM         74    317 PM  83    2005  79     -5       80
                                      1992
                                      1981
  MINIMUM         58    720 AM  55    1983  67     -9       63
  AVERAGE         66                        73     -7       72

PRECIPITATION (IN)
  TODAY            0.00          3.37 1952   0.17  -0.17      T
  MONTH TO DATE    0.16                      2.80  -2.64     0.90
  SINCE DEC 1      0.16                      2.80  -2.64     0.90
  SINCE JAN 1     22.33                     34.65 -12.32    13.13

SNOWFALL (IN)
  TODAY            0.0
  MONTH TO DATE    0.0
  SINCE DEC 1      0.0
  SINCE JUL 1      0.0
  SNOW DEPTH      MM

DEGREE DAYS
 HEATING
  TODAY            0                         0      0        0
  MONTH TO DATE    0                         0      0        0
  SINCE DEC 1      0                         0      0        0
  SINCE JUL 1      0                         0      0        0

 COOLING
  TODAY            1                         8     -7        7
  MONTH TO DATE   62                       147    -85      135
  SINCE DEC 1     62                       147    -85      135
  SINCE JAN 1   4143                      3838    305     4095
..................................................................


WIND (MPH)
  HIGHEST WIND SPEED    15   HIGHEST WIND DIRECTION     S (170)
  HIGHEST GUST SPEED    18   HIGHEST GUST DIRECTION     S (170)
  AVERAGE WIND SPEED    MM


SKY COVER
  POSSIBLE SUNSHINE  MM
  AVERAGE SKY COVER  MM


WEATHER CONDITIONS
 THE FOLLOWING WEATHER WAS RECORDED TODAY.
  NO SIGNIFICANT WEATHER WAS OBSERVED.


RELATIVE HUMIDITY (PERCENT)
 HIGHEST    MM
 LOWEST     MM
 AVERAGE    MM

..........................................................


THE LIHUE HI CLIMATE NORMALS FOR TOMORROW
                         NORMAL    RECORD    YEAR
 MAXIMUM TEMPERATURE (F)   79        87      2005
 MINIMUM TEMPERATURE (F)   67        55      1954


SUNRISE AND SUNSET
DECEMBER 17 2017......SUNRISE   710 AM HST   SUNSET   558 PM HST
DECEMBER 18 2017......SUNRISE   710 AM HST   SUNSET   558 PM HST


-  INDICATES NEGATIVE NUMBERS.
R  INDICATES RECORD WAS SET OR TIED.
MM INDICATES DATA IS MISSING.
T  INDICATES TRACE AMOUNT.




$$
