000
CDUS44 KLZK 011014
CLILIT


CLIMATE REPORT
NATIONAL WEATHER SERVICE LITTLE ROCK AR
414 AM CST SUN MAR 1 2015


...................................

...THE LITTLE ROCK ADAMS FIELD CLIMATE SUMMARY FOR FEBRUARY 28 2015...

CLIMATE NORMAL PERIOD 1981 TO 2010
CLIMATE RECORD PERIOD 1874 TO 2015


WEATHER ITEM   OBSERVED TIME   RECORD YEAR NORMAL DEPARTURE LAST
                VALUE   (LST)  VALUE       VALUE  FROM      YEAR
                                                  NORMAL
..................................................................
TEMPERATURE (F)
 YESTERDAY
  MAXIMUM         38    507 PM  84    1980  59    -21       48
  MINIMUM         26    433 AM  18    2002  38    -12       28
  AVERAGE         32                        48    -16       38

PRECIPITATION (IN)
  YESTERDAY        T             2.63 1880   0.15  -0.15     0.01
  MONTH TO DATE    3.84                      3.66   0.18     3.23
  SINCE DEC 1      9.97                     12.18  -2.21    12.51
  SINCE JAN 1      6.81                      7.21  -0.40     5.57

SNOWFALL (IN)
  YESTERDAY        T             0.5  1916   0.0    0.0      0.0
  MONTH TO DATE    5.3                       1.3    4.0      2.7
  SINCE DEC 1      5.3                       3.1    2.2      4.0
  SINCE JUL 1      5.4                       3.1    2.3      4.0
  SNOW DEPTH       T

DEGREE DAYS
 HEATING
  YESTERDAY       33                        17     16       27
  MONTH TO DATE  746                       568    178      670
  SINCE DEC 1   2075                      1999     76     2189
  SINCE JUL 1   2646                      2513    133     2773

 COOLING
  YESTERDAY        0                         0      0        0
  MONTH TO DATE    0                         1     -1        0
  SINCE DEC 1      0                         4     -4        5
  SINCE JAN 1      0                         2     -2        0
..................................................................


WIND (MPH)
  HIGHEST WIND SPEED    15   HIGHEST WIND DIRECTION     E (80)
  HIGHEST GUST SPEED    17   HIGHEST GUST DIRECTION     E (80)
  AVERAGE WIND SPEED     8.6


SKY COVER
  POSSIBLE SUNSHINE  MM
  AVERAGE SKY COVER 1.0


WEATHER CONDITIONS
 THE FOLLOWING WEATHER WAS RECORDED YESTERDAY.
  LIGHT RAIN
  LT FREEZING RAIN
  LIGHT SNOW


RELATIVE HUMIDITY (PERCENT)
 HIGHEST    69           900 PM
 LOWEST     52           100 PM
 AVERAGE    61

..........................................................


THE LITTLE ROCK ADAMS FIELD CLIMATE NORMALS FOR TODAY
                         NORMAL    RECORD    YEAR
 MAXIMUM TEMPERATURE (F)   59        82      2006
 MINIMUM TEMPERATURE (F)   39        16      1890


SUNRISE AND SUNSET
MARCH  1 2015.........SUNRISE   638 AM CST   SUNSET   605 PM CST
MARCH  2 2015.........SUNRISE   637 AM CST   SUNSET   605 PM CST


-  INDICATES NEGATIVE NUMBERS.
R  INDICATES RECORD WAS SET OR TIED.
MM INDICATES DATA IS MISSING.
T  INDICATES TRACE AMOUNT.




$$
