000
CDUS44 KLZK 250910
CLILIT


CLIMATE REPORT
NATIONAL WEATHER SERVICE LITTLE ROCK AR
410 AM CDT SAT OCT 25 2014


...................................

...THE LITTLE ROCK ADAMS FIELD CLIMATE SUMMARY FOR OCTOBER 24 2014...

CLIMATE NORMAL PERIOD 1981 TO 2010
CLIMATE RECORD PERIOD 1874 TO 2014


WEATHER ITEM   OBSERVED TIME   RECORD YEAR NORMAL DEPARTURE LAST
                VALUE   (LST)  VALUE       VALUE  FROM      YEAR
                                                  NORMAL
..................................................................
TEMPERATURE (F)
 YESTERDAY
  MAXIMUM         78    323 PM  89    2003  72      6       67
  MINIMUM         48    639 AM  30    1981  50     -2       44
  AVERAGE         63                        61      2       56

PRECIPITATION (IN)
  YESTERDAY        0.00          2.09 1976   0.17  -0.17     0.00
  MONTH TO DATE    3.28                      3.76  -0.48     2.22
  SINCE SEP 1      5.29                      6.94  -1.65     5.43
  SINCE JAN 1     42.42                     38.35   4.07    40.03

SNOWFALL (IN)
  YESTERDAY        0.0          MM      MM   0.0    0.0      0.0
  MONTH TO DATE    0.0                       0.0    0.0      0.0
  SINCE SEP 1      0.0                       0.0    0.0      0.0
  SINCE JUL 1      0.0                       0.0    0.0      0.0
  SNOW DEPTH       0

DEGREE DAYS
 HEATING
  YESTERDAY        2                         6     -4        9
  MONTH TO DATE   40                        76    -36       70
  SINCE SEP 1     44                        87    -43       70
  SINCE JUL 1     44                        87    -43       70

 COOLING
  YESTERDAY        0                         2     -2        0
  MONTH TO DATE   89                        73     16       82
  SINCE SEP 1    419                       385     34      486
  SINCE JAN 1   2029                      2186   -157     2192
..................................................................


WIND (MPH)
  HIGHEST WIND SPEED     8   HIGHEST WIND DIRECTION    SW (240)
  HIGHEST GUST SPEED    13   HIGHEST GUST DIRECTION    SW (230)
  AVERAGE WIND SPEED     3.2


SKY COVER
  POSSIBLE SUNSHINE  MM
  AVERAGE SKY COVER 0.3


WEATHER CONDITIONS
 THE FOLLOWING WEATHER WAS RECORDED YESTERDAY.
  NO SIGNIFICANT WEATHER WAS OBSERVED.


RELATIVE HUMIDITY (PERCENT)
 HIGHEST    93           400 AM
 LOWEST     39           100 PM
 AVERAGE    66

..........................................................


THE LITTLE ROCK ADAMS FIELD CLIMATE NORMALS FOR TODAY
                         NORMAL    RECORD    YEAR
 MAXIMUM TEMPERATURE (F)   72        89      1944
 MINIMUM TEMPERATURE (F)   50        31      1965


SUNRISE AND SUNSET
OCTOBER 25 2014.......SUNRISE   723 AM CDT   SUNSET   622 PM CDT
OCTOBER 26 2014.......SUNRISE   724 AM CDT   SUNSET   621 PM CDT


-  INDICATES NEGATIVE NUMBERS.
R  INDICATES RECORD WAS SET OR TIED.
MM INDICATES DATA IS MISSING.
T  INDICATES TRACE AMOUNT.




$$
