000
CDUS44 KLZK 260724
CLILIT


CLIMATE REPORT
NATIONAL WEATHER SERVICE LITTLE ROCK AR
223 AM CDT MON SEP 26 2016


...................................

...THE LITTLE ROCK ADAMS FIELD CLIMATE SUMMARY FOR SEPTEMBER 25 2016...

CLIMATE NORMAL PERIOD 1981 TO 2010
CLIMATE RECORD PERIOD 1874 TO 2016


WEATHER ITEM   OBSERVED TIME   RECORD YEAR NORMAL DEPARTURE LAST
                VALUE   (LST)  VALUE       VALUE  FROM      YEAR
                                                  NORMAL
..................................................................
TEMPERATURE (F)
 YESTERDAY
  MAXIMUM         94        MM  96    1931  82     12       90
  MINIMUM         73        MM  43    1965  61     12       64
  AVERAGE         84                        71     13       77

PRECIPITATION (IN)
  YESTERDAY        0.00          2.01 1945   0.12  -0.12     0.00
  MONTH TO DATE    1.31                      2.58  -1.27     0.12
  SINCE SEP 1      1.31                      2.58  -1.27     0.12
  SINCE JAN 1     47.26                     33.99  13.27    37.99

SNOWFALL (IN)
  YESTERDAY        0.0          MM      MM   0.0    0.0      0.0
  MONTH TO DATE    0.0                       0.0    0.0      0.0
  SINCE SEP 1      0.0                       0.0    0.0      0.0
  SINCE JUL 1      0.0                       0.0    0.0      0.0
  SNOW DEPTH       0

DEGREE DAYS
 HEATING
  YESTERDAY        0                         1     -1        0
  MONTH TO DATE    0                         4     -4        0
  SINCE SEP 1      0                         4     -4        0
  SINCE JUL 1      0                         4     -4        0

 COOLING
  YESTERDAY       19                         7     12       12
  MONTH TO DATE  422                       281    141      350
  SINCE SEP 1    422                       281    141      350
  SINCE JAN 1   2475                      2082    393     2320
..................................................................


WIND (MPH)
  HIGHEST WIND SPEED     6   HIGHEST WIND DIRECTION    SW (240)
  HIGHEST GUST SPEED    MM   HIGHEST GUST DIRECTION    MM
  AVERAGE WIND SPEED     2.1


SKY COVER
  POSSIBLE SUNSHINE  MM
  AVERAGE SKY COVER 0.5


WEATHER CONDITIONS
 THE FOLLOWING WEATHER WAS RECORDED YESTERDAY.
  NO SIGNIFICANT WEATHER WAS OBSERVED.


RELATIVE HUMIDITY (PERCENT)
 HIGHEST    87          1200 AM
 LOWEST     41           300 PM
 AVERAGE    64

..........................................................


THE LITTLE ROCK ADAMS FIELD CLIMATE NORMALS FOR TODAY
                         NORMAL    RECORD    YEAR
 MAXIMUM TEMPERATURE (F)   82        99      1954
 MINIMUM TEMPERATURE (F)   60        42      1975
                                             1942
                                             1893


SUNRISE AND SUNSET
SEPTEMBER 26 2016.....SUNRISE   700 AM CDT   SUNSET   659 PM CDT
SEPTEMBER 27 2016.....SUNRISE   701 AM CDT   SUNSET   658 PM CDT


-  INDICATES NEGATIVE NUMBERS.
R  INDICATES RECORD WAS SET OR TIED.
MM INDICATES DATA IS MISSING.
T  INDICATES TRACE AMOUNT.




$$
