000
CDUS44 KLZK 040645
CLILIT


CLIMATE REPORT
NATIONAL WEATHER SERVICE LITTLE ROCK AR
144 AM CDT WED MAY 4 2016


...................................

...THE LITTLE ROCK ADAMS FIELD CLIMATE SUMMARY FOR MAY 3 2016...

CLIMATE NORMAL PERIOD 1981 TO 2010
CLIMATE RECORD PERIOD 1874 TO 2016


WEATHER ITEM   OBSERVED TIME   RECORD YEAR NORMAL DEPARTURE LAST
                VALUE   (LST)  VALUE       VALUE  FROM      YEAR
                                                  NORMAL
..................................................................
TEMPERATURE (F)
 YESTERDAY
  MAXIMUM         72    409 PM  92    1952  78     -6       85
  MINIMUM         55   1159 PM  38    2013  57     -2       53
  AVERAGE         64                        67     -3       69

PRECIPITATION (IN)
  YESTERDAY        0.00          5.14 1878   0.19  -0.19     0.00
  MONTH TO DATE    0.54                      0.55  -0.01     0.00
  SINCE MAR 1     20.60                     10.37  10.23    13.53
  SINCE JAN 1     26.29                     17.58   8.71    20.34

SNOWFALL (IN)
  YESTERDAY        0.0          MM      MM   0.0    0.0      0.0
  MONTH TO DATE    0.0                       0.0    0.0      0.0
  SINCE MAR 1      0.0                       0.4   -0.4      5.7
  SINCE JUL 1      5.7                       3.5    2.2     11.1
  SNOW DEPTH       0

DEGREE DAYS
 HEATING
  YESTERDAY        1                         2     -1        0
  MONTH TO DATE    2                         6     -4        3
  SINCE MAR 1    296                       525   -229      475
  SINCE JUL 1   2185                      3038   -853     3121

 COOLING
  YESTERDAY        0                         4     -4        4
  MONTH TO DATE    8                        11     -3        4
  SINCE MAR 1     97                        81     16       94
  SINCE JAN 1    103                        83     20       94
..................................................................


WIND (MPH)
  HIGHEST WIND SPEED    14   HIGHEST WIND DIRECTION     W (290)
  HIGHEST GUST SPEED    18   HIGHEST GUST DIRECTION     W (290)
  AVERAGE WIND SPEED     6.9


SKY COVER
  POSSIBLE SUNSHINE  MM
  AVERAGE SKY COVER 0.7


WEATHER CONDITIONS
 THE FOLLOWING WEATHER WAS RECORDED YESTERDAY.
  NO SIGNIFICANT WEATHER WAS OBSERVED.


RELATIVE HUMIDITY (PERCENT)
 HIGHEST    83          1100 PM
 LOWEST     37           500 PM
 AVERAGE    60

..........................................................


THE LITTLE ROCK ADAMS FIELD CLIMATE NORMALS FOR TODAY
                         NORMAL    RECORD    YEAR
 MAXIMUM TEMPERATURE (F)   78        93      1952
 MINIMUM TEMPERATURE (F)   57        38      2013


SUNRISE AND SUNSET
MAY  4 2016...........SUNRISE   615 AM CDT   SUNSET   757 PM CDT
MAY  5 2016...........SUNRISE   614 AM CDT   SUNSET   758 PM CDT


-  INDICATES NEGATIVE NUMBERS.
R  INDICATES RECORD WAS SET OR TIED.
MM INDICATES DATA IS MISSING.
T  INDICATES TRACE AMOUNT.




$$
