000
CDUS44 KLZK 140634
CLILIT


CLIMATE REPORT
NATIONAL WEATHER SERVICE LITTLE ROCK AR
1234 AM CST SUN FEB 14 2016


...................................

...THE LITTLE ROCK ADAMS FIELD CLIMATE SUMMARY FOR FEBRUARY 13 2016...

CLIMATE NORMAL PERIOD 1981 TO 2010
CLIMATE RECORD PERIOD 1874 TO 2016


WEATHER ITEM   OBSERVED TIME   RECORD YEAR NORMAL DEPARTURE LAST
                VALUE   (LST)  VALUE       VALUE  FROM      YEAR
                                                  NORMAL
..................................................................
TEMPERATURE (F)
 YESTERDAY
  MAXIMUM         46   1204 AM  82    1962  55     -9       48
  MINIMUM         31   1107 PM  -4    1899  34     -3       27
  AVERAGE         39                        44     -5       38

PRECIPITATION (IN)
  YESTERDAY        0.00          2.45 1959   0.13  -0.13     0.00
  MONTH TO DATE    T                         1.60  -1.60     0.55
  SINCE DEC 1     11.93                     10.12   1.81     6.68
  SINCE JAN 1      3.55                      5.15  -1.60     3.52

SNOWFALL (IN)
  YESTERDAY        0.0           4.7  1997   0.1   -0.1      0.0
  MONTH TO DATE    0.0                       0.7   -0.7      0.0
  SINCE DEC 1      5.7                       2.5    3.2       T
  SINCE JUL 1      5.7                       2.5    3.2      0.1
  SNOW DEPTH       0

DEGREE DAYS
 HEATING
  YESTERDAY       26                        21      5       27
  MONTH TO DATE  252                       288    -36      270
  SINCE DEC 1   1364                      1720   -356     1599
  SINCE JUL 1   1688                      2234   -546     2170

 COOLING
  YESTERDAY        0                         0      0        0
  MONTH TO DATE    0                         0      0        0
  SINCE DEC 1     12                         3      9        0
  SINCE JAN 1      1                         1      0        0
..................................................................


WIND (MPH)
  HIGHEST WIND SPEED    18   HIGHEST WIND DIRECTION    NE (40)
  HIGHEST GUST SPEED    26   HIGHEST GUST DIRECTION    NE (50)
  AVERAGE WIND SPEED    10.5


SKY COVER
  POSSIBLE SUNSHINE  MM
  AVERAGE SKY COVER 0.5


WEATHER CONDITIONS
 THE FOLLOWING WEATHER WAS RECORDED YESTERDAY.
  NO SIGNIFICANT WEATHER WAS OBSERVED.


RELATIVE HUMIDITY (PERCENT)
 HIGHEST    53          1000 PM
 LOWEST     25           300 PM
 AVERAGE    39

..........................................................


THE LITTLE ROCK ADAMS FIELD CLIMATE NORMALS FOR TODAY
                         NORMAL    RECORD    YEAR
 MAXIMUM TEMPERATURE (F)   55        77      1949
                                             1918
 MINIMUM TEMPERATURE (F)   34         4      1905


SUNRISE AND SUNSET
FEBRUARY 14 2016......SUNRISE   656 AM CST   SUNSET   551 PM CST
FEBRUARY 15 2016......SUNRISE   655 AM CST   SUNSET   552 PM CST


-  INDICATES NEGATIVE NUMBERS.
R  INDICATES RECORD WAS SET OR TIED.
MM INDICATES DATA IS MISSING.
T  INDICATES TRACE AMOUNT.




$$
