000
CDUS44 KLZK 050643
CLILIT


CLIMATE REPORT
NATIONAL WEATHER SERVICE LITTLE ROCK AR
1243 AM CST MON DEC 5 2016


...................................

...THE LITTLE ROCK ADAMS FIELD CLIMATE SUMMARY FOR DECEMBER 4 2016...

CLIMATE NORMAL PERIOD 1981 TO 2010
CLIMATE RECORD PERIOD 1874 TO 2016


WEATHER ITEM   OBSERVED TIME   RECORD YEAR NORMAL DEPARTURE LAST
                VALUE   (LST)  VALUE       VALUE  FROM      YEAR
                                                  NORMAL
..................................................................
TEMPERATURE (F)
 YESTERDAY
  MAXIMUM         47    743 PM  77    2013  55     -8       54
  MINIMUM         40   1159 PM  18    1893  36      4       34
                                      1886
  AVERAGE         44                        46     -2       44

PRECIPITATION (IN)
  YESTERDAY        0.07          3.00 2011   0.17  -0.10     0.00
  MONTH TO DATE    0.63                      0.72  -0.09     0.00
  SINCE DEC 1      0.63                      0.72  -0.09     0.00
  SINCE JAN 1     52.36                     45.50   6.86    52.85

SNOWFALL (IN)
  YESTERDAY       MM             4.0  1898   0.0   MM        0.0
  MONTH TO DATE    0.0                       0.0    0.0      0.0
  SINCE DEC 1      0.0                       0.0    0.0      0.0
  SINCE JUL 1      0.0                       T      0.0      0.0
  SNOW DEPTH       0

DEGREE DAYS
 HEATING
  YESTERDAY       21                        19      2       21
  MONTH TO DATE   77                        75      2       80
  SINCE DEC 1     77                        75      2       80
  SINCE JUL 1    416                       589   -173      404

 COOLING
  YESTERDAY        0                         0      0        0
  MONTH TO DATE    0                         0      0        0
  SINCE DEC 1      0                         0      0        0
  SINCE JAN 1   2650                      2204    446     2489
..................................................................


WIND (MPH)
  HIGHEST WIND SPEED    14   HIGHEST WIND DIRECTION     E (70)
  HIGHEST GUST SPEED    17   HIGHEST GUST DIRECTION     E (70)
  AVERAGE WIND SPEED     6.0


SKY COVER
  POSSIBLE SUNSHINE  MM
  AVERAGE SKY COVER 0.9


WEATHER CONDITIONS
 THE FOLLOWING WEATHER WAS RECORDED YESTERDAY.
  LIGHT RAIN
  FOG


RELATIVE HUMIDITY (PERCENT)
 HIGHEST   100           100 AM
 LOWEST     93           200 PM
 AVERAGE    97

..........................................................


THE LITTLE ROCK ADAMS FIELD CLIMATE NORMALS FOR TODAY
                         NORMAL    RECORD    YEAR
 MAXIMUM TEMPERATURE (F)   55        80      1956
 MINIMUM TEMPERATURE (F)   36        15      1886


SUNRISE AND SUNSET
DECEMBER  5 2016......SUNRISE   702 AM CST   SUNSET   458 PM CST
DECEMBER  6 2016......SUNRISE   703 AM CST   SUNSET   458 PM CST


-  INDICATES NEGATIVE NUMBERS.
R  INDICATES RECORD WAS SET OR TIED.
MM INDICATES DATA IS MISSING.
T  INDICATES TRACE AMOUNT.




$$
