000
CDUS44 KLZK 180642
CLILIT


CLIMATE REPORT
NATIONAL WEATHER SERVICE LITTLE ROCK AR
1242 AM CST SAT NOV 18 2017


...................................

...THE LITTLE ROCK ADAMS FIELD CLIMATE SUMMARY FOR NOVEMBER 17 2017...

CLIMATE NORMAL PERIOD 1981 TO 2010
CLIMATE RECORD PERIOD 1874 TO 2017


WEATHER ITEM   OBSERVED TIME   RECORD YEAR NORMAL DEPARTURE LAST
                VALUE   (LST)  VALUE       VALUE  FROM      YEAR
                                                  NORMAL
..................................................................
TEMPERATURE (F)
 YESTERDAY
  MAXIMUM         73    342 PM  84    2013  62     11       79
  MINIMUM         51    656 AM  20    1959  42      9       48
  AVERAGE         62                        52     10       64

PRECIPITATION (IN)
  YESTERDAY        0.00          2.76 2015   0.17  -0.17     0.00
  MONTH TO DATE    0.41                      2.87  -2.46     0.01
  SINCE SEP 1      2.23                     10.96  -8.73     3.23
  SINCE JAN 1     39.52                     42.37  -2.85    49.18

SNOWFALL (IN)
  YESTERDAY        0.0           9.4  1880   0.0    0.0      0.0
  MONTH TO DATE    0.0                       0.0    0.0      0.0
  SINCE SEP 1      T                         0.0    0.0      0.0
  SINCE JUL 1      T                         0.0    0.0      0.0
  SNOW DEPTH       0

DEGREE DAYS
 HEATING
  YESTERDAY        3                        13    -10        1
  MONTH TO DATE  142                       176    -34       97
  SINCE SEP 1    287                       308    -21      130
  SINCE JUL 1    287                       308    -21      130

 COOLING
  YESTERDAY        0                         0      0        0
  MONTH TO DATE   34                         9     25       16
  SINCE SEP 1    460                       402     58      597
  SINCE JAN 1   2028                      2203   -175     2650
..................................................................


WIND (MPH)
  HIGHEST WIND SPEED    23   HIGHEST WIND DIRECTION     S (190)
  HIGHEST GUST SPEED    31   HIGHEST GUST DIRECTION     S (200)
  AVERAGE WIND SPEED    11.3


SKY COVER
  POSSIBLE SUNSHINE  MM
  AVERAGE SKY COVER 0.9


WEATHER CONDITIONS
 THE FOLLOWING WEATHER WAS RECORDED YESTERDAY.
  NO SIGNIFICANT WEATHER WAS OBSERVED.


RELATIVE HUMIDITY (PERCENT)
 HIGHEST    93           800 AM
 LOWEST     73          1200 PM
 AVERAGE    83

..........................................................


THE LITTLE ROCK ADAMS FIELD CLIMATE NORMALS FOR TODAY
                         NORMAL    RECORD    YEAR
 MAXIMUM TEMPERATURE (F)   62        82      1930
 MINIMUM TEMPERATURE (F)   41        10      1880


SUNRISE AND SUNSET
NOVEMBER 18 2017......SUNRISE   646 AM CST   SUNSET   502 PM CST
NOVEMBER 19 2017......SUNRISE   647 AM CST   SUNSET   502 PM CST


-  INDICATES NEGATIVE NUMBERS.
R  INDICATES RECORD WAS SET OR TIED.
MM INDICATES DATA IS MISSING.
T  INDICATES TRACE AMOUNT.




$$
