000
CDUS44 KLZK 262104
CLILIT


CLIMATE REPORT
NATIONAL WEATHER SERVICE LITTLE ROCK AR
404 PM CDT TUE MAY 26 2015


...................................

...THE LITTLE ROCK ADAMS FIELD CLIMATE SUMMARY FOR MAY 26 2015...
VALID TODAY AS OF 0400 PM LOCAL TIME.

CLIMATE NORMAL PERIOD 1981 TO 2010
CLIMATE RECORD PERIOD 1874 TO 2015


WEATHER ITEM   OBSERVED TIME   RECORD YEAR NORMAL DEPARTURE LAST
                VALUE   (LST)  VALUE       VALUE  FROM      YEAR
                                                  NORMAL
..................................................................
TEMPERATURE (F)
 TODAY
  MAXIMUM         80    252 PM  98    1964  84     -4       88
  MINIMUM         63    548 AM  48    1901  64     -1       67
  AVERAGE         72                        74     -2       78

PRECIPITATION (IN)
  TODAY            0.01          7.68 1955   0.14  -0.13     0.00
  MONTH TO DATE    7.17                      4.19   2.98     3.25
  SINCE MAR 1     20.70                     14.01   6.69    13.49
  SINCE JAN 1     27.51                     21.22   6.29    19.06

SNOWFALL (IN)
  TODAY            0.0          MM      MM   0.0    0.0      0.0
  MONTH TO DATE    0.0                       0.0    0.0      0.0
  SINCE MAR 1      5.7                       0.4    5.3      2.2
  SINCE JUL 1     11.1                       3.5    7.6      6.2
  SNOW DEPTH       0

DEGREE DAYS
 HEATING
  TODAY            0                         0      0        0
  MONTH TO DATE   11                        18     -7       53
  SINCE MAR 1    483                       537    -54      691
  SINCE JUL 1   3129                      3050     79     3464

 COOLING
  TODAY            7                         9     -2       13
  MONTH TO DATE  187                       159     28      165
  SINCE MAR 1    277                       229     48      218
  SINCE JAN 1    277                       231     46      218
..................................................................


WIND (MPH)
  HIGHEST WIND SPEED    20   HIGHEST WIND DIRECTION    SE (150)
  HIGHEST GUST SPEED    24   HIGHEST GUST DIRECTION    SE (140)
  AVERAGE WIND SPEED     7.9


SKY COVER
  POSSIBLE SUNSHINE  MM
  AVERAGE SKY COVER 1.0


WEATHER CONDITIONS
 THE FOLLOWING WEATHER WAS RECORDED TODAY.
  LIGHT RAIN


RELATIVE HUMIDITY (PERCENT)
 HIGHEST    90           300 AM
 LOWEST     60           100 PM
 AVERAGE    75

..........................................................


THE LITTLE ROCK ADAMS FIELD CLIMATE NORMALS FOR TOMORROW
                         NORMAL    RECORD    YEAR
 MAXIMUM TEMPERATURE (F)   84        96      1964
 MINIMUM TEMPERATURE (F)   65        44      1961


SUNRISE AND SUNSET
MAY 26 2015...........SUNRISE   559 AM CDT   SUNSET   813 PM CDT
MAY 27 2015...........SUNRISE   559 AM CDT   SUNSET   814 PM CDT


-  INDICATES NEGATIVE NUMBERS.
R  INDICATES RECORD WAS SET OR TIED.
MM INDICATES DATA IS MISSING.
T  INDICATES TRACE AMOUNT.




$$
