000
CDUS44 KLZK 271003
CLILIT


CLIMATE REPORT
NATIONAL WEATHER SERVICE LITTLE ROCK AR
402 AM CST TUE JAN 27 2015


...................................

...THE LITTLE ROCK ADAMS FIELD CLIMATE SUMMARY FOR JANUARY 26 2015...

CLIMATE NORMAL PERIOD 1981 TO 2010
CLIMATE RECORD PERIOD 1874 TO 2015


WEATHER ITEM   OBSERVED TIME   RECORD YEAR NORMAL DEPARTURE LAST
                VALUE   (LST)  VALUE       VALUE  FROM      YEAR
                                                  NORMAL
..................................................................
TEMPERATURE (F)
 YESTERDAY
  MAXIMUM         62    339 PM  78    1952  51     11       68
  MINIMUM         34    752 AM   9    1904  31      3       29
  AVERAGE         48                        41      7       49

PRECIPITATION (IN)
  YESTERDAY        0.00          1.82 1949   0.11  -0.11     0.00
  MONTH TO DATE    2.97                      2.99  -0.02     2.34
  SINCE DEC 1      6.13                      7.96  -1.83     9.28
  SINCE JAN 1      2.97                      2.99  -0.02     2.34

SNOWFALL (IN)
  YESTERDAY        0.0           1.8  1948   0.0    0.0      0.0
  MONTH TO DATE    T                         1.3   -1.3       T
  SINCE DEC 1      T                         1.5   -1.5      1.3
  SINCE JUL 1      0.1                       1.5   -1.4      1.3
  SNOW DEPTH       0

DEGREE DAYS
 HEATING
  YESTERDAY       17                        24     -7       16
  MONTH TO DATE  642                       624     18      680
  SINCE DEC 1   1247                      1307    -60     1366
  SINCE JUL 1   1818                      1821     -3     1950

 COOLING
  YESTERDAY        0                         0      0        0
  MONTH TO DATE    0                         0      0        0
  SINCE DEC 1      0                         2     -2        5
  SINCE JAN 1      0                         0      0        0
..................................................................


WIND (MPH)
  HIGHEST WIND SPEED    20   HIGHEST WIND DIRECTION     N (340)
  HIGHEST GUST SPEED    25   HIGHEST GUST DIRECTION     N (350)
  AVERAGE WIND SPEED     7.0


SKY COVER
  POSSIBLE SUNSHINE  MM
  AVERAGE SKY COVER 0.2


WEATHER CONDITIONS
 THE FOLLOWING WEATHER WAS RECORDED YESTERDAY.
  NO SIGNIFICANT WEATHER WAS OBSERVED.


RELATIVE HUMIDITY (PERCENT)
 HIGHEST    75           600 AM
 LOWEST     27           300 PM
 AVERAGE    51

..........................................................


THE LITTLE ROCK ADAMS FIELD CLIMATE NORMALS FOR TODAY
                         NORMAL    RECORD    YEAR
 MAXIMUM TEMPERATURE (F)   51        80      1975
 MINIMUM TEMPERATURE (F)   31         8      1963


SUNRISE AND SUNSET
JANUARY 27 2015.......SUNRISE   711 AM CST   SUNSET   533 PM CST
JANUARY 28 2015.......SUNRISE   710 AM CST   SUNSET   534 PM CST


-  INDICATES NEGATIVE NUMBERS.
R  INDICATES RECORD WAS SET OR TIED.
MM INDICATES DATA IS MISSING.
T  INDICATES TRACE AMOUNT.




$$
