000
CDUS44 KLZK 162201
CLILIT


CLIMATE REPORT
NATIONAL WEATHER SERVICE LITTLE ROCK AR
359 PM CST TUE JAN 16 2018


...................................

...THE LITTLE ROCK ADAMS FIELD CLIMATE SUMMARY FOR JANUARY 16 2018...
VALID TODAY AS OF 0300 PM LOCAL TIME.

CLIMATE NORMAL PERIOD 1981 TO 2010
CLIMATE RECORD PERIOD 1874 TO 2018


WEATHER ITEM   OBSERVED TIME   RECORD YEAR NORMAL DEPARTURE LAST
                VALUE   (LST)  VALUE       VALUE  FROM      YEAR
                                                  NORMAL
..................................................................
TEMPERATURE (F)
 TODAY
  MAXIMUM         22    331 PM  78    1943  50    -28       67
  MINIMUM         10    758 AM   7    1888  31    -21       44
  AVERAGE         16                        41    -25       56

PRECIPITATION (IN)
  TODAY            0.05          2.02 1889   0.11  -0.06     0.51
  MONTH TO DATE    0.99                      1.90  -0.91     0.80
  SINCE DEC 1      8.73                      6.87   1.86     5.19
  SINCE JAN 1      0.99                      1.90  -0.91     0.80

SNOWFALL (IN)
  TODAY            0.7           2.0  1888   0.1    0.6      0.0
  MONTH TO DATE    1.7                       0.8    0.9      0.2
  SINCE DEC 1      1.7                       1.0    0.7      0.2
  SINCE JUL 1      1.7                       1.0    0.7      0.2
  SNOW DEPTH       2

DEGREE DAYS
 HEATING
  TODAY           49                        24     25        9
  MONTH TO DATE  524                       384    140      344
  SINCE DEC 1   1197                      1067    130     1011
  SINCE JUL 1   1663                      1581     82     1350

 COOLING
  TODAY            0                         0      0        0
  MONTH TO DATE    0                         0      0        0
  SINCE DEC 1      0                         2     -2        2
  SINCE JAN 1      0                         0      0        0
..................................................................


WIND (MPH)
  HIGHEST WIND SPEED    20   HIGHEST WIND DIRECTION     N (360)
  HIGHEST GUST SPEED    25   HIGHEST GUST DIRECTION     N (340)
  AVERAGE WIND SPEED    13.2


SKY COVER
  POSSIBLE SUNSHINE  MM
  AVERAGE SKY COVER 0.6


WEATHER CONDITIONS
 THE FOLLOWING WEATHER WAS RECORDED TODAY.
  SNOW
  LIGHT SNOW
  FOG


RELATIVE HUMIDITY (PERCENT)
 HIGHEST    91           100 AM
 LOWEST     52           200 PM
 AVERAGE    72

..........................................................


THE LITTLE ROCK ADAMS FIELD CLIMATE NORMALS FOR TOMORROW
                         NORMAL    RECORD    YEAR
 MAXIMUM TEMPERATURE (F)   50        78      1952
 MINIMUM TEMPERATURE (F)   31         5      1982


SUNRISE AND SUNSET
JANUARY 16 2018.......SUNRISE   716 AM CST   SUNSET   522 PM CST
JANUARY 17 2018.......SUNRISE   715 AM CST   SUNSET   523 PM CST


-  INDICATES NEGATIVE NUMBERS.
R  INDICATES RECORD WAS SET OR TIED.
MM INDICATES DATA IS MISSING.
T  INDICATES TRACE AMOUNT.




$$
