000
CDUS44 KLZK 280635
CLILIT


CLIMATE REPORT
NATIONAL WEATHER SERVICE LITTLE ROCK AR
135 AM CDT TUE MAR 28 2017


...................................

...THE LITTLE ROCK ADAMS FIELD CLIMATE SUMMARY FOR MARCH 27 2017...

CLIMATE NORMAL PERIOD 1981 TO 2010
CLIMATE RECORD PERIOD 1874 TO 2017


WEATHER ITEM   OBSERVED TIME   RECORD YEAR NORMAL DEPARTURE LAST
                VALUE   (LST)  VALUE       VALUE  FROM      YEAR
                                                  NORMAL
..................................................................
TEMPERATURE (F)
 YESTERDAY
  MAXIMUM         81    426 PM  87    1895  68     13       77
  MINIMUM         56    609 AM  21    1955  46     10       47
  AVERAGE         69                        57     12       62

PRECIPITATION (IN)
  YESTERDAY        0.22          2.55 1946   0.15   0.07     0.00
  MONTH TO DATE    3.79                      4.03  -0.24     8.22
  SINCE MAR 1      3.79                      4.03  -0.24     8.22
  SINCE JAN 1      8.79                     11.24  -2.45    13.91

SNOWFALL (IN)
  YESTERDAY        0.0           T    1931   0.0    0.0      0.0
                                      1913
  MONTH TO DATE    0.0                       0.4   -0.4      0.0
  SINCE MAR 1      0.0                       0.4   -0.4      0.0
  SINCE JUL 1      0.2                       3.5   -3.3      5.7
  SNOW DEPTH       0

DEGREE DAYS
 HEATING
  YESTERDAY        0                         9     -9        3
  MONTH TO DATE  271                       340    -69      204
  SINCE MAR 1    271                       340    -69      204
  SINCE JUL 1   2185                      2853   -668     2093

 COOLING
  YESTERDAY        4                         1      3        0
  MONTH TO DATE   17                         7     10       14
  SINCE MAR 1     17                         7     10       14
  SINCE JAN 1     29                         9     20       20
..................................................................


WIND (MPH)
  HIGHEST WIND SPEED    32   HIGHEST WIND DIRECTION     W (260)
  HIGHEST GUST SPEED    48   HIGHEST GUST DIRECTION     W (260)
  AVERAGE WIND SPEED    10.6


SKY COVER
  POSSIBLE SUNSHINE  MM
  AVERAGE SKY COVER 0.7


WEATHER CONDITIONS
 THE FOLLOWING WEATHER WAS RECORDED YESTERDAY.
  THUNDERSTORM
  HEAVY RAIN
  RAIN
  LIGHT RAIN
  FOG


RELATIVE HUMIDITY (PERCENT)
 HIGHEST   100           300 AM
 LOWEST     51           300 PM
 AVERAGE    76

..........................................................


THE LITTLE ROCK ADAMS FIELD CLIMATE NORMALS FOR TODAY
                         NORMAL    RECORD    YEAR
 MAXIMUM TEMPERATURE (F)   68        86      1907
 MINIMUM TEMPERATURE (F)   46        26      1937


SUNRISE AND SUNSET
MARCH 28 2017.........SUNRISE   701 AM CDT   SUNSET   727 PM CDT
MARCH 29 2017.........SUNRISE   700 AM CDT   SUNSET   728 PM CDT


-  INDICATES NEGATIVE NUMBERS.
R  INDICATES RECORD WAS SET OR TIED.
MM INDICATES DATA IS MISSING.
T  INDICATES TRACE AMOUNT.




$$
