000
CDUS45 KPIH 300738
CLILLJ


CLIMATE REPORT
NATIONAL WEATHER SERVICE POCATELLO ID
137 AM MDT THU JUL 30 2015


...................................

...THE CHALLIS ID CLIMATE SUMMARY FOR JULY 29 2015...

CLIMATE NORMAL PERIOD 1981 TO 2010
CLIMATE RECORD PERIOD 1898 TO 2015


WEATHER ITEM   OBSERVED TIME   RECORD YEAR NORMAL DEPARTURE LAST
                VALUE   (LST)  VALUE       VALUE  FROM      YEAR
                                                  NORMAL
..................................................................
TEMPERATURE (F)
 YESTERDAY
  MAXIMUM         83    551 PM  97    2006  88     -5       88
                                      1972
  MINIMUM         42    502 AM  37    1948  52    -10       52
  AVERAGE         63                        70     -7       70

PRECIPITATION (IN)
  YESTERDAY        0.00          0.58 1982   0.03  -0.03      T
  MONTH TO DATE    0.98                      0.78   0.20     0.04
  SINCE OCT 1      5.28                      8.48  -3.20     3.85
  SINCE JAN 1      3.49                      6.55  -3.06     3.12

SNOWFALL (IN)
  YESTERDAY       MM
  MONTH TO DATE   MM
  SINCE JUN 1     MM
  SINCE JUL 1     MM
  SNOW DEPTH      MM

DEGREE DAYS
 HEATING
  YESTERDAY        2                         0      2        0
  MONTH TO DATE   33                        18     15        1
  SINCE JUN 1     80                       183   -103      167
  SINCE JUL 1     33                        18     15        1

 COOLING
  YESTERDAY        0                         5     -5        5
  MONTH TO DATE   81                       120    -39      219
  SINCE JUN 1    190                       142     48      225
  SINCE JAN 1    193                       144     49      225
..................................................................


WIND (MPH)
  HIGHEST WIND SPEED    13   HIGHEST WIND DIRECTION    NW (320)
  HIGHEST GUST SPEED    17   HIGHEST GUST DIRECTION    NW (310)
  AVERAGE WIND SPEED     3.5


SKY COVER
  POSSIBLE SUNSHINE  MM
  AVERAGE SKY COVER 0.0


WEATHER CONDITIONS
 THE FOLLOWING WEATHER WAS RECORDED YESTERDAY.
  NO SIGNIFICANT WEATHER WAS OBSERVED.


RELATIVE HUMIDITY (PERCENT)
 HIGHEST    83           500 AM
 LOWEST     17           500 PM
 AVERAGE    50

..........................................................


THE CHALLIS ID CLIMATE NORMALS FOR TODAY
                         NORMAL    RECORD    YEAR
 MAXIMUM TEMPERATURE (F)   88        98      2012
 MINIMUM TEMPERATURE (F)   52        41      1916


SUNRISE AND SUNSET
JULY 30 2015..........SUNRISE   621 AM MDT   SUNSET   905 PM MDT
JULY 31 2015..........SUNRISE   622 AM MDT   SUNSET   904 PM MDT


-  INDICATES NEGATIVE NUMBERS.
R  INDICATES RECORD WAS SET OR TIED.
MM INDICATES DATA IS MISSING.
T  INDICATES TRACE AMOUNT.




$$
