000
CDUS45 KPIH 250738
CLILLJ


CLIMATE REPORT
NATIONAL WEATHER SERVICE POCATELLO ID
1237 AM MST THU DEC 25 2014


...................................

...THE CHALLIS ID CLIMATE SUMMARY FOR DECEMBER 24 2014...

CLIMATE NORMAL PERIOD 1981 TO 2010
CLIMATE RECORD PERIOD 1898 TO 2014


WEATHER ITEM   OBSERVED TIME   RECORD YEAR NORMAL DEPARTURE LAST
                VALUE   (LST)  VALUE       VALUE  FROM      YEAR
                                                  NORMAL
..................................................................
TEMPERATURE (F)
 YESTERDAY
  MAXIMUM         31   1046 PM  46    1936  27      4       37
  MINIMUM         20    838 AM -32    1983   7     13        6
  AVERAGE         26                        17      9       22

PRECIPITATION (IN)
  YESTERDAY        0.24R         0.23 1928   0.02   0.22     0.01
  MONTH TO DATE    0.69                      0.58   0.11     0.28
  SINCE OCT 1      1.78                      1.77   0.01     0.73
  SINCE JAN 1      7.71                      9.90  -2.19     4.93

SNOWFALL (IN)
  YESTERDAY       MM
  MONTH TO DATE   MM
  SINCE DEC 1     MM
  SINCE JUL 1     MM
  SNOW DEPTH      MM

DEGREE DAYS
 HEATING
  YESTERDAY       39                        48     -9       43
  MONTH TO DATE  853                      1115   -262     1206
  SINCE DEC 1    853                      1115   -262     1206
  SINCE JUL 1   2687                      3158   -471     3132

 COOLING
  YESTERDAY        0                         0      0        0
  MONTH TO DATE    0                         0      0        0
  SINCE DEC 1      0                         0      0        0
  SINCE JAN 1    310                       248     62      420
..................................................................


WIND (MPH)
  HIGHEST WIND SPEED    14   HIGHEST WIND DIRECTION    NW (330)
  HIGHEST GUST SPEED    17   HIGHEST GUST DIRECTION    NW (330)
  AVERAGE WIND SPEED     2.9


SKY COVER
  POSSIBLE SUNSHINE  MM
  AVERAGE SKY COVER 0.8


WEATHER CONDITIONS
 THE FOLLOWING WEATHER WAS RECORDED YESTERDAY.
  SNOW
  LIGHT SNOW
  FOG


RELATIVE HUMIDITY (PERCENT)
 HIGHEST   100           600 PM
 LOWEST     63          1100 PM
 AVERAGE    82

..........................................................


THE CHALLIS ID CLIMATE NORMALS FOR TODAY
                         NORMAL    RECORD    YEAR
 MAXIMUM TEMPERATURE (F)   27        54      1980
 MINIMUM TEMPERATURE (F)    7       -25      1924


SUNRISE AND SUNSET
DECEMBER 25 2014......SUNRISE   812 AM MST   SUNSET   502 PM MST
DECEMBER 26 2014......SUNRISE   812 AM MST   SUNSET   503 PM MST


-  INDICATES NEGATIVE NUMBERS.
R  INDICATES RECORD WAS SET OR TIED.
MM INDICATES DATA IS MISSING.
T  INDICATES TRACE AMOUNT.




$$
