000
CDUS45 KPIH 290752
CLILLJ


CLIMATE REPORT
NATIONAL WEATHER SERVICE POCATELLO ID
150 AM MDT FRI JUL 29 2016


...................................

...THE CHALLIS ID CLIMATE SUMMARY FOR JULY 28 2016...

CLIMATE NORMAL PERIOD 1981 TO 2010
CLIMATE RECORD PERIOD 1898 TO 2016


WEATHER ITEM   OBSERVED TIME   RECORD YEAR NORMAL DEPARTURE LAST
                VALUE   (LST)  VALUE       VALUE  FROM      YEAR
                                                  NORMAL
..................................................................
TEMPERATURE (F)
 YESTERDAY
  MAXIMUM         95    454 PM  99    2006  88      7       71
  MINIMUM         51    502 AM  37    1948  52     -1       38
  AVERAGE         73                        70      3       55

PRECIPITATION (IN)
  YESTERDAY        0.00          0.86 1941   0.02  -0.02     0.00
  MONTH TO DATE    0.02                      0.75  -0.73     0.98
  SINCE OCT 1      5.64                      8.45  -2.81     5.28
  SINCE JAN 1      3.30                      6.52  -3.22     3.49

SNOWFALL (IN)
  YESTERDAY       MM
  MONTH TO DATE   MM
  SINCE JUN 1     MM
  SINCE JUL 1     MM
  SNOW DEPTH      MM

DEGREE DAYS
 HEATING
  YESTERDAY        0                         0      0       10
  MONTH TO DATE   28                        18     10       31
  SINCE JUN 1    101                       183    -82       78
  SINCE JUL 1     28                        18     10       31

 COOLING
  YESTERDAY        8                         5      3        0
  MONTH TO DATE  102                       115    -13       81
  SINCE JUN 1    167                       137     30      190
  SINCE JAN 1    167                       139     28      193
..................................................................


WIND (MPH)
  HIGHEST WIND SPEED    12   HIGHEST WIND DIRECTION     N (20)
  HIGHEST GUST SPEED    16   HIGHEST GUST DIRECTION    NE (30)
  AVERAGE WIND SPEED     4.6


SKY COVER
  POSSIBLE SUNSHINE  MM
  AVERAGE SKY COVER 0.0


WEATHER CONDITIONS
 THE FOLLOWING WEATHER WAS RECORDED YESTERDAY.
  NO SIGNIFICANT WEATHER WAS OBSERVED.


RELATIVE HUMIDITY (PERCENT)
 HIGHEST    51           600 AM
 LOWEST      8           400 PM
 AVERAGE    30

..........................................................


THE CHALLIS ID CLIMATE NORMALS FOR TODAY
                         NORMAL    RECORD    YEAR
 MAXIMUM TEMPERATURE (F)   88        97      2006
                                             1972
 MINIMUM TEMPERATURE (F)   52        37      1948


SUNRISE AND SUNSET
JULY 29 2016..........SUNRISE   621 AM MDT   SUNSET   905 PM MDT
JULY 30 2016..........SUNRISE   622 AM MDT   SUNSET   904 PM MDT


-  INDICATES NEGATIVE NUMBERS.
R  INDICATES RECORD WAS SET OR TIED.
MM INDICATES DATA IS MISSING.
T  INDICATES TRACE AMOUNT.




$$
