000
CDUS45 KPIH 260735
CLILLJ


CLIMATE REPORT
NATIONAL WEATHER SERVICE POCATELLO ID
133 AM MDT MON SEP 26 2016


...................................

...THE CHALLIS ID CLIMATE SUMMARY FOR SEPTEMBER 25 2016...

CLIMATE NORMAL PERIOD 1981 TO 2010
CLIMATE RECORD PERIOD 1898 TO 2016


WEATHER ITEM   OBSERVED TIME   RECORD YEAR NORMAL DEPARTURE LAST
                VALUE   (LST)  VALUE       VALUE  FROM      YEAR
                                                  NORMAL
..................................................................
TEMPERATURE (F)
 YESTERDAY
  MAXIMUM         71    450 PM  88    2015  69      2       88
  MINIMUM         32    608 AM  19    1926  36     -4       41
  AVERAGE         52                        52      0       65

PRECIPITATION (IN)
  YESTERDAY        0.00          0.75 2013   0.02  -0.02     0.00
  MONTH TO DATE    0.39                      0.65  -0.26     0.89
  SINCE OCT 1      6.21                      9.97  -3.76     6.67
  SINCE JAN 1      3.87                      8.04  -4.17     4.88

SNOWFALL (IN)
  YESTERDAY       MM
  MONTH TO DATE   MM
  SINCE SEP 1     MM
  SINCE JUL 1     MM
  SNOW DEPTH      MM

DEGREE DAYS
 HEATING
  YESTERDAY       13                        13      0        0
  MONTH TO DATE  244                       209     35      156
  SINCE SEP 1    244                       209     35      156
  SINCE JUL 1    306                       282     24      219

 COOLING
  YESTERDAY        0                         0      0        0
  MONTH TO DATE    4                         4      0        7
  SINCE SEP 1      4                         4      0        7
  SINCE JAN 1    277                       246     31      314
..................................................................


WIND (MPH)
  HIGHEST WIND SPEED     9   HIGHEST WIND DIRECTION    NW (310)
  HIGHEST GUST SPEED    10   HIGHEST GUST DIRECTION    SE (130)
  AVERAGE WIND SPEED     1.7


SKY COVER
  POSSIBLE SUNSHINE  MM
  AVERAGE SKY COVER 0.1


WEATHER CONDITIONS
 THE FOLLOWING WEATHER WAS RECORDED YESTERDAY.
  NO SIGNIFICANT WEATHER WAS OBSERVED.


RELATIVE HUMIDITY (PERCENT)
 HIGHEST    89           600 AM
 LOWEST     24           200 PM
 AVERAGE    57

..........................................................


THE CHALLIS ID CLIMATE NORMALS FOR TODAY
                         NORMAL    RECORD    YEAR
 MAXIMUM TEMPERATURE (F)   68        86      2009
                                             1928
 MINIMUM TEMPERATURE (F)   36        20      1926


SUNRISE AND SUNSET
SEPTEMBER 26 2016.....SUNRISE   729 AM MDT   SUNSET   726 PM MDT
SEPTEMBER 27 2016.....SUNRISE   731 AM MDT   SUNSET   724 PM MDT


-  INDICATES NEGATIVE NUMBERS.
R  INDICATES RECORD WAS SET OR TIED.
MM INDICATES DATA IS MISSING.
T  INDICATES TRACE AMOUNT.




$$
