000
CDUS45 KPIH 290731
CLILLJ


CLIMATE REPORT
NATIONAL WEATHER SERVICE POCATELLO ID
131 AM MDT TUE JUL 29 2014


...................................

...THE CHALLIS ID CLIMATE SUMMARY FOR JULY 28 2014...

CLIMATE NORMAL PERIOD 1981 TO 2010
CLIMATE RECORD PERIOD 1898 TO 2014


WEATHER ITEM   OBSERVED TIME   RECORD YEAR NORMAL DEPARTURE LAST
                VALUE   (LST)  VALUE       VALUE  FROM      YEAR
                                                  NORMAL
..................................................................
TEMPERATURE (F)
 YESTERDAY
  MAXIMUM         85    236 PM  99    2006  88     -3       88
  MINIMUM         57    240 AM  37    1948  52      5       50
  AVERAGE         71                        70      1       69

PRECIPITATION (IN)
  YESTERDAY        0.00          0.86 1941   0.02  -0.02     0.00
  MONTH TO DATE    0.04                      0.75  -0.71     0.54
  SINCE OCT 1      3.85                      8.45  -4.60     4.35
  SINCE JAN 1      3.12                      6.52  -3.40     2.28

SNOWFALL (IN)
  YESTERDAY       MM
  MONTH TO DATE   MM
  SINCE JUN 1     MM
  SINCE JUL 1     MM
  SNOW DEPTH      MM

DEGREE DAYS
 HEATING
  YESTERDAY        0                         0      0        0
  MONTH TO DATE    1                        18    -17        0
  SINCE JUN 1    167                       183    -16      121
  SINCE JUL 1      1                        18    -17        0

 COOLING
  YESTERDAY        6                         5      1        4
  MONTH TO DATE  214                       115     99      191
  SINCE JUN 1    220                       137     83      254
  SINCE JAN 1    220                       139     81      256
..................................................................


WIND (MPH)
  HIGHEST WIND SPEED    15   HIGHEST WIND DIRECTION    NW (300)
  HIGHEST GUST SPEED    20   HIGHEST GUST DIRECTION    SW (220)
  AVERAGE WIND SPEED     4.3


SKY COVER
  POSSIBLE SUNSHINE  MM
  AVERAGE SKY COVER 0.3


WEATHER CONDITIONS
 THE FOLLOWING WEATHER WAS RECORDED YESTERDAY.
  NO SIGNIFICANT WEATHER WAS OBSERVED.


RELATIVE HUMIDITY (PERCENT)
 HIGHEST    57           500 AM
 LOWEST     19           300 PM
 AVERAGE    38

..........................................................


THE CHALLIS ID CLIMATE NORMALS FOR TODAY
                         NORMAL    RECORD    YEAR
 MAXIMUM TEMPERATURE (F)   88        97      2006
                                             1972
 MINIMUM TEMPERATURE (F)   52        37      1948


SUNRISE AND SUNSET
JULY 29 2014..........SUNRISE   620 AM MDT   SUNSET   906 PM MDT
JULY 30 2014..........SUNRISE   621 AM MDT   SUNSET   904 PM MDT


-  INDICATES NEGATIVE NUMBERS.
R  INDICATES RECORD WAS SET OR TIED.
MM INDICATES DATA IS MISSING.
T  INDICATES TRACE AMOUNT.




$$
