000
CDUS45 KPIH 230736
CLILLJ


CLIMATE REPORT
NATIONAL WEATHER SERVICE POCATELLO ID
131 AM MDT SUN APR 23 2017


...................................

...THE CHALLIS ID CLIMATE SUMMARY FOR APRIL 22 2017...

CLIMATE NORMAL PERIOD 1981 TO 2010
CLIMATE RECORD PERIOD 1898 TO 2017


WEATHER ITEM   OBSERVED TIME   RECORD YEAR NORMAL DEPARTURE LAST
                VALUE   (LST)  VALUE       VALUE  FROM      YEAR
                                                  NORMAL
..................................................................
TEMPERATURE (F)
 YESTERDAY
  MAXIMUM         61    251 PM  83    2012  59      2       76
                                      1953
  MINIMUM         24    622 AM  17    2011  31     -7       39
                                      1937
  AVERAGE         43                        45     -2       58

PRECIPITATION (IN)
  YESTERDAY        0.00          0.40 1925   0.03  -0.03     0.00
  MONTH TO DATE    0.31                      0.55  -0.24     0.26
  SINCE OCT 1      6.52                      4.32   2.20     3.74
  SINCE JAN 1      3.11                      2.39   0.72     1.40

SNOWFALL (IN)
  YESTERDAY       MM
  MONTH TO DATE   MM
  SINCE MAR 1     MM
  SINCE JUL 1     MM
  SNOW DEPTH      MM

DEGREE DAYS
 HEATING
  YESTERDAY       22                        20      2        7
  MONTH TO DATE  507                       494     13      348
  SINCE MAR 1   1257                      1390   -133     1179
  SINCE JUL 1   7702                      7439    263     7114

 COOLING
  YESTERDAY        0                         0      0        0
  MONTH TO DATE    0                         0      0        0
  SINCE MAR 1      0                         0      0        0
  SINCE JAN 1      0                         0      0        0
..................................................................


WIND (MPH)
  HIGHEST WIND SPEED    29   HIGHEST WIND DIRECTION    SE (150)
  HIGHEST GUST SPEED    37   HIGHEST GUST DIRECTION    SE (150)
  AVERAGE WIND SPEED     8.5


SKY COVER
  POSSIBLE SUNSHINE  MM
  AVERAGE SKY COVER 0.1


WEATHER CONDITIONS
 THE FOLLOWING WEATHER WAS RECORDED YESTERDAY.
  NO SIGNIFICANT WEATHER WAS OBSERVED.


RELATIVE HUMIDITY (PERCENT)
 HIGHEST    81           500 AM
 LOWEST     20           300 PM
 AVERAGE    51

..........................................................


THE CHALLIS ID CLIMATE NORMALS FOR TODAY
                         NORMAL    RECORD    YEAR
 MAXIMUM TEMPERATURE (F)   59        83      1977
 MINIMUM TEMPERATURE (F)   31        15      2013


SUNRISE AND SUNSET
APRIL 23 2017.........SUNRISE   639 AM MDT   SUNSET   832 PM MDT
APRIL 24 2017.........SUNRISE   637 AM MDT   SUNSET   833 PM MDT


-  INDICATES NEGATIVE NUMBERS.
R  INDICATES RECORD WAS SET OR TIED.
MM INDICATES DATA IS MISSING.
T  INDICATES TRACE AMOUNT.




$$
