000
CDUS45 KPIH 010730
CLILLJ


CLIMATE REPORT
NATIONAL WEATHER SERVICE POCATELLO ID
1229 AM MST WED MAR 1 2017


...................................

...THE CHALLIS ID CLIMATE SUMMARY FOR FEBRUARY 28 2017...

CLIMATE NORMAL PERIOD 1981 TO 2010
CLIMATE RECORD PERIOD 1898 TO 2017


WEATHER ITEM   OBSERVED TIME   RECORD YEAR NORMAL DEPARTURE LAST
                VALUE   (LST)  VALUE       VALUE  FROM      YEAR
                                                  NORMAL
..................................................................
TEMPERATURE (F)
 YESTERDAY
  MAXIMUM         33    239 PM  57    1992  41     -8       54
  MINIMUM         12    559 AM -11    1960  18     -6       26
  AVERAGE         23                        30     -7       40

PRECIPITATION (IN)
  YESTERDAY        T             0.30 1896   0.02  -0.02     0.01
  MONTH TO DATE    0.98                      0.62   0.36     0.09
  SINCE OCT 1      5.89                      3.06   2.83     2.99
  SINCE JAN 1      2.48                      1.13   1.35     0.65

SNOWFALL (IN)
  YESTERDAY       MM
  MONTH TO DATE   MM
  SINCE DEC 1     MM
  SINCE JUL 1     MM
  SNOW DEPTH      MM

DEGREE DAYS
 HEATING
  YESTERDAY       42                        35      7       25
  MONTH TO DATE 1057                      1127    -70     1067
  SINCE DEC 1   4658                      4006    652     4039
  SINCE JUL 1   6445                      6049    396     5905

 COOLING
  YESTERDAY        0                         0      0        0
  MONTH TO DATE    0                         0      0        0
  SINCE DEC 1      0                         0      0        0
  SINCE JAN 1      0                         0      0        0
..................................................................


WIND (MPH)
  HIGHEST WIND SPEED    23   HIGHEST WIND DIRECTION     W (260)
  HIGHEST GUST SPEED    30   HIGHEST GUST DIRECTION     W (260)
  AVERAGE WIND SPEED     7.0


SKY COVER
  POSSIBLE SUNSHINE  MM
  AVERAGE SKY COVER 0.7


WEATHER CONDITIONS
 THE FOLLOWING WEATHER WAS RECORDED YESTERDAY.
  LIGHT SNOW
  HAZE


RELATIVE HUMIDITY (PERCENT)
 HIGHEST    76           600 AM
 LOWEST     33           100 PM
 AVERAGE    55

..........................................................


THE CHALLIS ID CLIMATE NORMALS FOR TODAY
                         NORMAL    RECORD    YEAR
 MAXIMUM TEMPERATURE (F)   42        60      1992
 MINIMUM TEMPERATURE (F)   19       -16      1922


SUNRISE AND SUNSET
MARCH  1 2017.........SUNRISE   714 AM MST   SUNSET   625 PM MST
MARCH  2 2017.........SUNRISE   712 AM MST   SUNSET   627 PM MST


-  INDICATES NEGATIVE NUMBERS.
R  INDICATES RECORD WAS SET OR TIED.
MM INDICATES DATA IS MISSING.
T  INDICATES TRACE AMOUNT.




$$
