000
CDUS45 KPIH 262322
CLILLJ


CLIMATE REPORT
NATIONAL WEATHER SERVICE POCATELLO ID
522 PM MDT WED JUL 26 2017


...................................

...THE CHALLIS ID CLIMATE SUMMARY FOR JULY 26 2017...
VALID TODAY AS OF 0500 PM LOCAL TIME.

CLIMATE NORMAL PERIOD 1981 TO 2010
CLIMATE RECORD PERIOD 1898 TO 2017


WEATHER ITEM   OBSERVED TIME   RECORD YEAR NORMAL DEPARTURE LAST
                VALUE   (LST)  VALUE       VALUE  FROM      YEAR
                                                  NORMAL
..................................................................
TEMPERATURE (F)
 TODAY
  MAXIMUM         80    318 PM 103    1964  88     -8       89
  MINIMUM         52    408 AM  39    1951  52      0       51
                                      1900
  AVERAGE         66                        70     -4       70

PRECIPITATION (IN)
  TODAY            0.01          0.67 1990   0.03  -0.02     0.01
  MONTH TO DATE    0.28                      0.70  -0.42     0.02
  SINCE OCT 1      9.20                      8.40   0.80     5.64
  SINCE JAN 1      5.79                      6.47  -0.68     3.30

SNOWFALL (IN)
  TODAY           MM
  MONTH TO DATE   MM
  SINCE JUN 1     MM
  SINCE JUL 1     MM
  SNOW DEPTH      MM

DEGREE DAYS
 HEATING
  TODAY            0                         0      0        0
  MONTH TO DATE    0                        18    -18       28
  SINCE JUN 1    123                       183    -60      101
  SINCE JUL 1      0                        18    -18       28

 COOLING
  TODAY            1                         5     -4        5
  MONTH TO DATE  181                       105     76       87
  SINCE JUN 1    218                       127     91      152
  SINCE JAN 1    220                       129     91      152
..................................................................


WIND (MPH)
  HIGHEST WIND SPEED    14   HIGHEST WIND DIRECTION    SE (150)
  HIGHEST GUST SPEED    23   HIGHEST GUST DIRECTION    SW (210)
  AVERAGE WIND SPEED     3.7


SKY COVER
  POSSIBLE SUNSHINE  MM
  AVERAGE SKY COVER 0.3


WEATHER CONDITIONS
 THE FOLLOWING WEATHER WAS RECORDED TODAY.
  NO SIGNIFICANT WEATHER WAS OBSERVED.


RELATIVE HUMIDITY (PERCENT)
 HIGHEST    93           100 AM
 LOWEST     35           300 PM
 AVERAGE    64

..........................................................


THE CHALLIS ID CLIMATE NORMALS FOR TOMORROW
                         NORMAL    RECORD    YEAR
 MAXIMUM TEMPERATURE (F)   88       100      1928
 MINIMUM TEMPERATURE (F)   52        39      1918


SUNRISE AND SUNSET
JULY 26 2017..........SUNRISE   617 AM MDT   SUNSET   909 PM MDT
JULY 27 2017..........SUNRISE   618 AM MDT   SUNSET   908 PM MDT


-  INDICATES NEGATIVE NUMBERS.
R  INDICATES RECORD WAS SET OR TIED.
MM INDICATES DATA IS MISSING.
T  INDICATES TRACE AMOUNT.




$$
