000
CDUS46 KMFR 280836
CLILMT


CLIMATE REPORT
NATIONAL WEATHER SERVICE MEDFORD, OR
136 AM PDT SAT MAY 28 2016


...................................

...THE KLAMATH FALLS OR CLIMATE SUMMARY FOR MAY 27 2016...

CLIMATE NORMAL PERIOD 1981 TO 2010
CLIMATE RECORD PERIOD 1928 TO 2016


WEATHER ITEM   OBSERVED TIME   RECORD YEAR NORMAL DEPARTURE LAST
                VALUE   (LST)  VALUE       VALUE  FROM      YEAR
                                                  NORMAL
..................................................................
TEMPERATURE (F)
 YESTERDAY
  MAXIMUM         64    408 PM  90    1983  68     -4       77
  MINIMUM         33    509 AM  28    1982  39     -6       35
  AVERAGE         49                        53     -4       56

PRECIPITATION (IN)
  YESTERDAY        0.00          0.67 2008   0.02  -0.02     0.00
  MONTH TO DATE    0.81                      1.32  -0.51     1.45
  SINCE OCT 1     10.40                     12.42  -2.02    11.51
  SINCE JAN 1      5.87                      7.73  -1.86     5.05

SNOWFALL (IN)
  YESTERDAY       MM                        MM     MM       MM
  MONTH TO DATE   MM                        MM     MM       MM
  SINCE JUL 1     MM                        MM     MM       MM
  SNOW DEPTH      MM

DEGREE DAYS
 HEATING
  YESTERDAY       16                        12      4        9
  MONTH TO DATE  336                       393    -57      377
  SINCE MAR 1   1561                      1871   -310     1667
  SINCE JUL 1   6051                      6712   -661     5241

 COOLING
  YESTERDAY        0                         0      0        0
  MONTH TO DATE    0                         0      0        0
  SINCE MAR 1      0                         0      0        0
  SINCE JAN 1      0                         0      0        0
..................................................................


WIND (MPH)
  HIGHEST WIND SPEED    21   HIGHEST WIND DIRECTION    NW (330)
  HIGHEST GUST SPEED    26   HIGHEST GUST DIRECTION     N (340)
  AVERAGE WIND SPEED     6.9


SKY COVER
  POSSIBLE SUNSHINE  MM
  AVERAGE SKY COVER 0.0


WEATHER CONDITIONS
 THE FOLLOWING WEATHER WAS RECORDED YESTERDAY.
  NO SIGNIFICANT WEATHER WAS OBSERVED.


RELATIVE HUMIDITY (PERCENT)
 HIGHEST    89           500 AM
 LOWEST     23          1000 AM

..........................................................


THE KLAMATH FALLS OR CLIMATE NORMALS FOR TODAY
                         NORMAL    RECORD    YEAR
 MAXIMUM TEMPERATURE (F)   68        91      1983
 MINIMUM TEMPERATURE (F)   39        25      1977


SUNRISE AND SUNSET
MAY 28 2016...........SUNRISE   535 AM PDT   SUNSET   834 PM PDT
MAY 29 2016...........SUNRISE   535 AM PDT   SUNSET   835 PM PDT


-  INDICATES NEGATIVE NUMBERS.
R  INDICATES RECORD WAS SET OR TIED.
MM INDICATES DATA IS MISSING.
T  INDICATES TRACE AMOUNT.




$$
