000
CDUS46 KMFR 110035
CLILMT


CLIMATE REPORT
NATIONAL WEATHER SERVICE MEDFORD, OR
435 PM PST SAT DEC 10 2016


...................................

...THE KLAMATH FALLS OR CLIMATE SUMMARY FOR DECEMBER 10 2016...
VALID TODAY AS OF 0400 PM LOCAL TIME.

CLIMATE NORMAL PERIOD 1981 TO 2010
CLIMATE RECORD PERIOD 1928 TO 2016


WEATHER ITEM   OBSERVED TIME   RECORD YEAR NORMAL DEPARTURE LAST
                VALUE   (LST)  VALUE       VALUE  FROM      YEAR
                                                  NORMAL
..................................................................
TEMPERATURE (F)
 TODAY
  MAXIMUM         45    125 PM  62    1950  38      7       48
  MINIMUM         36    415 AM -13    1972  21     15       33
  AVERAGE         41                        30     11       41

PRECIPITATION (IN)
  TODAY            0.14          1.48 1937   0.04   0.10     0.44
  MONTH TO DATE    0.57                      0.46   0.11     1.13
  SINCE OCT 1      3.81                      3.70   0.11     2.82
  SINCE JAN 1     11.04                     13.97  -2.93     9.26

SNOWFALL (IN)
  TODAY           MM                        MM     MM       MM
  MONTH TO DATE   MM                        MM     MM       MM
  SINCE JUL 1     MM                        MM     MM       MM
  SNOW DEPTH      MM

DEGREE DAYS
 HEATING
  TODAY           24                        35    -11       24
  MONTH TO DATE  333                       347    -14      245
  SINCE DEC 1    333                       347    -14      245
  SINCE JUL 1   1993                      2149   -156     1833

 COOLING
  TODAY            0                         0      0        0
  MONTH TO DATE    0                         0      0        0
  SINCE DEC 1      0                         0      0        0
  SINCE JAN 1    215                       169     46      306
..................................................................


WIND (MPH)
  HIGHEST WIND SPEED    24   HIGHEST WIND DIRECTION     W (250)
  HIGHEST GUST SPEED    29   HIGHEST GUST DIRECTION     W (250)
  AVERAGE WIND SPEED     8.5


SKY COVER
  POSSIBLE SUNSHINE  MM
  AVERAGE SKY COVER 0.6


WEATHER CONDITIONS
 THE FOLLOWING WEATHER WAS RECORDED TODAY.
  LIGHT RAIN
  FOG


RELATIVE HUMIDITY (PERCENT)
 HIGHEST   100          1200 AM
 LOWEST     62           200 PM

..........................................................


THE KLAMATH FALLS OR CLIMATE NORMALS FOR TOMORROW
                         NORMAL    RECORD    YEAR
 MAXIMUM TEMPERATURE (F)   38        62      1958
 MINIMUM TEMPERATURE (F)   21       -16      1972


SUNRISE AND SUNSET
DECEMBER 10 2016......SUNRISE   725 AM PST   SUNSET   435 PM PST
DECEMBER 11 2016......SUNRISE   726 AM PST   SUNSET   435 PM PST


-  INDICATES NEGATIVE NUMBERS.
R  INDICATES RECORD WAS SET OR TIED.
MM INDICATES DATA IS MISSING.
T  INDICATES TRACE AMOUNT.




$$
