000
CDUS46 KMFR 310043
CLILMT


CLIMATE REPORT
NATIONAL WEATHER SERVICE MEDFORD, OR
543 PM PDT MON MAR 30 2015


...................................

...THE KLAMATH FALLS OR CLIMATE SUMMARY FOR MARCH 30 2015...
VALID TODAY AS OF 0500 PM LOCAL TIME.

CLIMATE NORMAL PERIOD 1981 TO 2010
CLIMATE RECORD PERIOD 1928 TO 2015


WEATHER ITEM   OBSERVED TIME   RECORD YEAR NORMAL DEPARTURE LAST
                VALUE   (LST)  VALUE       VALUE  FROM      YEAR
                                                  NORMAL
..................................................................
TEMPERATURE (F)
 TODAY
  MAXIMUM         71    322 PM  73    2013  53     18       45
  MINIMUM         32    635 AM  16    2009  27      5       30
  AVERAGE         52                        40     12       38

PRECIPITATION (IN)
  TODAY            0.00          0.77 1940   0.04  -0.04      T
  MONTH TO DATE    1.34                      1.22   0.12     1.94
  SINCE OCT 1      9.97                      9.68   0.29     5.22
  SINCE JAN 1      3.51                      4.99  -1.48     4.59

SNOWFALL (IN)
  TODAY           MM                        MM     MM       MM
  MONTH TO DATE   MM                        MM     MM       MM
  SINCE JUL 1     MM                        MM     MM        0.0
  SNOW DEPTH      MM

DEGREE DAYS
 HEATING
  TODAY           13                        25    -12       27
  MONTH TO DATE  617                       797   -180      686
  SINCE MAR 1    617                       797   -180      686
  SINCE JUL 1   4191                      5638  -1447     5469

 COOLING
  TODAY            0                         0      0        0
  MONTH TO DATE    0                         0      0        0
  SINCE MAR 1      0                         0      0        0
  SINCE JAN 1      0                         0      0        0
..................................................................


WIND (MPH)
  HIGHEST WIND SPEED    17   HIGHEST WIND DIRECTION     W (270)
  HIGHEST GUST SPEED    20   HIGHEST GUST DIRECTION     W (270)
  AVERAGE WIND SPEED     4.1


SKY COVER
  POSSIBLE SUNSHINE  MM
  AVERAGE SKY COVER 0.0


WEATHER CONDITIONS
 THE FOLLOWING WEATHER WAS RECORDED TODAY.
  NO SIGNIFICANT WEATHER WAS OBSERVED.


RELATIVE HUMIDITY (PERCENT)
 HIGHEST    89          1200 AM
 LOWEST     26           200 PM

..........................................................


THE KLAMATH FALLS OR CLIMATE NORMALS FOR TOMORROW
                         NORMAL    RECORD    YEAR
 MAXIMUM TEMPERATURE (F)   53        73      1992
 MINIMUM TEMPERATURE (F)   27        12      2008
                                             1982


SUNRISE AND SUNSET
MARCH 30 2015.........SUNRISE   653 AM PDT   SUNSET   730 PM PDT
MARCH 31 2015.........SUNRISE   652 AM PDT   SUNSET   731 PM PDT


-  INDICATES NEGATIVE NUMBERS.
R  INDICATES RECORD WAS SET OR TIED.
MM INDICATES DATA IS MISSING.
T  INDICATES TRACE AMOUNT.




$$
