000
CDUS46 KMFR 250045
CLILMT


CLIMATE REPORT
NATIONAL WEATHER SERVICE MEDFORD, OR
444 PM PST FRI NOV 24 2017


...................................

...THE KLAMATH FALLS OR CLIMATE SUMMARY FOR NOVEMBER 24 2017...
VALID TODAY AS OF 0400 PM LOCAL TIME.

CLIMATE NORMAL PERIOD 1981 TO 2010
CLIMATE RECORD PERIOD 1928 TO 2017


WEATHER ITEM   OBSERVED TIME   RECORD YEAR NORMAL DEPARTURE LAST
                VALUE   (LST)  VALUE       VALUE  FROM      YEAR
                                                  NORMAL
..................................................................
TEMPERATURE (F)
 TODAY
  MAXIMUM         50   1211 AM  67    1995  42      8       45
  MINIMUM         31    701 AM  -4    2010  23      8       28
  AVERAGE         41                        33      8       37

PRECIPITATION (IN)
  TODAY            T             0.78 1979   0.07  -0.07     0.00
  MONTH TO DATE    1.35                      1.71  -0.36     0.71
  SINCE OCT 1      1.82                      2.76  -0.94     3.19
  SINCE JAN 1      9.68                     13.03  -3.35    10.42

SNOWFALL (IN)
  TODAY           MM                        MM     MM       MM
  MONTH TO DATE   MM                        MM     MM       MM
  SINCE JUL 1     MM                        MM     MM       MM
  SNOW DEPTH      MM

DEGREE DAYS
 HEATING
  TODAY           24                        32     -8       28
  MONTH TO DATE  589                       687    -98      516
  SINCE SEP 1   1407                      1484    -77     1364
  SINCE JUL 1   1411                      1603   -192     1471

 COOLING
  TODAY            0                         0      0        0
  MONTH TO DATE    0                         0      0        0
  SINCE SEP 1     66                        10     56        0
  SINCE JAN 1    420                       169    251      215
..................................................................


WIND (MPH)
  HIGHEST WIND SPEED    18   HIGHEST WIND DIRECTION    NW (320)
  HIGHEST GUST SPEED    22   HIGHEST GUST DIRECTION    NW (300)
  AVERAGE WIND SPEED     3.9


SKY COVER
  POSSIBLE SUNSHINE  MM
  AVERAGE SKY COVER 0.3


WEATHER CONDITIONS
 THE FOLLOWING WEATHER WAS RECORDED TODAY.
  LIGHT RAIN


RELATIVE HUMIDITY (PERCENT)
 HIGHEST    92           800 AM
 LOWEST     65          1100 AM

..........................................................


THE KLAMATH FALLS OR CLIMATE NORMALS FOR TOMORROW
                         NORMAL    RECORD    YEAR
 MAXIMUM TEMPERATURE (F)   42        59      1949
 MINIMUM TEMPERATURE (F)   23        -5      1993


SUNRISE AND SUNSET
NOVEMBER 24 2017......SUNRISE   708 AM PST   SUNSET   439 PM PST
NOVEMBER 25 2017......SUNRISE   710 AM PST   SUNSET   438 PM PST


-  INDICATES NEGATIVE NUMBERS.
R  INDICATES RECORD WAS SET OR TIED.
MM INDICATES DATA IS MISSING.
T  INDICATES TRACE AMOUNT.




$$
