000
CDUS45 KRIW 250746
CLILND


CLIMATE REPORT
NATIONAL WEATHER SERVICE RIVERTON WY
1243 AM MST TUE NOV 25 2014


...................................

...THE LANDER WY CLIMATE SUMMARY FOR NOVEMBER 24 2014...

CLIMATE NORMAL PERIOD 1981 TO 2010
CLIMATE RECORD PERIOD 1891 TO 2014


WEATHER ITEM   OBSERVED TIME   RECORD YEAR NORMAL DEPARTURE LAST
                VALUE   (LST)  VALUE       VALUE  FROM      YEAR
                                                  NORMAL
..................................................................
TEMPERATURE (F)
 YESTERDAY
  MAXIMUM         MM        MM  65    1933  38     MM       31
  MINIMUM         MM        MM -12    1895  15     MM        4
  AVERAGE         MM                        26     MM       18

PRECIPITATION (IN)
  YESTERDAY       MM             0.53 1944   0.03  MM        0.00
  MONTH TO DATE    0.55                      0.71  -0.16     0.13
  SINCE SEP 1      2.84                      3.05  -0.21     6.99
  SINCE JAN 1      9.86                     11.93  -2.07    14.85

SNOWFALL (IN)
  YESTERDAY       MM                         0.4   MM        0.0
  MONTH TO DATE    8.5                      10.4   -1.9      3.5
  SINCE SEP 1      8.5                      22.9  -14.4     29.5
  SINCE JUL 1      8.5                      22.9  -14.4     29.5
  SNOW DEPTH      MM

DEGREE DAYS
 HEATING
  YESTERDAY       MM                        39     MM       47
  MONTH TO DATE  773                       771      2      754
  SINCE SEP 1   1351                      1592   -241     1699
  SINCE JUL 1   1395                      1632   -237     1699

 COOLING
  YESTERDAY       MM                         0     MM        0
  MONTH TO DATE    0                         0      0        0
  SINCE SEP 1     39                        27     12       65
  SINCE JAN 1    445                       472    -27      743
..................................................................


WIND (MPH)
  HIGHEST WIND SPEED    23   HIGHEST WIND DIRECTION    NW (330)
  HIGHEST GUST SPEED    35   HIGHEST GUST DIRECTION    NW (310)
  AVERAGE WIND SPEED    11.0


SKY COVER
  POSSIBLE SUNSHINE  MM
  AVERAGE SKY COVER 0.1


WEATHER CONDITIONS
 THE FOLLOWING WEATHER WAS RECORDED YESTERDAY.
  NO SIGNIFICANT WEATHER WAS OBSERVED.


RELATIVE HUMIDITY (PERCENT)
 HIGHEST    56          1100 PM
 LOWEST     27           100 PM
 AVERAGE    42

..........................................................


THE LANDER WY CLIMATE NORMALS FOR TODAY
                         NORMAL    RECORD    YEAR
 MAXIMUM TEMPERATURE (F)   37        67      1949
 MINIMUM TEMPERATURE (F)   15       -15      1993
                                             1918


SUNRISE AND SUNSET
NOVEMBER 25 2014......SUNRISE   719 AM MST   SUNSET   444 PM MST
NOVEMBER 26 2014......SUNRISE   720 AM MST   SUNSET   444 PM MST


-  INDICATES NEGATIVE NUMBERS.
R  INDICATES RECORD WAS SET OR TIED.
MM INDICATES DATA IS MISSING.
T  INDICATES TRACE AMOUNT.




$$
