000
CDUS45 KRIW 020735
CLILND


CLIMATE REPORT
NATIONAL WEATHER SERVICE RIVERTON WY
135 AM MDT MON MAY 2 2016


...................................

...THE LANDER WY CLIMATE SUMMARY FOR MAY 1 2016...

CLIMATE NORMAL PERIOD 1981 TO 2010
CLIMATE RECORD PERIOD 1891 TO 2016


WEATHER ITEM   OBSERVED TIME   RECORD YEAR NORMAL DEPARTURE LAST
                VALUE   (LST)  VALUE       VALUE  FROM      YEAR
                                                  NORMAL
..................................................................
TEMPERATURE (F)
 YESTERDAY
  MAXIMUM         50    345 PM  80    1981  62    -12       72
                                      1901
  MINIMUM         33    434 AM  18    1954  36     -3       37
  AVERAGE         42                        48     -6       55

PRECIPITATION (IN)
  YESTERDAY        T             1.03 1979   0.07  -0.07     0.00
  MONTH TO DATE    T                         0.07  -0.07     0.00
  SINCE MAR 1      9.20                      3.10   6.10     2.86
  SINCE JAN 1     10.12                      4.09   6.03     4.42

SNOWFALL (IN)
  YESTERDAY       MM                         0.4   MM        0.0
  MONTH TO DATE   MM                         0.4   MM        0.0
  SINCE MAR 1     37.6                      33.3    4.3     19.2
  SINCE JUL 1     74.6                      86.9  -12.3     73.1
  SNOW DEPTH       0

DEGREE DAYS
 HEATING
  YESTERDAY       23                        16      7       10
  MONTH TO DATE   23                        16      7       10
  SINCE MAR 1   1449                      1566   -117     1368
  SINCE JUL 1   6600                      7270   -670     6492

 COOLING
  YESTERDAY        0                         0      0        0
  MONTH TO DATE    0                         0      0        0
  SINCE MAR 1      0                         0      0        0
  SINCE JAN 1      0                         0      0        0
..................................................................


WIND (MPH)
  HIGHEST WIND SPEED    14   HIGHEST WIND DIRECTION     N (360)
  HIGHEST GUST SPEED    17   HIGHEST GUST DIRECTION     N (360)
  AVERAGE WIND SPEED     5.2


SKY COVER
  POSSIBLE SUNSHINE  MM
  AVERAGE SKY COVER 0.7


WEATHER CONDITIONS
 THE FOLLOWING WEATHER WAS RECORDED YESTERDAY.
  NO SIGNIFICANT WEATHER WAS OBSERVED.


RELATIVE HUMIDITY (PERCENT)
 HIGHEST    89           400 AM
 LOWEST     42           600 PM
 AVERAGE    66

..........................................................


THE LANDER WY CLIMATE NORMALS FOR TODAY
                         NORMAL    RECORD    YEAR
 MAXIMUM TEMPERATURE (F)   62        84      1947
 MINIMUM TEMPERATURE (F)   36        13      1903


SUNRISE AND SUNSET
MAY  2 2016...........SUNRISE   607 AM MDT   SUNSET   817 PM MDT
MAY  3 2016...........SUNRISE   606 AM MDT   SUNSET   818 PM MDT


-  INDICATES NEGATIVE NUMBERS.
R  INDICATES RECORD WAS SET OR TIED.
MM INDICATES DATA IS MISSING.
T  INDICATES TRACE AMOUNT.




$$
