000
CDUS45 KRIW 200733
CLILND


CLIMATE REPORT
NATIONAL WEATHER SERVICE RIVERTON WY
132 AM MDT WED SEP 20 2017


...................................

...THE LANDER WY CLIMATE SUMMARY FOR SEPTEMBER 19 2017...

CLIMATE NORMAL PERIOD 1981 TO 2010
CLIMATE RECORD PERIOD 1891 TO 2017


WEATHER ITEM   OBSERVED TIME   RECORD YEAR NORMAL DEPARTURE LAST
                VALUE   (LST)  VALUE       VALUE  FROM      YEAR
                                                  NORMAL
..................................................................
TEMPERATURE (F)
 YESTERDAY
  MAXIMUM         MM        MM  90    2010  71     MM       83
  MINIMUM         MM        MM  24    1965  43     MM       49
  AVERAGE         MM                        57     MM       66

PRECIPITATION (IN)
  YESTERDAY       MM             0.72 1999   0.04  MM        0.00
  MONTH TO DATE    0.00                      0.56  -0.56     0.58
  SINCE SEP 1      0.00                      0.56  -0.56     0.58
  SINCE JAN 1     13.18                      9.44   3.74    16.82

SNOWFALL (IN)
  YESTERDAY        0.0                       0.1   -0.1      0.0
  MONTH TO DATE    0.0                       1.0   -1.0      0.0
  SINCE SEP 1      0.0                       1.0   -1.0      0.0
  SINCE JUL 1      0.0                       1.0   -1.0      0.0
  SNOW DEPTH       0

DEGREE DAYS
 HEATING
  YESTERDAY       MM                         8     MM        0
  MONTH TO DATE   MM                        97     MM      107
  SINCE SEP 1     MM                        97     MM      107
  SINCE JUL 1      0                       137   -137      159

 COOLING
  YESTERDAY       MM                         0     MM        1
  MONTH TO DATE   MM                        26     MM       29
  SINCE SEP 1     MM                        26     MM       29
  SINCE JAN 1    292                       471   -179      557
..................................................................


WIND (MPH)
  HIGHEST WIND SPEED    MM   HIGHEST WIND DIRECTION    MM
  HIGHEST GUST SPEED    MM   HIGHEST GUST DIRECTION    MM
  AVERAGE WIND SPEED    MM


SKY COVER
  POSSIBLE SUNSHINE  MM
  AVERAGE SKY COVER 0.0


WEATHER CONDITIONS
 THE FOLLOWING WEATHER WAS RECORDED YESTERDAY.
  NO SIGNIFICANT WEATHER WAS OBSERVED.


RELATIVE HUMIDITY (PERCENT)
 HIGHEST    MM
 LOWEST     MM
 AVERAGE    MM

..........................................................


THE LANDER WY CLIMATE NORMALS FOR TODAY
                         NORMAL    RECORD    YEAR
 MAXIMUM TEMPERATURE (F)   70        88      2016
                                             1956
 MINIMUM TEMPERATURE (F)   43        23      1983


SUNRISE AND SUNSET
SEPTEMBER 20 2017.....SUNRISE   700 AM MDT   SUNSET   715 PM MDT
SEPTEMBER 21 2017.....SUNRISE   701 AM MDT   SUNSET   713 PM MDT


-  INDICATES NEGATIVE NUMBERS.
R  INDICATES RECORD WAS SET OR TIED.
MM INDICATES DATA IS MISSING.
T  INDICATES TRACE AMOUNT.




$$
