000
CDUS45 KRIW 250753
CLILND


CLIMATE REPORT
NATIONAL WEATHER SERVICE RIVERTON WY
146 AM MDT SAT OCT 25 2014


...................................

...THE LANDER WY CLIMATE SUMMARY FOR OCTOBER 24 2014...

CLIMATE NORMAL PERIOD 1981 TO 2010
CLIMATE RECORD PERIOD 1891 TO 2014


WEATHER ITEM   OBSERVED TIME   RECORD YEAR NORMAL DEPARTURE LAST
                VALUE   (LST)  VALUE       VALUE  FROM      YEAR
                                                  NORMAL
..................................................................
TEMPERATURE (F)
 YESTERDAY
  MAXIMUM         75R   308 PM  74    1965  55     20       57
                                      1937
  MINIMUM         43    835 AM   3    1916  30     13       32
  AVERAGE         59                        43     16       45

PRECIPITATION (IN)
  YESTERDAY        0.00          1.04 1923   0.04  -0.04     0.00
  MONTH TO DATE    0.50                      1.03  -0.53     2.28
  SINCE SEP 1      2.29                      2.08   0.21     6.06
  SINCE JAN 1      9.31                     10.96  -1.65    13.92

SNOWFALL (IN)
  YESTERDAY        0.0                       0.4   -0.4      0.0
  MONTH TO DATE    T                         7.2   -7.2     14.9
  SINCE SEP 1      T                         9.9   -9.9     19.0
  SINCE JUL 1      T                         9.9   -9.9     19.0
  SNOW DEPTH       0

DEGREE DAYS
 HEATING
  YESTERDAY        6                        22    -16       20
  MONTH TO DATE  300                       433   -133      568
  SINCE SEP 1    453                       652   -199      760
  SINCE JUL 1    497                       692   -195      760

 COOLING
  YESTERDAY        0                         0      0        0
  MONTH TO DATE    0                         0      0        0
  SINCE SEP 1     39                        27     12       65
  SINCE JAN 1    445                       472    -27      743
..................................................................


WIND (MPH)
  HIGHEST WIND SPEED    18   HIGHEST WIND DIRECTION     W (270)
  HIGHEST GUST SPEED    24   HIGHEST GUST DIRECTION    SW (220)
  AVERAGE WIND SPEED     5.0


SKY COVER
  POSSIBLE SUNSHINE  MM
  AVERAGE SKY COVER 0.0


WEATHER CONDITIONS
 THE FOLLOWING WEATHER WAS RECORDED YESTERDAY.
  NO SIGNIFICANT WEATHER WAS OBSERVED.


RELATIVE HUMIDITY (PERCENT)
 HIGHEST    42           300 AM
 LOWEST     13           300 PM
 AVERAGE    28

..........................................................


THE LANDER WY CLIMATE NORMALS FOR TODAY
                         NORMAL    RECORD    YEAR
 MAXIMUM TEMPERATURE (F)   55        73      1922
 MINIMUM TEMPERATURE (F)   30         4      1919


SUNRISE AND SUNSET
OCTOBER 25 2014.......SUNRISE   740 AM MDT   SUNSET   617 PM MDT
OCTOBER 26 2014.......SUNRISE   742 AM MDT   SUNSET   615 PM MDT


-  INDICATES NEGATIVE NUMBERS.
R  INDICATES RECORD WAS SET OR TIED.
MM INDICATES DATA IS MISSING.
T  INDICATES TRACE AMOUNT.




$$
