000
CDUS45 KRIW 220046
CLILND


CLIMATE REPORT
NATIONAL WEATHER SERVICE RIVERTON WY
644 PM MDT FRI JUL 21 2017


...................................

...THE LANDER WY CLIMATE SUMMARY FOR JULY 21 2017...
VALID TODAY AS OF 0500 PM LOCAL TIME.

CLIMATE NORMAL PERIOD 1981 TO 2010
CLIMATE RECORD PERIOD 1891 TO 2017


WEATHER ITEM   OBSERVED TIME   RECORD YEAR NORMAL DEPARTURE LAST
                VALUE   (LST)  VALUE       VALUE  FROM      YEAR
                                                  NORMAL
..................................................................
TEMPERATURE (F)
 TODAY
  MAXIMUM         91        MM 100    1931  88      3       97
  MINIMUM         59        MM  40    1924  57      2       57
  AVERAGE         75                        72      3       77

PRECIPITATION (IN)
  TODAY            T             0.42 1990   0.02  -0.02     0.00
  MONTH TO DATE    0.28                      0.47  -0.19      T
  SINCE JUN 1      0.54                      1.74  -1.20     0.57
  SINCE JAN 1     13.03                      7.96   5.07    15.72

DEGREE DAYS
 HEATING
  TODAY            0                         0      0        0
  MONTH TO DATE    0                        11    -11        4
  SINCE JUN 1     75                       137    -62       26
  SINCE JUL 1      0                        11    -11        4

 COOLING
  TODAY           10                         8      2       12
  MONTH TO DATE  183                       132     51      138
  SINCE JUN 1    226                       196     30      266
  SINCE JAN 1    226                       201     25      266
..................................................................


WIND (MPH)
  HIGHEST WIND SPEED    16   HIGHEST WIND DIRECTION     W (290)
  HIGHEST GUST SPEED    31   HIGHEST GUST DIRECTION    NW (310)
  AVERAGE WIND SPEED     4.9


SKY COVER
  POSSIBLE SUNSHINE  MM
  AVERAGE SKY COVER 0.1


WEATHER CONDITIONS
 THE FOLLOWING WEATHER WAS RECORDED TODAY.
  NO SIGNIFICANT WEATHER WAS OBSERVED.


RELATIVE HUMIDITY (PERCENT)
 HIGHEST    87           100 AM
 LOWEST     12           400 PM
 AVERAGE    50

..........................................................


THE LANDER WY CLIMATE NORMALS FOR TOMORROW
                         NORMAL    RECORD    YEAR
 MAXIMUM TEMPERATURE (F)   88       100      2007
 MINIMUM TEMPERATURE (F)   57        42      1978


SUNRISE AND SUNSET
JULY 21 2017..........SUNRISE   556 AM MDT   SUNSET   847 PM MDT
JULY 22 2017..........SUNRISE   557 AM MDT   SUNSET   846 PM MDT


-  INDICATES NEGATIVE NUMBERS.
R  INDICATES RECORD WAS SET OR TIED.
MM INDICATES DATA IS MISSING.
T  INDICATES TRACE AMOUNT.




$$
