000
CDUS45 KRIW 010028
CLILND


CLIMATE REPORT
NATIONAL WEATHER SERVICE RIVERTON WY
527 PM MST SAT JAN 31 2015


...................................

...THE LANDER WY CLIMATE SUMMARY FOR JANUARY 31 2015...
VALID TODAY AS OF 0500 PM LOCAL TIME.

CLIMATE NORMAL PERIOD 1981 TO 2010
CLIMATE RECORD PERIOD 1891 TO 2015


WEATHER ITEM   OBSERVED TIME   RECORD YEAR NORMAL DEPARTURE LAST
                VALUE   (LST)  VALUE       VALUE  FROM      YEAR
                                                  NORMAL
..................................................................
TEMPERATURE (F)
 TODAY
  MAXIMUM         41        MM  63    1971  33      8       31
  MINIMUM         22        MM -31    1979  11     11       17
  AVERAGE         32                        22     10       24

PRECIPITATION (IN)
  TODAY            0.00          0.40 1981   0.01  -0.01     0.00
  MONTH TO DATE    T                         0.41  -0.41     0.61
  SINCE DEC 1      1.82                      0.99   0.83     1.30
  SINCE JAN 1      T                         0.41  -0.41     0.61

SNOWFALL (IN)
  TODAY            0.0                       0.3   -0.3      0.0
  MONTH TO DATE    0.3                       7.6   -7.3      8.9
  SINCE DEC 1     21.4                      17.7    3.7     22.0
  SINCE JUL 1     30.3                      43.3  -13.0     51.5
  SNOW DEPTH       0

DEGREE DAYS
 HEATING
  TODAY           33                        43    -10       41
  MONTH TO DATE 1312                      1342    -30     1243
  SINCE DEC 1   2598                      2717   -119     2628
  SINCE JUL 1   4139                      4590   -451     4516

 COOLING
  TODAY            0                         0      0        0
  MONTH TO DATE    0                         0      0        0
  SINCE DEC 1      0                         0      0        0
  SINCE JAN 1      0                         0      0        0
..................................................................


WIND (MPH)
  HIGHEST WIND SPEED     9   HIGHEST WIND DIRECTION    NE (30)
  HIGHEST GUST SPEED    MM   HIGHEST GUST DIRECTION    MM
  AVERAGE WIND SPEED     3.2


SKY COVER
  POSSIBLE SUNSHINE  MM
  AVERAGE SKY COVER 0.3


WEATHER CONDITIONS
 THE FOLLOWING WEATHER WAS RECORDED TODAY.
  NO SIGNIFICANT WEATHER WAS OBSERVED.


RELATIVE HUMIDITY (PERCENT)
 HIGHEST    85           400 AM
 LOWEST     37           400 PM
 AVERAGE    61

..........................................................


THE LANDER WY CLIMATE NORMALS FOR TOMORROW
                         NORMAL    RECORD    YEAR
 MAXIMUM TEMPERATURE (F)   34        62      1934
 MINIMUM TEMPERATURE (F)   11       -25      1951


SUNRISE AND SUNSET
JANUARY 31 2015.......SUNRISE   731 AM MST   SUNSET   526 PM MST
FEBRUARY  1 2015......SUNRISE   730 AM MST   SUNSET   528 PM MST


-  INDICATES NEGATIVE NUMBERS.
R  INDICATES RECORD WAS SET OR TIED.
MM INDICATES DATA IS MISSING.
T  INDICATES TRACE AMOUNT.




$$
