000
CDUS43 KOAX 262237
CLILNK


CLIMATE REPORT
NATIONAL WEATHER SERVICE OMAHA NEBRASKA
436 PM CST SUN FEB 26 2017


...................................

...THE LINCOLN, NEBRASKA CLIMATE SUMMARY FOR FEBRUARY 26 2017...
VALID TODAY AS OF 400 PM LOCAL TIME.

CLIMATE NORMAL PERIOD 1981 TO 2010
CLIMATE RECORD PERIOD 1887 TO 2017


WEATHER ITEM   OBSERVED TIME   RECORD YEAR NORMAL DEPARTURE LAST
                VALUE   (LST)  VALUE       VALUE  FROM      YEAR
                                                  NORMAL
..................................................................
TEMPERATURE (F)
 TODAY
  MAXIMUM         47    325 PM  79    1896  44      3       57
  MINIMUM         29    724 AM  -9    1934  22      7       22
                                      1897
  AVERAGE         38                        33      5       40

PRECIPITATION (IN)
  TODAY            0.00          0.68 1958   0.04  -0.04     0.00
  MONTH TO DATE    0.55                      0.71  -0.16     0.76
  SINCE DEC 1      3.27                      2.30   0.97     6.01
  SINCE JAN 1      1.65                      1.35   0.30     1.59

SNOWFALL (IN)
  TODAY            0.0                       0.2   -0.2      0.0
  MONTH TO DATE    2.0                       5.3   -3.3      7.3
  SINCE JUL 1      6.9                      19.4  -12.5     20.5
  SNOW DEPTH       0

DEGREE DAYS
 HEATING
  TODAY           27                        32     -5       25
  MONTH TO DATE  687                       943   -256      818
  SINCE DEC 1   3021                      3379   -358     2968
  SINCE JUL 1   3829                      4640   -811     3868

 COOLING
  TODAY            0                         0      0        0
  MONTH TO DATE    0                         0      0        0
  SINCE DEC 1      0                         0      0        0
  SINCE JAN 1      0                         0      0        0
..................................................................


WIND (MPH)
  HIGHEST WIND SPEED    14   HIGHEST WIND DIRECTION    SW (230)
  HIGHEST GUST SPEED    17   HIGHEST GUST DIRECTION     W (250)
  AVERAGE WIND SPEED     8.4


SKY COVER
  POSSIBLE SUNSHINE  MM
  AVERAGE SKY COVER 0.1


WEATHER CONDITIONS
 THE FOLLOWING WEATHER WAS RECORDED TODAY.
  NO SIGNIFICANT WEATHER WAS OBSERVED.


RELATIVE HUMIDITY (PERCENT)
 HIGHEST    85          1200 AM
 LOWEST     40           300 PM
 AVERAGE    63

..........................................................


THE LINCOLN, NEBRASKA CLIMATE NORMALS FOR TOMORROW
                         NORMAL    RECORD    YEAR
 MAXIMUM TEMPERATURE (F)   45        77      2016
 MINIMUM TEMPERATURE (F)   22       -10      1890


SUNRISE AND SUNSET
FEBRUARY 26 2017......SUNRISE   705 AM CST   SUNSET   615 PM CST
FEBRUARY 27 2017......SUNRISE   704 AM CST   SUNSET   616 PM CST


-  INDICATES NEGATIVE NUMBERS.
R  INDICATES RECORD WAS SET OR TIED.
MM INDICATES DATA IS MISSING.
T  INDICATES TRACE AMOUNT.




$$

KLISH
