000
CDUS43 KOAX 010645
CLILNK


CLIMATE REPORT
NATIONAL WEATHER SERVICE OMAHA NEBRASKA
142 AM CDT WED JUL 1 2015


...................................

...THE LINCOLN, NEBRASKA CLIMATE SUMMARY FOR JUNE 30 2015...

CLIMATE NORMAL PERIOD 1981 TO 2010
CLIMATE RECORD PERIOD 1887 TO 2015


WEATHER ITEM   OBSERVED TIME   RECORD YEAR NORMAL DEPARTURE LAST
                VALUE   (LST)  VALUE       VALUE  FROM      YEAR
                                                  NORMAL
..................................................................
TEMPERATURE (F)
 YESTERDAY
  MAXIMUM         89   1250 PM 105    1961  88      1       88
  MINIMUM         64    510 AM  51    1995  65     -1       64
  AVERAGE         77                        76      1       76

PRECIPITATION (IN)
  YESTERDAY        0.02          1.86 1999   0.13  -0.11      T
  MONTH TO DATE    7.66                      4.35   3.31     5.90
  SINCE JUN 1      7.66                      4.35   3.31     5.90
  SINCE JAN 1     23.16                     14.69   8.47    15.65

SNOWFALL (IN)
  YESTERDAY        0.0                       0.0    0.0      0.0
  MONTH TO DATE    0.0                       0.0    0.0      0.0
  SINCE JUL 1     21.9                      25.9   -4.0     18.2
  SNOW DEPTH       0

DEGREE DAYS
 HEATING
  YESTERDAY        0                         0      0        0
  MONTH TO DATE    0                        13    -13        2
  SINCE JUN 1      0                        16    -16        2
  SINCE JUL 1   5829                      6056   -227     6484

 COOLING
  YESTERDAY       12                        12      0       11
  MONTH TO DATE  263                       242     21      278
  SINCE JUN 1    263                       242     21      278
  SINCE JAN 1    315                       321     -6      438
..................................................................


WIND (MPH)
  HIGHEST WIND SPEED    21   HIGHEST WIND DIRECTION     E (070)
  HIGHEST GUST SPEED    27   HIGHEST GUST DIRECTION     E (070)
  AVERAGE WIND SPEED     5.9


SKY COVER
  POSSIBLE SUNSHINE  MM
  AVERAGE SKY COVER 0.1


WEATHER CONDITIONS
 THE FOLLOWING WEATHER WAS RECORDED YESTERDAY.
  LIGHT RAIN
  FOG
  HAZE


RELATIVE HUMIDITY (PERCENT)
 HIGHEST    93           400 AM
 LOWEST     44           300 PM
 AVERAGE    69

..........................................................


THE LINCOLN, NEBRASKA CLIMATE NORMALS FOR TODAY
                         NORMAL    RECORD    YEAR
 MAXIMUM TEMPERATURE (F)   88       108      1933
 MINIMUM TEMPERATURE (F)   65        45      1995


SUNRISE AND SUNSET
JULY  1 2015..........SUNRISE   559 AM CDT   SUNSET   902 PM CDT
JULY  2 2015..........SUNRISE   600 AM CDT   SUNSET   902 PM CDT


-  INDICATES NEGATIVE NUMBERS.
R  INDICATES RECORD WAS SET OR TIED.
MM INDICATES DATA IS MISSING.
T  INDICATES TRACE AMOUNT.




$$
