000
CDUS43 KOAX 250639
CLILNK


CLIMATE REPORT
NATIONAL WEATHER SERVICE OMAHA NEBRASKA
137 AM CDT SUN SEP 25 2016


...................................

...THE LINCOLN, NEBRASKA CLIMATE SUMMARY FOR SEPTEMBER 24 2016...

CLIMATE NORMAL PERIOD 1981 TO 2010
CLIMATE RECORD PERIOD 1887 TO 2016


WEATHER ITEM   OBSERVED TIME   RECORD YEAR NORMAL DEPARTURE LAST
                VALUE   (LST)  VALUE       VALUE  FROM      YEAR
                                                  NORMAL
..................................................................
TEMPERATURE (F)
 YESTERDAY
  MAXIMUM         81   1122 AM  93    2005  75      6       78
  MINIMUM         66   1159 PM  31    1942  49     17       65
  AVERAGE         74                        62     12       72

PRECIPITATION (IN)
  YESTERDAY        0.17          1.74 1913   0.09   0.08     0.44
  MONTH TO DATE    3.20                      2.50   0.70     3.87
  SINCE SEP 1      3.20                      2.50   0.70     3.87
  SINCE JAN 1     24.59                     24.08   0.51    33.20

SNOWFALL (IN)
  YESTERDAY        0.0                       0.0    0.0      0.0
  MONTH TO DATE    0.0                       0.0    0.0      0.0
  SINCE JUL 1      0.0                       0.0    0.0      0.0
  SNOW DEPTH       0

DEGREE DAYS
 HEATING
  YESTERDAY        0                         5     -5        0
  MONTH TO DATE    9                        57    -48       20
  SINCE SEP 1      9                        57    -48       20
  SINCE JUL 1     10                        63    -53       24

 COOLING
  YESTERDAY        9                         2      7        7
  MONTH TO DATE  203                       112     91      213
  SINCE SEP 1    203                       112     91      213
  SINCE JAN 1   1432                      1147    285     1194
..................................................................


WIND (MPH)
  HIGHEST WIND SPEED    24   HIGHEST WIND DIRECTION     S (170)
  HIGHEST GUST SPEED    28   HIGHEST GUST DIRECTION     S (190)
  AVERAGE WIND SPEED    11.5


SKY COVER
  POSSIBLE SUNSHINE  MM
  AVERAGE SKY COVER 0.5


WEATHER CONDITIONS
 THE FOLLOWING WEATHER WAS RECORDED YESTERDAY.
  THUNDERSTORM
  HEAVY RAIN
  RAIN
  LIGHT RAIN
  FOG


RELATIVE HUMIDITY (PERCENT)
 HIGHEST    97           900 PM
 LOWEST     69           900 AM
 AVERAGE    83

..........................................................


THE LINCOLN, NEBRASKA CLIMATE NORMALS FOR TODAY
                         NORMAL    RECORD    YEAR
 MAXIMUM TEMPERATURE (F)   75        93      1998
                                             1990
 MINIMUM TEMPERATURE (F)   49        29      1975


SUNRISE AND SUNSET
SEPTEMBER 25 2016.....SUNRISE   718 AM CDT   SUNSET   718 PM CDT
SEPTEMBER 26 2016.....SUNRISE   719 AM CDT   SUNSET   716 PM CDT


-  INDICATES NEGATIVE NUMBERS.
R  INDICATES RECORD WAS SET OR TIED.
MM INDICATES DATA IS MISSING.
T  INDICATES TRACE AMOUNT.




$$
