000
CDUS43 KOAX 060628
CLILNK


CLIMATE REPORT
NATIONAL WEATHER SERVICE OMAHA NEBRASKA
1225 AM CST FRI MAR 6 2015


...................................

...THE LINCOLN, NEBRASKA CLIMATE SUMMARY FOR MARCH 5 2015...

CLIMATE NORMAL PERIOD 1981 TO 2010
CLIMATE RECORD PERIOD 1887 TO 2015


WEATHER ITEM   OBSERVED TIME   RECORD YEAR NORMAL DEPARTURE LAST
                VALUE   (LST)  VALUE       VALUE  FROM      YEAR
                                                  NORMAL
..................................................................
TEMPERATURE (F)
 YESTERDAY
  MAXIMUM         35    529 PM  76    2009  47    -12       35
  MINIMUM         -1    353 AM  -7    1960  24    -25       20
  AVERAGE         17                        36    -19       28

PRECIPITATION (IN)
  YESTERDAY        0.00          1.16 1933   0.05  -0.05     0.00
  MONTH TO DATE    0.03                      0.21  -0.18     0.03
  SINCE MAR 1      0.03                      0.21  -0.18     0.03
  SINCE JAN 1      1.87                      1.62   0.25     0.89

SNOWFALL (IN)
  YESTERDAY        0.0                       0.2   -0.2      0.0
  MONTH TO DATE    0.5                       0.9   -0.4      0.6
  SINCE JUL 1     21.9                      20.6    1.3     17.6
  SNOW DEPTH       0

DEGREE DAYS
 HEATING
  YESTERDAY       48                        29     19       37
  MONTH TO DATE  199                       150     49      253
  SINCE MAR 1    199                       150     49      253
  SINCE JUL 1   4886                      4853     33     5370

 COOLING
  YESTERDAY        0                         0      0        0
  MONTH TO DATE    0                         0      0        0
  SINCE MAR 1      0                         0      0        0
  SINCE JAN 1      0                         0      0        0
..................................................................


WIND (MPH)
  HIGHEST WIND SPEED    17   HIGHEST WIND DIRECTION     S (160)
  HIGHEST GUST SPEED    21   HIGHEST GUST DIRECTION     S (170)
  AVERAGE WIND SPEED     8.1


SKY COVER
  POSSIBLE SUNSHINE  MM
  AVERAGE SKY COVER 0.1


WEATHER CONDITIONS
 THE FOLLOWING WEATHER WAS RECORDED YESTERDAY.
  NO SIGNIFICANT WEATHER WAS OBSERVED.


RELATIVE HUMIDITY (PERCENT)
 HIGHEST    83           800 AM
 LOWEST     29           300 PM
 AVERAGE    56

..........................................................


THE LINCOLN, NEBRASKA CLIMATE NORMALS FOR TODAY
                         NORMAL    RECORD    YEAR
 MAXIMUM TEMPERATURE (F)   48        80      1987
                                             1972
 MINIMUM TEMPERATURE (F)   25       -11      1888


SUNRISE AND SUNSET
MARCH  6 2015.........SUNRISE   654 AM CST   SUNSET   624 PM CST
MARCH  7 2015.........SUNRISE   652 AM CST   SUNSET   625 PM CST


-  INDICATES NEGATIVE NUMBERS.
R  INDICATES RECORD WAS SET OR TIED.
MM INDICATES DATA IS MISSING.
T  INDICATES TRACE AMOUNT.




$$
