000
CDUS43 KOAX 260634
CLILNK


CLIMATE REPORT
NATIONAL WEATHER SERVICE OMAHA NEBRASKA
1225 AM CST FRI DEC 26 2014


...................................

...THE LINCOLN, NEBRASKA CLIMATE SUMMARY FOR DECEMBER 25 2014...

CLIMATE NORMAL PERIOD 1981 TO 2010
CLIMATE RECORD PERIOD 1887 TO 2014


WEATHER ITEM   OBSERVED TIME   RECORD YEAR NORMAL DEPARTURE LAST
                VALUE   (LST)  VALUE       VALUE  FROM      YEAR
                                                  NORMAL
..................................................................
TEMPERATURE (F)
 YESTERDAY
  MAXIMUM         51    313 PM  65    1889  35     16       45
  MINIMUM         28   1125 PM -16    1983  15     13       13
  AVERAGE         40                        25     15       29

PRECIPITATION (IN)
  YESTERDAY        0.00          0.62 2009   0.02  -0.02     0.00
  MONTH TO DATE    1.14                      0.80   0.34     0.22
  SINCE DEC 1      1.14                      0.80   0.34     0.22
  SINCE JAN 1     34.66                     28.80   5.86    26.71

SNOWFALL (IN)
  YESTERDAY        0.0                       0.2   -0.2      0.0
  MONTH TO DATE    0.7                       4.8   -4.1      5.7
  SINCE JUL 1      3.7                       7.6   -3.9      5.9
  SNOW DEPTH       0

DEGREE DAYS
 HEATING
  YESTERDAY       25                        40    -15       36
  MONTH TO DATE  746                       943   -197     1103
  SINCE DEC 1    746                       943   -197     1103
  SINCE JUL 1   2055                      2204   -149     2400

 COOLING
  YESTERDAY        0                         0      0        0
  MONTH TO DATE    0                         0      0        0
  SINCE DEC 1      0                         0      0        0
  SINCE JAN 1   1237                      1173     64     1236
..................................................................


WIND (MPH)
  HIGHEST WIND SPEED    23   HIGHEST WIND DIRECTION     S (190)
  HIGHEST GUST SPEED    29   HIGHEST GUST DIRECTION     S (190)
  AVERAGE WIND SPEED     9.7


SKY COVER
  POSSIBLE SUNSHINE  MM
  AVERAGE SKY COVER 0.0


WEATHER CONDITIONS
 THE FOLLOWING WEATHER WAS RECORDED YESTERDAY.
  NO SIGNIFICANT WEATHER WAS OBSERVED.


RELATIVE HUMIDITY (PERCENT)
 HIGHEST    92          1100 PM
 LOWEST     46           300 PM
 AVERAGE    69

..........................................................


THE LINCOLN, NEBRASKA CLIMATE NORMALS FOR TODAY
                         NORMAL    RECORD    YEAR
 MAXIMUM TEMPERATURE (F)   35        64      1959
                                             1908
 MINIMUM TEMPERATURE (F)   15       -16      1948


SUNRISE AND SUNSET
DECEMBER 26 2014......SUNRISE   750 AM CST   SUNSET   505 PM CST
DECEMBER 27 2014......SUNRISE   750 AM CST   SUNSET   506 PM CST


-  INDICATES NEGATIVE NUMBERS.
R  INDICATES RECORD WAS SET OR TIED.
MM INDICATES DATA IS MISSING.
T  INDICATES TRACE AMOUNT.




$$
