000
CDUS43 KOAX 050650
CLILNK


CLIMATE REPORT
NATIONAL WEATHER SERVICE OMAHA NEBRASKA
1249 AM CST MON DEC 5 2016


...................................

...THE LINCOLN, NEBRASKA CLIMATE SUMMARY FOR DECEMBER 4 2016...

CLIMATE NORMAL PERIOD 1981 TO 2010
CLIMATE RECORD PERIOD 1887 TO 2016


WEATHER ITEM   OBSERVED TIME   RECORD YEAR NORMAL DEPARTURE LAST
                VALUE   (LST)  VALUE       VALUE  FROM      YEAR
                                                  NORMAL
..................................................................
TEMPERATURE (F)
 YESTERDAY
  MAXIMUM         37    420 PM  66    2001  40     -3       56
                                      1916
                                      1888
  MINIMUM         31   1120 PM  -3    1902  19     12       24
  AVERAGE         34                        30      4       40

PRECIPITATION (IN)
  YESTERDAY        0.00          0.90 1924   0.03  -0.03     0.00
  MONTH TO DATE    0.53                      0.14   0.39      T
  SINCE DEC 1      0.53                      0.14   0.39      T
  SINCE JAN 1     27.81                     28.14  -0.33    36.74

SNOWFALL (IN)
  YESTERDAY        0.0                       0.2   -0.2      0.0
  MONTH TO DATE    1.5                       0.7    0.8       T
  SINCE JUL 1      1.5                       3.5   -2.0      1.3
  SNOW DEPTH       1

DEGREE DAYS
 HEATING
  YESTERDAY       31                        35     -4       25
  MONTH TO DATE  133                       138     -5      124
  SINCE DEC 1    133                       138     -5      124
  SINCE JUL 1    941                      1399   -458     1024

 COOLING
  YESTERDAY        0                         0      0        0
  MONTH TO DATE    0                         0      0        0
  SINCE DEC 1      0                         0      0        0
  SINCE JAN 1   1449                      1173    276     1243
..................................................................


WIND (MPH)
  HIGHEST WIND SPEED    13   HIGHEST WIND DIRECTION    SW (230)
  HIGHEST GUST SPEED    16   HIGHEST GUST DIRECTION    SW (220)
  AVERAGE WIND SPEED     5.9


SKY COVER
  POSSIBLE SUNSHINE  MM
  AVERAGE SKY COVER 0.6


WEATHER CONDITIONS
 THE FOLLOWING WEATHER WAS RECORDED YESTERDAY.
  LIGHT SNOW
  FOG


RELATIVE HUMIDITY (PERCENT)
 HIGHEST   100          1200 AM
 LOWEST     82           400 PM
 AVERAGE    91

..........................................................


THE LINCOLN, NEBRASKA CLIMATE NORMALS FOR TODAY
                         NORMAL    RECORD    YEAR
 MAXIMUM TEMPERATURE (F)   40        69      1989
 MINIMUM TEMPERATURE (F)   19        -3      2005
                                             1950


SUNRISE AND SUNSET
DECEMBER  5 2016......SUNRISE   736 AM CST   SUNSET   459 PM CST
DECEMBER  6 2016......SUNRISE   737 AM CST   SUNSET   459 PM CST


-  INDICATES NEGATIVE NUMBERS.
R  INDICATES RECORD WAS SET OR TIED.
MM INDICATES DATA IS MISSING.
T  INDICATES TRACE AMOUNT.




$$
