000
CDUS43 KOAX 230629
CLILNK


CLIMATE REPORT
NATIONAL WEATHER SERVICE OMAHA NEBRASKA
128 AM CDT MON OCT 23 2017


...................................

...THE LINCOLN, NEBRASKA CLIMATE SUMMARY FOR OCTOBER 22 2017...

CLIMATE NORMAL PERIOD 1981 TO 2010
CLIMATE RECORD PERIOD 1887 TO 2017


WEATHER ITEM   OBSERVED TIME   RECORD YEAR NORMAL DEPARTURE LAST
                VALUE   (LST)  VALUE       VALUE  FROM      YEAR
                                                  NORMAL
..................................................................
TEMPERATURE (F)
 YESTERDAY
  MAXIMUM         71    333 PM  89    1899  63      8       76
  MINIMUM         40    730 AM  19    1976  39      1       36
  AVERAGE         56                        51      5       56

PRECIPITATION (IN)
  YESTERDAY        0.00          2.01 2008   0.06  -0.06     0.00
  MONTH TO DATE    4.89                      1.48   3.41     1.85
  SINCE SEP 1      6.74                      4.50   2.24     5.23
  SINCE JAN 1     36.57                     26.08  10.49    26.62

SNOWFALL (IN)
  YESTERDAY        0.0                       0.0    0.0      0.0
  MONTH TO DATE    0.0                       0.3   -0.3      0.0
  SINCE JUL 1      0.0                       0.3   -0.3      0.0
  SNOW DEPTH       0

DEGREE DAYS
 HEATING
  YESTERDAY        9                        14     -5        9
  MONTH TO DATE  135                       233    -98      163
  SINCE SEP 1    169                       325   -156      202
  SINCE JUL 1    169                       331   -162      203

 COOLING
  YESTERDAY        0                         0      0        0
  MONTH TO DATE   20                        12      8       13
  SINCE SEP 1    222                       135     87      216
  SINCE JAN 1   1252                      1170     82     1445
..................................................................


WIND (MPH)
  HIGHEST WIND SPEED    20   HIGHEST WIND DIRECTION    SW (220)
  HIGHEST GUST SPEED    25   HIGHEST GUST DIRECTION    SW (220)
  AVERAGE WIND SPEED     5.9


SKY COVER
  POSSIBLE SUNSHINE  MM
  AVERAGE SKY COVER 0.0


WEATHER CONDITIONS
 THE FOLLOWING WEATHER WAS RECORDED YESTERDAY.
  NO SIGNIFICANT WEATHER WAS OBSERVED.


RELATIVE HUMIDITY (PERCENT)
 HIGHEST    79           600 AM
 LOWEST     15           300 PM
 AVERAGE    47

..........................................................


THE LINCOLN, NEBRASKA CLIMATE NORMALS FOR TODAY
                         NORMAL    RECORD    YEAR
 MAXIMUM TEMPERATURE (F)   63        84      1915
                                             1899
 MINIMUM TEMPERATURE (F)   38        20      1981


SUNRISE AND SUNSET
OCTOBER 23 2017.......SUNRISE   748 AM CDT   SUNSET   634 PM CDT
OCTOBER 24 2017.......SUNRISE   749 AM CDT   SUNSET   633 PM CDT


-  INDICATES NEGATIVE NUMBERS.
R  INDICATES RECORD WAS SET OR TIED.
MM INDICATES DATA IS MISSING.
T  INDICATES TRACE AMOUNT.




$$
