000
CDUS43 KOAX 240637
CLILNK


CLIMATE REPORT
NATIONAL WEATHER SERVICE OMAHA NEBRASKA
1236 AM CST TUE JAN 24 2017


...................................

...THE LINCOLN, NEBRASKA CLIMATE SUMMARY FOR JANUARY 23 2017...

CLIMATE NORMAL PERIOD 1981 TO 2010
CLIMATE RECORD PERIOD 1887 TO 2017


WEATHER ITEM   OBSERVED TIME   RECORD YEAR NORMAL DEPARTURE LAST
                VALUE   (LST)  VALUE       VALUE  FROM      YEAR
                                                  NORMAL
..................................................................
TEMPERATURE (F)
 YESTERDAY
  MAXIMUM         40    244 PM  68    1981  36      4       30
  MINIMUM         21    259 AM -20    1948  14      7       22
  AVERAGE         31                        25      6       26

PRECIPITATION (IN)
  YESTERDAY        0.00          0.45 1949   0.02  -0.02     0.00
  MONTH TO DATE    1.00                      0.45   0.55     0.63
  SINCE DEC 1      2.62                      1.40   1.22     5.05
  SINCE JAN 1      1.00                      0.45   0.55     0.63

SNOWFALL (IN)
  YESTERDAY        0.0                       0.2   -0.2      0.0
  MONTH TO DATE    2.0                       3.8   -1.8      2.7
  SINCE JUL 1      3.7                      12.5   -8.8     10.1
  SNOW DEPTH       0

DEGREE DAYS
 HEATING
  YESTERDAY       34                        40     -6       39
  MONTH TO DATE  904                       936    -32      935
  SINCE DEC 1   2087                      2120    -33     1899
  SINCE JUL 1   2895                      3381   -486     2799

 COOLING
  YESTERDAY        0                         0      0        0
  MONTH TO DATE    0                         0      0        0
  SINCE DEC 1      0                         0      0        0
  SINCE JAN 1      0                         0      0        0
..................................................................


WIND (MPH)
  HIGHEST WIND SPEED    14   HIGHEST WIND DIRECTION    SE (120)
  HIGHEST GUST SPEED    17   HIGHEST GUST DIRECTION     E (110)
  AVERAGE WIND SPEED     6.0


SKY COVER
  POSSIBLE SUNSHINE  MM
  AVERAGE SKY COVER 0.6


WEATHER CONDITIONS
 THE FOLLOWING WEATHER WAS RECORDED YESTERDAY.
  FOG


RELATIVE HUMIDITY (PERCENT)
 HIGHEST   100           100 AM
 LOWEST     70           200 PM
 AVERAGE    85

..........................................................


THE LINCOLN, NEBRASKA CLIMATE NORMALS FOR TODAY
                         NORMAL    RECORD    YEAR
 MAXIMUM TEMPERATURE (F)   36        72      1981
 MINIMUM TEMPERATURE (F)   14       -19      1894


SUNRISE AND SUNSET
JANUARY 24 2017.......SUNRISE   744 AM CST   SUNSET   535 PM CST
JANUARY 25 2017.......SUNRISE   743 AM CST   SUNSET   536 PM CST


-  INDICATES NEGATIVE NUMBERS.
R  INDICATES RECORD WAS SET OR TIED.
MM INDICATES DATA IS MISSING.
T  INDICATES TRACE AMOUNT.




$$
