000
CDUS43 KOAX 010657
CLILNK


CLIMATE REPORT
NATIONAL WEATHER SERVICE OMAHA NEBRASKA
155 AM CDT SAT AUG 1 2015


...................................

...THE LINCOLN, NEBRASKA CLIMATE SUMMARY FOR JULY 31 2015...

CLIMATE NORMAL PERIOD 1981 TO 2010
CLIMATE RECORD PERIOD 1887 TO 2015


WEATHER ITEM   OBSERVED TIME   RECORD YEAR NORMAL DEPARTURE LAST
                VALUE   (LST)  VALUE       VALUE  FROM      YEAR
                                                  NORMAL
..................................................................
TEMPERATURE (F)
 YESTERDAY
  MAXIMUM         94    245 PM 105    2006  89      5       88
                                      1935
  MINIMUM         65   1131 PM  50    1925  66     -1       53
                                      1903
  AVERAGE         80                        77      3       71

PRECIPITATION (IN)
  YESTERDAY        T             1.28 1902   0.11  -0.11     0.00
  MONTH TO DATE    2.39                      3.40  -1.01     0.51
  SINCE JUN 1     10.05                      7.75   2.30     6.41
  SINCE JAN 1     25.55                     18.09   7.46    16.16

SNOWFALL (IN)
  YESTERDAY        0.0                       0.0    0.0      0.0
  MONTH TO DATE    0.0                       0.0    0.0      0.0
  SINCE JUL 1      0.0                       0.0    0.0      0.0
  SNOW DEPTH       0

DEGREE DAYS
 HEATING
  YESTERDAY        0                         0      0        0
  MONTH TO DATE    1                         0      1        2
  SINCE JUN 1      1                        17    -16        4
  SINCE JUL 1      1                         1      0        2

 COOLING
  YESTERDAY       15                        12      3        6
  MONTH TO DATE  383                       390     -7      321
  SINCE JUN 1    646                       632     14      599
  SINCE JAN 1    698                       711    -13      759
..................................................................


WIND (MPH)
  HIGHEST WIND SPEED    22   HIGHEST WIND DIRECTION    NE (040)
  HIGHEST GUST SPEED    28   HIGHEST GUST DIRECTION    NE (040)
  AVERAGE WIND SPEED     6.2


SKY COVER
  POSSIBLE SUNSHINE  MM
  AVERAGE SKY COVER 0.0


WEATHER CONDITIONS
 THE FOLLOWING WEATHER WAS RECORDED YESTERDAY.
  NO SIGNIFICANT WEATHER WAS OBSERVED.


RELATIVE HUMIDITY (PERCENT)
 HIGHEST    87           600 AM
 LOWEST     43           700 PM
 AVERAGE    65

..........................................................


THE LINCOLN, NEBRASKA CLIMATE NORMALS FOR TODAY
                         NORMAL    RECORD    YEAR
 MAXIMUM TEMPERATURE (F)   89       105      2006
                                             1987
                                             1942
 MINIMUM TEMPERATURE (F)   66        48      1898


SUNRISE AND SUNSET
AUGUST  1 2015........SUNRISE   623 AM CDT   SUNSET   843 PM CDT
AUGUST  2 2015........SUNRISE   624 AM CDT   SUNSET   842 PM CDT


-  INDICATES NEGATIVE NUMBERS.
R  INDICATES RECORD WAS SET OR TIED.
MM INDICATES DATA IS MISSING.
T  INDICATES TRACE AMOUNT.




$$
