000
CDUS43 KOAX 272221
CLILNK


CLIMATE REPORT
NATIONAL WEATHER SERVICE OMAHA NEBRASKA
420 PM CST THU NOV 27 2014


...................................

...THE LINCOLN, NEBRASKA CLIMATE SUMMARY FOR NOVEMBER 27 2014...
VALID TODAY AS OF 0400 PM LOCAL TIME.

CLIMATE NORMAL PERIOD 1981 TO 2010
CLIMATE RECORD PERIOD 1887 TO 2014


WEATHER ITEM   OBSERVED TIME   RECORD YEAR NORMAL DEPARTURE LAST
                VALUE   (LST)  VALUE       VALUE  FROM      YEAR
                                                  NORMAL
..................................................................
TEMPERATURE (F)
 TODAY
  MAXIMUM         33    341 PM  68    1998  44    -11       35
                                      1963
                                      1933
  MINIMUM         12    417 AM -15    1887  22    -10        6
  AVERAGE         23                        33    -10       21

PRECIPITATION (IN)
  TODAY            0.00          1.25 1909   0.04  -0.04     0.00
  MONTH TO DATE    0.47                      1.31  -0.84     1.22
  SINCE SEP 1      9.82                      6.30   3.52     6.04
  SINCE JAN 1     33.52                     27.88   5.64    26.49

SNOWFALL (IN)
  TODAY            0.0                       0.1   -0.1      0.0
  MONTH TO DATE    3.0                       1.7    1.3      0.2
  SINCE JUL 1      3.0                       2.4    0.6      0.2
  SNOW DEPTH       0

DEGREE DAYS
 HEATING
  TODAY           42                        32     10       44
  MONTH TO DATE  825                       683    142      743
  SINCE SEP 1   1228                      1156     72     1196
  SINCE JUL 1   1230                      1162     68     1199

 COOLING
  TODAY            0                         0      0        0
  MONTH TO DATE    0                         0      0        0
  SINCE SEP 1    126                       138    -12      221
  SINCE JAN 1   1237                      1173     64     1236
..................................................................


WIND (MPH)
  HIGHEST WIND SPEED    16   HIGHEST WIND DIRECTION    SE (140)
  HIGHEST GUST SPEED    20   HIGHEST GUST DIRECTION    SE (130)
  AVERAGE WIND SPEED     6.8


SKY COVER
  POSSIBLE SUNSHINE  MM
  AVERAGE SKY COVER 0.4


WEATHER CONDITIONS
 THE FOLLOWING WEATHER WAS RECORDED TODAY.
  NO SIGNIFICANT WEATHER WAS OBSERVED.


RELATIVE HUMIDITY (PERCENT)
 HIGHEST    84           400 AM
 LOWEST     45           400 PM
 AVERAGE    65

..........................................................


THE LINCOLN, NEBRASKA CLIMATE NORMALS FOR TOMORROW
                         NORMAL    RECORD    YEAR
 MAXIMUM TEMPERATURE (F)   43        65      1949
 MINIMUM TEMPERATURE (F)   22        -3      1976


SUNRISE AND SUNSET
NOVEMBER 27 2014......SUNRISE   728 AM CST   SUNSET   501 PM CST
NOVEMBER 28 2014......SUNRISE   729 AM CST   SUNSET   501 PM CST


-  INDICATES NEGATIVE NUMBERS.
R  INDICATES RECORD WAS SET OR TIED.
MM INDICATES DATA IS MISSING.
T  INDICATES TRACE AMOUNT.




$$
