000
CDUS43 KOAX 122128
CLILNK


CLIMATE REPORT
NATIONAL WEATHER SERVICE OMAHA NEBRASKA
427 PM CDT SAT JUL 12 2014


...................................

...THE LINCOLN, NEBRASKA CLIMATE SUMMARY FOR JULY 12 2014...
VALID TODAY AS OF 0400 PM LOCAL TIME.

CLIMATE NORMAL PERIOD 1981 TO 2010
CLIMATE RECORD PERIOD 1887 TO 2014


WEATHER ITEM   OBSERVED TIME   RECORD YEAR NORMAL DEPARTURE LAST
                VALUE   (LST)  VALUE       VALUE  FROM      YEAR
                                                  NORMAL
..................................................................
TEMPERATURE (F)
 TODAY
  MAXIMUM         92    215 PM 111    1939  89      3       95
  MINIMUM         73    552 AM  52    1941  66      7       70
  AVERAGE         83                        78      5       83

PRECIPITATION (IN)
  TODAY            0.00          1.94 1889   0.11  -0.11     0.00
  MONTH TO DATE    0.29                      1.41  -1.12      T
  SINCE JUN 1      6.19                      5.76   0.43     2.49
  SINCE JAN 1     15.94                     16.10  -0.16    18.34

SNOWFALL (IN)
  TODAY            0.0                       0.0    0.0      0.0
  MONTH TO DATE    0.0                       0.0    0.0      0.0
  SINCE JUL 1      0.0                       0.0    0.0      0.0
  SNOW DEPTH       0

DEGREE DAYS
 HEATING
  TODAY            0                         0      0        0
  MONTH TO DATE    0                         0      0        0
  SINCE JUN 1      2                        16    -14       20
  SINCE JUL 1      0                         0      0        0

 COOLING
  TODAY           18                        13      5       18
  MONTH TO DATE  132                       149    -17      143
  SINCE JUN 1    410                       391     19      374
  SINCE JAN 1    570                       470    100      461
..................................................................


WIND (MPH)
  HIGHEST WIND SPEED    16   HIGHEST WIND DIRECTION     N (010)
  HIGHEST GUST SPEED    19   HIGHEST GUST DIRECTION     N (360)
  AVERAGE WIND SPEED     6.9


SKY COVER
  POSSIBLE SUNSHINE  MM
  AVERAGE SKY COVER 0.0


WEATHER CONDITIONS
 THE FOLLOWING WEATHER WAS RECORDED TODAY.
  FOG
  HAZE


RELATIVE HUMIDITY (PERCENT)
 HIGHEST    87           500 AM
 LOWEST     49           200 PM
 AVERAGE    68

..........................................................


THE LINCOLN, NEBRASKA CLIMATE NORMALS FOR TOMORROW
                         NORMAL    RECORD    YEAR
 MAXIMUM TEMPERATURE (F)   89       108      1954
 MINIMUM TEMPERATURE (F)   66        50      1950


SUNRISE AND SUNSET
JULY 12 2014..........SUNRISE   606 AM CDT   SUNSET   859 PM CDT
JULY 13 2014..........SUNRISE   607 AM CDT   SUNSET   858 PM CDT


-  INDICATES NEGATIVE NUMBERS.
R  INDICATES RECORD WAS SET OR TIED.
MM INDICATES DATA IS MISSING.
T  INDICATES TRACE AMOUNT.




$$
