000
CDUS43 KLOT 290634
CLILOT


CLIMATE REPORT
NATIONAL WEATHER SERVICE CHICAGO IL
133 AM CDT FRI MAY 29 2015


...................................

...THE ROMEOVILLE  WFO CLIMATE SUMMARY FOR MAY 28 2015...

CLIMATE NORMAL PERIOD 1981 TO 2010
CLIMATE RECORD PERIOD 1992 TO 2015


WEATHER ITEM   OBSERVED RECORD YEAR NORMAL DEPARTURE LAST
                VALUE   VALUE       VALUE  FROM      YEAR
                                           NORMAL
...........................................................
TEMPERATURE (F)
 YESTERDAY
  MAXIMUM         84     93    2012  75      9       77
  MINIMUM         55     33    1992  54      1       56
  AVERAGE         70                 64      6       67

PRECIPITATION (IN)
  YESTERDAY        0.00   1.63 1996   0.13  -0.13     0.09
  MONTH TO DATE    3.96               3.83   0.13     4.59
  SINCE MAR 1      8.21              10.56  -2.35    10.51
  SINCE JAN 1     11.05              14.27  -3.22    15.37

DEGREE DAYS
 HEATING
  YESTERDAY        0                  4     -4
  MONTH TO DATE  137                183    -46
  SINCE MAR 1   1456               1449      7
  SINCE JUL 1   6701               6177    524

 COOLING
  YESTERDAY        5                  3      2
  MONTH TO DATE   67                 44     23
  SINCE MAR 1     67                 49     18
  SINCE JAN 1     67                 49     18
...........................................................







THE ROMEOVILLE  WFO CLIMATE NORMALS FOR TODAY
                         NORMAL    RECORD    YEAR
 MAXIMUM TEMPERATURE (F)   75        92      2006
 MINIMUM TEMPERATURE (F)   54        39      1992


SUNRISE AND SUNSET
MAY 29 2015...........SUNRISE   522 AM CDT   SUNSET   818 PM CDT
MAY 30 2015...........SUNRISE   522 AM CDT   SUNSET   818 PM CDT


-  INDICATES NEGATIVE NUMBERS.
R  INDICATES RECORD WAS SET OR TIED.
MM INDICATES DATA IS MISSING.
T  INDICATES TRACE AMOUNT.




$$
