000
CDUS43 KLOT 050653
CLILOT


CLIMATE REPORT
NATIONAL WEATHER SERVICE CHICAGO IL
1252 AM CST MON DEC 5 2016


...................................

...THE ROMEOVILLE  WFO CLIMATE SUMMARY FOR DECEMBER 4 2016...

CLIMATE NORMAL PERIOD 1981 TO 2010
CLIMATE RECORD PERIOD 1992 TO 2016


WEATHER ITEM   OBSERVED RECORD YEAR NORMAL DEPARTURE LAST
                VALUE   VALUE       VALUE  FROM      YEAR
                                           NORMAL
...........................................................
TEMPERATURE (F)
 YESTERDAY
  MAXIMUM         32     67    1998  39     -7       47
  MINIMUM         28      5    2006  24      4       27
  AVERAGE         30                 31     -1       37

PRECIPITATION (IN)
  YESTERDAY        0.55   0.94 1999   0.07   0.48      T
  MONTH TO DATE    0.56               0.30   0.26     0.33
  SINCE DEC 1      0.56               0.30   0.26     0.33
  SINCE JAN 1     38.66              38.12   0.54    40.20

SNOWFALL (IN)
  YESTERDAY        8.1 R  5.5  2010   0.2    7.9      0.0
  MONTH TO DATE    8.1                0.8    7.3      1.5
  SINCE DEC 1      8.1                0.8    7.3      1.5
  SINCE JUL 1      8.1                1.7    6.4      6.2
  SNOW DEPTH       0

DEGREE DAYS
 HEATING
  YESTERDAY       35                 34      1
  MONTH TO DATE  126                132     -6
  SINCE DEC 1    126                132     -6
  SINCE JUL 1    982               1351   -369

 COOLING
  YESTERDAY        0                  0      0
  MONTH TO DATE    0                  0      0
  SINCE DEC 1      0                  0      0
  SINCE JAN 1   1145                862    283
...........................................................







THE ROMEOVILLE  WFO CLIMATE NORMALS FOR TODAY
                         NORMAL    RECORD    YEAR
 MAXIMUM TEMPERATURE (F)   38        67      2001
 MINIMUM TEMPERATURE (F)   24         1      2005


SUNRISE AND SUNSET
DECEMBER  5 2016......SUNRISE   704 AM CST   SUNSET   422 PM CST
DECEMBER  6 2016......SUNRISE   705 AM CST   SUNSET   422 PM CST


-  INDICATES NEGATIVE NUMBERS.
R  INDICATES RECORD WAS SET OR TIED.
MM INDICATES DATA IS MISSING.
T  INDICATES TRACE AMOUNT.




$$
