000
CDUS43 KLOT 280634
CLILOT


CLIMATE REPORT
NATIONAL WEATHER SERVICE CHICAGO IL
1232 AM CST SAT FEB 28 2015


...................................

...THE ROMEOVILLE  WFO CLIMATE SUMMARY FOR FEBRUARY 27 2015...

CLIMATE NORMAL PERIOD 1981 TO 2010
CLIMATE RECORD PERIOD 1992 TO 2015


WEATHER ITEM   OBSERVED RECORD YEAR NORMAL DEPARTURE LAST
                VALUE   VALUE       VALUE  FROM      YEAR
                                           NORMAL
...........................................................
TEMPERATURE (F)
 YESTERDAY
  MAXIMUM         12     55    1996  40    -28       18
  MINIMUM         -9R    -7    1994  24    -33        3
  AVERAGE          2                 32    -30       11

PRECIPITATION (IN)
  YESTERDAY        0.00   0.63 2011   0.08  -0.08     0.00
  MONTH TO DATE    1.32               1.70  -0.38     2.24
  SINCE DEC 1      3.88               5.88  -2.00     6.20
  SINCE JAN 1      2.83               3.63  -0.80     4.86

SNOWFALL (IN)
  YESTERDAY        0.0    0.5  2013   0.2   -0.2      0.0
  MONTH TO DATE   18.8                6.2   12.6     22.3
  SINCE DEC 1     29.6               26.3    3.3     64.6
  SINCE JUL 1     31.0               27.2    3.8     65.5
  SNOW DEPTH       0

DEGREE DAYS
 HEATING
  YESTERDAY       63                 33     30
  MONTH TO DATE 1357               1015    342
  SINCE DEC 1   3711               3477    234
  SINCE JUL 1   5187               4696    491

 COOLING
  YESTERDAY        0                  0      0
  MONTH TO DATE    0                  0      0
  SINCE DEC 1      0                  0      0
  SINCE JAN 1      0                  0      0
...........................................................







THE ROMEOVILLE  WFO CLIMATE NORMALS FOR TODAY
                         NORMAL    RECORD    YEAR
 MAXIMUM TEMPERATURE (F)   41        56      2000
 MINIMUM TEMPERATURE (F)   24         2      2014


SUNRISE AND SUNSET
FEBRUARY 28 2015......SUNRISE   629 AM CST   SUNSET   541 PM CST
MARCH  1 2015.........SUNRISE   627 AM CST   SUNSET   543 PM CST


-  INDICATES NEGATIVE NUMBERS.
R  INDICATES RECORD WAS SET OR TIED.
MM INDICATES DATA IS MISSING.
T  INDICATES TRACE AMOUNT.




$$
