000
CDUS43 KLOT 210641
CLILOT


CLIMATE REPORT
NATIONAL WEATHER SERVICE CHICAGO IL
136 AM CDT MON APR 21 2014


...................................

...THE ROMEOVILLE  WFO CLIMATE SUMMARY FOR APRIL 20 2014...

CLIMATE NORMAL PERIOD 1981 TO 2010
CLIMATE RECORD PERIOD 1992 TO 2014


WEATHER ITEM   OBSERVED RECORD YEAR NORMAL DEPARTURE LAST
                VALUE   VALUE       VALUE  FROM      YEAR
                                           NORMAL
...........................................................
TEMPERATURE (F)
 YESTERDAY
  MAXIMUM         78R    76    2005  63     15       46
                               2001
  MINIMUM         43     29    2013  41      2       29
  AVERAGE         61                 52      9       38

PRECIPITATION (IN)
  YESTERDAY        0.00   1.62 2004   0.13  -0.13     0.00
  MONTH TO DATE    2.06               2.47  -0.41     7.10
  SINCE MAR 1      4.17               5.24  -1.07     9.36
  SINCE JAN 1      9.03               8.95   0.08    15.18

SNOWFALL (IN)
  YESTERDAY        0.0    0.0  2011   0.0    0.0      0.0
                               2010
                               2009
  MONTH TO DATE    1.0                0.5    0.5       T
  SINCE MAR 1     11.2                4.9    6.3     10.2
  SINCE JUL 1     76.7               32.3   44.4     23.2
  SNOW DEPTH       0

DEGREE DAYS
 HEATING
  YESTERDAY        4                 13     -9
  MONTH TO DATE  343                335      8
  SINCE MAR 1   1393               1152    241
  SINCE JUL 1   6997               5880   1117

 COOLING
  YESTERDAY        0                  0      0
  MONTH TO DATE    0                  0      0
  SINCE MAR 1      0                  0      0
  SINCE JAN 1      0                  0      0
...........................................................







THE ROMEOVILLE  WFO CLIMATE NORMALS FOR TODAY
                         NORMAL    RECORD    YEAR
 MAXIMUM TEMPERATURE (F)   63        79      2001
 MINIMUM TEMPERATURE (F)   42        30      2013
                                             2011
                                             1993


SUNRISE AND SUNSET
APRIL 21 2014.........SUNRISE   603 AM CDT   SUNSET   739 PM CDT
APRIL 22 2014.........SUNRISE   602 AM CDT   SUNSET   741 PM CDT


-  INDICATES NEGATIVE NUMBERS.
R  INDICATES RECORD WAS SET OR TIED.
MM INDICATES DATA IS MISSING.
T  INDICATES TRACE AMOUNT.




$$
