000
CDUS43 KLOT 290634
CLILOT


CLIMATE REPORT
NATIONAL WEATHER SERVICE CHICAGO IL
133 AM CDT WED MAR 29 2017


...................................

...THE ROMEOVILLE  WFO CLIMATE SUMMARY FOR MARCH 28 2017...

CLIMATE NORMAL PERIOD 1981 TO 2010
CLIMATE RECORD PERIOD 1992 TO 2017


WEATHER ITEM   OBSERVED RECORD YEAR NORMAL DEPARTURE LAST
                VALUE   VALUE       VALUE  FROM      YEAR
                                           NORMAL
...........................................................
TEMPERATURE (F)
 YESTERDAY
  MAXIMUM         49     74    2004  53     -4       53
  MINIMUM         39     18    2015  33      6       35
  AVERAGE         44                 43      1       44

PRECIPITATION (IN)
  YESTERDAY        0.00   0.93 2004   0.09  -0.09     0.00
  MONTH TO DATE    2.62               2.48   0.14     3.32
  SINCE MAR 1      2.62               2.48   0.14     3.32
  SINCE JAN 1      8.33               6.19   2.14     5.39

SNOWFALL (IN)
  YESTERDAY        0.0    0.2  1992   0.0    0.0      0.0
  MONTH TO DATE    4.9                4.2    0.7      2.0
  SINCE MAR 1      4.9                4.2    0.7      2.0
  SINCE JUL 1     24.3               31.6   -7.3     21.9
  SNOW DEPTH       0

DEGREE DAYS
 HEATING
  YESTERDAY       21                 22     -1
  MONTH TO DATE  728                754    -26
  SINCE MAR 1    728                754    -26
  SINCE JUL 1   4703               5482   -779

 COOLING
  YESTERDAY        0                  0      0
  MONTH TO DATE    0                  0      0
  SINCE MAR 1      0                  0      0
  SINCE JAN 1      0                  0      0
...........................................................







THE ROMEOVILLE  WFO CLIMATE NORMALS FOR TODAY
                         NORMAL    RECORD    YEAR
 MAXIMUM TEMPERATURE (F)   54        80      1998
 MINIMUM TEMPERATURE (F)   33        23      2008


SUNRISE AND SUNSET
MARCH 29 2017.........SUNRISE   640 AM CDT   SUNSET   715 PM CDT
MARCH 30 2017.........SUNRISE   638 AM CDT   SUNSET   716 PM CDT


-  INDICATES NEGATIVE NUMBERS.
R  INDICATES RECORD WAS SET OR TIED.
MM INDICATES DATA IS MISSING.
T  INDICATES TRACE AMOUNT.




$$
