000
CDUS43 KLOT 222235
CLILOT


CLIMATE REPORT
NATIONAL WEATHER SERVICE CHICAGO IL
433 PM CST WED NOV 22 2017


...................................

...THE ROMEOVILLE  WFO CLIMATE SUMMARY FOR NOVEMBER 22 2017...
VALID TODAY AS OF 0400 PM LOCAL TIME.

CLIMATE NORMAL PERIOD 1981 TO 2010
CLIMATE RECORD PERIOD 1992 TO 2017


WEATHER ITEM   OBSERVED TIME   RECORD YEAR NORMAL DEPARTURE
                VALUE   (LST)  VALUE       VALUE  FROM
                                                  NORMAL
...............................................................
TEMPERATURE (F)
 TODAY
  MAXIMUM         34    200 PM  69    2010  45    -11
  MINIMUM         19        MM   6    2015  30    -11
  AVERAGE         27                        37    -10

PRECIPITATION (IN)
  TODAY            0.00          0.86 2010   0.12  -0.12
  MONTH TO DATE    2.93                      2.48   0.45
  SINCE SEP 1     11.69                      9.02   2.67
  SINCE JAN 1     45.54                     36.84   8.70

SNOWFALL (IN)
  TODAY            0.0           T    2016   0.1   -0.1
                                      2013
  MONTH TO DATE    T                         0.4   -0.4
  SINCE SEP 1      T                         0.4   -0.4
  SINCE JUL 1      T                         0.4   -0.4

DEGREE DAYS
 HEATING
  TODAY           38                        28     10
  MONTH TO DATE  603                       493    110
  SINCE SEP 1    924                       972    -48
  SINCE JUL 1    932                       980    -48

 COOLING
  TODAY            0                         0      0
  MONTH TO DATE    0                         0      0
  SINCE SEP 1    178                       109     69
  SINCE JAN 1    875                       862     13
...............................................................







THE ROMEOVILLE  WFO CLIMATE NORMALS FOR TOMORROW
                         NORMAL    RECORD    YEAR
 MAXIMUM TEMPERATURE (F)   44        65      2003
 MINIMUM TEMPERATURE (F)   29        14      2013


SUNRISE AND SUNSET
NOVEMBER 22 2017......SUNRISE   650 AM CST   SUNSET   427 PM CST
NOVEMBER 23 2017......SUNRISE   651 AM CST   SUNSET   426 PM CST


-  INDICATES NEGATIVE NUMBERS.
R  INDICATES RECORD WAS SET OR TIED.
MM INDICATES DATA IS MISSING.
T  INDICATES TRACE AMOUNT.




$$
