000
CDUS43 KLOT 230631
CLILOT


CLIMATE REPORT
NATIONAL WEATHER SERVICE CHICAGO IL
131 AM CDT THU OCT 23 2014


...................................

...THE ROMEOVILLE  WFO CLIMATE SUMMARY FOR OCTOBER 22 2014...

CLIMATE NORMAL PERIOD 1981 TO 2010
CLIMATE RECORD PERIOD 1992 TO 2014


WEATHER ITEM   OBSERVED RECORD YEAR NORMAL DEPARTURE LAST
                VALUE   VALUE       VALUE  FROM      YEAR
                                           NORMAL
...........................................................
TEMPERATURE (F)
 YESTERDAY
  MAXIMUM         58     76    1992  60     -2       40
  MINIMUM         36     26    2013  41     -5       26
  AVERAGE         47                 51     -4       33

PRECIPITATION (IN)
  YESTERDAY        0.00   1.28 2009   0.11  -0.11     0.13
  MONTH TO DATE    4.44               2.46   1.98     2.85
  SINCE SEP 1      7.44               5.59   1.85     4.42
  SINCE JAN 1     46.10              33.41  12.69    33.74

SNOWFALL (IN)
  YESTERDAY        0.0   MM      MM   0.0    0.0       T
  MONTH TO DATE    T                  0.0    0.0       T
  SINCE SEP 1      T                  0.0    0.0       T
  SINCE JUL 1      T                  0.0    0.0       T
  SNOW DEPTH       0

DEGREE DAYS
 HEATING
  YESTERDAY       18                 14      4
  MONTH TO DATE  277                243     34
  SINCE SEP 1    399                334     65
  SINCE JUL 1    411                342     69

 COOLING
  YESTERDAY        0                  0      0
  MONTH TO DATE    3                 12     -9
  SINCE SEP 1     76                106    -30
  SINCE JAN 1    747                859   -112
...........................................................







THE ROMEOVILLE  WFO CLIMATE NORMALS FOR TODAY
                         NORMAL    RECORD    YEAR
 MAXIMUM TEMPERATURE (F)   60        77      1992
 MINIMUM TEMPERATURE (F)   41        28      2013


SUNRISE AND SUNSET
OCTOBER 23 2014.......SUNRISE   714 AM CDT   SUNSET   559 PM CDT
OCTOBER 24 2014.......SUNRISE   715 AM CDT   SUNSET   558 PM CDT


-  INDICATES NEGATIVE NUMBERS.
R  INDICATES RECORD WAS SET OR TIED.
MM INDICATES DATA IS MISSING.
T  INDICATES TRACE AMOUNT.




$$
