014
CDUS43 KLOT 240636
CLILOT


CLIMATE REPORT
NATIONAL WEATHER SERVICE CHICAGO IL
135 AM CDT MON JUL 24 2017


...................................

...THE ROMEOVILLE  WFO CLIMATE SUMMARY FOR JULY 23 2017...

CLIMATE NORMAL PERIOD 1981 TO 2010
CLIMATE RECORD PERIOD 1992 TO 2017


WEATHER ITEM   OBSERVED RECORD YEAR NORMAL DEPARTURE LAST
                VALUE   VALUE       VALUE  FROM      YEAR
                                           NORMAL
...........................................................
TEMPERATURE (F)
 YESTERDAY
  MAXIMUM         88     94    2012  84      4       89
                               2001
  MINIMUM         63     53    2000  64     -1       70
  AVERAGE         76                 74      2       80

PRECIPITATION (IN)
  YESTERDAY        1.34   1.70 2011   0.18   1.16     1.38
  MONTH TO DATE    6.68               3.40   3.28     6.80
  SINCE JUN 1      8.46               7.74   0.72     8.99
  SINCE JAN 1     30.68              22.44   8.24    21.22

DEGREE DAYS
 HEATING
  YESTERDAY        0                  0      0
  MONTH TO DATE    0                  0      0
  SINCE JUN 1     10                 33    -23
  SINCE JUL 1      0                  0      0

 COOLING
  YESTERDAY       11                  9      2
  MONTH TO DATE  222                207     15
  SINCE JUN 1    446                387     59
  SINCE JAN 1    483                445     38
...........................................................







THE ROMEOVILLE  WFO CLIMATE NORMALS FOR TODAY
                         NORMAL    RECORD    YEAR
 MAXIMUM TEMPERATURE (F)   84       102      2005
 MINIMUM TEMPERATURE (F)   64        52      2000


SUNRISE AND SUNSET
JULY 24 2017..........SUNRISE   539 AM CDT   SUNSET   818 PM CDT
JULY 25 2017..........SUNRISE   540 AM CDT   SUNSET   817 PM CDT


-  INDICATES NEGATIVE NUMBERS.
R  INDICATES RECORD WAS SET OR TIED.
MM INDICATES DATA IS MISSING.
T  INDICATES TRACE AMOUNT.




$$
