000
CDUS43 KLOT 040633
CLILOT


CLIMATE REPORT
NATIONAL WEATHER SERVICE CHICAGO IL
132 AM CDT FRI SEP 4 2015


...................................

...THE ROMEOVILLE  WFO CLIMATE SUMMARY FOR SEPTEMBER 3 2015...

CLIMATE NORMAL PERIOD 1981 TO 2010
CLIMATE RECORD PERIOD 1992 TO 2015


WEATHER ITEM   OBSERVED RECORD YEAR NORMAL DEPARTURE LAST
                VALUE   VALUE       VALUE  FROM      YEAR
                                           NORMAL
...........................................................
TEMPERATURE (F)
 YESTERDAY
  MAXIMUM         90R    90    1999  80     10       83
  MINIMUM         69     50    1997  60      9       60
  AVERAGE         80                 70     10       72

PRECIPITATION (IN)
  YESTERDAY        0.00   0.32 1998   0.12  -0.12     0.00
  MONTH TO DATE    0.00               0.39  -0.39      T
  SINCE SEP 1      0.00               0.39  -0.39      T
  SINCE JAN 1     27.66              28.21  -0.55    38.66

DEGREE DAYS
 HEATING
  YESTERDAY        0                  1     -1
  MONTH TO DATE    0                  3     -3
  SINCE SEP 1      0                  3     -3
  SINCE JUL 1     20                 11      9

 COOLING
  YESTERDAY       15                  5     10
  MONTH TO DATE   43                 17     26
  SINCE SEP 1     43                 17     26
  SINCE JAN 1    689                770    -81
...........................................................







THE ROMEOVILLE  WFO CLIMATE NORMALS FOR TODAY
                         NORMAL    RECORD    YEAR
 MAXIMUM TEMPERATURE (F)   80        92      1999
 MINIMUM TEMPERATURE (F)   59        43      1997


SUNRISE AND SUNSET
SEPTEMBER  4 2015.....SUNRISE   621 AM CDT   SUNSET   721 PM CDT
SEPTEMBER  5 2015.....SUNRISE   622 AM CDT   SUNSET   719 PM CDT


-  INDICATES NEGATIVE NUMBERS.
R  INDICATES RECORD WAS SET OR TIED.
MM INDICATES DATA IS MISSING.
T  INDICATES TRACE AMOUNT.




$$
