000
CDUS43 KLOT 250632
CLILOT


CLIMATE REPORT
NATIONAL WEATHER SERVICE CHICAGO IL
132 AM CDT THU MAY 25 2017


...................................

...THE ROMEOVILLE  WFO CLIMATE SUMMARY FOR MAY 24 2017...

CLIMATE NORMAL PERIOD 1981 TO 2010
CLIMATE RECORD PERIOD 1992 TO 2017


WEATHER ITEM   OBSERVED RECORD YEAR NORMAL DEPARTURE LAST
                VALUE   VALUE       VALUE  FROM      YEAR
                                           NORMAL
...........................................................
TEMPERATURE (F)
 YESTERDAY
  MAXIMUM         61     92    2010  72    -11       87
  MINIMUM         53     34    1992  52      1       58
  AVERAGE         57                 63     -6       73

PRECIPITATION (IN)
  YESTERDAY        0.13   0.68 2015   0.14  -0.01     0.00
  MONTH TO DATE    4.37               3.30   1.07     2.62
  SINCE MAR 1     16.17              10.03   6.14     9.25
  SINCE JAN 1     21.88              13.74   8.14    11.32

DEGREE DAYS
 HEATING
  YESTERDAY        8                  4      4
  MONTH TO DATE  215                167     48
  SINCE MAR 1   1349               1433    -84
  SINCE JUL 1   5324               6161   -837

 COOLING
  YESTERDAY        0                  2     -2
  MONTH TO DATE   22                 33    -11
  SINCE MAR 1     33                 38     -5
  SINCE JAN 1     33                 38     -5
...........................................................







THE ROMEOVILLE  WFO CLIMATE NORMALS FOR TODAY
                         NORMAL    RECORD    YEAR
 MAXIMUM TEMPERATURE (F)   74        89      2016
 MINIMUM TEMPERATURE (F)   53        32      1992


SUNRISE AND SUNSET
MAY 25 2017...........SUNRISE   524 AM CDT   SUNSET   815 PM CDT
MAY 26 2017...........SUNRISE   524 AM CDT   SUNSET   816 PM CDT


-  INDICATES NEGATIVE NUMBERS.
R  INDICATES RECORD WAS SET OR TIED.
MM INDICATES DATA IS MISSING.
T  INDICATES TRACE AMOUNT.




$$
