938
CDUS43 KJKL 280531
CLILOZ

CLIMATE REPORT
NATIONAL WEATHER SERVICE JACKSON KY
131 AM EDT THU JUL 28 2016


...................................

...THE LONDON KY CLIMATE SUMMARY FOR JULY 27 2016...

CLIMATE NORMAL PERIOD 1981 TO 2010
CLIMATE RECORD PERIOD 1954 TO 2016


WEATHER ITEM   OBSERVED TIME   RECORD YEAR NORMAL DEPARTURE LAST
                VALUE   (LST)  VALUE       VALUE  FROM      YEAR
                                                  NORMAL
..................................................................
TEMPERATURE (F)
 YESTERDAY
  MAXIMUM         93    440 PM  96    1966  86      7       89
  MINIMUM         70   1159 PM  48    1962  66      4       72
  AVERAGE         82                        76      6       81

PRECIPITATION (IN)
  YESTERDAY        0.14          2.67 1978   0.13   0.01     0.24
  MONTH TO DATE    5.76                      3.56   2.20    11.20
  SINCE JUN 1      8.09                      7.96   0.13    16.17

SNOWFALL (IN)
  YESTERDAY       MM
  MONTH TO DATE   MM
  SINCE JUN 1     MM
  SINCE JUL 1     MM
  SNOW DEPTH      MM

DEGREE DAYS
 HEATING
  YESTERDAY        0                         0      0        0
  MONTH TO DATE    0                         0      0        0
  SINCE JUN 1      2                         9     -7        2
  SINCE JUL 1      0                         0      0        0

COOLING
  YESTERDAY       17                        11      6       16
  MONTH TO DATE  368                       297     71      337
  SINCE JUN 1    667                       540    127      644
  SINCE JAN 1    769                       654    115      838
..................................................................


WIND (MPH)
  HIGHEST WIND SPEED    14   HIGHEST WIND DIRECTION     S (190)
  HIGHEST GUST SPEED    20   HIGHEST GUST DIRECTION     S (160)
  AVERAGE WIND SPEED     3.5


SKY COVER
  POSSIBLE SUNSHINE  MM
  AVERAGE SKY COVER 0.3


WEATHER CONDITIONS
 THE FOLLOWING WEATHER WAS RECORDED YESTERDAY.
  THUNDERSTORM
  RAIN
  LIGHT RAIN
  FOG


RELATIVE HUMIDITY (PERCENT)
 HIGHEST    93           400 AM
 LOWEST     47           400 PM
 AVERAGE    70

..........................................................


THE LONDON KY CLIMATE NORMALS FOR TODAY
                         NORMAL    RECORD    YEAR
 MAXIMUM TEMPERATURE (F)   86        96      1999
 MINIMUM TEMPERATURE (F)   66        54      2004
                                             1962


SUNRISE AND SUNSET
JULY 28 2016..........SUNRISE   639 AM EDT   SUNSET   847 PM EDT
JULY 29 2016..........SUNRISE   639 AM EDT   SUNSET   846 PM EDT


-  INDICATES NEGATIVE NUMBERS.
R  INDICATES RECORD WAS SET OR TIED.
MM INDICATES DATA IS MISSING.
T  INDICATES TRACE AMOUNT.




$$
