000
CDUS43 KJKL 012020
CLILOZ

CLIMATE REPORT
NATIONAL WEATHER SERVICE JACKSON KY
418 PM EDT MON SEP 1 2014


...................................

...THE LONDON KY CLIMATE SUMMARY FOR SEPTEMBER 1 2014...
VALID TODAY AS OF 0400 PM LOCAL TIME.

CLIMATE NORMAL PERIOD 1981 TO 2010
CLIMATE RECORD PERIOD 1954 TO 2014


WEATHER ITEM   OBSERVED TIME   RECORD YEAR NORMAL DEPARTURE LAST
                VALUE   (LST)  VALUE       VALUE  FROM      YEAR
                                                  NORMAL
..................................................................
TEMPERATURE (F)
 TODAY
  MAXIMUM         90    259 PM  95    1957  84      6       86
  MINIMUM         71    407 AM  48    1963  62      9       68
  AVERAGE         81                        73      8       77

PRECIPITATION (IN)
  TODAY            0.00          1.41 1982   0.10  -0.10     0.27
  MONTH TO DATE    0.00                      0.10  -0.10     0.27
  SINCE SEP 1      0.00                      0.10  -0.10     0.27
  SINCE JAN 1        MM                     32.78     MM    41.31

SNOWFALL (IN)
  TODAY           MM
  MONTH TO DATE   MM
  SINCE SEP 1     MM
  SINCE JUL 1     MM
  SNOW DEPTH      MM

DEGREE DAYS
 HEATING
  TODAY            0                         0      0        0
  MONTH TO DATE    0                         0      0        0
  SINCE SEP 1      0                         0      0        0
  SINCE JUL 1      0                         1     -1        0

 COOLING
  TODAY           16                         8      8       12
  MONTH TO DATE   16                         8      8       12
  SINCE SEP 1     16                         8      8       12
  SINCE JAN 1     MM                      1032     38       MM
..................................................................


WIND (MPH)
  HIGHEST WIND SPEED    17   HIGHEST WIND DIRECTION    SW (240)
  HIGHEST GUST SPEED    23   HIGHEST GUST DIRECTION     W (250)
  AVERAGE WIND SPEED     7.4


SKY COVER
  POSSIBLE SUNSHINE  MM
  AVERAGE SKY COVER 0.5


WEATHER CONDITIONS
 THE FOLLOWING WEATHER WAS RECORDED TODAY.
  NO SIGNIFICANT WEATHER WAS OBSERVED.


RELATIVE HUMIDITY (PERCENT)
 HIGHEST    90           300 AM
 LOWEST     44           300 PM
 AVERAGE    67

..........................................................


THE LONDON KY CLIMATE NORMALS FOR TOMORROW
                         NORMAL    RECORD    YEAR
 MAXIMUM TEMPERATURE (F)   84        96      2011
 MINIMUM TEMPERATURE (F)   62        46      1987


SUNRISE AND SUNSET
SEPTEMBER  1 2014.....SUNRISE   707 AM EDT   SUNSET   805 PM EDT
SEPTEMBER  2 2014.....SUNRISE   708 AM EDT   SUNSET   803 PM EDT


-  INDICATES NEGATIVE NUMBERS.
R  INDICATES RECORD WAS SET OR TIED.
MM INDICATES DATA IS MISSING.
T  INDICATES TRACE AMOUNT.




$$
