000
CDUS43 KJKL 040645
CLILOZ

CLIMATE REPORT
NATIONAL WEATHER SERVICE JACKSON KY
145 AM EST WED MAR 4 2015

...................................

...THE LONDON KY CLIMATE SUMMARY FOR MARCH 3 2015...

CLIMATE NORMAL PERIOD 1981 TO 2010
CLIMATE RECORD PERIOD 1954 TO 2015

WEATHER ITEM   OBSERVED TIME   RECORD YEAR NORMAL DEPARTURE LAST
                VALUE   (LST)  VALUE       VALUE  FROM      YEAR
                                                  NORMAL
..................................................................
TEMPERATURE (F)
 YESTERDAY
  MAXIMUM         62    522 PM  77    1974  55      7       32
  MINIMUM         32    149 AM -12    1980  33     -1       14
  AVERAGE         47                        44      3       23

PRECIPITATION (IN)
  YESTERDAY        0.43          1.37 1997   0.13   0.30     0.74
  MONTH TO DATE    0.60                      0.41   0.19     2.38
  SINCE MAR 1      0.60                      0.41   0.19     2.38
  SINCE JAN 1      8.07                      7.66   0.41     8.89

SNOWFALL (IN)
  YESTERDAY       MM
  MONTH TO DATE   MM
  SINCE MAR 1     MM
  SINCE JUL 1     MM
  SNOW DEPTH      MM

DEGREE DAYS
 HEATING
  YESTERDAY       18                        21     -3       42
  MONTH TO DATE   67                        65      2       76
  SINCE MAR 1     67                        65      2       76
  SINCE JUL 1   3688                      3341    347     3583

 COOLING
  YESTERDAY        0                         0      0        0
  MONTH TO DATE    0                         0      0        0
  SINCE MAR 1      0                         0      0        0
  SINCE JAN 1      0                         0      0        0
..................................................................

WIND (MPH)
  HIGHEST WIND SPEED    16   HIGHEST WIND DIRECTION    SW (220)
  HIGHEST GUST SPEED    23   HIGHEST GUST DIRECTION    SW (230)
  AVERAGE WIND SPEED     5.9

SKY COVER
  POSSIBLE SUNSHINE  MM
  AVERAGE SKY COVER 0.9

WEATHER CONDITIONS
 THE FOLLOWING WEATHER WAS RECORDED YESTERDAY.
  RAIN
  LIGHT RAIN
  FOG
  HAZE

RELATIVE HUMIDITY (PERCENT)
 HIGHEST    86          1000 PM
 LOWEST     51          1200 AM
 AVERAGE    69

..........................................................

THE LONDON KY CLIMATE NORMALS FOR TODAY
                         NORMAL    RECORD    YEAR
 MAXIMUM TEMPERATURE (F)   55        82      1976
 MINIMUM TEMPERATURE (F)   33         2      1960

SUNRISE AND SUNSET
MARCH  4 2015.........SUNRISE   704 AM EST   SUNSET   633 PM EST
MARCH  5 2015.........SUNRISE   702 AM EST   SUNSET   634 PM EST

-  INDICATES NEGATIVE NUMBERS.
R  INDICATES RECORD WAS SET OR TIED.
MM INDICATES DATA IS MISSING.
T  INDICATES TRACE AMOUNT.

$$
