000
CDUS44 KCRP 252343 RRB
CLILRD

CLIMATE REPORT
NATIONAL WEATHER SERVICE CORPUS CHRISTI TX
643 PM CDT MON MAY 25 2015

...................................

...THE LAREDO CLIMATE SUMMARY FOR MAY 25 2015...
VALID TODAY AS OF 643 PM LOCAL TIME.

CLIMATE NORMAL PERIOD 1981 TO 2010
CLIMATE RECORD PERIOD 1900 TO 2015


WEATHER ITEM   OBSERVED TIME   RECORD YEAR NORMAL DEPARTURE LAST
                VALUE   (LST)  VALUE       VALUE  FROM      YEAR
                                                  NORMAL
..................................................................
TEMPERATURE (F)
 TODAY
  MAXIMUM         93    454 PM 109    1989  95     -2       91
  MINIMUM         76    711 AM  60    1918  73      3       76
  AVERAGE         85                        84      1       84

PRECIPITATION (IN)
  TODAY           MM             2.30 1936   0.08  MM         T
  MONTH TO DATE    5.83                      1.99   3.84     3.71
  SINCE MAR 1     13.91                      4.53   9.38     4.82
  SINCE JAN 1     14.79                      6.37   8.42     5.03

SNOWFALL (IN)
  TODAY            0.0
  MONTH TO DATE    0.0
  SINCE MAR 1      0.0
  SINCE JUL 1      0.0

DEGREE DAYS
 HEATING
  TODAY            0                         0      0        0
  MONTH TO DATE    0                         0      0        0
  SINCE MAR 1    129                        82     47      104
  SINCE JUL 1   1064                       926    138     1095

 COOLING
  TODAY           20                        19      1       19
  MONTH TO DATE  391                       423    -32      369
  SINCE MAR 1    794                       938   -144      891
  SINCE JAN 1    842                      1023   -181     1003
..................................................................


WIND (MPH)
  HIGHEST WIND SPEED    23   HIGHEST WIND DIRECTION    SE (140)
  HIGHEST GUST SPEED    26   HIGHEST GUST DIRECTION    SE (150)


SKY COVER
  POSSIBLE SUNSHINE  MM
  AVERAGE SKY COVER 0.7


WEATHER CONDITIONS
 THE FOLLOWING WEATHER WAS RECORDED TODAY.
  RAIN
  FOG


RELATIVE HUMIDITY (PERCENT)
 HIGHEST    90           700 AM
 LOWEST     52           300 PM
 AVERAGE    71

..........................................................


THE LAREDO CLIMATE NORMALS FOR TOMORROW
                         NORMAL    RECORD    YEAR
 MAXIMUM TEMPERATURE (F)   96       109      1973
 MINIMUM TEMPERATURE (F)   74        59      1941


SUNRISE AND SUNSET
MAY 25 2015...........SUNRISE   645 AM CDT   SUNSET   825 PM CDT
MAY 26 2015...........SUNRISE   644 AM CDT   SUNSET   826 PM CDT


-  INDICATES NEGATIVE NUMBERS.
R  INDICATES RECORD WAS SET OR TIED.
MM INDICATES DATA IS MISSING.
T  INDICATES TRACE AMOUNT.




$$
