741
CDUS44 KCRP 240638 RRA
CLILRD

CLIMATE REPORT
NATIONAL WEATHER SERVICE CORPUS CHRISTI TX
135 AM CDT THU AUG 24 2017


...................................

...THE LAREDO CLIMATE SUMMARY FOR AUGUST 23 2017...

CLIMATE NORMAL PERIOD 1981 TO 2010
CLIMATE RECORD PERIOD 1900 TO 2017


WEATHER ITEM   OBSERVED TIME   RECORD YEAR NORMAL DEPARTURE LAST
                VALUE   (LST)  VALUE       VALUE  FROM      YEAR
                                                  NORMAL
..................................................................
TEMPERATURE (F)
 YESTERDAY
  MAXIMUM        102        MM 109    1997  99      3       98
  MINIMUM         77        MM  63    1973  77      0       76
  AVERAGE         90                        88      2       87

PRECIPITATION (IN)
  YESTERDAY        0.00          4.93 1953   0.08  -0.08     0.00
  MONTH TO DATE    0.73                      1.15  -0.42     2.85
  SINCE JUN 1      2.11                      5.39  -3.28     6.11
  SINCE JAN 1     12.51                     12.26   0.25    16.62

SNOWFALL (IN)
  YESTERDAY        0.0
  MONTH TO DATE    0.0
  SINCE JUN 1      0.0
  SINCE JUL 1      0.0

DEGREE DAYS
 HEATING
  YESTERDAY        0                         0      0        0
  MONTH TO DATE    0                         0      0        0
  SINCE JUN 1      0                         0      0        0
  SINCE JUL 1      0                         0      0        0

 COOLING
  YESTERDAY       25                        23      2       22
  MONTH TO DATE  573                       549     24      549
  SINCE JUN 1   2030                      1922    108     1989
  SINCE JAN 1   3553                      3065    488     3253
..................................................................


WIND (MPH)
  HIGHEST WIND SPEED    16   HIGHEST WIND DIRECTION    SE (130)
  HIGHEST GUST SPEED    21   HIGHEST GUST DIRECTION    SE (130)
  AVERAGE WIND SPEED     8.4


SKY COVER
  POSSIBLE SUNSHINE  MM
  AVERAGE SKY COVER 0.1


WEATHER CONDITIONS
 THE FOLLOWING WEATHER WAS RECORDED YESTERDAY.
  NO SIGNIFICANT WEATHER WAS OBSERVED.


RELATIVE HUMIDITY (PERCENT)
 HIGHEST    82           600 AM
 LOWEST     26           400 PM

..........................................................


THE LAREDO CLIMATE NORMALS FOR TODAY
                         NORMAL    RECORD    YEAR
 MAXIMUM TEMPERATURE (F)   99       109      1924
 MINIMUM TEMPERATURE (F)   77        62      1973


SUNRISE AND SUNSET
AUGUST 24 2017........SUNRISE   713 AM CDT   SUNSET   807 PM CDT
AUGUST 25 2017........SUNRISE   714 AM CDT   SUNSET   806 PM CDT


-  INDICATES NEGATIVE NUMBERS.
R  INDICATES RECORD WAS SET OR TIED.
MM INDICATES DATA IS MISSING.
T  INDICATES TRACE AMOUNT.




$$
