000
CDUS44 KCRP 311007 CCA
CLILRD

CLIMATE REPORT...CORRECTED FOR PRECIPITATION
NATIONAL WEATHER SERVICE CORPUS CHRISTI TX
405 AM CST SAT JAN 31 2015


...................................

...THE LAREDO CLIMATE SUMMARY FOR JANUARY 30 2015...

CLIMATE NORMAL PERIOD 1981 TO 2010
CLIMATE RECORD PERIOD 1900 TO 2015


WEATHER ITEM   OBSERVED TIME   RECORD YEAR NORMAL DEPARTURE LAST
                VALUE   (LST)  VALUE       VALUE  FROM      YEAR
                                                  NORMAL
..................................................................
TEMPERATURE (F)
 YESTERDAY
  MAXIMUM         74    220 PM  94    1911  69      5       71
  MINIMUM         56    806 AM  23    1949  47      9       41
  AVERAGE         65                        58      7       56

PRECIPITATION (IN)
  YESTERDAY        T             1.40 1931   0.02  -0.02     0.00
  MONTH TO DATE    0.58                      0.87  -0.29     0.08
  SINCE DEC 1      1.53                      1.75  -0.22     1.31
  SINCE JAN 1      0.58                      0.87  -0.29     0.08

SNOWFALL (IN)
  YESTERDAY        0.0
  MONTH TO DATE    0.0
  SINCE DEC 1      0.0
  SINCE JUL 1      0.0

DEGREE DAYS
 HEATING
  YESTERDAY        0                         8     -8        9
  MONTH TO DATE  376                       282     94      306
  SINCE DEC 1    556                       557     -1      618
  SINCE JUL 1    714                       672     42      783

 COOLING
  YESTERDAY        0                         1     -1        0
  MONTH TO DATE    9                        30    -21        8
  SINCE DEC 1     45                        65    -20       45
  SINCE JAN 1      9                        30    -21        8
..................................................................


WIND (MPH)
  HIGHEST WIND SPEED    22   HIGHEST WIND DIRECTION     E (70)
  HIGHEST GUST SPEED    28   HIGHEST GUST DIRECTION    NE (60)
  AVERAGE WIND SPEED    12.7


SKY COVER
  POSSIBLE SUNSHINE  MM
  AVERAGE SKY COVER 0.7


WEATHER CONDITIONS
 THE FOLLOWING WEATHER WAS RECORDED YESTERDAY.
  LIGHT RAIN


RELATIVE HUMIDITY (PERCENT)
 HIGHEST    93           200 AM
 LOWEST     42           100 PM

..........................................................


THE LAREDO CLIMATE NORMALS FOR TODAY
                         NORMAL    RECORD    YEAR
 MAXIMUM TEMPERATURE (F)   69        94      1911
 MINIMUM TEMPERATURE (F)   48        22      1949


SUNRISE AND SUNSET
JANUARY 31 2015.......SUNRISE   725 AM CST   SUNSET   618 PM CST
FEBRUARY  1 2015......SUNRISE   724 AM CST   SUNSET   619 PM CST


-  INDICATES NEGATIVE NUMBERS.
R  INDICATES RECORD WAS SET OR TIED.
MM INDICATES DATA IS MISSING.
T  INDICATES TRACE AMOUNT.

$$

GW
