000
CDUS44 KCRP 170046 RRA
CLILRD

CLIMATE REPORT
NATIONAL WEATHER SERVICE CORPUS CHRISTI TX
643 PM CST SAT DEC 16 2017


...................................

...THE LAREDO CLIMATE SUMMARY FOR DECEMBER 16 2017...
VALID TODAY AS OF 600 PM LOCAL TIME.

CLIMATE NORMAL PERIOD 1981 TO 2010
CLIMATE RECORD PERIOD 1900 TO 2017


WEATHER ITEM   OBSERVED TIME   RECORD YEAR NORMAL DEPARTURE LAST
                VALUE   (LST)  VALUE       VALUE  FROM      YEAR
                                                  NORMAL
..................................................................
TEMPERATURE (F)
 TODAY
  MAXIMUM         48        MM  90    1977  67    -19       69
  MINIMUM         46        MM  24    1901  46      0       55
  AVERAGE         47                        57    -10       62

PRECIPITATION (IN)
  TODAY            0.49R         0.36 2009   0.02   0.47      T
  MONTH TO DATE    2.57                      0.41   2.16     1.56
  SINCE DEC 1      2.57                      0.41   2.16     1.56
  SINCE JAN 1     24.84                     19.73   5.11    24.44

SNOWFALL (IN)
  TODAY            0.0
  MONTH TO DATE    1.3
  SINCE DEC 1      1.3
  SINCE JUL 1      1.3

DEGREE DAYS
 HEATING
  TODAY           18                         9      9        3
  MONTH TO DATE  157                       128     29      114
  SINCE DEC 1    157                       128     29      114
  SINCE JUL 1    226                       243    -17      131

 COOLING
  TODAY            0                         1     -1        0
  MONTH TO DATE   37                        20     17        6
  SINCE DEC 1     37                        20     17        6
  SINCE JAN 1   4871                      4275    596     4732
..................................................................


WIND (MPH)
  HIGHEST WIND SPEED    MM   HIGHEST WIND DIRECTION    MM
  HIGHEST GUST SPEED    MM   HIGHEST GUST DIRECTION    MM


SKY COVER
  POSSIBLE SUNSHINE  MM
  AVERAGE SKY COVER 1.0


WEATHER CONDITIONS
 THE FOLLOWING WEATHER WAS RECORDED TODAY.
  RAIN
  LIGHT RAIN
  FOG


RELATIVE HUMIDITY (PERCENT)
 HIGHEST   100           300 PM
 LOWEST     77          1200 AM
 AVERAGE    89

..........................................................


THE LAREDO CLIMATE NORMALS FOR TOMORROW
                         NORMAL    RECORD    YEAR
 MAXIMUM TEMPERATURE (F)   67        87      1924
 MINIMUM TEMPERATURE (F)   46        22      1932


SUNRISE AND SUNSET
DECEMBER 16 2017......SUNRISE   721 AM CST   SUNSET   546 PM CST
DECEMBER 17 2017......SUNRISE   722 AM CST   SUNSET   546 PM CST


-  INDICATES NEGATIVE NUMBERS.
R  INDICATES RECORD WAS SET OR TIED.
MM INDICATES DATA IS MISSING.
T  INDICATES TRACE AMOUNT.




$$
