000
CDUS44 KCRP 022146
CLILRD

CLIMATE REPORT
NATIONAL WEATHER SERVICE CORPUS CHRISTI TX
441 PM CDT TUE SEP 2 2014


...................................

...THE LAREDO CLIMATE SUMMARY FOR SEPTEMBER 2 2014...
VALID TODAY AS OF 400 PM LOCAL TIME.

CLIMATE NORMAL PERIOD 1981 TO 2010
CLIMATE RECORD PERIOD 1900 TO 2014


WEATHER ITEM   OBSERVED TIME   RECORD YEAR NORMAL DEPARTURE LAST
                VALUE   (LST)  VALUE       VALUE  FROM      YEAR
                                                  NORMAL
..................................................................
TEMPERATURE (F)
 TODAY
  MAXIMUM        100    332 PM 106    1912  97      3      102
  MINIMUM         80    706 AM  55    1923  76      4       74
  AVERAGE         90                        86      4       88

PRECIPITATION (IN)
  TODAY            0.00          1.98 1943   0.11  -0.11     0.08
  MONTH TO DATE    0.00                      0.22  -0.22     0.08
  SINCE SEP 1      0.00                      0.22  -0.22     0.08
  SINCE JAN 1      7.58                     13.21  -5.63    12.95

SNOWFALL (IN)
  TODAY            0.0
  MONTH TO DATE    0.0
  SINCE SEP 1      0.0
  SINCE JUL 1      0.0

DEGREE DAYS
 HEATING
  TODAY            0                         0      0        0
  MONTH TO DATE    0                         0      0        0
  SINCE SEP 1      0                         0      0        0
  SINCE JUL 1      0                         0      0        0

 COOLING
  TODAY           25                        21      4       23
  MONTH TO DATE   51                        43      8       49
  SINCE SEP 1     51                        43      8       49
  SINCE JAN 1   3484                      3286    198     3454
..................................................................


WIND (MPH)
  HIGHEST WIND SPEED    18   HIGHEST WIND DIRECTION    SE (130)
  HIGHEST GUST SPEED    22   HIGHEST GUST DIRECTION    SE (120)


SKY COVER
  POSSIBLE SUNSHINE  MM
  AVERAGE SKY COVER 0.3


WEATHER CONDITIONS
 THE FOLLOWING WEATHER WAS RECORDED TODAY.
  NO SIGNIFICANT WEATHER WAS OBSERVED.


RELATIVE HUMIDITY (PERCENT)
 HIGHEST    88           700 AM
 LOWEST     39           200 PM
 AVERAGE    64

..........................................................


THE LAREDO CLIMATE NORMALS FOR TOMORROW
                         NORMAL    RECORD    YEAR
 MAXIMUM TEMPERATURE (F)   97       106      2011
                                             1992
 MINIMUM TEMPERATURE (F)   76        66      1903


SUNRISE AND SUNSET
SEPTEMBER  2 2014.....SUNRISE   717 AM CDT   SUNSET   757 PM CDT
SEPTEMBER  3 2014.....SUNRISE   718 AM CDT   SUNSET   756 PM CDT


-  INDICATES NEGATIVE NUMBERS.
R  INDICATES RECORD WAS SET OR TIED.
MM INDICATES DATA IS MISSING.
T  INDICATES TRACE AMOUNT.




$$
