000
CDUS44 KCRP 050647 RRB
CLILRD

CLIMATE REPORT
NATIONAL WEATHER SERVICE CORPUS CHRISTI TX
145 AM CDT WED AUG 5 2015


...................................

...THE LAREDO CLIMATE SUMMARY FOR AUGUST 4 2015...

CLIMATE NORMAL PERIOD 1981 TO 2010
CLIMATE RECORD PERIOD 1900 TO 2015


WEATHER ITEM   OBSERVED TIME   RECORD YEAR NORMAL DEPARTURE LAST
                VALUE   (LST)  VALUE       VALUE  FROM      YEAR
                                                  NORMAL
..................................................................
TEMPERATURE (F)
 YESTERDAY
  MAXIMUM        105    533 PM 108    2011 101      4      101
                                      1912
  MINIMUM         80    700 AM  69    1976  77      3       78
  AVERAGE         93                        89      4       90

PRECIPITATION (IN)
  YESTERDAY        0.00          0.30 1988   0.03  -0.03     0.00
  MONTH TO DATE    0.00                      0.14  -0.14     0.48
  SINCE JUN 1      1.26                      4.38  -3.12     2.37
  SINCE JAN 1     19.96                     11.25   8.71     7.40

SNOWFALL (IN)
  YESTERDAY        0.0
  MONTH TO DATE    0.0
  SINCE JUN 1      0.0
  SINCE JUL 1      0.0

DEGREE DAYS
 HEATING
  YESTERDAY        0                         0      0        0
  MONTH TO DATE    0                         0      0        0
  SINCE JUN 1      0                         0      0        0
  SINCE JUL 1      0                         0      0        0

 COOLING
  YESTERDAY       28                        24      4       25
  MONTH TO DATE  101                        96      5       92
  SINCE JUN 1   1460                      1469     -9     1591
  SINCE JAN 1   2402                      2612   -210     2716
..................................................................


WIND (MPH)
  HIGHEST WIND SPEED    23   HIGHEST WIND DIRECTION    SE (140)
  HIGHEST GUST SPEED    28   HIGHEST GUST DIRECTION     E (110)
  AVERAGE WIND SPEED    13.6


SKY COVER
  POSSIBLE SUNSHINE  MM
  AVERAGE SKY COVER 0.0


WEATHER CONDITIONS
 THE FOLLOWING WEATHER WAS RECORDED YESTERDAY.
  NO SIGNIFICANT WEATHER WAS OBSERVED.


RELATIVE HUMIDITY (PERCENT)
 HIGHEST    79           700 AM
 LOWEST     21           400 PM

..........................................................


THE LAREDO CLIMATE NORMALS FOR TODAY
                         NORMAL    RECORD    YEAR
 MAXIMUM TEMPERATURE (F)  101       108      1999
 MINIMUM TEMPERATURE (F)   77        68      1918


SUNRISE AND SUNSET
AUGUST  5 2015........SUNRISE   703 AM CDT   SUNSET   824 PM CDT
AUGUST  6 2015........SUNRISE   704 AM CDT   SUNSET   823 PM CDT


-  INDICATES NEGATIVE NUMBERS.
R  INDICATES RECORD WAS SET OR TIED.
MM INDICATES DATA IS MISSING.
T  INDICATES TRACE AMOUNT.

$$

GW
