000
CDUS44 KCRP 240931
CLILRD

CLIMATE REPORT
NATIONAL WEATHER SERVICE CORPUS CHRISTI TX
429 AM CDT WED MAY 24 2017


...................................

...THE LAREDO CLIMATE SUMMARY FOR MAY 23 2017...

CLIMATE NORMAL PERIOD 1981 TO 2010
CLIMATE RECORD PERIOD 1900 TO 2017


WEATHER ITEM   OBSERVED TIME   RECORD YEAR NORMAL DEPARTURE LAST
                VALUE   (LST)  VALUE       VALUE  FROM      YEAR
                                                  NORMAL
..................................................................
TEMPERATURE (F)
 YESTERDAY
  MAXIMUM         88        MM 107    2011  95     -7       95
                                      1989
  MINIMUM         69        MM  49    1928  73     -4       75
  AVERAGE         79                        84     -5       85

PRECIPITATION (IN)
  YESTERDAY        T             2.23 2014   0.08  -0.08     0.00
  MONTH TO DATE    4.08                      1.83   2.25     2.33
  SINCE MAR 1      7.90                      4.37   3.53     8.21
  SINCE JAN 1      8.87                      6.21   2.66    10.10

SNOWFALL (IN)
  YESTERDAY        0.0
  MONTH TO DATE    0.0
  SINCE MAR 1      0.0
  SINCE JUL 1      0.0

DEGREE DAYS
 HEATING
  YESTERDAY        0                         0      0        0
  MONTH TO DATE    0                         0      0        0
  SINCE MAR 1     16                        82    -66       18
  SINCE JUL 1    396                       926   -530      594

 COOLING
  YESTERDAY       14                        19     -5       20
  MONTH TO DATE  395                       385     10      335
  SINCE MAR 1   1063                       900    163      976
  SINCE JAN 1   1369                       985    384     1094
..................................................................


WIND (MPH)
  HIGHEST WIND SPEED    18   HIGHEST WIND DIRECTION     N (20)
  HIGHEST GUST SPEED    30   HIGHEST GUST DIRECTION     N (20)
  AVERAGE WIND SPEED     8.9


SKY COVER
  POSSIBLE SUNSHINE  MM
  AVERAGE SKY COVER 0.8


WEATHER CONDITIONS
 THE FOLLOWING WEATHER WAS RECORDED YESTERDAY.
  LIGHT RAIN


RELATIVE HUMIDITY (PERCENT)
 HIGHEST    93           600 AM
 LOWEST     59           300 PM

..........................................................


THE LAREDO CLIMATE NORMALS FOR TODAY
                         NORMAL    RECORD    YEAR
 MAXIMUM TEMPERATURE (F)   95       108      2011
                                             1989
 MINIMUM TEMPERATURE (F)   73        59      1940


SUNRISE AND SUNSET
MAY 24 2017...........SUNRISE   645 AM CDT   SUNSET   825 PM CDT
MAY 25 2017...........SUNRISE   644 AM CDT   SUNSET   825 PM CDT


-  INDICATES NEGATIVE NUMBERS.
R  INDICATES RECORD WAS SET OR TIED.
MM INDICATES DATA IS MISSING.
T  INDICATES TRACE AMOUNT.




$$
