000
CDUS43 KARX 290644
CLILSE


CLIMATE REPORT
NATIONAL WEATHER SERVICE LA CROSSE WI
144 AM CDT FRI JUL 29 2016


...................................

...THE LA CROSSE WI CLIMATE SUMMARY FOR JULY 28 2016...

CLIMATE NORMAL PERIOD 1981 TO 2010
CLIMATE RECORD PERIOD 1873 TO 2016


WEATHER ITEM   OBSERVED TIME   RECORD YEAR NORMAL DEPARTURE LAST
                VALUE   (LST)  VALUE       VALUE  FROM      YEAR
                                                  NORMAL
..................................................................
TEMPERATURE (F)
 YESTERDAY
  MAXIMUM         72   1218 AM  98    1955  84    -12       86
                                      1916
  MINIMUM         64   1028 PM  50    1967  63      1       71
                                      1928
                                      1925
  AVERAGE         68                        73     -5       79

PRECIPITATION (IN)
  YESTERDAY        0.11          1.61 1990   0.14  -0.03     0.72
  MONTH TO DATE    5.12                      3.85   1.27     3.62
  SINCE JUN 1     11.85                      8.19   3.66     7.32
  SINCE JAN 1     22.33                     19.26   3.07    19.91

SNOWFALL (IN)
  YESTERDAY        0.0           0.0  2002   0.0    0.0      0.0
                                      2001
  MONTH TO DATE    0.0                       0.0    0.0      0.0
  SINCE JUL 1      0.0                       0.0    0.0      0.0
  SNOW DEPTH       0

DEGREE DAYS
 HEATING
  YESTERDAY        0                         0      0        0
  MONTH TO DATE    0                         0      0        3
  SINCE JUL 1      0                         0      0        3

 COOLING
  YESTERDAY        3                         8     -5       14
  MONTH TO DATE  293                       249     44      219
  SINCE JAN 1    591                       463    128      451
..................................................................


WIND (MPH)
  HIGHEST WIND SPEED    13   HIGHEST WIND DIRECTION     N (360)
  HIGHEST GUST SPEED    20   HIGHEST GUST DIRECTION     N (10)
  AVERAGE WIND SPEED     7.3


SKY COVER
  POSSIBLE SUNSHINE  MM
  AVERAGE SKY COVER 1.0


WEATHER CONDITIONS
 THE FOLLOWING WEATHER WAS RECORDED YESTERDAY.
  LIGHT RAIN
  FOG


RELATIVE HUMIDITY (PERCENT)
 HIGHEST    93           500 AM
 LOWEST     84          1200 AM
 AVERAGE    89

..........................................................


THE LA CROSSE WI CLIMATE NORMALS FOR TODAY
                         NORMAL    RECORD    YEAR
 MAXIMUM TEMPERATURE (F)   84        98      1999
 MINIMUM TEMPERATURE (F)   63        49      1971


SUNRISE AND SUNSET
JULY 29 2016..........SUNRISE   551 AM CDT   SUNSET   831 PM CDT
JULY 30 2016..........SUNRISE   552 AM CDT   SUNSET   830 PM CDT


-  INDICATES NEGATIVE NUMBERS.
R  INDICATES RECORD WAS SET OR TIED.
MM INDICATES DATA IS MISSING.
T  INDICATES TRACE AMOUNT.




$$
