000
CDUS43 KARX 210642
CLILSE


CLIMATE REPORT
NATIONAL WEATHER SERVICE LA CROSSE WI
142 AM CDT SAT OCT 21 2017


...................................

...THE LA CROSSE WI CLIMATE SUMMARY FOR OCTOBER 20 2017...

CLIMATE NORMAL PERIOD 1981 TO 2010
CLIMATE RECORD PERIOD 1873 TO 2017


WEATHER ITEM   OBSERVED TIME   RECORD YEAR NORMAL DEPARTURE LAST
                VALUE   (LST)  VALUE       VALUE  FROM      YEAR
                                                  NORMAL
..................................................................
TEMPERATURE (F)
 YESTERDAY
  MAXIMUM         78    207 PM  84    1872  58     20       56
  MINIMUM         56    639 AM  19    1952  39     17       38
  AVERAGE         67                        49     18       47

PRECIPITATION (IN)
  YESTERDAY        0.00          1.10 1979   0.06  -0.06     0.00
  MONTH TO DATE    4.89                      1.48   3.41     0.42
  SINCE SEP 1      5.84                      5.04   0.80    10.88
  SINCE JAN 1     37.60                     29.00   8.60    39.60

SNOWFALL (IN)
  YESTERDAY        0.0           0.2  1982   0.1   -0.1      0.0
  MONTH TO DATE    0.0                       0.1   -0.1      0.0
  SINCE JUL 1      0.0                       0.1   -0.1      0.0
  SNOW DEPTH       0

DEGREE DAYS
 HEATING
  YESTERDAY        0                        16    -16       18
  MONTH TO DATE  125                       262   -137      125
  SINCE JUL 1    173                       422   -249      145

 COOLING
  YESTERDAY        2                         0      2        0
  MONTH TO DATE   14                         7      7       13
  SINCE JAN 1   1001                       781    220     1033
..................................................................


WIND (MPH)
  HIGHEST WIND SPEED    21   HIGHEST WIND DIRECTION     S (180)
  HIGHEST GUST SPEED    27   HIGHEST GUST DIRECTION     S (180)
  AVERAGE WIND SPEED    12.0


SKY COVER
  POSSIBLE SUNSHINE  MM
  AVERAGE SKY COVER 0.0


WEATHER CONDITIONS
 THE FOLLOWING WEATHER WAS RECORDED YESTERDAY.
  NO SIGNIFICANT WEATHER WAS OBSERVED.


RELATIVE HUMIDITY (PERCENT)
 HIGHEST    83           600 AM
 LOWEST     38           500 PM
 AVERAGE    61

..........................................................


THE LA CROSSE WI CLIMATE NORMALS FOR TODAY
                         NORMAL    RECORD    YEAR
 MAXIMUM TEMPERATURE (F)   58        83      1947
 MINIMUM TEMPERATURE (F)   39        20      1896


SUNRISE AND SUNSET
OCTOBER 21 2017.......SUNRISE   727 AM CDT   SUNSET   611 PM CDT
OCTOBER 22 2017.......SUNRISE   729 AM CDT   SUNSET   610 PM CDT


-  INDICATES NEGATIVE NUMBERS.
R  INDICATES RECORD WAS SET OR TIED.
MM INDICATES DATA IS MISSING.
T  INDICATES TRACE AMOUNT.




$$
