000
CDUS43 KARX 252132
CLILSE


CLIMATE REPORT
NATIONAL WEATHER SERVICE LA CROSSE WI
432 PM CDT THU AUG 25 2016


...................................

...THE LA CROSSE WI CLIMATE SUMMARY FOR AUGUST 25 2016...
VALID TODAY AS OF 0430 PM LOCAL TIME.

CLIMATE NORMAL PERIOD 1981 TO 2010
CLIMATE RECORD PERIOD 1873 TO 2016


WEATHER ITEM   OBSERVED TIME   RECORD YEAR NORMAL DEPARTURE LAST
                VALUE   (LST)  VALUE       VALUE  FROM      YEAR
                                                  NORMAL
..................................................................
TEMPERATURE (F)
 TODAY
  MAXIMUM         81    249 PM  97    1948  80      1       75
  MINIMUM         63    425 AM  43    1958  60      3       54
  AVERAGE         72                        70      2       65

PRECIPITATION (IN)
  TODAY            0.00          1.87 1972   0.13  -0.13     0.00
                                      1881
  MONTH TO DATE    6.32                      3.51   2.81     1.31
  SINCE JUN 1     18.20                     12.11   6.09     8.63
  SINCE JAN 1     28.68                     23.18   5.50    21.22

SNOWFALL (IN)
  TODAY            0.0           0.0  2002   0.0    0.0      0.0
                                      2000
                                      2001
  MONTH TO DATE    0.0                       0.0    0.0      0.0
  SINCE JUL 1      0.0                       0.0    0.0      0.0
  SNOW DEPTH       0

DEGREE DAYS
 HEATING
  TODAY            0                         1     -1        0
  MONTH TO DATE    0                         5     -5        7
  SINCE JUL 1      0                        10    -10       10

 COOLING
  TODAY            7                         6      1        0
  MONTH TO DATE  256                       182     74      195
  SINCE JAN 1    872                       669    203      677
..................................................................


WIND (MPH)
  HIGHEST WIND SPEED    14   HIGHEST WIND DIRECTION     W (260)
  HIGHEST GUST SPEED    19   HIGHEST GUST DIRECTION     W (270)
  AVERAGE WIND SPEED     5.2


SKY COVER
  POSSIBLE SUNSHINE  MM
  AVERAGE SKY COVER 0.0


WEATHER CONDITIONS
 THE FOLLOWING WEATHER WAS RECORDED TODAY.
  NO SIGNIFICANT WEATHER WAS OBSERVED.


RELATIVE HUMIDITY (PERCENT)
 HIGHEST    64          1000 AM
 LOWEST     51          1100 AM
 AVERAGE    58

..........................................................


THE LA CROSSE WI CLIMATE NORMALS FOR TOMORROW
                         NORMAL    RECORD    YEAR
 MAXIMUM TEMPERATURE (F)   80        97      2013
 MINIMUM TEMPERATURE (F)   60        41      1934


SUNRISE AND SUNSET
AUGUST 25 2016........SUNRISE   621 AM CDT   SUNSET   752 PM CDT
AUGUST 26 2016........SUNRISE   622 AM CDT   SUNSET   750 PM CDT


-  INDICATES NEGATIVE NUMBERS.
R  INDICATES RECORD WAS SET OR TIED.
MM INDICATES DATA IS MISSING.
T  INDICATES TRACE AMOUNT.




$$
