000
CDUS46 KMTR 260038
CLILVK


CLIMATE REPORT
NATIONAL WEATHER SERVICE SAN FRANCISCO BAY AREA
538 PM PDT SAT MAR 25 2017


...................................

...THE LIVERMORE AIRPORT CLIMATE SUMMARY FOR MARCH 25 2017...
VALID TODAY AS OF 0500 PM LOCAL TIME.

CLIMATE NORMAL PERIOD 1981 TO 2010
CLIMATE RECORD PERIOD 1930 TO 2017


WEATHER ITEM   OBSERVED TIME   RECORD YEAR NORMAL DEPARTURE LAST
                VALUE   (LST)  VALUE       VALUE  FROM      YEAR
                                                  NORMAL
..................................................................
TEMPERATURE (F)
 TODAY
  MAXIMUM         65   1256 PM  82    1997  65      0       72
  MINIMUM         49    706 AM  28    1964  43      6       48
  AVERAGE         57                        54      3       60

PRECIPITATION (IN)
  TODAY            0.00          0.90 2012   0.06  -0.06     0.00
  MONTH TO DATE    1.79                      1.81  -0.02     3.52
  SINCE OCT 1     23.29                     13.43   9.86    13.49
  SINCE JAN 1     16.83                      7.85   8.98     8.49

DEGREE DAYS
 HEATING
  TODAY            8                        11     -3        5
  MONTH TO DATE  232                       289    -57      221
  SINCE MAR 1    232                       289    -57      221
  SINCE JUL 1   2091                      2296   -205     1926

 COOLING
  TODAY            0                         0      0        0
  MONTH TO DATE    0                         0      0        0
  SINCE MAR 1      0                         0      0        0
  SINCE JAN 1      0                         0      0        0
..................................................................


WIND (MPH)
  RESULTANT WIND SPEED   4   RESULTANT WIND DIRECTION   W (260)
  HIGHEST WIND SPEED    15   HIGHEST WIND DIRECTION     W (270)
  HIGHEST GUST SPEED    19   HIGHEST GUST DIRECTION     W (250)
  AVERAGE WIND SPEED     4.9


SKY COVER
  POSSIBLE SUNSHINE  MM
  AVERAGE SKY COVER 0.7


WEATHER CONDITIONS
 THE FOLLOWING WEATHER WAS RECORDED TODAY.
  FOG


RELATIVE HUMIDITY (PERCENT)
 HIGHEST    96          1200 AM
 LOWEST     52           200 PM
 AVERAGE    74

..........................................................


THE LIVERMORE AIRPORT CLIMATE NORMALS FOR TOMORROW
                         NORMAL    RECORD    YEAR
 MAXIMUM TEMPERATURE (F)   65        88      1988
 MINIMUM TEMPERATURE (F)   43        30      1972


SUNRISE AND SUNSET
MARCH 25 2017.........SUNRISE   703 AM PDT   SUNSET   724 PM PDT
MARCH 26 2017.........SUNRISE   701 AM PDT   SUNSET   725 PM PDT


-  INDICATES NEGATIVE NUMBERS.
R  INDICATES RECORD WAS SET OR TIED.
MM INDICATES DATA IS MISSING.
T  INDICATES TRACE AMOUNT.




$$
