000
CDUS46 KMTR 300047
CLILVK


CLIMATE REPORT
NATIONAL WEATHER SERVICE SAN FRANCISCO BAY AREA
547 PM PDT FRI MAY 29 2015


...................................

...THE LIVERMORE AIRPORT CLIMATE SUMMARY FOR MAY 29 2015...
VALID TODAY AS OF 0500 PM LOCAL TIME.

CLIMATE NORMAL PERIOD 1981 TO 2010
CLIMATE RECORD PERIOD 1930 TO 2015


WEATHER ITEM   OBSERVED TIME   RECORD YEAR NORMAL DEPARTURE LAST
                VALUE   (LST)  VALUE       VALUE  FROM      YEAR
                                                  NORMAL
..................................................................
TEMPERATURE (F)
 TODAY
  MAXIMUM         80    352 PM  99    1978  77      3       86
  MINIMUM         54    355 AM  41    1964  51      3       51
  AVERAGE         67                        64      3       69

PRECIPITATION (IN)
  TODAY            0.00          0.70 1948   0.01  -0.01     0.00
  MONTH TO DATE    0.47                      0.60  -0.13      T
  SINCE OCT 1     13.51                     15.42  -1.91     6.79
  SINCE JAN 1      3.89                      9.84  -5.95     4.88

DEGREE DAYS
 HEATING
  TODAY            0                         3     -3        0
  MONTH TO DATE   78                       122    -44       34
  SINCE MAR 1    372                       737   -365      377
  SINCE JUL 1   1558                      2744  -1186     1891

 COOLING
  TODAY            2                         2      0        4
  MONTH TO DATE   14                        44    -30      104
  SINCE MAR 1     34                        53    -19      123
  SINCE JAN 1     34                        53    -19      123
..................................................................


WIND (MPH)
  RESULTANT WIND SPEED   6   RESULTANT WIND DIRECTION   W (290)
  HIGHEST WIND SPEED    16   HIGHEST WIND DIRECTION     W (290)
  HIGHEST GUST SPEED    18   HIGHEST GUST DIRECTION     W (280)
  AVERAGE WIND SPEED     6.8


SKY COVER
  POSSIBLE SUNSHINE  MM
  AVERAGE SKY COVER 0.5


WEATHER CONDITIONS
 THE FOLLOWING WEATHER WAS RECORDED TODAY.
  NO SIGNIFICANT WEATHER WAS OBSERVED.


RELATIVE HUMIDITY (PERCENT)
 HIGHEST    89           400 AM
 LOWEST     37           300 PM
 AVERAGE    63

..........................................................


THE LIVERMORE AIRPORT CLIMATE NORMALS FOR TOMORROW
                         NORMAL    RECORD    YEAR
 MAXIMUM TEMPERATURE (F)   77       101      1950
 MINIMUM TEMPERATURE (F)   51        40      1974


SUNRISE AND SUNSET
MAY 29 2015...........SUNRISE   549 AM PDT   SUNSET   821 PM PDT
MAY 30 2015...........SUNRISE   548 AM PDT   SUNSET   822 PM PDT


-  INDICATES NEGATIVE NUMBERS.
R  INDICATES RECORD WAS SET OR TIED.
MM INDICATES DATA IS MISSING.
T  INDICATES TRACE AMOUNT.




$$
