000
CDUS46 KMTR 290837
CLILVK


CLIMATE REPORT
NATIONAL WEATHER SERVICE SAN FRANCISCO BAY AREA
137 AM PDT FRI APR 29 2016


...................................

...THE LIVERMORE AIRPORT CLIMATE SUMMARY FOR APRIL 28 2016...

CLIMATE NORMAL PERIOD 1981 TO 2010
CLIMATE RECORD PERIOD 1930 TO 2016


WEATHER ITEM   OBSERVED TIME   RECORD YEAR NORMAL DEPARTURE LAST
                VALUE   (LST)  VALUE       VALUE  FROM      YEAR
                                                  NORMAL
..................................................................
TEMPERATURE (F)
 YESTERDAY
  MAXIMUM         74    135 PM  93    1981  72      2       77
  MINIMUM         43    536 AM  29    1970  47     -4       53
  AVERAGE         59                        59      0       65

PRECIPITATION (IN)
  YESTERDAY        0.00          1.62 1983   0.02  -0.02     0.00
  MONTH TO DATE    1.67                      0.96   0.71     0.93
  SINCE OCT 1     15.18                     14.78   0.40    13.04
  SINCE JAN 1     10.18                      9.20   0.98     3.42

DEGREE DAYS
 HEATING
  YESTERDAY        6                         6      0        0
  MONTH TO DATE  134                       247   -113      144
  SINCE MAR 1    414                       604   -190      294
  SINCE JUL 1   2119                      2611   -492     1480

 COOLING
  YESTERDAY        0                         1     -1        0
  MONTH TO DATE    8                         3      5        7
  SINCE MAR 1      8                         4      4       13
  SINCE JAN 1      8                         4      4       13
..................................................................


WIND (MPH)
  RESULTANT WIND SPEED   4   RESULTANT WIND DIRECTION   W (260)
  HIGHEST WIND SPEED    20   HIGHEST WIND DIRECTION     W (290)
  HIGHEST GUST SPEED    24   HIGHEST GUST DIRECTION     W (290)
  AVERAGE WIND SPEED     5.5


SKY COVER
  POSSIBLE SUNSHINE  MM
  AVERAGE SKY COVER 0.0


WEATHER CONDITIONS
 THE FOLLOWING WEATHER WAS RECORDED YESTERDAY.
  NO SIGNIFICANT WEATHER WAS OBSERVED.


RELATIVE HUMIDITY (PERCENT)
 HIGHEST    86           200 AM
 LOWEST     38           100 PM
 AVERAGE    62

..........................................................


THE LIVERMORE AIRPORT CLIMATE NORMALS FOR TODAY
                         NORMAL    RECORD    YEAR
 MAXIMUM TEMPERATURE (F)   72        96      1981
 MINIMUM TEMPERATURE (F)   47        33      1970


SUNRISE AND SUNSET
APRIL 29 2016.........SUNRISE   613 AM PDT   SUNSET   756 PM PDT
APRIL 30 2016.........SUNRISE   612 AM PDT   SUNSET   757 PM PDT


-  INDICATES NEGATIVE NUMBERS.
R  INDICATES RECORD WAS SET OR TIED.
MM INDICATES DATA IS MISSING.
T  INDICATES TRACE AMOUNT.




$$
