000
CDUS46 KMTR 200033
CLILVK


CLIMATE REPORT
NATIONAL WEATHER SERVICE SAN FRANCISCO BAY AREA
532 PM PDT SAT AUG 19 2017


...................................

...THE LIVERMORE AIRPORT CLIMATE SUMMARY FOR AUGUST 19 2017...
VALID TODAY AS OF 0500 PM LOCAL TIME.

CLIMATE NORMAL PERIOD 1981 TO 2010
CLIMATE RECORD PERIOD 1930 TO 2017


WEATHER ITEM   OBSERVED TIME   RECORD YEAR NORMAL DEPARTURE LAST
                VALUE   (LST)  VALUE       VALUE  FROM      YEAR
                                                  NORMAL
..................................................................
TEMPERATURE (F)
 TODAY
  MAXIMUM         85    142 PM 111    1950  87     -2       87
  MINIMUM         59    331 AM  47    1973  57      2       58
  AVERAGE         72                        72      0       73

PRECIPITATION (IN)
  TODAY            0.00          0.50 1983   0.00   0.00     0.00
  MONTH TO DATE    0.14                      0.00   0.14     0.00
  SINCE OCT 1     25.52                     15.48  10.04    15.38
  SINCE JAN 1     19.06                      9.90   9.16    10.38

DEGREE DAYS
 HEATING
  TODAY            0                         0      0        0
  MONTH TO DATE    0                         0      0        0
  SINCE JUN 1     20                        36    -16        8
  SINCE JUL 1      0                         4     -4        0

 COOLING
  TODAY            7                         7      0        8
  MONTH TO DATE  156                       141     15      157
  SINCE JUN 1    655                       482    173      629
  SINCE JAN 1    730                       535    195      701
..................................................................


WIND (MPH)
  RESULTANT WIND SPEED   7   RESULTANT WIND DIRECTION  NW (300)
  HIGHEST WIND SPEED    18   HIGHEST WIND DIRECTION     W (280)
  HIGHEST GUST SPEED    23   HIGHEST GUST DIRECTION    NW (300)
  AVERAGE WIND SPEED     7.6


SKY COVER
  POSSIBLE SUNSHINE  MM
  AVERAGE SKY COVER 0.3


WEATHER CONDITIONS
 THE FOLLOWING WEATHER WAS RECORDED TODAY.
  FOG
  HAZE


RELATIVE HUMIDITY (PERCENT)
 HIGHEST    90           400 AM
 LOWEST     43           100 PM
 AVERAGE    67

..........................................................


THE LIVERMORE AIRPORT CLIMATE NORMALS FOR TOMORROW
                         NORMAL    RECORD    YEAR
 MAXIMUM TEMPERATURE (F)   87       103      1960
 MINIMUM TEMPERATURE (F)   57        46      1949


SUNRISE AND SUNSET
AUGUST 19 2017........SUNRISE   627 AM PDT   SUNSET   754 PM PDT
AUGUST 20 2017........SUNRISE   628 AM PDT   SUNSET   753 PM PDT


-  INDICATES NEGATIVE NUMBERS.
R  INDICATES RECORD WAS SET OR TIED.
MM INDICATES DATA IS MISSING.
T  INDICATES TRACE AMOUNT.




$$
