000
CDUS46 KMTR 250042
CLILVK


CLIMATE REPORT
NATIONAL WEATHER SERVICE SAN FRANCISCO BAY AREA
438 PM PST TUE JAN 24 2017


...................................

...THE LIVERMORE AIRPORT CLIMATE SUMMARY FOR JANUARY 24 2017...
VALID TODAY AS OF 0400 PM LOCAL TIME.

CLIMATE NORMAL PERIOD 1981 TO 2010
CLIMATE RECORD PERIOD 1930 TO 2017


WEATHER ITEM   OBSERVED TIME   RECORD YEAR NORMAL DEPARTURE LAST
                VALUE   (LST)  VALUE       VALUE  FROM      YEAR
                                                  NORMAL
..................................................................
TEMPERATURE (F)
 TODAY
  MAXIMUM         51    344 PM  73    1975  56     -5       57
  MINIMUM         35    714 AM  23    1962  38     -3       42
  AVERAGE         43                        47     -4       50

PRECIPITATION (IN)
  TODAY            0.00          1.83 2000   0.07  -0.07     0.00
  MONTH TO DATE    8.11                      2.48   5.63     3.75
  SINCE OCT 1     14.57                      8.06   6.51     8.75
  SINCE JAN 1      8.11                      2.48   5.63     3.75

DEGREE DAYS
 HEATING
  TODAY           22                        18      4       15
  MONTH TO DATE  426                       447    -21      349
  SINCE DEC 1    982                      1006    -24      892
  SINCE JUL 1   1354                      1478   -124     1307

 COOLING
  TODAY            0                         0      0        0
  MONTH TO DATE    0                         0      0        0
  SINCE DEC 1      0                         0      0        0
  SINCE JAN 1      0                         0      0        0
..................................................................


WIND (MPH)
  RESULTANT WIND SPEED   4   RESULTANT WIND DIRECTION  NE (60)
  HIGHEST WIND SPEED    15   HIGHEST WIND DIRECTION    NE (60)
  HIGHEST GUST SPEED    19   HIGHEST GUST DIRECTION    NE (60)
  AVERAGE WIND SPEED     4.2


SKY COVER
  POSSIBLE SUNSHINE  MM
  AVERAGE SKY COVER 0.4


WEATHER CONDITIONS
 THE FOLLOWING WEATHER WAS RECORDED TODAY.
  NO SIGNIFICANT WEATHER WAS OBSERVED.


RELATIVE HUMIDITY (PERCENT)
 HIGHEST    92           100 AM
 LOWEST     61           300 PM
 AVERAGE    77

..........................................................


THE LIVERMORE AIRPORT CLIMATE NORMALS FOR TOMORROW
                         NORMAL    RECORD    YEAR
 MAXIMUM TEMPERATURE (F)   56        74      2014
 MINIMUM TEMPERATURE (F)   38        21      1950


SUNRISE AND SUNSET
JANUARY 24 2017.......SUNRISE   717 AM PST   SUNSET   523 PM PST
JANUARY 25 2017.......SUNRISE   716 AM PST   SUNSET   524 PM PST


-  INDICATES NEGATIVE NUMBERS.
R  INDICATES RECORD WAS SET OR TIED.
MM INDICATES DATA IS MISSING.
T  INDICATES TRACE AMOUNT.




$$
