000
CDUS46 KMTR 170031
CLILVK


CLIMATE REPORT
NATIONAL WEATHER SERVICE SAN FRANCISCO BAY AREA
531 PM PDT WED APR 16 2014


...................................

...THE LIVERMORE AIRPORT CLIMATE SUMMARY FOR APRIL 16 2014...
VALID TODAY AS OF 0500 PM LOCAL TIME.

CLIMATE NORMAL PERIOD 1981 TO 2010
CLIMATE RECORD PERIOD 1930 TO 2014


WEATHER ITEM   OBSERVED TIME   RECORD YEAR NORMAL DEPARTURE LAST
                VALUE   (LST)  VALUE       VALUE  FROM      YEAR
                                                  NORMAL
..................................................................
TEMPERATURE (F)
 TODAY
  MAXIMUM         83    335 PM  90    1987  69     14       68
  MINIMUM         49    605 AM  33    1974  45      4       36
  AVERAGE         66                        57      9       52

PRECIPITATION (IN)
  TODAY            0.00          0.34 1942   0.03  -0.03     0.00
  MONTH TO DATE    0.51                      0.62  -0.11     0.40
  SINCE JUL 1      6.87                     14.67  -7.80    10.25
  SINCE JAN 1      4.49                      8.86  -4.37     1.96

DEGREE DAYS
 HEATING
  TODAY            0                         9     -9       13
  MONTH TO DATE   70                       159    -89       93
  SINCE MAR 1    280                       516   -236      366
  SINCE JUL 1   1794                      2523   -729     2306

 COOLING
  TODAY            1                         0      1        0
  MONTH TO DATE    8                         0      8        2
  SINCE MAR 1      8                         1      7        2
  SINCE JAN 1      8                         1      7        2
..................................................................


WIND (MPH)
  RESULTANT WIND SPEED   2   RESULTANT WIND DIRECTION   W (270)
  HIGHEST WIND SPEED    12   HIGHEST WIND DIRECTION     W (280)
  HIGHEST GUST SPEED    16   HIGHEST GUST DIRECTION    NW (300)
  AVERAGE WIND SPEED     3.1


SKY COVER
  POSSIBLE SUNSHINE  MM
  AVERAGE SKY COVER 0.0


WEATHER CONDITIONS
 THE FOLLOWING WEATHER WAS RECORDED TODAY.
  NO SIGNIFICANT WEATHER WAS OBSERVED.


RELATIVE HUMIDITY (PERCENT)
 HIGHEST    86           300 AM
 LOWEST     25           100 PM
 AVERAGE    56

..........................................................


THE LIVERMORE AIRPORT CLIMATE NORMALS FOR TOMORROW
                         NORMAL    RECORD    YEAR
 MAXIMUM TEMPERATURE (F)   69        90      1966
 MINIMUM TEMPERATURE (F)   45        31      1963


SUNRISE AND SUNSET
APRIL 16 2014.........SUNRISE   631 AM PDT   SUNSET   744 PM PDT
APRIL 17 2014.........SUNRISE   629 AM PDT   SUNSET   745 PM PDT


-  INDICATES NEGATIVE NUMBERS.
R  INDICATES RECORD WAS SET OR TIED.
MM INDICATES DATA IS MISSING.
T  INDICATES TRACE AMOUNT.




$$
