000
CDUS46 KMTR 300845
CLILVK


CLIMATE REPORT
NATIONAL WEATHER SERVICE SAN FRANCISCO BAY AREA
145 AM PDT MON MAY 30 2016


...................................

...THE LIVERMORE AIRPORT CLIMATE SUMMARY FOR MAY 29 2016...

CLIMATE NORMAL PERIOD 1981 TO 2010
CLIMATE RECORD PERIOD 1930 TO 2016


WEATHER ITEM   OBSERVED TIME   RECORD YEAR NORMAL DEPARTURE LAST
                VALUE   (LST)  VALUE       VALUE  FROM      YEAR
                                                  NORMAL
..................................................................
TEMPERATURE (F)
 YESTERDAY
  MAXIMUM         86    241 PM  99    1978  77      9       80
  MINIMUM         54    511 AM  41    1964  51      3       54
  AVERAGE         70                        64      6       67

PRECIPITATION (IN)
  YESTERDAY        0.00          0.70 1948   0.01  -0.01     0.00
  MONTH TO DATE    0.20                      0.60  -0.40     0.47
  SINCE OCT 1     15.38                     15.42  -0.04    13.51
  SINCE JAN 1     10.38                      9.84   0.54     3.89

DEGREE DAYS
 HEATING
  YESTERDAY        0                         3     -3        0
  MONTH TO DATE   61                       122    -61       78
  SINCE MAR 1    481                       737   -256      372
  SINCE JUL 1   2186                      2744   -558     1558

 COOLING
  YESTERDAY        5                         2      3        2
  MONTH TO DATE   43                        44     -1       14
  SINCE MAR 1     51                        53     -2       34
  SINCE JAN 1     51                        53     -2       34
..................................................................


WIND (MPH)
  RESULTANT WIND SPEED   6   RESULTANT WIND DIRECTION   W (290)
  HIGHEST WIND SPEED    18   HIGHEST WIND DIRECTION     W (280)
  HIGHEST GUST SPEED    22   HIGHEST GUST DIRECTION     W (280)
  AVERAGE WIND SPEED     7.1


SKY COVER
  POSSIBLE SUNSHINE  MM
  AVERAGE SKY COVER 0.0


WEATHER CONDITIONS
 THE FOLLOWING WEATHER WAS RECORDED YESTERDAY.
  NO SIGNIFICANT WEATHER WAS OBSERVED.


RELATIVE HUMIDITY (PERCENT)
 HIGHEST    72           400 AM
 LOWEST     29           200 PM
 AVERAGE    51

..........................................................


THE LIVERMORE AIRPORT CLIMATE NORMALS FOR TODAY
                         NORMAL    RECORD    YEAR
 MAXIMUM TEMPERATURE (F)   77       101      1950
 MINIMUM TEMPERATURE (F)   51        40      1974


SUNRISE AND SUNSET
MAY 30 2016...........SUNRISE   548 AM PDT   SUNSET   822 PM PDT
MAY 31 2016...........SUNRISE   547 AM PDT   SUNSET   823 PM PDT


-  INDICATES NEGATIVE NUMBERS.
R  INDICATES RECORD WAS SET OR TIED.
MM INDICATES DATA IS MISSING.
T  INDICATES TRACE AMOUNT.




$$
